The Swift Package Index logo.Swift Package Index

Build Information

Failed to build GoogleCloudBuildV2, reference 0.5.0 (5189ec), with Swift 6.2 for Android on 11 Oct 2026 23:18:20 UTC.

Build Command

bash -c docker run --pull=always --rm -v "checkouts-54344847-2":/host -w "$PWD" -e JAVA_HOME="/root/.sdkman/candidates/java/current" -e SPI_BUILD="1" -e SPI_PROCESSING="1" registry.gitlab.com/saguaro1/spi-images:android-6.2-latest swift build --swift-sdk aarch64-unknown-linux-android28 2>&1

Build Log

========================================
RunAll
========================================
Builder version: 5.1.1
Interrupt handler set up.
========================================
Checkout
========================================
Clone URL: https://github.com/googleapis/swift-google-devtools-cloudbuild-v2.git
Reference: 0.5.0
Initialized empty Git repository in /host/spi-builder-workspace/.git/
hint: Using 'master' as the name for the initial branch. This default branch name
hint: is subject to change. To configure the initial branch name to use in all
hint: of your new repositories, which will suppress this warning, call:
hint:
hint: 	git config --global init.defaultBranch <name>
hint:
hint: Names commonly chosen instead of 'master' are 'main', 'trunk' and
hint: 'development'. The just-created branch can be renamed via this command:
hint:
hint: 	git branch -m <name>
From https://github.com/googleapis/swift-google-devtools-cloudbuild-v2
 * tag               0.5.0      -> FETCH_HEAD
HEAD is now at 5189ec3 chore: release circa 2026-10-07 (#1382)
Cloned https://github.com/googleapis/swift-google-devtools-cloudbuild-v2.git
Revision (git rev-parse @):
5189ec3988c8ec3d296b379dd4355f20fc0cf8b9
SPI manifest file found: $PWD/.spi.yml
SUCCESS checkout https://github.com/googleapis/swift-google-devtools-cloudbuild-v2.git at 0.5.0
========================================
Build
========================================
Selected platform:         android
Swift version:             6.2
Building package at path:  $PWD
https://github.com/googleapis/swift-google-devtools-cloudbuild-v2.git
Running build ...
bash -c docker run --pull=always --rm -v "checkouts-54344847-2":/host -w "$PWD" -e JAVA_HOME="/root/.sdkman/candidates/java/current" -e SPI_BUILD="1" -e SPI_PROCESSING="1" registry.gitlab.com/saguaro1/spi-images:android-6.2-latest swift build --swift-sdk aarch64-unknown-linux-android28 2>&1
android-6.2-latest: Pulling from saguaro1/spi-images
Digest: sha256:a839c9ce201f1dacc8eb056626ec7ab0a1c6d53d7b77c83feda395f4507c51be
Status: Image is up to date for registry.gitlab.com/saguaro1/spi-images:android-6.2-latest
Fetching https://github.com/googleapis/swift-google-iam-v1
Fetching https://github.com/googleapis/swift-google-gax
Fetching https://github.com/apple/swift-log
Fetching https://github.com/googleapis/swift-google-longrunning
Fetching https://github.com/googleapis/swift-google-rpc
[7/619] Fetching swift-google-longrunning
[70/1325] Fetching swift-google-longrunning, swift-google-iam-v1
[582/1747] Fetching swift-google-longrunning, swift-google-iam-v1, swift-google-rpc
[1220/10004] Fetching swift-google-longrunning, swift-google-iam-v1, swift-google-rpc, swift-log
[1848/11752] Fetching swift-google-longrunning, swift-google-iam-v1, swift-google-rpc, swift-log, swift-google-gax
Fetched https://github.com/googleapis/swift-google-longrunning from cache (0.48s)
[2580/11133] Fetching swift-google-iam-v1, swift-google-rpc, swift-log, swift-google-gax
Fetched https://github.com/googleapis/swift-google-rpc from cache (0.48s)
[2486/10711] Fetching swift-google-iam-v1, swift-log, swift-google-gax
Fetching https://github.com/googleapis/swift-google-auth
Fetching https://github.com/googleapis/swift-google-wkt
Fetching https://github.com/googleapis/swift-google-api
Fetched https://github.com/googleapis/swift-google-iam-v1 from cache (0.50s)
[2033/10005] Fetching swift-log, swift-google-gax
Fetched https://github.com/apple/swift-log from cache (0.80s)
Fetched https://github.com/googleapis/swift-google-gax from cache (0.80s)
[1/1023] Fetching swift-google-wkt
[451/2086] Fetching swift-google-wkt, swift-google-api
[739/3109] Fetching swift-google-wkt, swift-google-api, swift-google-auth
Fetched https://github.com/googleapis/swift-google-wkt from cache (0.51s)
[919/2086] Fetching swift-google-api, swift-google-auth
Fetched https://github.com/googleapis/swift-google-auth from cache (0.56s)
[468/1063] Fetching swift-google-api
Fetched https://github.com/googleapis/swift-google-api from cache (0.62s)
Computing version for https://github.com/googleapis/swift-google-wkt
Computed https://github.com/googleapis/swift-google-wkt at 0.5.0 (1.46s)
Fetching https://github.com/swift-extras/swift-extras-base64
[1/954] Fetching swift-extras-base64
Fetched https://github.com/swift-extras/swift-extras-base64 from cache (0.50s)
Computing version for https://github.com/googleapis/swift-google-rpc
Computed https://github.com/googleapis/swift-google-rpc at 0.5.0 (0.81s)
Computing version for https://github.com/googleapis/swift-google-longrunning
Computed https://github.com/googleapis/swift-google-longrunning at 0.5.0 (0.30s)
Computing version for https://github.com/googleapis/swift-google-iam-v1
Computed https://github.com/googleapis/swift-google-iam-v1 at 0.5.0 (0.25s)
Fetching https://github.com/googleapis/swift-google-type
[5/437] Fetching swift-google-type
Fetched https://github.com/googleapis/swift-google-type from cache (0.42s)
Computing version for https://github.com/googleapis/swift-google-gax
Computed https://github.com/googleapis/swift-google-gax at 0.5.0 (0.74s)
Fetching https://github.com/apple/swift-nio
Fetching https://github.com/swift-server/async-http-client.git
[1/16464] Fetching async-http-client
[16465/102838] Fetching async-http-client, swift-nio
Fetched https://github.com/swift-server/async-http-client.git from cache (1.38s)
[22458/86374] Fetching swift-nio
Fetched https://github.com/apple/swift-nio from cache (5.99s)
Computing version for https://github.com/googleapis/swift-google-auth
Computed https://github.com/googleapis/swift-google-auth at 0.5.0 (6.29s)
Fetching https://github.com/vapor/jwt-kit.git
[1/10254] Fetching jwt-kit
Fetching https://github.com/apple/swift-system.git
Fetched https://github.com/vapor/jwt-kit.git from cache (1.17s)
[1/7241] Fetching swift-system
Fetched https://github.com/apple/swift-system.git from cache (0.83s)
Computing version for https://github.com/googleapis/swift-google-api
Computed https://github.com/googleapis/swift-google-api at 0.5.0 (2.28s)
Computing version for https://github.com/googleapis/swift-google-type
Computed https://github.com/googleapis/swift-google-type at 0.5.0 (0.28s)
Computing version for https://github.com/swift-extras/swift-extras-base64
Computed https://github.com/swift-extras/swift-extras-base64 at 1.2.0 (0.32s)
Computing version for https://github.com/swift-server/async-http-client.git
Computed https://github.com/swift-server/async-http-client.git at 1.36.2 (0.34s)
Fetching https://github.com/apple/swift-algorithms.git
Fetching https://github.com/apple/swift-service-context.git
Fetching https://github.com/apple/swift-atomics.git
Fetching https://github.com/apple/swift-nio-extras.git
Fetching https://github.com/apple/swift-nio-ssl.git
Fetching https://github.com/apple/swift-nio-http2.git
[1/1501] Fetching swift-service-context
[542/3390] Fetching swift-service-context, swift-atomics
[618/9554] Fetching swift-service-context, swift-atomics, swift-algorithms
[619/16257] Fetching swift-service-context, swift-atomics, swift-algorithms, swift-nio-extras
[1498/33137] Fetching swift-service-context, swift-atomics, swift-algorithms, swift-nio-extras, swift-nio-ssl
Fetched https://github.com/apple/swift-service-context.git from cache (0.58s)
[6339/31636] Fetching swift-atomics, swift-algorithms, swift-nio-extras, swift-nio-ssl
Fetching https://github.com/apple/swift-nio-transport-services.git
[6806/43930] Fetching swift-atomics, swift-algorithms, swift-nio-extras, swift-nio-ssl, swift-nio-http2
Fetched https://github.com/apple/swift-algorithms.git from cache (0.93s)
Fetching https://github.com/apple/swift-distributed-tracing.git
[12862/37766] Fetching swift-atomics, swift-nio-extras, swift-nio-ssl, swift-nio-http2
[19638/40633] Fetching swift-atomics, swift-nio-extras, swift-nio-ssl, swift-nio-http2, swift-nio-transport-services
Fetched https://github.com/apple/swift-nio-transport-services.git from cache (0.73s)
[26288/37766] Fetching swift-atomics, swift-nio-extras, swift-nio-ssl, swift-nio-http2
Fetching https://github.com/apple/swift-configuration.git
[27133/44317] Fetching swift-atomics, swift-nio-extras, swift-nio-ssl, swift-nio-http2, swift-distributed-tracing
[44318/48245] Fetching swift-atomics, swift-nio-extras, swift-nio-ssl, swift-nio-http2, swift-distributed-tracing, swift-configuration
Fetched https://github.com/apple/swift-distributed-tracing.git from cache (0.81s)
[37845/41694] Fetching swift-atomics, swift-nio-extras, swift-nio-ssl, swift-nio-http2, swift-configuration
Fetched https://github.com/apple/swift-configuration.git from cache (0.94s)
Fetched https://github.com/apple/swift-nio-http2.git from cache (2.27s)
Fetched https://github.com/apple/swift-atomics.git from cache (2.55s)
Fetched https://github.com/apple/swift-nio-extras.git from cache (2.55s)
Fetched https://github.com/apple/swift-nio-ssl.git from cache (2.56s)
Computing version for https://github.com/apple/swift-service-context.git
Computed https://github.com/apple/swift-service-context.git at 1.3.0 (3.39s)
Computing version for https://github.com/apple/swift-algorithms.git
Computed https://github.com/apple/swift-algorithms.git at 1.2.1 (1.52s)
Fetching https://github.com/apple/swift-numerics.git
[1/6742] Fetching swift-numerics
Fetched https://github.com/apple/swift-numerics.git from cache (0.72s)
Computing version for https://github.com/apple/swift-log
Computed https://github.com/apple/swift-log at 1.16.1 (0.88s)
Computing version for https://github.com/apple/swift-distributed-tracing.git
Computed https://github.com/apple/swift-distributed-tracing.git at 1.5.0 (0.15s)
Computing version for https://github.com/apple/swift-atomics.git
Computed https://github.com/apple/swift-atomics.git at 1.3.1 (0.14s)
Computing version for https://github.com/apple/swift-numerics.git
Computed https://github.com/apple/swift-numerics.git at 1.1.1 (0.14s)
Computing version for https://github.com/apple/swift-nio
Computed https://github.com/apple/swift-nio at 2.104.0 (0.34s)
Fetching https://github.com/apple/swift-collections.git
[1/28703] Fetching swift-collections
Fetched https://github.com/apple/swift-collections.git from cache (1.25s)
Computing version for https://github.com/apple/swift-configuration.git
Computed https://github.com/apple/swift-configuration.git at 1.2.2 (2.05s)
Fetching https://github.com/swift-server/swift-service-lifecycle
[1/2867] Fetching swift-service-lifecycle
Fetched https://github.com/swift-server/swift-service-lifecycle from cache (0.48s)
Computing version for https://github.com/apple/swift-nio-transport-services.git
Computed https://github.com/apple/swift-nio-transport-services.git at 1.28.0 (0.64s)
Computing version for https://github.com/swift-server/swift-service-lifecycle
Computed https://github.com/swift-server/swift-service-lifecycle at 2.12.1 (0.14s)
Fetching https://github.com/apple/swift-async-algorithms.git
[1/6820] Fetching swift-async-algorithms
Fetched https://github.com/apple/swift-async-algorithms.git from cache (0.57s)
Computing version for https://github.com/apple/swift-async-algorithms.git
Computed https://github.com/apple/swift-async-algorithms.git at 1.1.7 (0.78s)
Computing version for https://github.com/apple/swift-collections.git
Computed https://github.com/apple/swift-collections.git at 1.7.2 (0.24s)
Computing version for https://github.com/apple/swift-nio-http2.git
Computed https://github.com/apple/swift-nio-http2.git at 1.46.0 (0.16s)
Computing version for https://github.com/vapor/jwt-kit.git
Computed https://github.com/vapor/jwt-kit.git at 5.7.1 (0.14s)
Fetching https://github.com/apple/swift-certificates.git
Fetching https://github.com/apple/swift-crypto.git
[1/7613] Fetching swift-certificates
[78/26242] Fetching swift-certificates, swift-crypto
Fetched https://github.com/apple/swift-certificates.git from cache (1.37s)
Fetched https://github.com/apple/swift-crypto.git from cache (1.38s)
Computing version for https://github.com/apple/swift-crypto.git
Computed https://github.com/apple/swift-crypto.git at 4.5.2 (2.00s)
Fetching https://github.com/apple/swift-asn1.git
[1/2009] Fetching swift-asn1
Fetched https://github.com/apple/swift-asn1.git from cache (0.50s)
Computing version for https://github.com/apple/swift-asn1.git
Computed https://github.com/apple/swift-asn1.git at 1.7.3 (0.68s)
Computing version for https://github.com/apple/swift-certificates.git
Computed https://github.com/apple/swift-certificates.git at 1.21.0 (0.20s)
Computing version for https://github.com/apple/swift-nio-ssl.git
Computed https://github.com/apple/swift-nio-ssl.git at 2.37.5 (0.18s)
Computing version for https://github.com/apple/swift-system.git
Computed https://github.com/apple/swift-system.git at 1.8.1 (0.18s)
Computing version for https://github.com/apple/swift-nio-extras.git
Computed https://github.com/apple/swift-nio-extras.git at 1.35.1 (0.28s)
Fetching https://github.com/apple/swift-http-structured-headers.git
Fetching https://github.com/apple/swift-http-types.git
[1/1253] Fetching swift-http-structured-headers
[102/3192] Fetching swift-http-structured-headers, swift-http-types
Fetched https://github.com/apple/swift-http-types.git from cache (0.39s)
Fetched https://github.com/apple/swift-http-structured-headers.git from cache (0.39s)
Computing version for https://github.com/apple/swift-http-structured-headers.git
Computed https://github.com/apple/swift-http-structured-headers.git at 1.7.0 (0.56s)
Computing version for https://github.com/apple/swift-http-types.git
Computed https://github.com/apple/swift-http-types.git at 1.8.0 (0.19s)
Creating working copy for https://github.com/apple/swift-collections.git
Working copy of https://github.com/apple/swift-collections.git resolved at 1.7.2
Creating working copy for https://github.com/googleapis/swift-google-type
Working copy of https://github.com/googleapis/swift-google-type resolved at 0.5.0
Creating working copy for https://github.com/googleapis/swift-google-api
Working copy of https://github.com/googleapis/swift-google-api resolved at 0.5.0
Creating working copy for https://github.com/swift-server/async-http-client.git
Working copy of https://github.com/swift-server/async-http-client.git resolved at 1.36.2
Creating working copy for https://github.com/googleapis/swift-google-rpc
Working copy of https://github.com/googleapis/swift-google-rpc resolved at 0.5.0
Creating working copy for https://github.com/apple/swift-nio-transport-services.git
Working copy of https://github.com/apple/swift-nio-transport-services.git resolved at 1.28.0
Creating working copy for https://github.com/apple/swift-async-algorithms.git
Working copy of https://github.com/apple/swift-async-algorithms.git resolved at 1.1.7
Creating working copy for https://github.com/apple/swift-nio
Working copy of https://github.com/apple/swift-nio resolved at 2.104.0
Creating working copy for https://github.com/apple/swift-distributed-tracing.git
Working copy of https://github.com/apple/swift-distributed-tracing.git resolved at 1.5.0
Creating working copy for https://github.com/apple/swift-http-types.git
Working copy of https://github.com/apple/swift-http-types.git resolved at 1.8.0
Creating working copy for https://github.com/googleapis/swift-google-iam-v1
Working copy of https://github.com/googleapis/swift-google-iam-v1 resolved at 0.5.0
Creating working copy for https://github.com/apple/swift-algorithms.git
Working copy of https://github.com/apple/swift-algorithms.git resolved at 1.2.1
Creating working copy for https://github.com/googleapis/swift-google-wkt
Working copy of https://github.com/googleapis/swift-google-wkt resolved at 0.5.0
Creating working copy for https://github.com/swift-server/swift-service-lifecycle
Working copy of https://github.com/swift-server/swift-service-lifecycle resolved at 2.12.1
Creating working copy for https://github.com/apple/swift-configuration.git
Working copy of https://github.com/apple/swift-configuration.git resolved at 1.2.2
Creating working copy for https://github.com/googleapis/swift-google-longrunning
Working copy of https://github.com/googleapis/swift-google-longrunning resolved at 0.5.0
Creating working copy for https://github.com/apple/swift-atomics.git
Working copy of https://github.com/apple/swift-atomics.git resolved at 1.3.1
Creating working copy for https://github.com/apple/swift-service-context.git
Working copy of https://github.com/apple/swift-service-context.git resolved at 1.3.0
Creating working copy for https://github.com/apple/swift-system.git
Working copy of https://github.com/apple/swift-system.git resolved at 1.8.1
Creating working copy for https://github.com/apple/swift-nio-http2.git
Working copy of https://github.com/apple/swift-nio-http2.git resolved at 1.46.0
Creating working copy for https://github.com/googleapis/swift-google-gax
Working copy of https://github.com/googleapis/swift-google-gax resolved at 0.5.0
Creating working copy for https://github.com/apple/swift-http-structured-headers.git
Working copy of https://github.com/apple/swift-http-structured-headers.git resolved at 1.7.0
Creating working copy for https://github.com/apple/swift-log
Working copy of https://github.com/apple/swift-log resolved at 1.16.1
Creating working copy for https://github.com/apple/swift-crypto.git
Working copy of https://github.com/apple/swift-crypto.git resolved at 4.5.2
Creating working copy for https://github.com/apple/swift-nio-ssl.git
Working copy of https://github.com/apple/swift-nio-ssl.git resolved at 2.37.5
Creating working copy for https://github.com/apple/swift-nio-extras.git
Working copy of https://github.com/apple/swift-nio-extras.git resolved at 1.35.1
Creating working copy for https://github.com/swift-extras/swift-extras-base64
Working copy of https://github.com/swift-extras/swift-extras-base64 resolved at 1.2.0
Creating working copy for https://github.com/apple/swift-numerics.git
Working copy of https://github.com/apple/swift-numerics.git resolved at 1.1.1
Creating working copy for https://github.com/apple/swift-asn1.git
Working copy of https://github.com/apple/swift-asn1.git resolved at 1.7.3
Creating working copy for https://github.com/googleapis/swift-google-auth
Working copy of https://github.com/googleapis/swift-google-auth resolved at 0.5.0
Creating working copy for https://github.com/apple/swift-certificates.git
Working copy of https://github.com/apple/swift-certificates.git resolved at 1.21.0
Creating working copy for https://github.com/vapor/jwt-kit.git
Working copy of https://github.com/vapor/jwt-kit.git resolved at 5.7.1
Building for debugging...
[0/970] Write sources
[28/970] Write swift-version--11D90AFD9DD3AB2.txt
[29/970] Compiling _NumericsShims _NumericsShims.c
[30/981] Compiling poly1305.cc
[31/981] Write sources
[35/981] Compiling _AtomicsShims.c
[36/985] Compiling rsa_extra.cc
[37/987] Compiling v3_skey.cc
[38/989] Compiling v3_ncons.cc
[38/989] Write sources
[70/989] Compiling CXKCPShims shims.c
[71/989] Compiling a_strex.cc
[73/989] Emitting module _NIODataStructures
[73/1005] Compiling md4.cc
[74/1009] Emitting module _CertificateInternals
[76/1020] Compiling _CertificateInternals _TinyArray.swift
[78/1021] Compiling Logging LoggingSystem.swift
[79/1022] Compiling _NIODataStructures PriorityQueue.swift
[80/1022] Compiling RealModule AlgebraicField.swift
[81/1022] Compiling RealModule ApproximateEquality.swift
[82/1022] Compiling RealModule Float80+Real.swift
[83/1051] Compiling _NIOBase64 Base64.swift
[84/1051] Emitting module _NIOBase64
[85/1052] Compiling _NIODataStructures _TinyArray.swift
[87/1052] Compiling RealModule Float16+Real.swift
[88/1052] Compiling RealModule Real.swift
[89/1052] Emitting module RealModule
[90/1052] Compiling RealModule RelaxedArithmetic.swift
[91/1052] Compiling InternalCollectionsUtilities Iterable+CopyContents.swift
[92/1052] Compiling InternalCollectionsUtilities Iterable+Equality.swift
[93/1052] Compiling InternalCollectionsUtilities LifetimeOverride.swift
[94/1052] Compiling InternalCollectionsUtilities MutableRef.swift
[95/1052] Compiling ServiceContextModule ServiceContextKey.swift
[96/1055] Compiling ServiceContextModule ServiceContext.swift
[97/1055] Compiling RealModule RealFunctions.swift
[98/1055] Compiling InternalCollectionsUtilities BorrowingIteratorProtocol+Equality.swift
[99/1055] Compiling InternalCollectionsUtilities BorrowingIteratorProtocol+Extras.swift
[100/1055] Compiling InternalCollectionsUtilities Debugging.swift
[101/1055] Emitting module ServiceContextModule
[102/1055] Compiling InternalCollectionsUtilities Descriptions.swift
[103/1055] Compiling InternalCollectionsUtilities FixedWidthInteger+roundUpToPowerOfTwo.swift
[104/1055] Compiling InternalCollectionsUtilities Integer rank.swift
[105/1055] Emitting module SwiftASN1
[110/1055] Compiling InternalCollectionsUtilities UnsafeBufferPointer+Extras.swift
[111/1055] Compiling InternalCollectionsUtilities UnsafeMutableBufferPointer+Extras.swift
[120/1059] Compiling InternalCollectionsUtilities UnsafeMutablePointer+Extras.swift
[121/1059] Compiling InternalCollectionsUtilities UnsafeMutableRawBufferPointer+Extras.swift
[122/1059] Compiling InternalCollectionsUtilities UnsafePointer+Extras.swift
[123/1059] Compiling InternalCollectionsUtilities UnsafeRawBufferPointer+Extras.swift
[124/1059] Compiling InternalCollectionsUtilities _SortedCollection.swift
[125/1059] Compiling InternalCollectionsUtilities _UniqueCollection.swift
[126/1059] Compiling _NIODataStructures Heap.swift
[127/1065] Wrapping AST for _NIOBase64 for debugging
[129/1065] Compiling Logging Logger+With.swift
[130/1066] Compiling Logging Logger.swift
[130/1066] Wrapping AST for _CertificateInternals for debugging
[132/1067] Compiling Logging Logger+Attributes.swift
[132/1071] Wrapping AST for ServiceContextModule for debugging
[133/1071] Compiling SimpleFIPS202.c
[134/1071] Wrapping AST for RealModule for debugging
[135/1071] Wrapping AST for _NIODataStructures for debugging
[137/1071] Compiling Instrumentation NoOpInstrument.swift
[137/1071] Compiling KeccakSponge.c
[139/1071] Compiling Instrumentation Instrument.swift
[140/1071] Emitting module Instrumentation
[140/1071] Compiling KeccakHash.c
[142/1071] Compiling Instrumentation MultiplexInstrument.swift
[142/1071] Compiling CSystem shims.c
[143/1071] Compiling CNIOWindows shim.c
[145/1071] Emitting module InternalCollectionsUtilities
[146/1071] Compiling InternalCollectionsUtilities MutableSpan+Extras.swift
[147/1071] Compiling InternalCollectionsUtilities OutputSpan+Extras.swift
[148/1071] Compiling InternalCollectionsUtilities RandomAccessCollection+Offsets.swift
[149/1071] Compiling InternalCollectionsUtilities Span+Extras.swift
[150/1071] Compiling SwiftASN1 DER.swift
[151/1071] Compiling SwiftASN1 Errors.swift
[151/1108] Compiling KeccakP-1600-opt64.c
[152/1108] Compiling CNIOWindows WSAStartup.c
[153/1108] Compiling CNIOWASI CNIOWASI.c
[154/1108] Compiling CNIOPosix event_loop_id.c
[156/1108] Compiling ExtrasBase64 Base32+Span.swift
[157/1108] Compiling ExtrasBase64 Base32.swift
[157/1108] Compiling CNIOOpenBSD shim.c
[159/1108] Compiling SystemPackage IOCompletion.swift
[160/1108] Compiling SystemPackage IORequest.swift
[161/1108] Compiling SystemPackage IORing+Util.swift
[162/1108] Compiling SystemPackage IORing.swift
[163/1108] Compiling SystemPackage RawIORequest.swift
[163/1113] Compiling CNIOLinux shim.c
[164/1113] Compiling CNIOLinux liburing_shims.c
[166/1113] Compiling SystemPackage FilePathWindows.swift
[167/1113] Compiling SystemPackage FilePermissions.swift
[168/1113] Compiling SystemPackage Backcompat.swift
[169/1113] Compiling SystemPackage CInterop.swift
[171/1113] Compiling SystemPackage FilePathTemp.swift
[172/1113] Compiling SystemPackage FilePathTempPosix.swift
[173/1113] Compiling SystemPackage FilePathTempWindows.swift
[174/1113] Compiling SystemPackage Errno.swift
[175/1113] Compiling SystemPackage ErrnoWindows.swift
[176/1113] Compiling SystemPackage FileDescriptor.swift
[177/1113] Compiling SystemPackage FileHelpers.swift
[178/1114] Compiling CNIOLLHTTP c_nio_http.c
[180/1118] Compiling SpanPreview OutputSpan+InputSpanHelpers.swift
[181/1118] Emitting module SpanPreview
[182/1118] Compiling SpanPreview InputSpan.swift
[183/1118] Compiling SpanPreview MutableSpan+InputSpanHelpers.swift
[185/1119] Emitting module SystemPackage
[185/1119] Compiling CNIOLLHTTP c_nio_llhttp.c
[186/1119] Wrapping AST for InternalCollectionsUtilities for debugging
[187/1119] Wrapping AST for SpanPreview for debugging
[188/1161] Compiling CNIOLLHTTP c_nio_api.c
[189/1161] Compiling CNIOFreeBSD shim.c
[190/1161] Compiling CNIOExtrasZlib zutil.c
[191/1161] Compiling CNIOExtrasZlib trees.c
[192/1161] Compiling CNIOExtrasZlib inftrees.c
[194/1161] Compiling DequeModule UniqueDeque+Initializers.swift
[195/1161] Compiling DequeModule UniqueDeque+Insertions.swift
[196/1161] Compiling DequeModule UniqueDeque+Iterable.swift
[197/1161] Compiling DequeModule UniqueDeque+Prepend.swift
[198/1161] Compiling DequeModule UniqueDeque+Removals.swift
[198/1161] Compiling CNIOExtrasZlib inflate.c
[200/1161] Compiling DequeModule RigidDeque+Descriptions.swift
[201/1161] Compiling DequeModule RigidDeque+Equatable.swift
[202/1161] Compiling DequeModule RigidDeque+Hashable.swift
[203/1161] Compiling DequeModule RigidDeque+Initializers.swift
[204/1161] Compiling DequeModule RigidDeque+Insertions.swift
[205/1161] Compiling DequeModule RigidDeque+Iterable.swift
[206/1166] Compiling DequeModule _DequeBuffer.swift
[207/1166] Compiling DequeModule _DequeBufferHeader.swift
[208/1166] Compiling DequeModule RigidDeque+Append.swift
[209/1166] Compiling DequeModule RigidDeque+Consumption.swift
[210/1166] Compiling DequeModule RigidDeque+ContainerOperations.swift
[211/1166] Compiling DequeModule RigidDeque+Deprecations.swift
[217/1166] Compiling DequeModule UniqueDeque+Consumption.swift
[218/1166] Compiling DequeModule UniqueDeque+ContainerOperations.swift
[219/1166] Compiling DequeModule UniqueDeque+Deprecations.swift
[220/1166] Compiling DequeModule UniqueDeque+Descriptions.swift
[221/1166] Compiling DequeModule UniqueDeque+Equatable.swift
[222/1166] Compiling DequeModule UniqueDeque+Hashable.swift
[222/1166] Compiling CNIOExtrasZlib inffast.c
[224/1166] Compiling DequeModule RigidDeque+Prepend.swift
[225/1166] Compiling DequeModule RigidDeque+Removals.swift
[226/1166] Compiling DequeModule RigidDeque+Replacements.swift
[227/1166] Compiling DequeModule RigidDeque+Testing.swift
[228/1166] Compiling DequeModule RigidDeque.swift
[229/1166] Compiling DequeModule UniqueDeque+Append.swift
[229/1166] Compiling CNIOExtrasZlib deflate.c
[235/1166] Compiling CNIOExtrasZlib crc32.c
[236/1166] Compiling CNIOExtrasZlib adler32.c
[237/1166] Compiling CNIODarwin shim.c
[239/1166] Compiling DequeModule Deque._UnsafeHandle.swift
[240/1166] Compiling DequeModule Deque.swift
[244/1166] Compiling Logging MetadataProvider.swift
[252/1166] Compiling DequeModule Deque+Extras.swift
[253/1166] Compiling DequeModule Deque+Hashable.swift
[256/1166] Compiling Instrumentation InstrumentationSystem.swift
[257/1166] Compiling DequeModule Deque+Testing.swift
[258/1166] Compiling DequeModule Deque._Storage.swift
[259/1166] Compiling Instrumentation Locks.swift
[259/1167] Compiling CNIOBoringSSLShims shims.c
[261/1168] Compiling fiat_p256_adx_sqr.S
[269/1168] Compiling DequeModule Deque+ExpressibleByArrayLiteral.swift
[275/1168] Emitting module Logging
[276/1168] Compiling DequeModule Deque+Equatable.swift
[278/1168] Compiling DequeModule Deque+CustomReflectable.swift
[279/1168] Compiling DequeModule Deque+Descriptions.swift
[279/1168] Compiling fiat_p256_adx_mul.S
[286/1178] Wrapping AST for Instrumentation for debugging
[288/1178] Compiling fiat_curve25519_adx_square.S
[289/1178] Compiling fiat_curve25519_adx_mul.S
[290/1178] Wrapping AST for Logging for debugging
[291/1178] Wrapping AST for SwiftASN1 for debugging
[292/1178] Wrapping AST for SystemPackage for debugging
[294/1178] Compiling Tracing NoOpTracer.swift
[295/1178] Compiling Tracing InstrumentationSystem+Tracing.swift
[302/1179] Compiling Tracing TracingTime.swift
[303/1179] Compiling Tracing Tracer.swift
[304/1179] Emitting module Tracing
[305/1179] Compiling Tracing WithTracer.swift
[306/1179] Compiling Tracing SpanProtocol.swift
[307/1179] Compiling Tracing TracerProtocol.swift
[308/1179] Compiling Tracing TracerProtocol+Legacy.swift
[309/1180] Compiling tls_record.cc
[310/1180] Wrapping AST for Tracing for debugging
[311/1180] Compiling bcm.cc
[312/1180] Compiling tls_method.cc
[314/1180] Compiling DequeModule UniqueDeque+Replacements.swift
[315/1180] Compiling DequeModule UniqueDeque.swift
[316/1180] Compiling DequeModule _DequeSlot.swift
[317/1180] Compiling DequeModule _UnsafeDequeHandle.swift
[318/1180] Compiling DequeModule _UnsafeDequeSegments.swift
[318/1180] Compiling tls13_client.cc
[319/1180] Compiling tls13_enc.cc
[320/1180] Compiling tls13_server.cc
[322/1180] Compiling DequeModule Deque+Codable.swift
[323/1180] Compiling DequeModule Deque+Collection.swift
[328/1180] Emitting module DequeModule
[328/1181] Compiling tls13_both.cc
[330/1181] Compiling t1_enc.cc
[332/1181] Emitting module ExtrasBase64
[332/1181] Compiling ssl_versions.cc
[333/1181] Compiling ssl_transcript.cc
[334/1199] Compiling ssl_x509.cc
[335/1223] Wrapping AST for DequeModule for debugging
[336/1224] Compiling ssl_session.cc
[338/1224] Compiling Configuration JSONSnapshot.swift
[339/1224] Compiling Configuration PropertyListSnapshot.swift
[340/1224] Compiling Configuration ReloadingFileProvider.swift
[341/1224] Compiling Configuration ReloadingFileProviderMetrics.swift
[342/1224] Compiling Configuration YAMLSnapshot.swift
[343/1224] Compiling Configuration InMemoryProvider.swift
[343/1229] Compiling ssl_stat.cc
[345/1229] Compiling ExtrasBase64 Base64.swift
[346/1229] Compiling ExtrasBase64 Base64+Span.swift
[348/1230] Emitting module Configuration
[348/1230] Compiling ssl_privkey.cc
[349/1261] Compiling ssl_cipher.cc
[350/1261] Wrapping AST for ExtrasBase64 for debugging
[351/1261] Compiling ssl_file.cc
[353/1261] Compiling Configuration EnvironmentKeyEncoder.swift
[354/1261] Compiling Configuration EnvironmentVariablesProvider.swift
[355/1261] Compiling Configuration CommonProviderFileSystem.swift
[356/1261] Compiling Configuration DirectoryFilesProvider.swift
[357/1261] Compiling Configuration FileProvider.swift
[358/1261] Compiling Configuration FileProviderSnapshot.swift
[358/1261] Compiling ssl_credential.cc
[359/1261] Compiling ssl_key_share.cc
[360/1261] Compiling ssl_lib.cc
[361/1261] Compiling ssl_buffer.cc
[362/1261] Compiling ssl_cert.cc
[364/1261] Emitting module GoogleWKT
[365/1265] Compiling GoogleWKT WKTFloatValue.swift
[366/1265] Compiling GoogleWKT WKTInt32Value.swift
[367/1265] Compiling GoogleWKT WKTInt64Value.swift
[368/1265] Compiling GoogleWKT WKTRecursive.swift
[369/1265] Compiling GoogleWKT UnknownFields.swift
[370/1265] Compiling GoogleWKT WKTAny.swift
[371/1265] Compiling GoogleWKT WKTAnyError.swift
[372/1265] Compiling GoogleWKT WKTBoolValue.swift
[373/1265] Compiling GoogleWKT WKTBytesValue.swift
[374/1265] Compiling GoogleWKT WKTDoubleValue.swift
[375/1265] Compiling GoogleWKT WKTDuration.swift
[376/1265] Compiling GoogleWKT WKTEmpty.swift
[377/1265] Compiling GoogleWKT WKTFieldMask.swift
[378/1265] Compiling GoogleWKT WKTStringValue.swift
[379/1265] Compiling GoogleWKT WKTTimestamp.swift
[380/1265] Compiling GoogleWKT WKTUInt32Value.swift
[381/1265] Compiling GoogleWKT WKTUInt64Value.swift
[382/1265] Compiling GoogleWKT WKTField.swift
[383/1265] Compiling GoogleWKT WKTMethod.swift
[384/1265] Compiling GoogleWKT WKTMixin.swift
[385/1265] Compiling GoogleWKT WKTOption.swift
[386/1265] Compiling GoogleWKT WKTValue.swift
[387/1265] Compiling GoogleWKT WKTApi.swift
[388/1265] Compiling GoogleWKT WKTEnum.swift
[389/1265] Compiling GoogleWKT WKTEnumValue.swift
[389/1265] Compiling ssl_aead_ctx.cc
[390/1265] Compiling ssl_asn1.cc
[392/1265] Compiling GoogleWKT WKTSourceContext.swift
[393/1265] Compiling GoogleWKT WKTSyntax.swift
[394/1265] Compiling GoogleWKT WKTType.swift
[395/1265] Compiling GoogleWKT PackageVersion.swift
[395/1265] Compiling s3_pkt.cc
[396/1265] Compiling s3_both.cc
[397/1265] Compiling s3_lib.cc
[399/1265] Compiling Configuration CombineLatestManyStorage.swift
[400/1265] Compiling Configuration AsyncSequences.swift
[401/1265] Compiling Configuration FoundationExtensions.swift
[402/1265] Compiling Configuration Span.swift
[403/1265] Compiling Configuration ConfigBytesFromStringDecoder.swift
[416/1265] Compiling Configuration MutableInMemoryProvider.swift
[417/1265] Compiling Configuration ConfigProvider+Operators.swift
[418/1265] Compiling Configuration KeyMappingProvider.swift
[419/1265] Compiling Configuration SecretsSpecifier.swift
[420/1265] Compiling Configuration AsyncCombineLatestManySequence.swift
[421/1265] Compiling Configuration CombineLatestManyStateMachine.swift
[422/1265] Compiling GoogleWKT AnyPackable.swift
[423/1265] Compiling GoogleWKT DecodeToDefault.swift
[424/1265] Compiling GoogleWKT DiscoveryBase64.swift
[425/1265] Compiling GoogleWKT ProtoJSONDecoder.swift
[426/1265] Compiling GoogleWKT ProtoJSONEncoder.swift
[427/1266] Compiling handshake_server.cc
[428/1266] Compiling handshake_client.cc
[429/1284] Compiling encrypted_client_hello.cc
[430/1299] Compiling handshake.cc
[432/1304] Compiling GoogleRpc ResourceInfo.swift
[433/1304] Compiling GoogleRpc LocalizedMessage.swift
[434/1304] Compiling GoogleRpc QuotaFailure.swift
[435/1304] Compiling GoogleType PhoneNumber.swift
[436/1304] Compiling GoogleRpc PackageVersion.swift
[437/1304] Compiling GoogleRpc PreconditionFailure.swift
[438/1365] Compiling GoogleApi ConfigChange.swift
[439/1365] Compiling GoogleApi Context.swift
[440/1365] Compiling GoogleApi ContextRule.swift
[440/1371] Compiling extensions.cc
[442/1371] Compiling GoogleApi Backend.swift
[443/1371] Compiling GoogleApi BackendRule.swift
[443/1371] Wrapping AST for GoogleWKT for debugging
[445/1371] Compiling GoogleApi Billing.swift
[446/1371] Compiling GoogleApi ChangeType.swift
[447/1371] Compiling GoogleApi ClientLibraryDestination.swift
[448/1371] Compiling GoogleApi ClientLibraryOrganization.swift
[449/1371] Compiling GoogleApi ClientLibrarySettings.swift
[450/1371] Compiling GoogleApi CommonLanguageSettings.swift
[454/1371] Compiling GoogleApi Control.swift
[455/1371] Compiling GoogleApi Advice.swift
[456/1371] Compiling GoogleApi AuthProvider.swift
[456/1371] Compiling handoff.cc
[467/1374] Emitting module GoogleType
[468/1374] Compiling GoogleApi BatchingConfigProto.swift
[469/1374] Compiling GoogleApi BatchingDescriptorProto.swift
[469/1375] Compiling dtls_method.cc
[471/1375] Wrapping AST for Configuration for debugging
[476/1375] Compiling dtls_record.cc
[480/1375] Emitting module GoogleRpc
[482/1375] Wrapping AST for GoogleType for debugging
[483/1375] Compiling md5-x86_64-linux.S
[484/1375] Compiling md5-x86_64-apple.S
[485/1375] Compiling md5-586-linux.S
[486/1375] Compiling md5-586-apple.S
[490/1375] Compiling GoogleApi AuthRequirement.swift
[491/1375] Compiling GoogleApi Authentication.swift
[492/1375] Compiling GoogleRpc RetryInfo.swift
[493/1375] Compiling GoogleRpc Status.swift
[494/1376] Compiling chacha20_poly1305_x86_64-linux.S
[495/1376] Wrapping AST for GoogleRpc for debugging
[496/1376] Compiling chacha20_poly1305_x86_64-apple.S
[497/1376] Compiling chacha20_poly1305_armv8-win.S
[498/1376] Compiling chacha20_poly1305_armv8-linux.S
[499/1376] Compiling chacha20_poly1305_armv8-apple.S
[500/1376] Compiling chacha-x86_64-linux.S
[501/1376] Compiling chacha-x86_64-apple.S
[502/1376] Compiling chacha-x86-linux.S
[503/1376] Compiling chacha-x86-apple.S
[504/1376] Compiling err_data.cc
[505/1376] Compiling chacha-armv8-win.S
[506/1376] Compiling chacha-armv8-apple.S
[507/1376] Compiling chacha-armv8-linux.S
[508/1376] Compiling chacha-armv4-linux.S
[509/1376] Compiling aes128gcmsiv-x86_64-linux.S
[510/1376] Compiling aes128gcmsiv-x86_64-apple.S
[511/1376] Compiling x86_64-mont5-linux.S
[512/1376] Compiling d1_pkt.cc
[513/1376] Compiling x86_64-mont5-apple.S
[514/1376] Compiling bio_ssl.cc
[515/1376] Compiling x86_64-mont-linux.S
[516/1376] Compiling x86_64-mont-apple.S
[517/1376] Compiling d1_srtp.cc
[518/1376] Compiling x86-mont-apple.S
[519/1376] Compiling x86-mont-linux.S
[520/1376] Compiling vpaes-x86_64-linux.S
[521/1376] Compiling vpaes-x86-linux.S
[522/1376] Compiling vpaes-x86_64-apple.S
[523/1376] Compiling vpaes-x86-apple.S
[524/1376] Compiling vpaes-armv8-win.S
[525/1376] Compiling vpaes-armv8-linux.S
[526/1376] Compiling vpaes-armv7-linux.S
[527/1376] Compiling vpaes-armv8-apple.S
[528/1376] Compiling sha512-x86_64-linux.S
[529/1376] Compiling sha512-x86_64-apple.S
[530/1376] Compiling d1_lib.cc
[531/1376] Compiling sha512-armv4-linux.S
[532/1376] Compiling sha512-armv8-win.S
[533/1376] Compiling sha512-armv8-apple.S
[534/1376] Compiling sha512-586-linux.S
[535/1376] Compiling sha512-armv8-linux.S
[536/1376] Compiling sha512-586-apple.S
[537/1376] Compiling sha256-x86_64-apple.S
[538/1376] Compiling sha256-armv8-win.S
[539/1376] Compiling sha256-x86_64-linux.S
[540/1376] Compiling sha256-armv4-linux.S
[541/1376] Compiling sha256-armv8-linux.S
[542/1376] Compiling sha256-armv8-apple.S
[543/1376] Compiling sha256-586-linux.S
[544/1376] Compiling sha256-586-apple.S
[545/1376] Compiling sha1-x86_64-linux.S
[546/1376] Compiling sha1-armv8-win.S
[547/1376] Compiling sha1-x86_64-apple.S
[549/1376] Emitting module GoogleApi
[549/1376] Compiling sha1-armv8-apple.S
[550/1376] Compiling sha1-armv4-large-linux.S
[551/1385] Compiling sha1-586-linux.S
[552/1385] Compiling sha1-armv8-linux.S
[553/1385] Compiling rsaz-avx2-linux.S
[554/1385] Compiling rsaz-avx2-apple.S
[555/1385] Compiling sha1-586-apple.S
[556/1385] Compiling rdrand-x86_64-linux.S
[557/1385] Compiling p256_beeu-x86_64-asm-linux.S
[558/1385] Compiling rdrand-x86_64-apple.S
[559/1385] Compiling p256_beeu-x86_64-asm-apple.S
[560/1385] Compiling p256_beeu-armv8-asm-win.S
[561/1385] Compiling p256_beeu-armv8-asm-apple.S
[562/1385] Compiling p256_beeu-armv8-asm-linux.S
[563/1385] Compiling p256-x86_64-asm-apple.S
[564/1385] Compiling p256-x86_64-asm-linux.S
[565/1385] Compiling p256-armv8-asm-win.S
[566/1385] Compiling p256-armv8-asm-apple.S
[567/1385] Compiling p256-armv8-asm-linux.S
[568/1385] Compiling ghashv8-armv7-linux.S
[569/1385] Compiling ghashv8-armv8-linux.S
[569/1385] Compiling ghashv8-armv8-win.S
[571/1385] Compiling ghashv8-armv8-apple.S
[572/1385] Compiling ghash-x86_64-linux.S
[573/1385] Compiling ghash-x86_64-apple.S
[574/1385] Compiling ghash-x86-linux.S
[575/1385] Compiling ghash-ssse3-x86-linux.S
[576/1385] Compiling ghash-x86-apple.S
[577/1385] Compiling ghash-ssse3-x86_64-linux.S
[578/1385] Compiling ghash-ssse3-x86_64-apple.S
[579/1385] Compiling ghash-ssse3-x86-apple.S
[580/1385] Compiling ghash-armv4-linux.S
[581/1385] Compiling ghash-neon-armv8-linux.S
[582/1385] Compiling ghash-neon-armv8-apple.S
[583/1385] Compiling ghash-neon-armv8-win.S
[584/1385] Compiling co-586-apple.S
[585/1385] Compiling co-586-linux.S
[586/1385] Compiling bn-armv8-win.S
[587/1385] Compiling bn-armv8-apple.S
[588/1385] Compiling bn-586-apple.S
[589/1385] Compiling bsaes-armv7-linux.S
[590/1385] Compiling bn-armv8-linux.S
[591/1385] Compiling armv8-mont-apple.S
[592/1385] Compiling d1_both.cc
[593/1385] Compiling armv8-mont-win.S
[594/1385] Compiling bn-586-linux.S
[595/1385] Compiling armv8-mont-linux.S
[596/1385] Compiling armv4-mont-linux.S
[597/1385] Compiling aesv8-gcm-armv8-win.S
[598/1385] Compiling aesv8-armv8-win.S
[599/1385] Compiling aesv8-gcm-armv8-apple.S
[600/1385] Compiling aesv8-armv8-linux.S
[601/1385] Compiling aesni-x86_64-linux.S
[602/1385] Compiling aesv8-armv8-apple.S
[603/1385] Compiling aesni-x86_64-apple.S
[604/1385] Compiling aesni-x86-linux.S
[605/1385] Compiling aesv8-gcm-armv8-linux.S
[606/1385] Compiling aesni-x86-apple.S
[607/1385] Compiling aesni-gcm-x86_64-linux.S
[608/1385] Compiling aesv8-armv7-linux.S
[609/1385] Compiling aesni-gcm-x86_64-apple.S
[609/1385] Compiling aes-gcm-avx2-x86_64-linux.S
[611/1385] Compiling aes-gcm-avx2-x86_64-apple.S
[612/1385] Compiling aes-gcm-avx10-x86_64-linux.S
[613/1385] Compiling aes-gcm-avx10-x86_64-apple.S
[615/1385] Compiling GoogleApi LogDescriptor.swift
[616/1385] Compiling GoogleApi Logging.swift
[617/1385] Compiling GoogleApi MethodPolicy.swift
[618/1385] Compiling GoogleApi MethodSettings.swift
[619/1385] Compiling GoogleApi Metric.swift
[620/1385] Compiling GoogleApi MetricDescriptor.swift
[621/1385] Compiling GoogleApi MetricRule.swift
[622/1385] Compiling GoogleApi MonitoredResource.swift
[623/1385] Compiling GoogleApi MonitoredResourceDescriptor.swift
[624/1385] Compiling GoogleApi MonitoredResourceMetadata.swift
[625/1385] Compiling GoogleApi FieldPolicy.swift
[626/1385] Compiling GoogleApi FlowControlLimitExceededBehaviorProto.swift
[627/1385] Compiling GoogleApi GoSettings.swift
[628/1385] Compiling GoogleApi Http.swift
[629/1385] Compiling GoogleApi HttpBody.swift
[630/1385] Compiling GoogleApi HttpRule.swift
[631/1385] Compiling GoogleApi JavaSettings.swift
[632/1385] Compiling GoogleApi JwtLocation.swift
[633/1385] Compiling GoogleApi LabelDescriptor.swift
[634/1385] Compiling GoogleApi LaunchStage.swift
[635/1385] Compiling GoogleApi Quota.swift
[636/1385] Compiling GoogleApi QuotaLimit.swift
[637/1385] Compiling GoogleApi ResourceDescriptor.swift
[638/1385] Compiling GoogleApi ResourceReference.swift
[639/1385] Compiling GoogleApi RoutingParameter.swift
[640/1385] Compiling GoogleApi RoutingRule.swift
[641/1385] Compiling GoogleApi RubySettings.swift
[642/1385] Compiling GoogleApi SelectiveGapicGeneration.swift
[643/1385] Compiling GoogleApi Service.swift
[644/1385] Compiling GoogleApi Monitoring.swift
[645/1385] Compiling GoogleApi NodeSettings.swift
[646/1385] Compiling GoogleApi OAuthRequirements.swift
[647/1385] Compiling GoogleApi PackageVersion.swift
[648/1385] Compiling GoogleApi Page.swift
[649/1385] Compiling GoogleApi PhpSettings.swift
[650/1385] Compiling GoogleApi ProjectProperties.swift
[651/1385] Compiling GoogleApi Property.swift
[652/1385] Compiling GoogleApi Publishing.swift
[653/1385] Compiling GoogleApi PythonSettings.swift
[664/1385] Compiling GoogleApi CppSettings.swift
[665/1385] Compiling GoogleApi CustomHttpPattern.swift
[666/1385] Compiling GoogleApi Distribution.swift
[667/1385] Compiling GoogleApi Documentation.swift
[668/1385] Compiling GoogleApi DocumentationRule.swift
[669/1385] Compiling GoogleApi DotnetSettings.swift
[670/1385] Compiling GoogleApi Endpoint.swift
[671/1385] Compiling GoogleApi ErrorReason.swift
[672/1385] Compiling GoogleApi FieldBehavior.swift
[673/1385] Compiling GoogleApi FieldInfo.swift
[683/1385] Compiling GoogleApi BatchingSettingsProto.swift
[683/1385] Compiling x_spki.cc
[684/1385] Compiling x_x509.cc
[686/1385] Compiling GoogleApi SourceInfo.swift
[687/1385] Compiling GoogleApi SystemParameter.swift
[688/1385] Compiling GoogleApi SystemParameterRule.swift
[689/1385] Compiling GoogleApi SystemParameters.swift
[690/1385] Compiling GoogleApi TypeReference.swift
[691/1385] Compiling GoogleApi Usage.swift
[692/1385] Compiling GoogleApi UsageRule.swift
[693/1385] Compiling GoogleApi Visibility.swift
[694/1385] Compiling GoogleApi VisibilityRule.swift
[695/1386] Compiling x_sig.cc
[696/1386] Wrapping AST for GoogleApi for debugging
[697/1386] Compiling x_req.cc
[698/1386] Compiling x_val.cc
[699/1386] Compiling x_x509a.cc
[700/1386] Compiling x_pubkey.cc
[701/1386] Compiling x_algor.cc
[702/1386] Compiling x_name.cc
[703/1386] Compiling x_all.cc
[704/1386] Compiling x_exten.cc
[705/1386] Compiling x_crl.cc
[706/1386] Compiling x_attrib.cc
[707/1386] Compiling x509rset.cc
[708/1386] Compiling x509spki.cc
[709/1386] Compiling x509name.cc
[710/1386] Compiling x509cset.cc
[711/1386] Compiling x509_txt.cc
[712/1386] Compiling x509_vpm.cc
[713/1386] Compiling x509_v3.cc
[714/1386] Compiling x509_set.cc
[715/1386] Compiling x509_trs.cc
[716/1386] Compiling x509_vfy.cc
[717/1386] Compiling x509_lu.cc
[718/1386] Compiling x509_req.cc
[719/1386] Compiling x509_obj.cc
[720/1386] Compiling x509_ext.cc
[721/1386] Compiling x509_d2.cc
[722/1386] Compiling x509_def.cc
[723/1386] Compiling x509_cmp.cc
[724/1386] Compiling x509_att.cc
[725/1386] Compiling x509.cc
[726/1386] Compiling v3_utl.cc
[727/1386] Compiling v3_skey.cc
[728/1386] Compiling v3_prn.cc
[729/1386] Compiling v3_purp.cc
[730/1386] Compiling v3_pcons.cc
[731/1386] Compiling v3_pmaps.cc
[732/1386] Compiling v3_ocsp.cc
[733/1386] Compiling v3_ncons.cc
[734/1386] Compiling v3_int.cc
[735/1386] Compiling v3_lib.cc
[736/1386] Compiling v3_ia5.cc
[737/1386] Compiling v3_info.cc
[738/1386] Compiling v3_extku.cc
[739/1386] Compiling v3_enum.cc
[740/1386] Compiling v3_genn.cc
[741/1386] Compiling v3_bitst.cc
[742/1386] Compiling v3_conf.cc
[743/1386] Compiling v3_akey.cc
[744/1386] Compiling v3_crld.cc
[745/1386] Compiling v3_cpols.cc
[746/1386] Compiling v3_akeya.cc
[747/1386] Compiling v3_bcons.cc
[748/1386] Compiling t_x509.cc
[749/1386] Compiling v3_alt.cc
[750/1386] Compiling t_req.cc
[751/1386] Compiling t_x509a.cc
[752/1386] Compiling rsa_pss.cc
[753/1386] Compiling i2d_pr.cc
[754/1386] Compiling algorithm.cc
[755/1386] Compiling t_crl.cc
[756/1386] Compiling by_file.cc
[757/1386] Compiling name_print.cc
[758/1386] Compiling by_dir.cc
[759/1386] Compiling policy.cc
[760/1386] Compiling asn1_gen.cc
[761/1386] Compiling a_digest.cc
[762/1386] Compiling a_verify.cc
[763/1386] Compiling a_sign.cc
[764/1386] Compiling thread_win.cc
[765/1386] Compiling thread_pthread.cc
[766/1386] Compiling trust_token.cc
[767/1386] Compiling voprf.cc
[768/1386] Compiling thread_none.cc
[769/1386] Compiling pmbtoken.cc
[770/1386] Compiling thread.cc
[771/1386] Compiling slhdsa.cc
[772/1386] Compiling stack.cc
[773/1386] Compiling spake2plus.cc
[774/1386] Compiling siphash.cc
[775/1386] Compiling rsa_asn1.cc
[776/1386] Compiling sha1.cc
[777/1386] Compiling sha256.cc
[777/1386] Compiling sha512.cc
[779/1386] Compiling rsa_extra.cc
[780/1386] Compiling rsa_print.cc
[781/1386] Compiling rsa_crypt.cc
[782/1386] Compiling rand.cc
[783/1386] Compiling rc4.cc
[784/1386] Compiling refcount.cc
[785/1386] Compiling getentropy.cc
[786/1386] Compiling trusty.cc
[787/1386] Compiling windows.cc
[788/1386] Compiling ios.cc
[789/1386] Compiling urandom.cc
[790/1386] Compiling passive.cc
[791/1386] Compiling poly1305_arm_asm.S
[792/1386] Compiling deterministic.cc
[793/1386] Compiling poly1305_vec.cc
[794/1386] Compiling forkunsafe.cc
[795/1386] Compiling fork_detect.cc
[796/1386] Compiling poly1305_arm.cc
[797/1386] Compiling poly1305.cc
[798/1386] Compiling pool.cc
[799/1386] Compiling pkcs8_x509.cc
[800/1386] Compiling pkcs8.cc
[801/1386] Compiling p5_pbev2.cc
[802/1386] Compiling pem_xaux.cc
[803/1386] Compiling pkcs7.cc
[804/1386] Compiling pkcs7_x509.cc
[805/1386] Compiling pem_pkey.cc
[806/1386] Compiling pem_x509.cc
[807/1386] Compiling pem_pk8.cc
[808/1386] Compiling pem_oth.cc
[809/1386] Compiling mlkem.cc
[810/1386] Compiling pem_info.cc
[811/1386] Compiling pem_lib.cc
[812/1386] Compiling obj_xref.cc
[813/1386] Compiling mldsa.cc
[814/1386] Compiling pem_all.cc
[815/1386] Compiling poly_rq_mul.S
[816/1386] Compiling obj.cc
[817/1386] Compiling fips_shared_support.cc
[818/1386] Compiling md4.cc
[819/1386] Compiling mem.cc
[820/1386] Compiling lhash.cc
[821/1386] Compiling md5.cc
[822/1386] Compiling kyber.cc
[823/1386] Compiling sign.cc
[824/1386] Compiling hrss.cc
[825/1386] Compiling ex_data.cc
[826/1386] Compiling hpke.cc
[827/1386] Compiling print.cc
[828/1386] Compiling scrypt.cc
[829/1386] Compiling p_x25519.cc
[830/1386] Compiling pbkdf.cc
[831/1386] Compiling p_x25519_asn1.cc
[832/1386] Compiling p_rsa_asn1.cc
[833/1386] Compiling p_rsa.cc
[834/1386] Compiling p_hkdf.cc
[835/1386] Compiling p_ed25519_asn1.cc
[836/1386] Compiling p_ed25519.cc
[837/1386] Compiling p_ec.cc
[838/1386] Compiling p_ec_asn1.cc
[839/1386] Compiling p_dh.cc
[840/1386] Compiling p_dh_asn1.cc
[841/1386] Compiling evp_ctx.cc
[842/1386] Compiling p_dsa_asn1.cc
[843/1386] Compiling evp_asn1.cc
[844/1386] Compiling evp.cc
[845/1386] Compiling err.cc
[846/1386] Compiling engine.cc
[847/1386] Compiling ec_derive.cc
[848/1386] Compiling ecdh.cc
[849/1386] Compiling hash_to_curve.cc
[850/1386] Compiling bcm.cc
[851/1386] Compiling ecdsa_asn1.cc
[852/1386] Compiling dsa_asn1.cc
[853/1386] Compiling dsa.cc
[854/1386] Compiling ec_asn1.cc
[855/1386] Compiling params.cc
[855/1386] Compiling x25519-asm-arm.S
[857/1386] Compiling digest_extra.cc
[858/1386] Compiling des.cc
[859/1386] Compiling dh_asn1.cc
[860/1386] Compiling spake25519.cc
[860/1386] Compiling curve25519_64_adx.cc
[862/1386] Compiling cpu_intel.cc
[863/1386] Compiling crypto.cc
[864/1386] Compiling curve25519.cc
[865/1386] Compiling cpu_arm_linux.cc
[866/1386] Compiling cpu_aarch64_win.cc
[867/1386] Compiling cpu_arm_freebsd.cc
[868/1386] Compiling cpu_aarch64_sysreg.cc
[869/1386] Compiling cpu_aarch64_linux.cc
[870/1386] Compiling cpu_aarch64_openbsd.cc
[871/1386] Compiling cpu_aarch64_fuchsia.cc
[872/1386] Compiling cpu_aarch64_apple.cc
[873/1386] Compiling conf.cc
[874/1386] Compiling tls_cbc.cc
[875/1386] Compiling get_cipher.cc
[876/1386] Compiling e_rc4.cc
[877/1386] Compiling e_rc2.cc
[878/1386] Compiling e_tls.cc
[879/1386] Compiling e_null.cc
[880/1386] Compiling e_des.cc
[881/1386] Compiling e_chacha20poly1305.cc
[882/1386] Compiling e_aesgcmsiv.cc
[883/1386] Compiling e_aesctrhmac.cc
[884/1386] Compiling derive_key.cc
[885/1386] Compiling chacha.cc
[886/1386] Compiling unicode.cc
[887/1386] Compiling buf.cc
[888/1386] Compiling cbb.cc
[889/1386] Compiling cbs.cc
[890/1386] Compiling ber.cc
[891/1386] Compiling asn1_compat.cc
[892/1386] Compiling bn_asn1.cc
[893/1386] Compiling blake2.cc
[894/1386] Compiling convert.cc
[895/1386] Compiling socket_helper.cc
[896/1386] Compiling socket.cc
[897/1386] Compiling printf.cc
[898/1386] Compiling pair.cc
[899/1386] Compiling hexdump.cc
[900/1386] Compiling fd.cc
[901/1386] Compiling file.cc
[902/1386] Compiling errno.cc
[903/1386] Compiling connect.cc
[904/1386] Compiling bio_mem.cc
[905/1386] Compiling base64.cc
[906/1386] Compiling bio.cc
[907/1386] Compiling tasn_fre.cc
[908/1386] Compiling tasn_typ.cc
[909/1386] Compiling tasn_new.cc
[910/1386] Compiling tasn_utl.cc
[911/1386] Compiling tasn_enc.cc
[912/1386] Compiling f_string.cc
[913/1386] Compiling posix_time.cc
[914/1386] Compiling f_int.cc
[915/1386] Compiling asn_pack.cc
[916/1386] Compiling tasn_dec.cc
[917/1386] Compiling asn1_par.cc
[918/1386] Compiling a_utctm.cc
[919/1386] Compiling asn1_lib.cc
[920/1386] Compiling a_time.cc
[921/1386] Compiling a_octet.cc
[922/1386] Compiling a_type.cc
[923/1386] Compiling a_strnid.cc
[924/1386] Compiling a_strex.cc
[925/1386] Compiling a_object.cc
[926/1386] Compiling a_i2d_fp.cc
[927/1386] Compiling a_dup.cc
[928/1386] Compiling a_mbstr.cc
[929/1386] Compiling CGoogleGaxCRC32C CGoogleGaxCRC32C.c
[930/1386] Compiling a_int.cc
[931/1386] Compiling a_d2i_fp.cc
[932/1386] Compiling fiat_p256_adx_sqr.S
[933/1386] Compiling fiat_p256_adx_mul.S
[934/1386] Compiling fiat_curve25519_adx_square.S
[935/1386] Compiling fiat_curve25519_adx_mul.S
[936/1386] Compiling md5-x86_64-linux.S
[937/1386] Compiling md5-x86_64-apple.S
[938/1386] Compiling md5-586-linux.S
[939/1386] Compiling md5-586-apple.S
[940/1386] Compiling a_gentm.cc
[941/1386] Compiling chacha20_poly1305_x86_64-apple.S
[942/1386] Compiling chacha20_poly1305_x86_64-linux.S
[943/1386] Compiling CCryptoBoringSSLShims shims.c
[944/1386] Compiling chacha20_poly1305_armv8-win.S
[945/1386] Compiling chacha20_poly1305_armv8-apple.S
[946/1386] Compiling chacha-x86_64-linux.S
[947/1386] Compiling chacha20_poly1305_armv8-linux.S
[948/1386] Compiling a_bitstr.cc
[949/1386] Compiling chacha-x86_64-apple.S
[950/1386] Compiling chacha-x86-apple.S
[951/1386] Compiling chacha-x86-linux.S
[952/1386] Compiling chacha-armv8-win.S
[953/1386] Compiling chacha-armv8-apple.S
[954/1386] Compiling a_bool.cc
[955/1386] Compiling chacha-armv4-linux.S
[956/1386] Compiling aes128gcmsiv-x86_64-linux.S
[957/1386] Compiling chacha-armv8-linux.S
[958/1386] Compiling aes128gcmsiv-x86_64-apple.S
[959/1386] Compiling x86_64-mont5-apple.S
[960/1386] Compiling x86_64-mont5-linux.S
[961/1386] Compiling x86_64-mont-linux.S
[962/1386] Compiling x86_64-mont-apple.S
[963/1386] Compiling vpaes-x86_64-apple.S
[964/1386] Compiling x86-mont-linux.S
[965/1386] Compiling x86-mont-apple.S
[966/1386] Compiling vpaes-x86-linux.S
[967/1386] Compiling vpaes-x86_64-linux.S
[968/1386] Compiling vpaes-armv8-win.S
[969/1386] Compiling vpaes-armv8-apple.S
[970/1386] Compiling vpaes-x86-apple.S
[971/1386] Compiling vpaes-armv8-linux.S
[972/1386] Compiling vpaes-armv7-linux.S
[973/1386] Compiling sha512-x86_64-linux.S
[974/1386] Compiling sha512-x86_64-apple.S
[975/1386] Compiling sha512-armv8-win.S
[976/1386] Compiling sha512-armv8-apple.S
[977/1386] Compiling sha512-586-apple.S
[978/1386] Compiling sha512-armv8-linux.S
[979/1386] Compiling sha512-586-linux.S
[980/1386] Compiling sha256-x86_64-linux.S
[981/1386] Compiling sha512-armv4-linux.S
[982/1386] Compiling sha256-x86_64-apple.S
[983/1386] Compiling sha256-armv8-linux.S
[984/1386] Compiling sha256-armv4-linux.S
[985/1386] Compiling sha256-armv8-win.S
[986/1386] Compiling sha256-armv8-apple.S
[987/1386] Compiling sha256-586-linux.S
[988/1386] Compiling err_data.cc
[989/1386] Compiling sha256-586-apple.S
[990/1386] Compiling sha1-armv8-win.S
[991/1386] Compiling sha1-x86_64-linux.S
[992/1386] Compiling sha1-armv8-apple.S
[993/1386] Compiling sha1-x86_64-apple.S
[994/1386] Compiling sha1-armv4-large-linux.S
[995/1386] Compiling sha1-armv8-linux.S
[996/1386] Compiling sha1-586-linux.S
[997/1386] Compiling rdrand-x86_64-linux.S
[998/1386] Compiling sha1-586-apple.S
[999/1386] Compiling rdrand-x86_64-apple.S
[1000/1386] Compiling rsaz-avx2-apple.S
[1001/1386] Compiling rsaz-avx2-linux.S
[1002/1386] Compiling p256_beeu-x86_64-asm-apple.S
[1003/1386] Compiling p256_beeu-x86_64-asm-linux.S
[1004/1386] Compiling p256_beeu-armv8-asm-linux.S
[1005/1386] Compiling p256_beeu-armv8-asm-win.S
[1006/1386] Compiling p256-x86_64-asm-linux.S
[1007/1386] Compiling p256_beeu-armv8-asm-apple.S
[1008/1386] Compiling p256-x86_64-asm-apple.S
[1009/1386] Compiling p256-armv8-asm-win.S
[1010/1386] Compiling p256-armv8-asm-apple.S
[1011/1386] Compiling p256-armv8-asm-linux.S
[1012/1386] Compiling ghashv8-armv8-apple.S
[1013/1386] Compiling ghashv8-armv8-linux.S
[1014/1386] Compiling ghashv8-armv7-linux.S
[1015/1386] Compiling ghashv8-armv8-win.S
[1016/1386] Compiling ghash-x86_64-linux.S
[1017/1386] Compiling ghash-x86_64-apple.S
[1018/1386] Compiling ghash-ssse3-x86_64-apple.S
[1019/1386] Compiling ghash-x86-linux.S
[1020/1386] Compiling ghash-ssse3-x86_64-linux.S
[1021/1386] Compiling ghash-x86-apple.S
[1022/1386] Compiling ghash-ssse3-x86-linux.S
[1023/1386] Compiling ghash-ssse3-x86-apple.S
[1024/1386] Compiling ghash-neon-armv8-apple.S
[1025/1386] Compiling ghash-neon-armv8-linux.S
[1026/1386] Compiling ghash-neon-armv8-win.S
[1027/1386] Compiling ghash-armv4-linux.S
[1028/1386] Compiling co-586-apple.S
[1028/1386] Compiling bsaes-armv7-linux.S
[1030/1386] Compiling bn-armv8-linux.S
[1031/1386] Compiling co-586-linux.S
[1032/1386] Compiling bn-armv8-win.S
[1033/1386] Compiling bn-armv8-apple.S
[1034/1386] Compiling bn-586-linux.S
[1035/1386] Compiling bn-586-apple.S
[1036/1386] Compiling armv8-mont-win.S
[1037/1386] Compiling armv4-mont-linux.S
[1038/1386] Compiling aesv8-gcm-armv8-win.S
[1039/1386] Compiling armv8-mont-linux.S
[1040/1386] Compiling armv8-mont-apple.S
[1040/1386] Compiling aesv8-gcm-armv8-apple.S
[1042/1386] Compiling aesv8-gcm-armv8-linux.S
[1043/1386] Compiling aesv8-armv8-win.S
[1044/1386] Compiling aesv8-armv8-linux.S
[1045/1386] Compiling aesv8-armv8-apple.S
[1046/1386] Compiling aesv8-armv7-linux.S
[1047/1386] Compiling aesni-x86_64-linux.S
[1048/1386] Compiling aesni-x86_64-apple.S
[1049/1386] Compiling aesni-x86-linux.S
[1050/1386] Compiling aesni-gcm-x86_64-apple.S
[1051/1386] Compiling aes-gcm-avx512-x86_64-linux.S
[1052/1386] Compiling aesni-x86-apple.S
[1053/1386] Compiling aesni-gcm-x86_64-linux.S
[1054/1386] Compiling aes-gcm-avx512-x86_64-apple.S
[1055/1386] Compiling aes-gcm-avx2-x86_64-linux.S
[1056/1386] Compiling aes-gcm-avx2-x86_64-apple.S
[1057/1386] Compiling xwing.cc
[1058/1386] Compiling x_req.cc
[1059/1386] Compiling x_sig.cc
[1060/1386] Compiling x_spki.cc
[1061/1386] Compiling x_x509.cc
[1062/1386] Compiling x_x509a.cc
[1063/1386] Compiling c-nioatomics.c
[1064/1386] Compiling x_pubkey.cc
[1065/1386] Compiling x_exten.cc
[1066/1386] Compiling x_attrib.cc
[1067/1386] Compiling x_name.cc
[1068/1386] Compiling x_crl.cc
[1069/1386] Compiling x_all.cc
[1070/1386] Compiling c-atomics.c
[1071/1386] Compiling x_algor.cc
[1072/1393] Compiling x509spki.cc
[1074/1393] Compiling NIOConcurrencyHelpers NIOLockedValueBox.swift
[1074/1393] Compiling x509rset.cc
[1075/1393] Compiling x509name.cc
[1076/1393] Compiling x509_vpm.cc
[1077/1393] Compiling x509cset.cc
[1079/1393] Compiling NIOConcurrencyHelpers lock.swift
[1080/1393] Emitting module NIOConcurrencyHelpers
[1081/1393] Compiling NIOConcurrencyHelpers NIOThreadPoolWorkAvailable.swift
[1082/1393] Compiling NIOConcurrencyHelpers NIOLock.swift
[1083/1393] Compiling NIOConcurrencyHelpers atomics.swift
[1084/1393] Compiling NIOConcurrencyHelpers NIOAtomic.swift
[1084/1394] Compiling x509_vfy.cc
[1086/1394] Compiling x509_v3.cc
[1087/1394] Wrapping AST for NIOConcurrencyHelpers for debugging
[1088/1394] Compiling x509_txt.cc
[1089/1394] Compiling x509_trs.cc
[1090/1394] Compiling x509_set.cc
[1091/1394] Compiling x509_obj.cc
[1092/1394] Compiling x509_req.cc
[1093/1394] Compiling x509_ext.cc
[1094/1394] Compiling x509_lu.cc
[1095/1394] Compiling x509_def.cc
[1096/1394] Compiling x509_d2.cc
[1097/1394] Compiling x509_att.cc
[1098/1394] Compiling x509.cc
[1099/1394] Compiling x509_cmp.cc
[1100/1394] Compiling v3_utl.cc
[1101/1394] Compiling v3_prn.cc
[1102/1394] Compiling v3_purp.cc
[1103/1394] Compiling v3_pmaps.cc
[1104/1394] Compiling v3_pcons.cc
[1105/1394] Compiling v3_ocsp.cc
[1106/1394] Compiling v3_int.cc
[1107/1394] Compiling v3_lib.cc
[1108/1394] Compiling v3_info.cc
[1109/1394] Compiling v3_genn.cc
[1110/1394] Compiling v3_ia5.cc
[1111/1394] Compiling v3_extku.cc
[1112/1394] Compiling v3_enum.cc
[1113/1394] Compiling v3_cpols.cc
[1114/1394] Compiling v3_crld.cc
[1115/1394] Compiling v3_conf.cc
[1116/1394] Compiling v3_bitst.cc
[1117/1394] Compiling v3_bcons.cc
[1118/1394] Compiling v3_alt.cc
[1119/1394] Compiling v3_akeya.cc
[1120/1394] Compiling v3_akey.cc
[1121/1394] Compiling t_x509a.cc
[1122/1394] Compiling t_x509.cc
[1123/1394] Compiling t_req.cc
[1124/1394] Compiling t_crl.cc
[1125/1394] Compiling i2d_pr.cc
[1126/1394] Compiling rsa_pss.cc
[1127/1394] Compiling name_print.cc
[1128/1394] Compiling policy.cc
[1129/1394] Compiling by_file.cc
[1130/1394] Compiling by_dir.cc
[1131/1394] Compiling algorithm.cc
[1132/1394] Compiling asn1_gen.cc
[1133/1394] Compiling a_verify.cc
[1134/1394] Compiling a_digest.cc
[1135/1394] Compiling a_sign.cc
[1136/1394] Compiling voprf.cc
[1137/1394] Compiling thread_win.cc
[1138/1394] Compiling thread_pthread.cc
[1139/1394] Compiling trust_token.cc
[1140/1394] Compiling thread_none.cc
[1141/1394] Compiling thread.cc
[1142/1394] Compiling pmbtoken.cc
[1143/1394] Compiling stack.cc
[1144/1394] Compiling siphash.cc
[1145/1394] Compiling sha512.cc
[1146/1394] Compiling sha256.cc
[1147/1394] Compiling sha1.cc
[1148/1394] Compiling slhdsa.cc
[1149/1394] Compiling spake2plus.cc
[1150/1394] Compiling rsa_print.cc
[1151/1394] Compiling rsa_crypt.cc
[1152/1394] Compiling rc4.cc
[1153/1394] Compiling refcount.cc
[1154/1394] Compiling windows.cc
[1155/1394] Compiling urandom.cc
[1156/1394] Compiling trusty.cc
[1157/1394] Compiling rand.cc
[1158/1394] Compiling passive.cc
[1159/1394] Compiling ios.cc
[1159/1394] Compiling getentropy.cc
[1161/1394] Compiling poly1305_arm_asm.S
[1162/1394] Compiling rsa_asn1.cc
[1163/1394] Compiling forkunsafe.cc
[1164/1394] Compiling deterministic.cc
[1165/1394] Compiling fork_detect.cc
[1166/1394] Compiling poly1305_vec.cc
[1167/1394] Compiling pool.cc
[1168/1394] Compiling poly1305_arm.cc
[1169/1394] Compiling pkcs8.cc
[1170/1394] Compiling p5_pbev2.cc
[1171/1394] Compiling pkcs7.cc
[1172/1394] Compiling pkcs8_x509.cc
[1173/1394] Compiling pkcs7_x509.cc
[1174/1394] Compiling pem_pkey.cc
[1175/1394] Compiling pem_xaux.cc
[1176/1394] Compiling pem_x509.cc
[1177/1394] Compiling pem_oth.cc
[1178/1394] Compiling pem_pk8.cc
[1179/1394] Compiling mlkem.cc
[1180/1394] Compiling pem_lib.cc
[1181/1394] Compiling pem_info.cc
[1182/1394] Compiling obj_xref.cc
[1183/1394] Compiling pem_all.cc
[1184/1394] Compiling obj.cc
[1185/1394] Compiling poly_rq_mul.S
[1186/1394] Compiling mem.cc
[1187/1394] Compiling mldsa.cc
[1188/1394] Compiling fips_shared_support.cc
[1189/1394] Compiling lhash.cc
[1190/1394] Compiling md5.cc
[1191/1394] Compiling fuzzer_mode.cc
[1192/1394] Compiling kyber.cc
[1193/1394] Compiling hrss.cc
[1194/1394] Compiling ex_data.cc
[1195/1394] Compiling scrypt.cc
[1196/1394] Compiling hpke.cc
[1197/1394] Compiling pbkdf.cc
[1198/1394] Compiling sign.cc
[1199/1394] Compiling print.cc
[1200/1394] Compiling p_x25519_asn1.cc
[1201/1394] Compiling p_x25519.cc
[1202/1394] Compiling p_hkdf.cc
[1203/1394] Compiling p_rsa_asn1.cc
[1204/1394] Compiling p_rsa.cc
[1205/1394] Compiling p_ed25519.cc
[1206/1394] Compiling p_ed25519_asn1.cc
[1207/1394] Compiling p_ec_asn1.cc
[1208/1394] Compiling p_ec.cc
[1209/1394] Compiling p_dsa_asn1.cc
[1210/1394] Compiling p_dh.cc
[1211/1394] Compiling p_dh_asn1.cc
[1212/1394] Compiling err.cc
[1213/1394] Compiling evp_ctx.cc
[1214/1394] Compiling evp.cc
[1215/1394] Compiling evp_asn1.cc
[1216/1394] Compiling engine.cc
[1217/1394] Compiling ecdsa_p1363.cc
[1218/1394] Compiling ecdh.cc
[1219/1394] Compiling ec_derive.cc
[1220/1394] Compiling hash_to_curve.cc
[1221/1394] Compiling ecdsa_asn1.cc
[1222/1394] Compiling dsa.cc
[1223/1394] Compiling dsa_asn1.cc
[1224/1394] Compiling ec_asn1.cc
[1225/1394] Compiling x25519-asm-arm.S
[1226/1394] Compiling digest_extra.cc
[1227/1394] Compiling curve25519_64_adx.cc
[1228/1394] Compiling params.cc
[1229/1394] Compiling des.cc
[1230/1394] Compiling dh_asn1.cc
[1231/1394] Compiling spake25519.cc
[1232/1394] Compiling crypto.cc
[1233/1394] Compiling cpu_intel.cc
[1234/1394] Compiling curve25519.cc
[1235/1394] Compiling cpu_arm_freebsd.cc
[1236/1394] Compiling cpu_aarch64_sysreg.cc
[1237/1394] Compiling cpu_aarch64_win.cc
[1238/1394] Compiling cpu_arm_linux.cc
[1239/1394] Compiling cpu_aarch64_openbsd.cc
[1240/1394] Compiling cpu_aarch64_linux.cc
[1241/1394] Compiling cpu_aarch64_fuchsia.cc
[1242/1394] Compiling cpu_aarch64_apple.cc
[1243/1394] Compiling conf.cc
[1244/1394] Compiling tls_cbc.cc
[1245/1394] Compiling get_cipher.cc
[1246/1394] Compiling e_tls.cc
[1247/1394] Compiling e_rc4.cc
[1248/1394] Compiling cms.cc
[1249/1394] Compiling e_rc2.cc
[1250/1394] Compiling e_null.cc
[1251/1394] Compiling e_des.cc
[1252/1394] Compiling e_chacha20poly1305.cc
[1253/1394] Compiling e_aesgcmsiv.cc
[1254/1394] Compiling e_aeseax.cc
[1255/1394] Compiling e_aesctrhmac.cc
[1256/1394] Compiling derive_key.cc
[1257/1394] Compiling chacha.cc
[1258/1394] Compiling unicode.cc
[1259/1394] Compiling buf.cc
[1260/1394] Compiling sqrt.cc
[1261/1394] Compiling cbs.cc
[1262/1394] Compiling asn1_compat.cc
[1263/1394] Compiling ber.cc
[1264/1394] Compiling cbb.cc
[1265/1394] Compiling exponentiation.cc
[1266/1394] Compiling div.cc
[1267/1394] Compiling blake2.cc
[1268/1394] Compiling printf.cc
[1269/1394] Compiling hexdump.cc
[1270/1394] Compiling pair.cc
[1271/1394] Compiling bn_asn1.cc
[1272/1394] Compiling convert.cc
[1273/1394] Compiling file.cc
[1274/1394] Compiling fd.cc
[1275/1394] Compiling errno.cc
[1276/1394] Compiling base64.cc
[1277/1394] Compiling bio_mem.cc
[1278/1394] Compiling bio.cc
[1279/1394] Compiling tasn_typ.cc
[1280/1394] Compiling tasn_fre.cc
[1281/1394] Compiling tasn_utl.cc
[1282/1394] Compiling tasn_enc.cc
[1283/1394] Compiling tasn_new.cc
[1284/1394] Compiling f_string.cc
[1285/1394] Compiling posix_time.cc
[1286/1394] Compiling f_int.cc
[1287/1394] Compiling tasn_dec.cc
[1288/1394] Compiling asn_pack.cc
[1289/1394] Compiling asn1_par.cc
[1290/1394] Compiling a_time.cc
[1291/1394] Compiling asn1_lib.cc
[1292/1394] Compiling a_utctm.cc
[1293/1394] Compiling a_type.cc
[1294/1394] Compiling a_octet.cc
[1295/1394] Compiling a_strnid.cc
[1296/1394] Compiling a_mbstr.cc
[1297/1394] Compiling a_object.cc
[1298/1394] Compiling a_dup.cc
[1299/1394] Compiling a_i2d_fp.cc
[1299/1394] Write sources
[1303/1394] Compiling CAsyncHTTPClient CAsyncHTTPClient.c
[1304/1395] Compiling a_d2i_fp.cc
[1305/1437] Compiling a_gentm.cc
[1306/1437] Compiling a_int.cc
[1308/1437] Compiling Atomics ManagedAtomic.swift
[1309/1437] Compiling Atomics ManagedAtomicLazyReference.swift
[1310/1439] Compiling Atomics UnsafeAtomic.swift
[1311/1439] Compiling Atomics UnsafeAtomicLazyReference.swift
[1312/1439] Compiling Atomics AtomicStorage.swift
[1313/1439] Compiling Atomics AtomicValue.swift
[1314/1439] Compiling Atomics AtomicMemoryOrderings.swift
[1315/1439] Compiling Atomics DoubleWord.swift
[1315/1439] Compiling aes.cc
[1316/1439] Compiling a_bool.cc
[1318/1439] Compiling Atomics IntegerOperations.swift
[1319/1439] Compiling Atomics Unmanaged extensions.swift
[1320/1439] Compiling Atomics AtomicInteger.swift
[1321/1439] Compiling Atomics AtomicOptionalWrappable.swift
[1322/1439] Compiling Atomics AtomicReference.swift
[1322/1439] Compiling a_bitstr.cc
[1325/1447] Compiling Algorithms Reductions.swift
[1326/1447] Compiling Algorithms Rotate.swift
[1327/1447] Compiling Algorithms Split.swift
[1328/1447] Compiling Algorithms Stride.swift
[1329/1447] Compiling Algorithms Suffix.swift
[1330/1450] Compiling Atomics OptionalRawRepresentable.swift
[1331/1450] Compiling Atomics RawRepresentable.swift
[1332/1450] Compiling Atomics AtomicBool.swift
[1333/1450] Compiling Atomics IntegerConformances.swift
[1344/1450] Emitting module CryptoBoringWrapper
[1345/1450] Compiling Algorithms Trim.swift
[1346/1450] Compiling Algorithms Unique.swift
[1347/1450] Compiling Algorithms Windows.swift
[1348/1450] Compiling CryptoBoringWrapper RandomBytes.swift
[1349/1450] Compiling Atomics PointerConformances.swift
[1350/1450] Compiling Atomics Primitives.native.swift
[1353/1450] Compiling CryptoBoringWrapper CryptoKitErrors_boring.swift
[1354/1450] Compiling CryptoBoringWrapper FiniteFieldArithmeticContext.swift
[1355/1450] Compiling CryptoBoringWrapper BoringSSLAEAD.swift
[1356/1450] Compiling CryptoBoringWrapper EllipticCurve.swift
[1357/1450] Emitting module Atomics
[1358/1450] Compiling CryptoBoringWrapper ArbitraryPrecisionInteger.swift
[1359/1450] Compiling CryptoBoringWrapper EllipticCurvePoint.swift
[1360/1451] Wrapping AST for CryptoBoringWrapper for debugging
[1362/1459] Compiling Crypto ASN1Null.swift
[1363/1459] Compiling Crypto ASN1OctetString.swift
[1364/1459] Compiling Crypto ASN1Strings.swift
[1365/1464] Compiling Crypto ArraySliceBigint.swift
[1366/1464] Compiling Crypto GeneralizedTime.swift
[1367/1464] Compiling Crypto ObjectIdentifier.swift
[1368/1536] Wrapping AST for Atomics for debugging
[1370/1600] Emitting module Algorithms
[1371/1601] Wrapping AST for Algorithms for debugging
[1373/1601] Compiling NIOCore NIOCoreSendableMetatype.swift
[1374/1601] Compiling NIOCore NIODecodedAsyncSequence.swift
[1375/1601] Compiling NIOCore NIOLoopBound.swift
[1376/1601] Compiling NIOCore NIOPooledRecvBufferAllocator.swift
[1377/1601] Compiling NIOCore NIOScheduledCallback.swift
[1378/1601] Compiling NIOCore NIOSendable.swift
[1379/1601] Compiling NIOCore NIOSplitLinesMessageDecoder.swift
[1380/1601] Compiling NIOCore NIOTransportAccessibleChannelCore.swift
[1381/1601] Compiling NIOCore RecvByteBufferAllocator.swift
[1382/1609] Emitting module Crypto
[1383/1620] Compiling NIOCore DeadChannel.swift
[1384/1620] Compiling NIOCore DispatchQueue+WithFuture.swift
[1385/1620] Compiling NIOCore EventLoop+Deprecated.swift
[1386/1620] Compiling NIOCore EventLoop+SerialExecutor.swift
[1387/1620] Compiling NIOCore EventLoop.swift
[1388/1620] Compiling NIOCore EventLoopFuture+AssumeIsolated.swift
[1389/1620] Compiling NIOCore AddressedEnvelope.swift
[1390/1620] Compiling NIOCore AsyncAwaitSupport.swift
[1391/1620] Compiling NIOCore AsyncChannel.swift
[1392/1620] Compiling NIOCore AsyncChannelHandler.swift
[1393/1620] Compiling NIOCore AsyncChannelInboundStream.swift
[1394/1620] Compiling NIOCore AsyncChannelOutboundWriter.swift
[1395/1620] Compiling NIOCore ByteBuffer-multi-int.swift
[1396/1620] Compiling NIOCore ByteBuffer-quicBinaryEncodingStrategy.swift
[1397/1620] Compiling NIOCore ByteBuffer-views.swift
[1398/1620] Compiling NIOCore Channel.swift
[1399/1620] Compiling NIOCore ChannelHandler.swift
[1400/1620] Compiling NIOCore ChannelHandlers.swift
[1401/1620] Compiling NIOCore ChannelInvoker.swift
[1402/1620] Compiling NIOCore ChannelOption.swift
[1403/1620] Compiling NIOCore ChannelPipeline.swift
[1404/1620] Compiling NIOCore CircularBuffer.swift
[1405/1620] Compiling NIOCore Codec.swift
[1406/1620] Compiling NIOCore ConvenienceOptionSupport.swift
[1407/1620] Compiling NIOCore IPProtocol.swift
[1408/1620] Compiling NIOCore IntegerBitPacking.swift
[1409/1620] Compiling NIOCore IntegerTypes.swift
[1410/1620] Compiling NIOCore Interfaces.swift
[1411/1620] Compiling NIOCore Linux.swift
[1412/1620] Compiling NIOCore MarkedCircularBuffer.swift
[1413/1620] Compiling NIOCore MulticastChannel.swift
[1414/1620] Compiling NIOCore NIOAny.swift
[1415/1620] Compiling NIOCore NIOCloseOnErrorHandler.swift
[1416/1620] Compiling NIOCore EventLoopFuture+Deprecated.swift
[1417/1620] Compiling NIOCore EventLoopFuture+WithEventLoop.swift
[1418/1620] Compiling NIOCore EventLoopFuture.swift
[1419/1620] Compiling NIOCore FileDescriptor.swift
[1420/1620] Compiling NIOCore FileHandle.swift
[1421/1620] Compiling NIOCore FileRegion.swift
[1422/1620] Compiling NIOCore GlobalSingletons.swift
[1423/1620] Compiling NIOCore IO.swift
[1424/1620] Compiling NIOCore IOData.swift
[1428/1620] Compiling NIOCore SingleStepByteToMessageDecoder.swift
[1429/1620] Compiling NIOCore SocketAddresses.swift
[1430/1620] Compiling NIOCore SocketOptionProvider.swift
[1431/1620] Compiling NIOCore SystemCallHelpers.swift
[1432/1620] Compiling NIOCore TimeAmount+Duration.swift
[1433/1620] Compiling NIOCore TypeAssistedChannelHandler.swift
[1434/1620] Compiling NIOCore UniversalBootstrapSupport.swift
[1435/1620] Compiling NIOCore Utilities.swift
[1436/1620] Compiling Crypto ASN1Integer.swift
[1437/1620] Compiling Crypto MACFunctions.swift
[1438/1620] Compiling Crypto MessageAuthenticationCode.swift
[1439/1620] Compiling Crypto AES.swift
[1440/1620] Compiling Crypto ECDSASignature_boring.swift
[1441/1620] Compiling Crypto ECDSA_boring.swift
[1442/1620] Compiling Crypto EdDSA_boring.swift
[1443/1620] Compiling Crypto MLDSA_boring.swift
[1444/1620] Compiling Crypto MLDSA_wrapper.swift
[1445/1620] Compiling Crypto ECDSA.swift
[1446/1620] Compiling Crypto Ed25519.swift
[1447/1620] Compiling Crypto MLDSA.swift
[1460/1620] Compiling NIOCore NIOThrowingAsyncSequenceProducer.swift
[1461/1620] Compiling NIOCore BSDSocketAPI.swift
[1462/1620] Compiling NIOCore ByteBuffer-aux.swift
[1463/1620] Compiling NIOCore ByteBuffer-binaryEncodedLengthPrefix.swift
[1464/1620] Compiling NIOCore ByteBuffer-conversions.swift
[1465/1620] Compiling NIOCore ByteBuffer-core.swift
[1466/1620] Compiling NIOCore ByteBuffer-hex.swift
[1467/1620] Compiling NIOCore ByteBuffer-int.swift
[1468/1620] Compiling NIOCore ByteBuffer-lengthPrefix.swift
[1472/1620] Compiling NIOCore NIOAsyncSequenceProducer.swift
[1473/1620] Compiling NIOCore NIOAsyncSequenceProducerStrategies.swift
[1474/1620] Compiling NIOCore NIOAsyncWriter.swift
[1484/1620] Compiling Crypto Signature.swift
[1485/1620] Compiling Crypto CryptoKitErrors_boring.swift
[1486/1620] Compiling Crypto Optional+withUnsafeBytes_boring.swift
[1487/1620] Compiling Crypto RNG_boring.swift
[1488/1620] Compiling Crypto SafeCompare_boring.swift
[1489/1620] Compiling Crypto Zeroization_boring.swift
[1490/1620] Compiling Crypto _CryptoModuleAnchor.swift
[1491/1620] Compiling Crypto PrettyBytes.swift
[1492/1620] Compiling Crypto SafeCompare.swift
[1493/1620] Compiling Crypto SecureBytes.swift
[1494/1620] Compiling Crypto Zeroization.swift
[1504/1621] Wrapping AST for Crypto for debugging
[1514/1683] Compiling CryptoExtras PBKDF2.swift
[1515/1683] Compiling CryptoExtras Scrypt_boring.swift
[1516/1683] Compiling CryptoExtras Scrypt.swift
[1517/1683] Compiling CryptoExtras OPRF.swift
[1518/1683] Compiling CryptoExtras OPRFClient.swift
[1519/1683] Compiling CryptoExtras OPRFServer.swift
[1520/1683] Compiling CryptoExtras VOPRF+API.swift
[1521/1683] Compiling CryptoExtras VOPRFClient.swift
[1522/1683] Compiling CryptoExtras VOPRFServer.swift
[1523/1683] Compiling CryptoExtras PKCS8DERRepresentation.swift
[1524/1683] Compiling CryptoExtras PKCS8PrivateKey.swift
[1525/1683] Compiling CryptoExtras RFC8410AlgorithmIdentifier.swift
[1526/1683] Compiling CryptoExtras ECToolbox_boring.swift
[1527/1683] Compiling CryptoExtras ECToolbox.swift
[1528/1683] Compiling CryptoExtras HashToField.swift
[1529/1683] Compiling CryptoExtras KDF.swift
[1530/1683] Compiling CryptoExtras PBKDF2_boring.swift
[1531/1683] Compiling CryptoExtras PBKDF2_commoncrypto.swift
[1532/1691] Emitting module CryptoExtras
[1533/1691] Compiling CryptoExtras Data+Extensions.swift
[1534/1691] Compiling CryptoExtras DigestType.swift
[1535/1691] Compiling CryptoExtras Error.swift
[1536/1691] Compiling CryptoExtras I2OSP.swift
[1537/1691] Compiling CryptoExtras IntegerEncoding.swift
[1538/1691] Compiling CryptoExtras PEMDocument.swift
[1539/1691] Compiling CryptoExtras PrettyBytes.swift
[1540/1691] Compiling CryptoExtras SubjectPublicKeyInfo.swift
[1541/1691] Compiling CryptoExtras ARCServer.swift
[1542/1691] Compiling CryptoExtras ChaCha20CTR_boring.swift
[1543/1691] Compiling CryptoExtras ChaCha20CTR.swift
[1544/1691] Compiling CryptoExtras BoringSSLSHA512256Context.swift
[1545/1691] Compiling CryptoExtras BoringSSLSHA512256HashFunction.swift
[1546/1691] Compiling CryptoExtras SHA512256.swift
[1547/1691] Compiling CryptoExtras SHA512256Digest.swift
[1548/1691] Compiling CryptoExtras Curve25519+PEM.swift
[1549/1691] Compiling CryptoExtras ObjectIdentifier.swift
[1550/1691] Compiling CryptoExtras AES_CBC.swift
[1551/1691] Compiling CryptoExtras AES_CFB.swift
[1552/1691] Compiling CryptoExtras AES_CTR.swift
[1553/1691] Compiling CryptoExtras AES_GCM_SIV.swift
[1554/1691] Compiling CryptoExtras Block Function.swift
[1555/1691] Compiling CryptoExtras AES_CBC_boring.swift
[1556/1691] Compiling CryptoExtras AES_CFB_boring.swift
[1557/1691] Compiling CryptoExtras AES_CTR_boring.swift
[1558/1691] Compiling CryptoExtras AES_GCM_SIV_boring.swift
[1559/1691] Compiling CryptoExtras ThreadOps.swift
[1560/1691] Compiling CryptoExtras ThreadPosix.swift
[1561/1691] Compiling CryptoExtras ThreadSpecific.swift
[1562/1691] Compiling CryptoExtras ThreadWindows.swift
[1563/1691] Compiling CryptoExtras DLEQ.swift
[1564/1691] Compiling CryptoExtras Prover.swift
[1565/1691] Compiling CryptoExtras Verifier.swift
[1566/1691] Compiling CryptoExtras ZKPToolbox.swift
[1576/1691] Compiling CryptoExtras BoringSSLPassphraseCallbackManager.swift
[1577/1691] Compiling CryptoExtras RSA+BlindSigning.swift
[1578/1691] Compiling CryptoExtras RSA.swift
[1579/1691] Compiling CryptoExtras RSA_boring.swift
[1580/1691] Compiling CryptoExtras Reexport.swift
[1581/1691] Compiling CryptoExtras Zeroization_boring.swift
[1582/1691] Compiling CryptoExtras BoringSSLHelpers.swift
[1583/1691] Compiling CryptoExtras CryptoKitErrors_boring.swift
[1584/1691] Compiling CryptoExtras CMAC.swift
[1585/1691] Compiling CryptoExtras ARC+API.swift
[1586/1691] Compiling CryptoExtras ARC.swift
[1587/1691] Compiling CryptoExtras ARCCredential.swift
[1588/1691] Compiling CryptoExtras ARCEncoding.swift
[1589/1691] Compiling CryptoExtras ARCPrecredential.swift
[1590/1691] Compiling CryptoExtras ARCPresentation.swift
[1591/1691] Compiling CryptoExtras ARCRequest.swift
[1592/1691] Compiling CryptoExtras ARCResponse.swift
[1593/1692] Wrapping AST for CryptoExtras for debugging
[1595/1694] Emitting module _CryptoExtras
[1596/1694] Compiling _CryptoExtras Exports.swift
[1597/1695] Wrapping AST for _CryptoExtras for debugging
[1617/1790] Emitting module NIOCore
[1618/1848] Wrapping AST for NIOCore for debugging
[1620/1848] Emitting module NIOFoundationEssentialsCompat
[1621/1848] Compiling NIOFoundationEssentialsCompat Codable+ByteBuffer.swift
[1622/1848] Compiling NIOFoundationEssentialsCompat ByteBuffer-foundation.swift
[1624/1849] Compiling NIOEmbedded AsyncTestingChannel.swift
[1625/1849] Emitting module NIOEmbedded
[1625/1849] Wrapping AST for NIOFoundationEssentialsCompat for debugging
[1627/1849] Compiling NIOEmbedded Embedded.swift
[1628/1849] Compiling NIOEmbedded AsyncTestingEventLoop.swift
[1630/1850] Compiling NIOPosix BSDSocketAPICommon.swift
[1631/1850] Compiling NIOPosix BSDSocketAPIPosix.swift
[1632/1850] Compiling NIOPosix BSDSocketAPIWindows.swift
[1633/1850] Compiling NIOPosix BaseSocket.swift
[1634/1850] Compiling NIOPosix BaseSocketChannel+AccessibleTransport.swift
[1635/1850] Compiling NIOPosix BaseSocketChannel+SocketOptionProvider.swift
[1636/1850] Compiling NIOPosix BaseSocketChannel.swift
[1637/1850] Compiling NIOPosix Selectable.swift
[1638/1850] Compiling NIOPosix SelectableChannel.swift
[1639/1850] Compiling NIOPosix SelectableEventLoop.swift
[1640/1850] Compiling NIOPosix SelectorEpoll.swift
[1641/1850] Compiling NIOPosix SelectorGeneric.swift
[1642/1850] Compiling NIOPosix SelectorKqueue.swift
[1643/1850] Compiling NIOPosix SelectorUring.swift
[1643/1861] Wrapping AST for NIOEmbedded for debugging
[1645/1863] Compiling NIOPosix BaseStreamSocketChannel.swift
[1646/1863] Compiling NIOPosix Bootstrap.swift
[1647/1863] Compiling NIOPosix ControlMessage.swift
[1648/1863] Compiling NIOPosix DatagramVectorReadManager.swift
[1649/1863] Compiling NIOPosix Errors+Any.swift
[1650/1863] Compiling NIOPosix FileDescriptor.swift
[1651/1863] Compiling NIOPosix GetaddrinfoResolver.swift
[1652/1863] Compiling NIOPosix PipeChannel.swift
[1653/1863] Compiling NIOPosix PipePair.swift
[1654/1863] Compiling NIOPosix Pool.swift
[1655/1863] Compiling NIOPosix PosixSingletons+ConcurrencyTakeOver.swift
[1656/1863] Compiling NIOPosix PosixSingletons.swift
[1657/1863] Compiling NIOPosix RawSocketBootstrap.swift
[1658/1863] Compiling NIOPosix Resolver.swift
[1659/1863] Compiling NIOPosix PendingWritesManager.swift
[1660/1863] Compiling NIOPosix SelectorWSAPoll.swift
[1661/1863] Compiling NIOPosix ServerSocket.swift
[1662/1863] Compiling NIOPosix Socket.swift
[1663/1863] Compiling NIOPosix SocketChannel.swift
[1664/1863] Compiling NIOPosix SocketProtocols.swift
[1665/1863] Compiling NIOPosix StructuredConcurrencyHelpers.swift
[1666/1863] Compiling NIOPosix System.swift
[1667/1863] Compiling X509 OCSPSignature.swift
[1668/1863] Compiling X509 OCSPSingleRequest.swift
[1669/1863] Compiling X509 OCSPSingleResponse.swift
[1670/1863] Compiling X509 OCSPTBSRequest.swift
[1671/1863] Compiling X509 OCSPVersion.swift
[1672/1863] Compiling X509 OneOfPolicies.swift
[1673/1863] Compiling X509 PolicyBuilder.swift
[1674/1863] Compiling X509 BasicConstraintsPolicy.swift
[1675/1863] Compiling X509 DNSNames.swift
[1676/1863] Compiling X509 ExpiryPolicy.swift
[1677/1863] Compiling X509 IPConstraints.swift
[1678/1863] Compiling X509 NameConstraintsPolicy.swift
[1679/1863] Compiling X509 RFC5280Policy.swift
[1680/1863] Compiling X509 URIConstraints.swift
[1681/1863] Compiling X509 VersionPolicy.swift
[1682/1863] Compiling X509 ServerIdentityPolicy.swift
[1683/1863] Compiling X509 TrustRootLoading.swift
[1684/1863] Compiling X509 UnverifiedChain.swift
[1685/1863] Compiling X509 PKCS8PrivateKey.swift
[1686/1863] Compiling X509 PromiseAndFuture.swift
[1687/1863] Compiling X509 RDNAttribute.swift
[1688/1863] Compiling X509 RandomNumberGenerator+bytes.swift
[1689/1863] Compiling X509 RelativeDistinguishedName.swift
[1690/1863] Compiling X509 SEC1PrivateKey.swift
[1691/1863] Compiling X509 SecKeyWrapper.swift
[1692/1863] Compiling X509 Signature.swift
[1693/1863] Compiling X509 SignatureAlgorithm.swift
[1694/1863] Compiling X509 AllOfPolicies.swift
[1695/1863] Compiling X509 AnyPolicy.swift
[1696/1863] Compiling X509 CertificateStore.swift
[1697/1863] Compiling X509 CustomCertificateStore.swift
[1698/1863] Compiling X509 DomainComponent.swift
[1699/1863] Compiling X509 EmailAddress.swift
[1700/1863] Compiling X509 LocalityName.swift
[1701/1863] Compiling X509 OrganizationName.swift
[1702/1863] Compiling X509 OrganizationalUnitName.swift
[1703/1863] Compiling X509 StateOrProvinceName.swift
[1704/1863] Compiling X509 StreetAddress.swift
[1705/1863] Compiling X509 Error.swift
[1706/1863] Compiling X509 AuthorityInformationAccess.swift
[1707/1863] Compiling X509 AuthorityKeyIdentifier.swift
[1708/1863] Compiling X509 BasicConstraints.swift
[1709/1863] Compiling X509 ExtendedKeyUsage.swift
[1710/1863] Compiling X509 ExtensionIdentifiers.swift
[1711/1863] Compiling X509 KeyUsage.swift
[1712/1863] Compiling NIOPosix HappyEyeballs.swift
[1713/1863] Compiling NIOPosix IO.swift
[1714/1863] Compiling NIOPosix IntegerBitPacking.swift
[1715/1863] Compiling NIOPosix IntegerTypes.swift
[1716/1863] Compiling NIOPosix Linux.swift
[1717/1863] Compiling NIOPosix LinuxCPUSet.swift
[1718/1863] Compiling NIOPosix LinuxUring.swift
[1719/1863] Compiling NIOPosix MultiThreadedEventLoopGroup.swift
[1720/1863] Compiling NIOPosix NIOPosixSendableMetatype.swift
[1721/1863] Compiling NIOPosix NIORandomizedDNSResolver.swift
[1722/1863] Compiling NIOPosix NIOThreadPool.swift
[1723/1863] Compiling NIOPosix NonBlockingFileIO.swift
[1724/1863] Compiling NIOPosix PendingDatagramWritesManager.swift
[1753/1870] Emitting module NIOPosix
[1754/1870] Emitting module X509
[1755/1870] Compiling NIOPosix Thread.swift
[1756/1870] Compiling NIOPosix ThreadPosix.swift
[1757/1870] Compiling NIOPosix ThreadWindows.swift
[1758/1870] Compiling NIOPosix Utilities.swift
[1759/1870] Compiling NIOPosix VsockAddress.swift
[1760/1870] Compiling NIOPosix VsockChannelEvents.swift
[1761/1870] Compiling NIOPosix Windows.swift
[1783/1871] Wrapping AST for NIOPosix for debugging
[1785/1873] Compiling NIO Exports.swift
[1786/1873] Emitting module NIO
[1787/1874] Wrapping AST for NIO for debugging
[1789/1893] Compiling X509 ValidatedCertificateChain.swift
[1790/1893] Compiling X509 VerificationDiagnostic.swift
[1791/1893] Compiling X509 Verifier.swift
[1792/1893] Compiling X509 VerifierPolicy.swift
[1793/1893] Compiling X509 AlgorithmIdentifier.swift
[1794/1893] Compiling X509 ECDSASignature.swift
[1795/1893] Compiling X509 RSAPKCS1PublicKey.swift
[1796/1893] Compiling X509 SubjectPublicKeyInfo.swift
[1797/1893] Compiling X509 TBSCertificate.swift
[1798/1893] Compiling X509 Time.swift
[1799/1893] Compiling X509 TimeCalculations.swift
[1800/1893] Compiling X509 Validity.swift
[1801/1893] Compiling X509 X509SendableMetatype.swift
[1803/1914] Emitting module NIOTLS
[1803/1914] Wrapping AST for X509 for debugging
[1805/1914] Emitting module NIOFoundationCompat
[1806/1914] Compiling NIOFoundationCompat Exports.swift
[1807/1914] Compiling NIOFoundationCompat JSONSerialization+ByteBuffer.swift
[1808/1914] Compiling NIOFoundationCompat WaitSpinningRunLoop.swift
[1809/1929] Compiling NIOSOCKS SOCKSResponse.swift
[1810/1964] Compiling NIOTLS NIOTypedApplicationProtocolNegotiationHandler.swift
[1812/1979] Compiling NIOSOCKS SelectedAuthenticationMethod.swift
[1813/1979] Compiling NIOSOCKS ClientStateMachine.swift
[1814/1983] Compiling JWTKit ExpirationClaim.swift
[1815/1983] Compiling JWTKit GoogleHostedDomainClaim.swift
[1815/1983] Wrapping AST for NIOFoundationCompat for debugging
[1817/1983] Compiling JWTKit AudienceClaim.swift
[1818/1983] Compiling JWTKit BoolClaim.swift
[1819/1983] Emitting module NIOSOCKS
[1820/1983] Compiling NIOSOCKS ServerStateMachine.swift
[1821/1983] Compiling JWTKit JWTMultiValueClaim.swift
[1822/1983] Compiling JWTKit JWTUnixEpochClaim.swift
[1823/1985] Compiling JWTKit IssuerClaim.swift
[1824/1985] Compiling JWTKit JWTClaim.swift
[1825/1985] Compiling JWTKit IDClaim.swift
[1826/1985] Compiling JWTKit IssuedAtClaim.swift
[1827/1986] Compiling NIOTLS TLSEvents.swift
[1828/1986] Compiling NIOTLS ProtocolNegotiationHandlerStateMachine.swift
[1829/1986] Compiling NIOTLS SNIHandler.swift
[1830/1986] Compiling NIOTLS ApplicationProtocolNegotiationHandler.swift
[1832/1987] Wrapping AST for NIOSOCKS for debugging
[1833/1987] Compiling JWTKit ECDSA.swift
[1834/1987] Compiling JWTKit ECDSACurve.swift
[1835/1987] Wrapping AST for NIOTLS for debugging
[1837/2017] Compiling NIOSSL SSLErrors.swift
[1838/2017] Compiling NIOSSL SSLInit.swift
[1839/2017] Compiling NIOSSL FreeBSDCABundle.swift
[1840/2017] Compiling NIOSSL IdentityVerification.swift
[1841/2017] Compiling NIOSSL SSLContext.swift
[1842/2017] Compiling NIOSSL SSLCallbacks.swift
[1843/2017] Compiling NIOSSL LinuxCABundle.swift
[1844/2017] Compiling JWTKit MLDSAType.swift
[1845/2017] Compiling JWTKit JWTKeyCollection+UnsecuredNone.swift
[1846/2017] Compiling JWTKit UnsecuredNoneSigner.swift
[1847/2017] Compiling JWTKit JWTKeyCollection+RSA.swift
[1848/2017] Compiling JWTKit RSA.swift
[1849/2017] Compiling JWTKit RSAError.swift
[1850/2017] Compiling JWTKit RSASigner.swift
[1851/2017] Compiling JWTKit Base64URL.swift
[1852/2017] Compiling JWTKit CryptoSigner.swift
[1853/2026] Compiling NIOSSL AndroidCABundle.swift
[1854/2026] Compiling NIOSSL ByteBufferBIO.swift
[1855/2026] Compiling NIOSSL CustomPrivateKey.swift
[1861/2026] Compiling NIOSSL SSLPKCS12Bundle.swift
[1862/2026] Compiling NIOSSL NIOSSLServerHandler.swift
[1863/2026] Compiling JWTKit JWTSerializer.swift
[1864/2026] Compiling JWTKit JWTSigner.swift
[1865/2026] Compiling JWTKit JWTKeyCollection+MLDSA.swift
[1866/2026] Compiling JWTKit MLDSA.swift
[1867/2026] Compiling JWTKit MLDSA65+MLDSAKey.swift
[1868/2026] Compiling JWTKit MLDSA87+MLDSAKey.swift
[1869/2026] Compiling JWTKit MLDSAError.swift
[1870/2026] Compiling JWTKit MLDSAKey.swift
[1871/2026] Compiling JWTKit MLDSASigner.swift
[1872/2026] Emitting module JWTKit
[1873/2026] Compiling NIOSSL ObjectIdentifier.swift
[1874/2026] Compiling NIOSSL PosixPort.swift
[1877/2026] Compiling NIOSSL NIOSSLClientHandler.swift
[1878/2026] Compiling NIOSSL NIOSSLHandler+Configuration.swift
[1879/2026] Compiling NIOSSL NIOSSLHandler.swift
[1880/2026] Compiling NIOSSL SSLCertificate.swift
[1881/2026] Compiling NIOSSL SSLCertificateExtensions.swift
[1882/2026] Compiling NIOSSL SSLCertificateName.swift
[1890/2026] Emitting module NIOHTTP1
[1891/2027] Compiling JWTKit ECDSASigningAlgorithm.swift
[1892/2027] Compiling JWTKit JWTKeyCollection+ECDSA.swift
[1893/2027] Compiling JWTKit P256+CurveType.swift
[1894/2027] Compiling JWTKit P384+CurveType.swift
[1895/2027] Compiling JWTKit P521+CurveType.swift
[1896/2027] Compiling JWTKit EdDSA.swift
[1897/2027] Compiling JWTKit EdDSACurve.swift
[1898/2027] Compiling JWTKit EdDSAError.swift
[1899/2027] Compiling JWTKit EdDSASigner.swift
[1900/2027] Compiling JWTKit JWTKeyCollection+EdDSA.swift
[1901/2027] Compiling NIOSSL SSLConnection.swift
[1902/2027] Compiling NIOSSL SSLPrivateKey.swift
[1903/2027] Compiling NIOSSL SSLPublicKey.swift
[1904/2027] Compiling NIOSSL SecurityFrameworkCertificateVerification.swift
[1905/2027] Compiling NIOSSL String+unsafeUninitializedCapacity.swift
[1906/2027] Compiling NIOSSL SubjectAlternativeName.swift
[1907/2027] Compiling NIOSSL NIOSSLSecureBytes.swift
[1908/2027] Compiling NIOSSL RNG.swift
[1909/2027] Compiling NIOSSL SafeCompare.swift
[1910/2027] Compiling JWTKit JWTAlgorithm.swift
[1911/2027] Compiling JWTKit JWTError.swift
[1912/2027] Compiling JWTKit JWTHeader+CommonFields.swift
[1913/2027] Compiling JWTKit JWTHeader.swift
[1914/2027] Compiling JWTKit JWTHeaderField.swift
[1915/2027] Compiling JWTKit JWTKeyCollection.swift
[1916/2027] Compiling JWTKit JWTParser+MandatoryVerificationFields.swift
[1917/2027] Compiling JWTKit JWTParser.swift
[1918/2027] Compiling JWTKit JWTPayload.swift
[1919/2027] Wrapping AST for NIOHTTP1 for debugging
[1921/2044] Compiling NIOHTTPCompression HTTPDecompressor.swift
[1922/2044] Compiling NIOHPACK IntegerCoding.swift
[1923/2044] Compiling NIOHPACK IndexedHeaderTable.swift
[1924/2045] Compiling NIOHTTPCompression HTTPCompression.swift
[1925/2045] Emitting module NIOHTTPCompression
[1926/2045] Compiling NIOHTTPCompression HTTPDecompression.swift
[1927/2045] Compiling NIOHTTPCompression HTTPRequestCompressor.swift
[1928/2045] Compiling NIOHTTPCompression HTTPResponseCompressor.swift
[1929/2046] Compiling NIOHPACK HuffmanTables.swift
[1931/2046] Compiling NIOHPACK HuffmanCoding.swift
[1932/2046] Compiling NIOHPACK DynamicHeaderTable.swift
[1933/2046] Compiling NIOHPACK HPACKDecoder.swift
[1934/2046] Emitting module NIOHPACK
[1935/2046] Compiling NIOHPACK StaticHeaderTable.swift
[1935/2046] Wrapping AST for NIOHTTPCompression for debugging
[1939/2046] Compiling NIOHPACK HPACKEncoder.swift
[1940/2046] Compiling NIOHPACK HPACKErrors.swift
[1941/2046] Compiling NIOHPACK HPACKHeader.swift
[1950/2050] Compiling JWTKit CustomizedJSONCoders.swift
[1951/2050] Compiling JWTKit Utilities.swift
[1952/2050] Compiling JWTKit AppleIdentityToken.swift
[1953/2050] Compiling JWTKit FirebaseAuthIdentityToken.swift
[1954/2050] Compiling JWTKit GoogleIdentityToken.swift
[1955/2050] Compiling JWTKit MicrosoftIdentityToken.swift
[1956/2050] Compiling JWTKit EmptyPolicy.swift
[1957/2050] Compiling JWTKit ValidationTimePayload.swift
[1958/2050] Compiling JWTKit X5CVerifier.swift
[1961/2051] Emitting module NIOSSL
[1963/2051] Compiling NIOHPACK HeaderTables.swift
[1965/2052] Wrapping AST for NIOHPACK for debugging
[1966/2052] Wrapping AST for JWTKit for debugging
[1968/2115] Compiling NIOHTTP2 MaySendFrames.swift
[1969/2115] Compiling NIOHTTP2 SendingDataState.swift
[1970/2115] Compiling NIOHTTP2 SendingGoawayState.swift
[1971/2115] Compiling NIOHTTP2 SendingHeadersState.swift
[1972/2115] Compiling NIOHTTP2 SendingPushPromiseState.swift
[1973/2115] Compiling NIOHTTP2 SendingRstStreamState.swift
[1974/2115] Compiling NIOHTTP2 SendingWindowUpdateState.swift
[1975/2115] Compiling NIOHTTP2 HTTP2SettingsState.swift
[1976/2115] Compiling NIOHTTP2 ReceivingHeadersState.swift
[1977/2115] Compiling NIOHTTP2 ReceivingPushPromiseState.swift
[1978/2115] Compiling NIOHTTP2 ReceivingRstStreamState.swift
[1979/2115] Compiling NIOHTTP2 ReceivingWindowUpdateState.swift
[1980/2115] Compiling NIOHTTP2 HasExtendedConnectSettings.swift
[1981/2115] Compiling NIOHTTP2 HasFlowControlWindows.swift
[1982/2115] Compiling NIOHTTP2 HasLocalSettings.swift
[1983/2115] Compiling NIOHTTP2 HasRemoteSettings.swift
[1987/2115] Compiling NIOHTTP2 LocallyQuiescingState.swift
[1988/2115] Compiling NIOHTTP2 QuiescingState.swift
[1989/2115] Compiling NIOHTTP2 RemotelyQuiescingState.swift
[1990/2115] Compiling NIOHTTP2 SendAndReceiveGoawayState.swift
[1991/2115] Compiling NIOHTTP2 StateMachineResult.swift
[1992/2115] Compiling NIOHTTP2 ContentLengthVerifier.swift
[2002/2123] Compiling NIOHTTP2 HTTP2PipelineHelpers.swift
[2003/2123] Compiling NIOHTTP2 HTTP2Settings.swift
[2004/2123] Compiling NIOHTTP2 HTTP2Stream.swift
[2005/2123] Compiling NIOHTTP2 HTTP2StreamChannel+OutboundStreamMultiplexer.swift
[2006/2124] Wrapping AST for NIOSSL for debugging
[2008/2124] Emitting module NIOHTTP2
[2009/2124] Compiling NIOHTTP2 HTTP2StreamMultiplexer.swift
[2010/2124] Compiling NIOHTTP2 HTTP2ToHTTP1Codec.swift
[2011/2124] Compiling NIOHTTP2 HTTP2UserEvents.swift
[2012/2124] Compiling NIOHTTP2 InboundEventBuffer.swift
[2013/2124] Compiling NIOHTTP2 InboundWindowManager.swift
[2014/2124] Compiling NIOHTTP2 MultiplexerAbstractChannel.swift
[2015/2124] Compiling NIOHTTP2 NIOHTTP2FrameDelegate.swift
[2016/2124] Compiling NIOHTTP2 NIOHTTP2ServerConnectionManagementHandler+StateMachine.swift
[2017/2124] Compiling NIOHTTP2 NIOHTTP2ServerConnectionManagementHandler.swift
[2018/2124] Compiling NIOHTTP2 StreamChannelFlowController.swift
[2019/2124] Compiling NIOHTTP2 StreamChannelList.swift
[2020/2124] Compiling NIOHTTP2 StreamMap.swift
[2021/2124] Compiling NIOHTTP2 StreamStateMachine.swift
[2022/2124] Compiling NIOHTTP2 Timer.swift
[2023/2124] Compiling NIOHTTP2 UnsafeTransfer.swift
[2024/2124] Compiling NIOHTTP2 WatermarkedFlowController.swift
[2025/2124] Compiling NIOHTTP2 ConnectionStateMachine.swift
[2026/2124] Compiling NIOHTTP2 ConnectionStreamsState.swift
[2027/2124] Compiling NIOHTTP2 MayReceiveFrames.swift
[2028/2124] Compiling NIOHTTP2 ReceivingDataState.swift
[2029/2124] Compiling NIOHTTP2 ReceivingGoAwayState.swift
[2034/2124] Compiling NIOHTTP2 HTTP2FrameParser.swift
[2035/2124] Compiling NIOHTTP2 HTTP2PingData.swift
[2040/2124] Compiling NIOHTTP2 HTTP2StreamChannel.swift
[2041/2124] Compiling NIOHTTP2 HTTP2StreamDelegate.swift
[2042/2124] Compiling NIOHTTP2 HTTP2StreamID.swift
[2043/2124] Compiling NIOHTTP2 DOSHeuristics.swift
[2044/2124] Compiling NIOHTTP2 Error+Any.swift
[2045/2124] Compiling NIOHTTP2 ConcurrentStreamBuffer.swift
[2046/2124] Compiling NIOHTTP2 ControlFrameBuffer.swift
[2047/2124] Compiling NIOHTTP2 OutboundFlowControlBuffer.swift
[2048/2124] Compiling NIOHTTP2 OutboundFrameBuffer.swift
[2049/2124] Compiling NIOHTTP2 GlitchesMonitor.swift
[2050/2124] Compiling NIOHTTP2 HPACKHeaders+Validation.swift
[2051/2124] Compiling NIOHTTP2 HTTP2ChannelHandler+InboundStreamMultiplexer.swift
[2052/2124] Compiling NIOHTTP2 HTTP2ChannelHandler+InlineStreamMultiplexer.swift
[2053/2124] Compiling NIOHTTP2 HTTP2ChannelHandler.swift
[2054/2124] Compiling NIOHTTP2 HTTP2CommonInboundStreamMultiplexer.swift
[2055/2124] Compiling NIOHTTP2 HTTP2ConnectionStateChange.swift
[2056/2124] Compiling NIOHTTP2 HTTP2Error.swift
[2057/2124] Compiling NIOHTTP2 HTTP2ErrorCode.swift
[2058/2124] Compiling NIOHTTP2 HTTP2FlowControlWindow.swift
[2059/2124] Compiling NIOHTTP2 HTTP2Frame.swift
[2060/2124] Compiling NIOHTTP2 HTTP2FrameEncoder.swift
[2061/2125] Wrapping AST for NIOHTTP2 for debugging
[2063/2189] Compiling AsyncHTTPClient HTTPClientResponse.swift
[2064/2189] Compiling AsyncHTTPClient SingleIteratorPrecondition.swift
[2065/2189] Compiling AsyncHTTPClient Transaction+StateMachine.swift
[2066/2189] Compiling AsyncHTTPClient Transaction.swift
[2067/2189] Compiling AsyncHTTPClient Base64.swift
[2068/2189] Compiling AsyncHTTPClient BasicAuth.swift
[2069/2189] Compiling AsyncHTTPClient BestEffortHashableTLSConfiguration.swift
[2070/2189] Compiling AsyncHTTPClient Configuration+BrowserLike.swift
[2071/2189] Compiling AsyncHTTPClient ConnectionPool.swift
[2072/2197] Compiling AsyncHTTPClient RequestValidation.swift
[2073/2197] Compiling AsyncHTTPClient SSLContextCache.swift
[2074/2197] Compiling AsyncHTTPClient Scheme.swift
[2075/2197] Compiling AsyncHTTPClient Singleton.swift
[2076/2197] Compiling AsyncHTTPClient StringConvertibleInstances.swift
[2077/2197] Compiling AsyncHTTPClient StructuredConcurrencyHelpers.swift
[2078/2197] Compiling AsyncHTTPClient TracingSupport.swift
[2079/2197] Compiling AsyncHTTPClient Utils.swift
[2080/2197] Compiling AsyncHTTPClient AnyAsyncSequence.swift
[2081/2197] Compiling AsyncHTTPClient AnyAsyncSequenceProucerDelete.swift
[2082/2197] Compiling AsyncHTTPClient AsyncLazySequence.swift
[2083/2197] Compiling AsyncHTTPClient HTTPClient+execute.swift
[2084/2197] Compiling AsyncHTTPClient HTTPClient+shutdown.swift
[2085/2197] Compiling AsyncHTTPClient HTTPClient+tracing.swift
[2086/2197] Compiling AsyncHTTPClient HTTPClientRequest+Prepared.swift
[2087/2197] Compiling AsyncHTTPClient HTTPClientRequest+auth.swift
[2088/2197] Compiling AsyncHTTPClient HTTPClientRequest.swift
[2089/2197] Compiling AsyncHTTPClient HTTPConnectionEvent.swift
[2090/2197] Compiling AsyncHTTPClient HTTPConnectionPool+Factory.swift
[2091/2197] Compiling AsyncHTTPClient HTTPConnectionPool+Manager.swift
[2092/2197] Compiling AsyncHTTPClient HTTPConnectionPool.swift
[2093/2197] Compiling AsyncHTTPClient HTTPExecutableRequest.swift
[2094/2197] Compiling AsyncHTTPClient HTTPRequestStateMachine+Demand.swift
[2095/2197] Compiling AsyncHTTPClient HTTPRequestStateMachine.swift
[2096/2197] Compiling AsyncHTTPClient RequestBodyLength.swift
[2097/2197] Compiling AsyncHTTPClient RequestFramingMetadata.swift
[2098/2197] Compiling AsyncHTTPClient DeconstructedURL.swift
[2099/2197] Compiling AsyncHTTPClient FileDownloadDelegate.swift
[2100/2197] Compiling AsyncHTTPClient FoundationExtensions.swift
[2101/2197] Compiling AsyncHTTPClient HTTPClient+HTTPCookie.swift
[2102/2197] Compiling AsyncHTTPClient HTTPClient+Proxy.swift
[2103/2197] Compiling AsyncHTTPClient HTTPClient+StructuredConcurrency.swift
[2104/2197] Compiling AsyncHTTPClient HTTPClient.swift
[2105/2197] Compiling AsyncHTTPClient HTTPClientConfiguration+SwiftConfiguration.swift
[2106/2197] Compiling AsyncHTTPClient HTTPHandler.swift
[2107/2197] Compiling AsyncHTTPClient HTTP1ProxyConnectHandler.swift
[2108/2197] Compiling AsyncHTTPClient SOCKSEventsHandler.swift
[2109/2197] Compiling AsyncHTTPClient TLSEventsHandler.swift
[2110/2197] Compiling AsyncHTTPClient HTTP1ClientChannelHandler.swift
[2111/2197] Compiling AsyncHTTPClient HTTP1Connection.swift
[2112/2197] Compiling AsyncHTTPClient HTTP1ConnectionStateMachine.swift
[2113/2197] Compiling AsyncHTTPClient HTTP2ClientRequestHandler.swift
[2114/2197] Compiling AsyncHTTPClient HTTP2Connection.swift
[2115/2197] Compiling AsyncHTTPClient HTTP2IdleHandler.swift
[2116/2197] Compiling AsyncHTTPClient LRUCache.swift
[2117/2197] Compiling AsyncHTTPClient NIOLoopBound+Execute.swift
[2118/2197] Compiling AsyncHTTPClient NWErrorHandler.swift
[2119/2197] Compiling AsyncHTTPClient NWWaitingHandler.swift
[2120/2197] Compiling AsyncHTTPClient TLSConfiguration.swift
[2121/2197] Compiling AsyncHTTPClient RedirectState.swift
[2122/2197] Compiling AsyncHTTPClient RequestBag+StateMachine.swift
[2123/2197] Compiling AsyncHTTPClient RequestBag+Tracing.swift
[2124/2197] Compiling AsyncHTTPClient RequestBag.swift
[2125/2197] Compiling AsyncHTTPClient RequestOptions.swift
[2126/2197] Compiling AsyncHTTPClient HTTPConnectionPool+Backoff.swift
[2127/2197] Compiling AsyncHTTPClient HTTPConnectionPool+HTTP1Connections.swift
[2128/2197] Compiling AsyncHTTPClient HTTPConnectionPool+HTTP1StateMachine.swift
[2129/2197] Compiling AsyncHTTPClient HTTPConnectionPool+HTTP2Connections.swift
[2130/2197] Compiling AsyncHTTPClient HTTPConnectionPool+HTTP2StateMachine.swift
[2131/2197] Compiling AsyncHTTPClient HTTPConnectionPool+RequestQueue.swift
[2132/2197] Compiling AsyncHTTPClient HTTPConnectionPool+StateMachine.swift
[2133/2197] Compiling AsyncHTTPClient ConnectionTarget.swift
[2134/2197] Emitting module AsyncHTTPClient
[2135/2198] Wrapping AST for AsyncHTTPClient for debugging
[2137/2221] Compiling GoogleAuth ADC.swift
[2138/2221] Compiling GoogleAuth ADCPath.swift
[2139/2221] Compiling GoogleAuth ADCResolver.swift
[2140/2221] Compiling GoogleAuth AuthHeaders.swift
[2141/2221] Emitting module GoogleAuth
[2142/2224] Compiling GoogleAuth ServiceAccountCredentials.swift
[2143/2224] Compiling GoogleAuth ServiceAccountData.swift
[2144/2224] Compiling GoogleAuth ServiceAccountTokenProvider.swift
[2145/2224] Compiling GoogleAuth UserAccountData.swift
[2146/2224] Compiling GoogleAuth UserAccountTokenProvider.swift
[2147/2224] Compiling GoogleAuth UserCredentials.swift
[2148/2224] Compiling GoogleAuth CredentialParserRegistry.swift
[2149/2224] Compiling GoogleAuth Credentials.swift
[2150/2224] Compiling GoogleAuth CredentialsError.swift
[2151/2224] Compiling GoogleAuth SubjectTokenProvider.swift
[2152/2224] Compiling GoogleAuth MDSAccessTokenProvider.swift
[2153/2224] Compiling GoogleAuth MDSCredentials.swift
[2154/2224] Compiling GoogleAuth AnonymousCredentials.swift
[2155/2224] Compiling GoogleAuth ApiKeyCredentials.swift
[2156/2224] Compiling GoogleAuth ExternalAccountCredentials.swift
[2157/2224] Compiling GoogleAuth AuthHTTPClient.swift
[2158/2224] Compiling GoogleAuth AuthHTTPError.swift
[2159/2224] Compiling GoogleAuth RetryEngine.swift
[2160/2224] Compiling GoogleAuth STSHandler.swift
[2161/2224] Compiling GoogleAuth TokenCache.swift
[2162/2224] Compiling GoogleAuth PackageVersion.swift
[2163/2225] Wrapping AST for GoogleAuth for debugging
[2165/2283] Emitting module GoogleGax
[2166/2291] Compiling GoogleGax Pagination.swift
/host/spi-builder-workspace/.build/checkouts/swift-google-gax/Sources/GoogleGax/Pagination.swift:44:22: error: cannot convert '@Sendable (String) async throws -> (response: ResponseType, items: [Item], nextToken: String)' to 'nonisolated(nonsending) @Sendable (String) async throws -> (response: ResponseType, items: [Item], nextToken: String)' because crossing of an isolation boundary requires parameter and result types to conform to 'Sendable' protocol
 42 |   ) where ResponseType: _PaginatedResponse<Item> {
 43 |     self.initialPageToken = initialPageToken ?? ""
 44 |     self.fetchPage = { token in
    |                      |- error: cannot convert '@Sendable (String) async throws -> (response: ResponseType, items: [Item], nextToken: String)' to 'nonisolated(nonsending) @Sendable (String) async throws -> (response: ResponseType, items: [Item], nextToken: String)' because crossing of an isolation boundary requires parameter and result types to conform to 'Sendable' protocol
    |                      `- note: type 'Item' does not conform to 'Sendable' protocol
 45 |       let response = try await listRpc(token)
 46 |       return (response, response._getPaginatedItems(), response._nextPageToken())
[2167/2291] Compiling GoogleGax PollingBackoffPolicy.swift
/host/spi-builder-workspace/.build/checkouts/swift-google-gax/Sources/GoogleGax/Pagination.swift:44:22: error: cannot convert '@Sendable (String) async throws -> (response: ResponseType, items: [Item], nextToken: String)' to 'nonisolated(nonsending) @Sendable (String) async throws -> (response: ResponseType, items: [Item], nextToken: String)' because crossing of an isolation boundary requires parameter and result types to conform to 'Sendable' protocol
 42 |   ) where ResponseType: _PaginatedResponse<Item> {
 43 |     self.initialPageToken = initialPageToken ?? ""
 44 |     self.fetchPage = { token in
    |                      |- error: cannot convert '@Sendable (String) async throws -> (response: ResponseType, items: [Item], nextToken: String)' to 'nonisolated(nonsending) @Sendable (String) async throws -> (response: ResponseType, items: [Item], nextToken: String)' because crossing of an isolation boundary requires parameter and result types to conform to 'Sendable' protocol
    |                      `- note: type 'Item' does not conform to 'Sendable' protocol
 45 |       let response = try await listRpc(token)
 46 |       return (response, response._getPaginatedItems(), response._nextPageToken())
[2168/2291] Compiling GoogleGax PollingErrorPolicy.swift
/host/spi-builder-workspace/.build/checkouts/swift-google-gax/Sources/GoogleGax/Pagination.swift:44:22: error: cannot convert '@Sendable (String) async throws -> (response: ResponseType, items: [Item], nextToken: String)' to 'nonisolated(nonsending) @Sendable (String) async throws -> (response: ResponseType, items: [Item], nextToken: String)' because crossing of an isolation boundary requires parameter and result types to conform to 'Sendable' protocol
 42 |   ) where ResponseType: _PaginatedResponse<Item> {
 43 |     self.initialPageToken = initialPageToken ?? ""
 44 |     self.fetchPage = { token in
    |                      |- error: cannot convert '@Sendable (String) async throws -> (response: ResponseType, items: [Item], nextToken: String)' to 'nonisolated(nonsending) @Sendable (String) async throws -> (response: ResponseType, items: [Item], nextToken: String)' because crossing of an isolation boundary requires parameter and result types to conform to 'Sendable' protocol
    |                      `- note: type 'Item' does not conform to 'Sendable' protocol
 45 |       let response = try await listRpc(token)
 46 |       return (response, response._getPaginatedItems(), response._nextPageToken())
[2169/2291] Compiling GoogleGax PollingResult.swift
/host/spi-builder-workspace/.build/checkouts/swift-google-gax/Sources/GoogleGax/Pagination.swift:44:22: error: cannot convert '@Sendable (String) async throws -> (response: ResponseType, items: [Item], nextToken: String)' to 'nonisolated(nonsending) @Sendable (String) async throws -> (response: ResponseType, items: [Item], nextToken: String)' because crossing of an isolation boundary requires parameter and result types to conform to 'Sendable' protocol
 42 |   ) where ResponseType: _PaginatedResponse<Item> {
 43 |     self.initialPageToken = initialPageToken ?? ""
 44 |     self.fetchPage = { token in
    |                      |- error: cannot convert '@Sendable (String) async throws -> (response: ResponseType, items: [Item], nextToken: String)' to 'nonisolated(nonsending) @Sendable (String) async throws -> (response: ResponseType, items: [Item], nextToken: String)' because crossing of an isolation boundary requires parameter and result types to conform to 'Sendable' protocol
    |                      `- note: type 'Item' does not conform to 'Sendable' protocol
 45 |       let response = try await listRpc(token)
 46 |       return (response, response._getPaginatedItems(), response._nextPageToken())
[2170/2291] Compiling GoogleGax PollingState.swift
/host/spi-builder-workspace/.build/checkouts/swift-google-gax/Sources/GoogleGax/Pagination.swift:44:22: error: cannot convert '@Sendable (String) async throws -> (response: ResponseType, items: [Item], nextToken: String)' to 'nonisolated(nonsending) @Sendable (String) async throws -> (response: ResponseType, items: [Item], nextToken: String)' because crossing of an isolation boundary requires parameter and result types to conform to 'Sendable' protocol
 42 |   ) where ResponseType: _PaginatedResponse<Item> {
 43 |     self.initialPageToken = initialPageToken ?? ""
 44 |     self.fetchPage = { token in
    |                      |- error: cannot convert '@Sendable (String) async throws -> (response: ResponseType, items: [Item], nextToken: String)' to 'nonisolated(nonsending) @Sendable (String) async throws -> (response: ResponseType, items: [Item], nextToken: String)' because crossing of an isolation boundary requires parameter and result types to conform to 'Sendable' protocol
    |                      `- note: type 'Item' does not conform to 'Sendable' protocol
 45 |       let response = try await listRpc(token)
 46 |       return (response, response._getPaginatedItems(), response._nextPageToken())
[2171/2291] Compiling GoogleGax ProtobufConversionError.swift
/host/spi-builder-workspace/.build/checkouts/swift-google-gax/Sources/GoogleGax/Pagination.swift:44:22: error: cannot convert '@Sendable (String) async throws -> (response: ResponseType, items: [Item], nextToken: String)' to 'nonisolated(nonsending) @Sendable (String) async throws -> (response: ResponseType, items: [Item], nextToken: String)' because crossing of an isolation boundary requires parameter and result types to conform to 'Sendable' protocol
 42 |   ) where ResponseType: _PaginatedResponse<Item> {
 43 |     self.initialPageToken = initialPageToken ?? ""
 44 |     self.fetchPage = { token in
    |                      |- error: cannot convert '@Sendable (String) async throws -> (response: ResponseType, items: [Item], nextToken: String)' to 'nonisolated(nonsending) @Sendable (String) async throws -> (response: ResponseType, items: [Item], nextToken: String)' because crossing of an isolation boundary requires parameter and result types to conform to 'Sendable' protocol
    |                      `- note: type 'Item' does not conform to 'Sendable' protocol
 45 |       let response = try await listRpc(token)
 46 |       return (response, response._getPaginatedItems(), response._nextPageToken())
[2172/2291] Compiling GoogleGax QueryParameter.swift
/host/spi-builder-workspace/.build/checkouts/swift-google-gax/Sources/GoogleGax/Pagination.swift:44:22: error: cannot convert '@Sendable (String) async throws -> (response: ResponseType, items: [Item], nextToken: String)' to 'nonisolated(nonsending) @Sendable (String) async throws -> (response: ResponseType, items: [Item], nextToken: String)' because crossing of an isolation boundary requires parameter and result types to conform to 'Sendable' protocol
 42 |   ) where ResponseType: _PaginatedResponse<Item> {
 43 |     self.initialPageToken = initialPageToken ?? ""
 44 |     self.fetchPage = { token in
    |                      |- error: cannot convert '@Sendable (String) async throws -> (response: ResponseType, items: [Item], nextToken: String)' to 'nonisolated(nonsending) @Sendable (String) async throws -> (response: ResponseType, items: [Item], nextToken: String)' because crossing of an isolation boundary requires parameter and result types to conform to 'Sendable' protocol
    |                      `- note: type 'Item' does not conform to 'Sendable' protocol
 45 |       let response = try await listRpc(token)
 46 |       return (response, response._getPaginatedItems(), response._nextPageToken())
[2173/2291] Compiling GoogleGax RequestError.swift
/host/spi-builder-workspace/.build/checkouts/swift-google-gax/Sources/GoogleGax/Pagination.swift:44:22: error: cannot convert '@Sendable (String) async throws -> (response: ResponseType, items: [Item], nextToken: String)' to 'nonisolated(nonsending) @Sendable (String) async throws -> (response: ResponseType, items: [Item], nextToken: String)' because crossing of an isolation boundary requires parameter and result types to conform to 'Sendable' protocol
 42 |   ) where ResponseType: _PaginatedResponse<Item> {
 43 |     self.initialPageToken = initialPageToken ?? ""
 44 |     self.fetchPage = { token in
    |                      |- error: cannot convert '@Sendable (String) async throws -> (response: ResponseType, items: [Item], nextToken: String)' to 'nonisolated(nonsending) @Sendable (String) async throws -> (response: ResponseType, items: [Item], nextToken: String)' because crossing of an isolation boundary requires parameter and result types to conform to 'Sendable' protocol
    |                      `- note: type 'Item' does not conform to 'Sendable' protocol
 45 |       let response = try await listRpc(token)
 46 |       return (response, response._getPaginatedItems(), response._nextPageToken())
[2174/2291] Compiling GoogleGax LimitedAttemptCount+PollingErrorPolicy.swift
[2175/2291] Compiling GoogleGax LimitedAttemptCount+RetryPolicy.swift
[2176/2291] Compiling GoogleGax LimitedAttemptCount.swift
[2177/2291] Compiling GoogleGax LimitedElapsedTime+PollingErrorPolicy.swift
[2178/2291] Compiling GoogleGax LimitedElapsedTime+RetryPolicy.swift
[2179/2291] Compiling GoogleGax LimitedElapsedTime.swift
[2180/2291] Compiling GoogleGax LongRunningOperations.swift
[2181/2291] Compiling GoogleGax NeverRetry.swift
[2182/2291] Compiling GoogleGax RequestOptions.swift
[2183/2291] Compiling GoogleGax RetryLoop.swift
[2184/2291] Compiling GoogleGax RetryPolicy.swift
[2185/2291] Compiling GoogleGax RetryResult.swift
[2186/2291] Compiling GoogleGax RetryState.swift
[2187/2291] Compiling GoogleGax RetryThrottler.swift
[2188/2291] Compiling GoogleGax RetryThrottlerError.swift
[2189/2291] Compiling GoogleGax RoutingMatcher.swift
[2190/2291] Compiling GoogleGax ContinueOnIO.swift
[2191/2291] Compiling GoogleGax CredentialsProtocol.swift
[2192/2291] Compiling GoogleGax ErrorWrapper.swift
[2193/2291] Compiling GoogleGax ExponentialBackoff+BackoffPolicy.swift
[2194/2291] Compiling GoogleGax ExponentialBackoff+PollingBackoffPolicy.swift
[2195/2291] Compiling GoogleGax ExponentialBackoff.swift
[2196/2291] Compiling GoogleGax HTTPClient.swift
[2197/2291] Compiling GoogleGax HTTPClientHolder.swift
[2198/2291] Compiling GoogleGax HTTPClientProtocol.swift
[2199/2291] Compiling GoogleGax HTTPClientRequest.swift
[2200/2291] Compiling GoogleGax HTTPClientResponse.swift
[2201/2291] Compiling GoogleGax HTTPHeaders.swift
[2202/2291] Compiling GoogleGax HTTPResponseBody.swift
[2203/2291] Compiling GoogleGax HeaderNames.swift
[2204/2291] Compiling GoogleGax Host.swift
[2205/2291] Compiling GoogleGax InProgressResult.swift
[2206/2291] Compiling GoogleGax AIP194+PollingErrorPolicy.swift
[2207/2291] Compiling GoogleGax AIP194+RetryPolicy.swift
[2208/2291] Compiling GoogleGax AIP194.swift
[2209/2291] Compiling GoogleGax AdaptiveThrottler.swift
[2210/2291] Compiling GoogleGax AlwaysPoll.swift
[2211/2291] Compiling GoogleGax AlwaysRetry.swift
[2212/2291] Compiling GoogleGax ApiClientHeader.swift
[2213/2291] Compiling GoogleGax BackoffPolicy.swift
[2214/2291] Compiling GoogleGax BasePollingErrorPolicy.swift
[2215/2291] Compiling GoogleGax BaseRetryPolicy.swift
[2216/2291] Compiling GoogleGax BindingError.swift
[2217/2291] Compiling GoogleGax CRC32C.swift
[2218/2291] Compiling GoogleGax CircuitBreaker.swift
[2219/2291] Compiling GoogleGax ClientError.swift
[2220/2291] Compiling GoogleGax ClientOptions.swift
[2221/2291] Compiling GoogleGax ContinueOnIO+PollingErrorPolicy.swift
[2222/2291] Compiling GoogleGax ContinueOnIO+RetryPolicy.swift
[2223/2291] Compiling GoogleGax ServiceError.swift
[2224/2291] Compiling GoogleGax StatusDetail.swift
[2225/2291] Compiling GoogleGax StrictIdempotency.swift
[2226/2291] Compiling GoogleGax ThrottleResult.swift
[2227/2291] Compiling GoogleGax TooManyRequests+PollingErrorPolicy.swift
[2228/2291] Compiling GoogleGax TooManyRequests+RetryPolicy.swift
[2229/2291] Compiling GoogleGax TooManyRequests.swift
[2230/2291] Compiling GoogleGax PackageVersion.swift
BUILD FAILURE 6.2 android