Build Information
Failed to build swiftly, reference main (d35bac), with Swift 6.3 for Android on 23 Oct 2026 07:51:42 UTC.
Build Command
bash -c docker run --pull=always --rm -v "checkouts-54344845-0":/host -w "$PWD" -e JAVA_HOME="/root/.sdkman/candidates/java/current" -e SPI_BUILD="1" -e SPI_PROCESSING="1" registry.gitlab.com/saguaro1/spi-images:android-6.3-latest swift build --swift-sdk aarch64-unknown-linux-android28 2>&1Build Log
========================================
RunAll
========================================
Builder version: 5.1.3
Interrupt handler set up.
========================================
Checkout
========================================
Clone URL: https://github.com/swiftlang/swiftly.git
Reference: main
Initialized empty Git repository in /host/spi-builder-workspace/.git/
hint: Using 'master' as the name for the initial branch. This default branch name
hint: is subject to change. To configure the initial branch name to use in all
hint: of your new repositories, which will suppress this warning, call:
hint:
hint: git config --global init.defaultBranch <name>
hint:
hint: Names commonly chosen instead of 'master' are 'main', 'trunk' and
hint: 'development'. The just-created branch can be renamed via this command:
hint:
hint: git branch -m <name>
From https://github.com/swiftlang/swiftly
* branch main -> FETCH_HEAD
* [new branch] main -> origin/main
HEAD is now at d35bac9 Avoid installing a new toolchain on self-update (#610)
Cloned https://github.com/swiftlang/swiftly.git
Revision (git rev-parse @):
d35bac9417d3e3c6c5497356d9ea22e6081f3b0e
SPI manifest file found: $PWD/.spi.yml
SUCCESS checkout https://github.com/swiftlang/swiftly.git at main
========================================
Build
========================================
Selected platform: android
Swift version: 6.3
Building package at path: $PWD
https://github.com/swiftlang/swiftly.git
Running build ...
bash -c docker run --pull=always --rm -v "checkouts-54344845-0":/host -w "$PWD" -e JAVA_HOME="/root/.sdkman/candidates/java/current" -e SPI_BUILD="1" -e SPI_PROCESSING="1" registry.gitlab.com/saguaro1/spi-images:android-6.3-latest swift build --swift-sdk aarch64-unknown-linux-android28 2>&1
android-6.3-latest: Pulling from saguaro1/spi-images
Digest: sha256:ec170ed262d75c9e928493cd00a486dad2d4f04db1b55d884efec7db42d0226b
Status: Image is up to date for registry.gitlab.com/saguaro1/spi-images:android-6.3-latest
Fetching https://github.com/apple/swift-openapi-runtime
Fetching https://github.com/apple/swift-openapi-generator
Fetching https://github.com/nicklockwood/SwiftFormat
Fetching https://github.com/swiftlang/swift-subprocess
Fetching https://github.com/apple/swift-docc-plugin
Fetching https://github.com/apple/swift-system
[1/7258] Fetching swift-openapi-runtime
[147/12256] Fetching swift-openapi-runtime, swift-subprocess
[777/14601] Fetching swift-openapi-runtime, swift-subprocess, swift-docc-plugin
[13453/21974] Fetching swift-openapi-runtime, swift-subprocess, swift-docc-plugin, swift-system
Fetched https://github.com/apple/swift-docc-plugin from cache (0.60s)
[14837/19629] Fetching swift-openapi-runtime, swift-subprocess, swift-system
Fetching https://github.com/apple/swift-tools-support-core.git
Fetched https://github.com/apple/swift-system from cache (0.70s)
Fetching https://github.com/apple/swift-nio.git
[1/19038] Fetching swift-openapi-generator
[2/81344] Fetching swift-openapi-generator, swiftformat
[24024/88765] Fetching swift-openapi-generator, swiftformat, swift-tools-support-core
Fetched https://github.com/apple/swift-openapi-runtime from cache (1.12s)
Fetched https://github.com/swiftlang/swift-subprocess from cache (1.12s)
Fetching https://github.com/swift-server/async-http-client
Fetched https://github.com/apple/swift-openapi-generator from cache (1.12s)
Fetching https://github.com/swift-server/swift-openapi-async-http-client
Fetching https://github.com/apple/swift-argument-parser
[6915/69727] Fetching swiftformat, swift-tools-support-core
Fetched https://github.com/apple/swift-tools-support-core.git from cache (0.65s)
[6854/62306] Fetching swiftformat
[8101/62955] Fetching swiftformat, swift-openapi-async-http-client
Fetched https://github.com/swift-server/swift-openapi-async-http-client from cache (0.42s)
[9346/62306] Fetching swiftformat
[9347/148934] Fetching swiftformat, swift-nio
[11703/168135] Fetching swiftformat, swift-nio, swift-argument-parser
[24359/184652] Fetching swiftformat, swift-nio, swift-argument-parser, async-http-client
Fetched https://github.com/apple/swift-argument-parser from cache (0.92s)
[60409/165451] Fetching swiftformat, swift-nio, async-http-client
Fetched https://github.com/swift-server/async-http-client from cache (1.07s)
[62950/148934] Fetching swiftformat, swift-nio
Fetched https://github.com/apple/swift-nio.git from cache (4.18s)
[30530/62306] Fetching swiftformat
Fetched https://github.com/nicklockwood/SwiftFormat from cache (17.95s)
Computing version for https://github.com/nicklockwood/SwiftFormat
Computed https://github.com/nicklockwood/SwiftFormat at 0.49.18 (18.83s)
Computing version for https://github.com/swiftlang/swift-subprocess
Computed https://github.com/swiftlang/swift-subprocess at 1.0.0 (0.16s)
Computing version for https://github.com/apple/swift-tools-support-core.git
Computed https://github.com/apple/swift-tools-support-core.git at 0.8.0 (0.91s)
Computing version for https://github.com/swift-server/swift-openapi-async-http-client
Computed https://github.com/swift-server/swift-openapi-async-http-client at 1.5.0 (0.89s)
Fetching https://github.com/apple/swift-http-types
[1/1961] Fetching swift-http-types
Fetched https://github.com/apple/swift-http-types from cache (0.41s)
Computing version for https://github.com/apple/swift-openapi-runtime
Computed https://github.com/apple/swift-openapi-runtime at 1.13.3 (0.56s)
Computing version for https://github.com/apple/swift-http-types
Computed https://github.com/apple/swift-http-types at 1.8.0 (0.17s)
Computing version for https://github.com/apple/swift-docc-plugin
Computed https://github.com/apple/swift-docc-plugin at 1.5.0 (0.17s)
Fetching https://github.com/swiftlang/swift-docc-symbolkit
[1/3846] Fetching swift-docc-symbolkit
Fetched https://github.com/swiftlang/swift-docc-symbolkit from cache (0.54s)
Computing version for https://github.com/swiftlang/swift-docc-symbolkit
Computed https://github.com/swiftlang/swift-docc-symbolkit at 1.0.0 (0.74s)
Computing version for https://github.com/apple/swift-argument-parser
Computed https://github.com/apple/swift-argument-parser at 1.8.2 (0.15s)
Computing version for https://github.com/apple/swift-system
Computed https://github.com/apple/swift-system at 1.8.1 (0.18s)
Computing version for https://github.com/apple/swift-openapi-generator
Computed https://github.com/apple/swift-openapi-generator at 1.14.2 (0.20s)
Fetching https://github.com/mattpolzin/OpenAPIKit
Fetching https://github.com/jpsim/Yams
Fetching https://github.com/apple/swift-algorithms
[1/6159] Fetching swift-algorithms
[3820/18037] Fetching swift-algorithms, yams
[18038/204472] Fetching swift-algorithms, yams, openapikit
Fetched https://github.com/apple/swift-algorithms from cache (5.77s)
Fetched https://github.com/jpsim/Yams from cache (5.78s)
Fetched https://github.com/mattpolzin/OpenAPIKit from cache (5.83s)
Computing version for https://github.com/apple/swift-algorithms
Computed https://github.com/apple/swift-algorithms at 1.2.1 (6.01s)
Fetching https://github.com/apple/swift-numerics.git
[1/6756] Fetching swift-numerics
Fetched https://github.com/apple/swift-numerics.git from cache (0.56s)
Computing version for https://github.com/mattpolzin/OpenAPIKit
Computed https://github.com/mattpolzin/OpenAPIKit at 6.4.0 (0.73s)
Computing version for https://github.com/apple/swift-numerics.git
Computed https://github.com/apple/swift-numerics.git at 1.1.1 (0.14s)
Computing version for https://github.com/swift-server/async-http-client
Computed https://github.com/swift-server/async-http-client at 1.36.2 (0.17s)
Fetching https://github.com/apple/swift-distributed-tracing.git
Fetching https://github.com/apple/swift-atomics.git
Fetching https://github.com/apple/swift-configuration.git
Fetching https://github.com/apple/swift-nio-transport-services.git
Fetching https://github.com/apple/swift-nio-http2.git
Fetching https://github.com/apple/swift-service-context.git
[1/1540] Fetching swift-service-context
[340/3429] Fetching swift-service-context, swift-atomics
[1617/6296] Fetching swift-service-context, swift-atomics, swift-nio-transport-services
[1618/10415] Fetching swift-service-context, swift-atomics, swift-nio-transport-services, swift-configuration
Fetched https://github.com/apple/swift-service-context.git from cache (0.38s)
[425/8875] Fetching swift-atomics, swift-nio-transport-services, swift-configuration
Fetching https://github.com/apple/swift-nio-extras.git
[698/15564] Fetching swift-atomics, swift-nio-transport-services, swift-configuration, swift-distributed-tracing
Fetched https://github.com/apple/swift-configuration.git from cache (0.48s)
[8840/11445] Fetching swift-atomics, swift-nio-transport-services, swift-distributed-tracing
Fetching https://github.com/apple/swift-nio-ssl.git
[11446/23739] Fetching swift-atomics, swift-nio-transport-services, swift-distributed-tracing, swift-nio-http2
[14028/30448] Fetching swift-atomics, swift-nio-transport-services, swift-distributed-tracing, swift-nio-http2, swift-nio-extras
[26158/47342] Fetching swift-atomics, swift-nio-transport-services, swift-distributed-tracing, swift-nio-http2, swift-nio-extras, swift-nio-ssl
Fetched https://github.com/apple/swift-nio-extras.git from cache (0.58s)
Fetching https://github.com/apple/swift-log.git
[24753/40633] Fetching swift-atomics, swift-nio-transport-services, swift-distributed-tracing, swift-nio-http2, swift-nio-ssl
Fetched https://github.com/apple/swift-nio-transport-services.git from cache (1.18s)
Fetched https://github.com/apple/swift-atomics.git from cache (1.18s)
[25572/35877] Fetching swift-distributed-tracing, swift-nio-http2, swift-nio-ssl
Fetched https://github.com/apple/swift-distributed-tracing.git from cache (1.18s)
[19052/29188] Fetching swift-nio-http2, swift-nio-ssl
Fetched https://github.com/apple/swift-nio-http2.git from cache (1.19s)
[7096/16894] Fetching swift-nio-ssl
[16895/25267] Fetching swift-nio-ssl, swift-log
Fetched https://github.com/apple/swift-log.git from cache (0.53s)
Fetched https://github.com/apple/swift-nio-ssl.git from cache (1.17s)
Computing version for https://github.com/apple/swift-atomics.git
Computed https://github.com/apple/swift-atomics.git at 1.3.1 (1.80s)
Computing version for https://github.com/apple/swift-nio-transport-services.git
Computed https://github.com/apple/swift-nio-transport-services.git at 1.28.0 (0.15s)
Computing version for https://github.com/apple/swift-nio.git
Computed https://github.com/apple/swift-nio.git at 2.104.0 (0.27s)
Fetching https://github.com/apple/swift-collections.git
[1/29289] Fetching swift-collections
Fetched https://github.com/apple/swift-collections.git from cache (1.42s)
Computing version for https://github.com/apple/swift-service-context.git
Computed https://github.com/apple/swift-service-context.git at 1.5.1 (1.57s)
Computing version for https://github.com/apple/swift-distributed-tracing.git
Computed https://github.com/apple/swift-distributed-tracing.git at 1.7.2 (0.14s)
Computing version for https://github.com/apple/swift-configuration.git
Computed https://github.com/apple/swift-configuration.git at 1.3.0 (0.20s)
Fetching https://github.com/swift-server/swift-service-lifecycle
[1/2880] Fetching swift-service-lifecycle
Fetched https://github.com/swift-server/swift-service-lifecycle from cache (0.79s)
Computing version for https://github.com/swift-server/swift-service-lifecycle
Computed https://github.com/swift-server/swift-service-lifecycle at 2.13.0 (0.94s)
Fetching https://github.com/apple/swift-async-algorithms.git
[1/6821] Fetching swift-async-algorithms
Fetched https://github.com/apple/swift-async-algorithms.git from cache (0.57s)
Computing version for https://github.com/apple/swift-async-algorithms.git
Computed https://github.com/apple/swift-async-algorithms.git at 1.1.7 (0.77s)
Computing version for https://github.com/apple/swift-collections.git
Computed https://github.com/apple/swift-collections.git at 1.7.4 (0.24s)
Computing version for https://github.com/apple/swift-log.git
Computed https://github.com/apple/swift-log.git at 1.16.2 (0.16s)
Computing version for https://github.com/apple/swift-nio-http2.git
Computed https://github.com/apple/swift-nio-http2.git at 1.46.0 (0.16s)
Computing version for https://github.com/apple/swift-nio-ssl.git
Computed https://github.com/apple/swift-nio-ssl.git at 2.37.5 (0.18s)
Computing version for https://github.com/apple/swift-nio-extras.git
Computed https://github.com/apple/swift-nio-extras.git at 1.35.1 (0.27s)
Fetching https://github.com/apple/swift-asn1.git
Fetching https://github.com/apple/swift-http-structured-headers.git
Fetching https://github.com/apple/swift-certificates.git
[1/2051] Fetching swift-asn1
[2052/9652] Fetching swift-asn1, swift-certificates
[4941/10936] Fetching swift-asn1, swift-certificates, swift-http-structured-headers
Fetched https://github.com/apple/swift-http-structured-headers.git from cache (0.52s)
Fetched https://github.com/apple/swift-asn1.git from cache (0.52s)
Fetched https://github.com/apple/swift-certificates.git from cache (0.57s)
Computing version for https://github.com/apple/swift-http-structured-headers.git
Computed https://github.com/apple/swift-http-structured-headers.git at 1.7.0 (0.73s)
Computing version for https://github.com/apple/swift-asn1.git
Computed https://github.com/apple/swift-asn1.git at 1.7.3 (0.18s)
Computing version for https://github.com/apple/swift-certificates.git
Computed https://github.com/apple/swift-certificates.git at 1.21.0 (0.20s)
Fetching https://github.com/apple/swift-crypto.git
[1/18761] Fetching swift-crypto
Fetched https://github.com/apple/swift-crypto.git from cache (1.20s)
Computing version for https://github.com/apple/swift-crypto.git
Computed https://github.com/apple/swift-crypto.git at 5.0.3 (1.43s)
Computing version for https://github.com/jpsim/Yams
Computed https://github.com/jpsim/Yams at 6.2.2 (0.13s)
Creating working copy for https://github.com/apple/swift-nio-transport-services.git
Working copy of https://github.com/apple/swift-nio-transport-services.git resolved at 1.28.0
Creating working copy for https://github.com/jpsim/Yams
Working copy of https://github.com/jpsim/Yams resolved at 6.2.2
Creating working copy for https://github.com/nicklockwood/SwiftFormat
Working copy of https://github.com/nicklockwood/SwiftFormat resolved at 0.49.18
Creating working copy for https://github.com/apple/swift-configuration.git
Working copy of https://github.com/apple/swift-configuration.git resolved at 1.3.0
Creating working copy for https://github.com/apple/swift-nio.git
Working copy of https://github.com/apple/swift-nio.git resolved at 2.104.0
Creating working copy for https://github.com/apple/swift-log.git
Working copy of https://github.com/apple/swift-log.git resolved at 1.16.2
Creating working copy for https://github.com/apple/swift-atomics.git
Working copy of https://github.com/apple/swift-atomics.git resolved at 1.3.1
Creating working copy for https://github.com/apple/swift-argument-parser
Working copy of https://github.com/apple/swift-argument-parser resolved at 1.8.2
Creating working copy for https://github.com/apple/swift-openapi-generator
Working copy of https://github.com/apple/swift-openapi-generator resolved at 1.14.2
Creating working copy for https://github.com/swiftlang/swift-subprocess
Working copy of https://github.com/swiftlang/swift-subprocess resolved at 1.0.0
Creating working copy for https://github.com/apple/swift-async-algorithms.git
Working copy of https://github.com/apple/swift-async-algorithms.git resolved at 1.1.7
Creating working copy for https://github.com/swiftlang/swift-docc-symbolkit
Working copy of https://github.com/swiftlang/swift-docc-symbolkit resolved at 1.0.0
Creating working copy for https://github.com/apple/swift-collections.git
Working copy of https://github.com/apple/swift-collections.git resolved at 1.7.4
Creating working copy for https://github.com/apple/swift-tools-support-core.git
Working copy of https://github.com/apple/swift-tools-support-core.git resolved at 0.8.0
Creating working copy for https://github.com/apple/swift-nio-http2.git
Working copy of https://github.com/apple/swift-nio-http2.git resolved at 1.46.0
Creating working copy for https://github.com/apple/swift-service-context.git
Working copy of https://github.com/apple/swift-service-context.git resolved at 1.5.1
Creating working copy for https://github.com/apple/swift-numerics.git
Working copy of https://github.com/apple/swift-numerics.git resolved at 1.1.1
Creating working copy for https://github.com/apple/swift-distributed-tracing.git
Working copy of https://github.com/apple/swift-distributed-tracing.git resolved at 1.7.2
Creating working copy for https://github.com/apple/swift-asn1.git
Working copy of https://github.com/apple/swift-asn1.git resolved at 1.7.3
Creating working copy for https://github.com/swift-server/swift-openapi-async-http-client
Working copy of https://github.com/swift-server/swift-openapi-async-http-client resolved at 1.5.0
Creating working copy for https://github.com/apple/swift-openapi-runtime
Working copy of https://github.com/apple/swift-openapi-runtime resolved at 1.13.3
Creating working copy for https://github.com/apple/swift-system
Working copy of https://github.com/apple/swift-system resolved at 1.8.1
Creating working copy for https://github.com/apple/swift-crypto.git
Working copy of https://github.com/apple/swift-crypto.git resolved at 5.0.3
Creating working copy for https://github.com/swift-server/swift-service-lifecycle
Working copy of https://github.com/swift-server/swift-service-lifecycle resolved at 2.13.0
Creating working copy for https://github.com/apple/swift-algorithms
Working copy of https://github.com/apple/swift-algorithms resolved at 1.2.1
Creating working copy for https://github.com/apple/swift-nio-ssl.git
Working copy of https://github.com/apple/swift-nio-ssl.git resolved at 2.37.5
Creating working copy for https://github.com/apple/swift-docc-plugin
Working copy of https://github.com/apple/swift-docc-plugin resolved at 1.5.0
Creating working copy for https://github.com/swift-server/async-http-client
Working copy of https://github.com/swift-server/async-http-client resolved at 1.36.2
Creating working copy for https://github.com/apple/swift-http-structured-headers.git
Working copy of https://github.com/apple/swift-http-structured-headers.git resolved at 1.7.0
Creating working copy for https://github.com/apple/swift-certificates.git
Working copy of https://github.com/apple/swift-certificates.git resolved at 1.21.0
Creating working copy for https://github.com/apple/swift-http-types
Working copy of https://github.com/apple/swift-http-types resolved at 1.8.0
Creating working copy for https://github.com/apple/swift-nio-extras.git
Working copy of https://github.com/apple/swift-nio-extras.git resolved at 1.35.1
Creating working copy for https://github.com/mattpolzin/OpenAPIKit
Working copy of https://github.com/mattpolzin/OpenAPIKit resolved at 6.4.0
warning: you may be able to install libarchive using your system-packager:
apt-get install libarchive-dev
[0/12] Write sources
[4/12] Compiling CSystem shims.c
[5/12] Write swift-version-272D24FF697CF451.txt
[7/51] Emitting module ArgumentParserToolInfo
[8/51] Compiling ArgumentParserToolInfo ToolInfo.swift
[9/52] Wrapping AST for ArgumentParserToolInfo for debugging
[11/99] Compiling ArgumentParser BashCompletionsGenerator.swift
[12/99] Compiling ArgumentParser CompletionsGenerator.swift
[13/99] Compiling ArgumentParser FishCompletionsGenerator.swift
[14/99] Compiling ArgumentParser ZshCompletionsGenerator.swift
[15/99] Compiling ArgumentParser Argument.swift
[16/99] Compiling ArgumentParser ArgumentDiscussion.swift
[17/99] Emitting module SystemPackage
[18/104] Compiling ArgumentParser Tree.swift
[19/104] Compiling ArgumentParser ParsableCommand.swift
[20/104] Compiling ArgumentParser ArgumentDecoder.swift
[21/104] Compiling ArgumentParser ArgumentDefinition.swift
[22/104] Compiling ArgumentParser ArgumentSet.swift
[23/104] Compiling ArgumentParser NameSpecification.swift
[24/104] Compiling ArgumentParser Option.swift
[25/104] Compiling ArgumentParser OptionGroup.swift
[26/104] Compiling ArgumentParser HelpCommand.swift
[27/104] Compiling ArgumentParser HelpGenerator.swift
[28/104] Compiling ArgumentParser Mutex.swift
[29/104] Compiling ArgumentParser Platform.swift
[30/104] Compiling ArgumentParser SequenceExtensions.swift
[31/104] Compiling ArgumentParser StringExtensions.swift
[32/104] Compiling ArgumentParser SwiftExtensions.swift
[33/104] Compiling SystemPackage SystemString.swift
[34/104] Compiling SystemPackage Util+StringArray.swift
[35/104] Compiling SystemPackage Util.swift
[36/104] Compiling SystemPackage UtilConsumers.swift
[37/104] Compiling SystemPackage WinSDK+Overlay.swift
[38/104] Compiling ArgumentParser Parsed.swift
[39/104] Compiling ArgumentParser ParsedValues.swift
[40/104] Compiling ArgumentParser ParserError.swift
[41/104] Compiling ArgumentParser SplitArguments.swift
[42/104] Compiling ArgumentParser DumpHelpGenerator.swift
[43/104] Compiling ArgumentParser MessageInfo.swift
[44/104] Compiling ArgumentParser UsageGenerator.swift
[45/104] Compiling ArgumentParser CollectionExtensions.swift
[46/104] Compiling ArgumentParser Foundation.swift
[47/104] Compiling ArgumentParser Name.swift
[48/104] Compiling ArgumentParser ArgumentHelp.swift
[49/104] Compiling ArgumentParser ArgumentVisibility.swift
[50/104] Compiling ArgumentParser CompletionKind.swift
[51/104] Compiling ArgumentParser Errors.swift
[52/104] Compiling ArgumentParser Flag.swift
[59/111] Wrapping AST for SystemPackage for debugging
[61/111] Emitting module ArgumentParser
[82/111] Compiling ArgumentParser AsyncCompletionsValidator.swift
[83/111] Compiling ArgumentParser CodingKeyValidator.swift
[84/111] Compiling ArgumentParser NonsenseFlagsValidator.swift
[85/111] Compiling ArgumentParser ParsableArgumentsValidation.swift
[86/111] Compiling ArgumentParser PositionalArgumentsValidator.swift
[87/111] Compiling ArgumentParser UniqueNamesValidator.swift
[90/111] Compiling ArgumentParser CommandConfiguration.swift
[91/111] Compiling ArgumentParser CommandGroup.swift
[92/111] Compiling ArgumentParser EnumerableFlag.swift
[93/111] Compiling ArgumentParser ExpressibleByArgument.swift
[94/111] Compiling ArgumentParser ParsableArguments.swift
[108/112] Wrapping AST for ArgumentParser for debugging
[110/114] Compiling generate_command_models GenerateCommandModels.swift
[111/114] Emitting module generate_command_models
[112/115] Wrapping AST for generate-command-models for debugging
[113/115] Write Objects.LinkFileList
[114/115] Linking generate-command-models-tool
[115/145] Write sources
[123/145] Compiling _NumericsShims _NumericsShims.c
[124/145] Write sources
[125/145] Compiling reader.c
[126/145] Compiling writer.c
[127/145] Compiling parser.c
[128/145] Compiling api.c
[129/145] Write swift-version-272D24FF697CF451.txt
[130/143] Compiling emitter.c
[131/182] Compiling scanner.c
[133/187] Compiling RealModule RealFunctions.swift
[134/208] Compiling RealModule RelaxedArithmetic.swift
[135/208] Compiling RealModule Float80+Real.swift
[136/208] Compiling RealModule Real.swift
[137/208] Compiling RealModule Float16+Real.swift
[138/208] Compiling Yams Constructor.swift
[139/208] Compiling Yams Decoder.swift
[140/208] Compiling Yams Emitter.swift
[141/208] Compiling Yams Encoder.swift
[142/208] Emitting module RealModule
[143/208] Compiling Yams AliasDereferencingStrategy.swift
[144/208] Compiling Yams Anchor.swift
[146/209] Compiling OpenAPIKitCore OpenAPIDecodingErrors.swift
[147/209] Compiling OpenAPIKitCore OpenAPIError.swift
[148/209] Compiling OpenAPIKitCore OpenAPIWarning.swift
[149/209] Compiling OpenAPIKitCore RequestDecodingError.swift
[150/209] Compiling OpenAPIKitCore OpenAPIReference.swift
[151/213] Compiling Yams String+Yams.swift
[152/213] Compiling Yams Mark.swift
[153/213] Compiling Yams Node.Alias.swift
[154/213] Compiling Yams Node.Mapping.swift
[154/213] Wrapping AST for RealModule for debugging
[156/238] Compiling Algorithms Product.swift
[157/238] Compiling Algorithms Split.swift
[158/238] Compiling Algorithms Stride.swift
[159/238] Compiling Algorithms Suffix.swift
[160/238] Compiling Algorithms Joined.swift
[161/238] Emitting module OpenAPIKitCore
[162/238] Compiling Algorithms Grouped.swift
[163/238] Compiling Algorithms Indexed.swift
[164/238] Compiling Algorithms Intersperse.swift
[165/238] Compiling Algorithms Partition.swift
[166/238] Compiling Algorithms Permutations.swift
[167/238] Compiling Algorithms AdjacentPairs.swift
[168/238] Compiling Algorithms Chain.swift
[169/238] Compiling Algorithms Chunked.swift
[170/238] Compiling Algorithms Combinations.swift
[171/238] Compiling Algorithms FlattenCollection.swift
[172/238] Compiling OpenAPIKitCore Optional+Zip.swift
[173/238] Compiling OpenAPIKitCore Result+Value.swift
[174/238] Compiling OpenAPIKitCore URL+Resolution.swift
[175/238] Compiling OpenAPIKitCore Validatable.swift
[176/238] Compiling Algorithms EitherSequence.swift
[177/238] Compiling Algorithms FirstNonNil.swift
[178/238] Compiling Algorithms RandomSample.swift
[179/238] Compiling Algorithms Reductions.swift
[180/238] Compiling Algorithms Rotate.swift
[181/238] Compiling OpenAPIKitCore URLTemplate+Parsing.swift
[182/238] Compiling OpenAPIKitCore URLTemplate.swift
[183/238] Compiling OpenAPIKitCore Container+DecodeURLAsString.swift
[184/239] Wrapping AST for OpenAPIKitCore for debugging
[186/380] Compiling OpenAPIKit30 CodableVendorExtendable.swift
[187/380] Compiling OpenAPIKit30 Components+JSONReference.swift
[188/380] Compiling OpenAPIKit30 Components+Locatable.swift
[189/383] Compiling OpenAPIKit30 OpenAPI.swift
[190/383] Compiling OpenAPIKit30 DereferencedOperation.swift
[191/383] Compiling OpenAPIKit30 Operation.swift
[192/383] Compiling OpenAPIKit30 Either+Validatable.swift
[193/383] Compiling OpenAPIKit30 DocumentDecodingError.swift
[194/383] Compiling OpenAPIKit30 Callbacks.swift
[195/383] Compiling OpenAPIKit30 DereferencedContent.swift
[196/383] Compiling OpenAPIKit30 DereferencedContentEncoding.swift
[197/383] Compiling OpenAPIKit30 Discriminator.swift
[198/383] Compiling OpenAPIKit30 Link.swift
[199/383] Compiling OpenAPIKit30 ResolvedDocument.swift
[200/383] Compiling OpenAPIKit30 Either+Convenience.swift
[201/383] Compiling OpenAPIKit30 Either+ExternallyDereferenceable.swift
[202/383] Compiling OpenAPIKit30 Either+LocallyDereferenceable.swift
[203/383] Compiling OpenAPIKit30 Components.swift
[204/383] Compiling OpenAPIKit30 Content.swift
[205/383] Compiling OpenAPIKit30 ContentEncoding.swift
[206/383] Compiling Algorithms Trim.swift
[207/383] Compiling Algorithms Unique.swift
[208/383] Compiling Algorithms Windows.swift
[209/383] Compiling OpenAPIKit30 DereferencedDocument.swift
[210/383] Compiling OpenAPIKit30 Document+URIResolution.swift
[211/383] Compiling OpenAPIKit30 Document.swift
[212/383] Compiling OpenAPIKit30 DocumentInfo.swift
[220/385] Emitting module Yams
[221/385] Emitting module OpenAPIKit30
[222/394] Compiling Yams YamlError.swift
[223/394] Compiling Yams YamlTagProviding.swift
[224/394] Compiling OpenAPIKit30 DereferencedSecurityRequirement.swift
[225/394] Compiling OpenAPIKit30 OAuthFlows.swift
[226/394] Compiling OpenAPIKit30 SecurityScheme.swift
[227/394] Compiling OpenAPIKit30 Server.swift
[228/394] Compiling OpenAPIKit30 Tag.swift
[229/394] Compiling OpenAPIKit30 URLTemplate+Validatable.swift
[230/394] Compiling OpenAPIKit30 Array+ExternallyDereferenceable.swift
[231/394] Compiling OpenAPIKit30 Container+DecodeURLAsString.swift
[232/394] Compiling OpenAPIKit30 Dictionary+ExternallyDereferenceable.swift
[242/394] Emitting module OpenAPIKit
[243/394] Emitting module Algorithms
[244/405] Wrapping AST for Algorithms for debugging
[246/405] Compiling OpenAPIKit30 ParameterSchemaContext.swift
[247/405] Compiling OpenAPIKit30 ParameterSchemaContextStyle.swift
[248/405] Compiling OpenAPIKit30 DereferencedPathItem.swift
[249/405] Compiling OpenAPIKit30 PathItem.swift
[250/405] Compiling OpenAPIKit30 ResolvedRoute.swift
[251/405] Compiling OpenAPIKit30 DereferencedRequest.swift
[252/405] Compiling OpenAPIKit30 Request.swift
[253/405] Compiling OpenAPIKit30 DereferencedResponse.swift
[254/405] Compiling OpenAPIKit30 Response.swift
[261/405] Compiling OpenAPIKit30 OperationDecodingError.swift
[262/405] Compiling OpenAPIKit30 PathDecodingError.swift
[263/405] Compiling OpenAPIKit30 ResponseDecodingError.swift
[264/405] Compiling OpenAPIKit30 Example.swift
[282/405] Compiling OpenAPIKit30 Parameter.swift
[283/405] Compiling OpenAPIKit30 ParameterContext.swift
[284/405] Compiling OpenAPIKit30 ParameterContextLocation.swift
[285/405] Compiling OpenAPIKit30 JSONSchema+Combining.swift
[286/405] Compiling OpenAPIKit30 JSONSchema.swift
[287/405] Compiling OpenAPIKit30 JSONSchemaContext.swift
[288/405] Compiling OpenAPIKit30 SimplifiedJSONSchema.swift
[289/405] Compiling OpenAPIKit30 TypesAndFormats.swift
[290/405] Compiling OpenAPIKit30 Optional+ExternallyDereferenceable.swift
[291/405] Compiling OpenAPIKit30 OrderedDictionary+ExternallyDereferenceable.swift
[292/405] Compiling OpenAPIKit30 OrderedDictionry+LocallyDereferenceable.swift
[293/405] Compiling OpenAPIKit30 Validation+Builtins.swift
[294/405] Compiling OpenAPIKit30 Validation.swift
[319/406] Wrapping AST for Yams for debugging
[326/406] Compiling OpenAPIKit Optional+ExternallyDereferenceable.swift
[327/406] Compiling OpenAPIKit OrderedDictionary+ExternallyDereferenceable.swift
[328/406] Compiling OpenAPIKit OrderedDictionry+LocallyDereferenceable.swift
[329/406] Compiling OpenAPIKit ReferenceValidations.swift
[355/406] Compiling OpenAPIKit Validation+Builtins.swift
[356/406] Compiling OpenAPIKit Validation.swift
[357/406] Compiling OpenAPIKit Validator+Convenience.swift
[358/406] Compiling OpenAPIKit Validator.swift
[359/406] Compiling OpenAPIKit XML.swift
[360/406] Compiling OpenAPIKit _CoreReExport.swift
[361/406] Compiling OpenAPIKit30 ExternalDocumentation.swift
[362/406] Compiling OpenAPIKit30 ExternalLoader.swift
[363/406] Compiling OpenAPIKit30 DereferencedHeader.swift
[364/406] Compiling OpenAPIKit30 Header.swift
[365/406] Compiling OpenAPIKit30 JSONReference+URIResolution.swift
[366/406] Compiling OpenAPIKit30 JSONReference.swift
[367/406] Compiling OpenAPIKit30 RuntimeExpression.swift
[368/406] Compiling OpenAPIKit30 SchemaProtocols.swift
[369/406] Compiling OpenAPIKit30 SwiftPrimitiveTypes+OpenAPI.swift
[370/406] Compiling OpenAPIKit30 DereferencedJSONSchema.swift
[390/407] Wrapping AST for OpenAPIKit30 for debugging
[402/408] Wrapping AST for OpenAPIKit for debugging
[404/411] Emitting module OpenAPIKitCompat
[405/411] Compiling OpenAPIKitCompat Either+Map.swift
[406/411] Compiling OpenAPIKitCompat Compat30To31.swift
[407/412] Wrapping AST for OpenAPIKitCompat for debugging
[409/495] Emitting module _OpenAPIGeneratorCore
[410/506] Compiling _OpenAPIGeneratorCore Constants.swift
[411/506] Compiling _OpenAPIGeneratorCore DiscriminatorExtensions.swift
[412/506] Compiling _OpenAPIGeneratorCore SchemaOverrides.swift
[413/506] Compiling _OpenAPIGeneratorCore StructBlueprint.swift
[414/506] Compiling _OpenAPIGeneratorCore CodingStrategy.swift
[415/506] Compiling _OpenAPIGeneratorCore ContentInspector.swift
[416/506] Compiling _OpenAPIGeneratorCore ContentType.swift
[417/506] Compiling _OpenAPIGeneratorCore SchemaContent.swift
[418/506] Compiling _OpenAPIGeneratorCore FileTranslator+FeatureFlags.swift
[419/506] Compiling _OpenAPIGeneratorCore FileTranslator.swift
[420/506] Compiling _OpenAPIGeneratorCore MultipartAdditionalProperties.swift
[421/506] Compiling _OpenAPIGeneratorCore MultipartContent.swift
[422/506] Compiling _OpenAPIGeneratorCore SafeNameGenerator.swift
[423/506] Compiling _OpenAPIGeneratorCore TypeAssigner.swift
[424/506] Compiling _OpenAPIGeneratorCore TypeLocation.swift
[425/506] Compiling _OpenAPIGeneratorCore TypeMatcher.swift
[426/506] Compiling _OpenAPIGeneratorCore TypeName.swift
[427/506] Compiling _OpenAPIGeneratorCore TypeUsage.swift
[428/506] Compiling _OpenAPIGeneratorCore isSchemaSupported.swift
[429/506] Compiling _OpenAPIGeneratorCore TypesFileTranslator.swift
[430/506] Compiling _OpenAPIGeneratorCore translateAPIProtocol.swift
[431/506] Compiling _OpenAPIGeneratorCore translateBoxedTypes.swift
[432/506] Compiling _OpenAPIGeneratorCore translateComponentHeaders.swift
[433/506] Compiling _OpenAPIGeneratorCore translateComponentParameters.swift
[434/506] Compiling _OpenAPIGeneratorCore translateComponentRequestBodies.swift
[435/506] Compiling _OpenAPIGeneratorCore translateComponentResponses.swift
[436/506] Compiling _OpenAPIGeneratorCore translateComponents.swift
[437/506] Compiling _OpenAPIGeneratorCore translateOperations.swift
[438/506] Compiling _OpenAPIGeneratorCore translateSchemas.swift
[439/506] Compiling _OpenAPIGeneratorCore translateServers.swift
[440/506] Compiling _OpenAPIGeneratorCore translateServersVariables.swift
[441/506] Compiling _OpenAPIGeneratorCore TypeOverrides.swift
[442/506] Compiling _OpenAPIGeneratorCore UserConfig.swift
[443/506] Compiling _OpenAPIGeneratorCore YamlFileDiagnosticsCollector.swift
[444/506] Compiling _OpenAPIGeneratorCore TypedResponse.swift
[445/506] Compiling _OpenAPIGeneratorCore TypedResponseHeader.swift
[446/506] Compiling _OpenAPIGeneratorCore acceptHeaderContentTypes.swift
[447/506] Compiling _OpenAPIGeneratorCore translateResponse.swift
[448/506] Compiling _OpenAPIGeneratorCore translateResponseHeader.swift
[449/506] Compiling _OpenAPIGeneratorCore translateResponseOutcome.swift
[450/506] Compiling _OpenAPIGeneratorCore ServerTranslator.swift
[451/506] Compiling _OpenAPIGeneratorCore translateServerMethod.swift
[452/506] Compiling _OpenAPIGeneratorCore TranslatorProtocol.swift
[453/506] Compiling _OpenAPIGeneratorCore Builtins.swift
[454/506] Compiling _OpenAPIGeneratorCore ReferenceStack.swift
[455/506] Compiling _OpenAPIGeneratorCore translateClientMethod.swift
[456/506] Compiling _OpenAPIGeneratorCore translateAllAnyOneOf.swift
[457/506] Compiling _OpenAPIGeneratorCore translateArray.swift
[458/506] Compiling _OpenAPIGeneratorCore translateCodable.swift
[459/506] Compiling _OpenAPIGeneratorCore translateObjectStruct.swift
[460/506] Compiling _OpenAPIGeneratorCore translateRawEnum.swift
[461/506] Compiling _OpenAPIGeneratorCore translateRawRepresentableEnum.swift
[462/506] Compiling _OpenAPIGeneratorCore translateSchema.swift
[463/506] Compiling _OpenAPIGeneratorCore translateStructBlueprint.swift
[464/506] Compiling _OpenAPIGeneratorCore translateTypealias.swift
[465/506] Compiling _OpenAPIGeneratorCore Annotations.swift
[466/506] Compiling _OpenAPIGeneratorCore CommentExtensions.swift
[467/506] Compiling _OpenAPIGeneratorCore MultipartContentInspector.swift
[468/506] Compiling _OpenAPIGeneratorCore translateMultipart.swift
[469/506] Compiling _OpenAPIGeneratorCore MultiplexTranslator.swift
[470/506] Compiling _OpenAPIGeneratorCore OperationDescription.swift
[471/506] Compiling _OpenAPIGeneratorCore TypedParameter.swift
[472/506] Compiling _OpenAPIGeneratorCore translateParameter.swift
[473/506] Compiling _OpenAPIGeneratorCore DeclarationRecursionDetector.swift
[474/506] Compiling _OpenAPIGeneratorCore RecursionDetector.swift
[475/506] Compiling _OpenAPIGeneratorCore TypedRequestBody.swift
[476/506] Compiling _OpenAPIGeneratorCore translateRequestBody.swift
[477/506] Compiling _OpenAPIGeneratorCore HTTPStatusCodes.swift
[478/506] Compiling _OpenAPIGeneratorCore ResponseKind.swift
[479/506] Compiling _OpenAPIGeneratorCore DocumentFilter.swift
[480/506] Compiling _OpenAPIGeneratorCore FilteredDocument.swift
[481/506] Compiling _OpenAPIGeneratorCore ParsedOpenAPIRepresentation.swift
[482/506] Compiling _OpenAPIGeneratorCore RenderedSwiftRepresentation.swift
[483/506] Compiling _OpenAPIGeneratorCore StructuredSwiftRepresentation.swift
[484/506] Compiling _OpenAPIGeneratorCore ParserProtocol.swift
[485/506] Compiling _OpenAPIGeneratorCore YamsParser.swift
[486/506] Compiling _OpenAPIGeneratorCore validateDoc.swift
[487/506] Compiling _OpenAPIGeneratorCore PlatformChecks.swift
[488/506] Compiling _OpenAPIGeneratorCore RendererProtocol.swift
[489/506] Compiling _OpenAPIGeneratorCore TextBasedRenderer.swift
[490/506] Compiling _OpenAPIGeneratorCore ClientTranslator.swift
[491/506] Compiling _OpenAPIGeneratorCore Config.swift
[492/506] Compiling _OpenAPIGeneratorCore Diagnostics.swift
[493/506] Compiling _OpenAPIGeneratorCore DiagnosticsCollectorProvider.swift
[494/506] Compiling _OpenAPIGeneratorCore Errors.swift
[495/506] Compiling _OpenAPIGeneratorCore Foundation.swift
[496/506] Compiling _OpenAPIGeneratorCore OpenAPIKit.swift
[497/506] Compiling _OpenAPIGeneratorCore String.swift
[498/506] Compiling _OpenAPIGeneratorCore SwiftStandardLibrary.swift
[499/506] Compiling _OpenAPIGeneratorCore FeatureFlags.swift
[500/506] Compiling _OpenAPIGeneratorCore GeneratorMode.swift
[501/506] Compiling _OpenAPIGeneratorCore GeneratorPipeline.swift
[502/506] Compiling _OpenAPIGeneratorCore GeneratorPipelineStage.swift
[503/507] Wrapping AST for _OpenAPIGeneratorCore for debugging
[505/515] Compiling swift_openapi_generator PluginSource.swift
[506/515] Compiling swift_openapi_generator Tool.swift
[507/516] Compiling swift_openapi_generator GenerateOptions+runGenerator.swift
[508/516] Compiling swift_openapi_generator GenerateCommand.swift
[509/516] Compiling swift_openapi_generator FilterCommand.swift
[510/516] Emitting module swift_openapi_generator
[511/516] Compiling swift_openapi_generator Extensions.swift
[512/516] Compiling swift_openapi_generator GenerateOptions.swift
[513/516] Compiling swift_openapi_generator runGenerator.swift
[514/517] Wrapping AST for swift-openapi-generator for debugging
[515/517] Write Objects.LinkFileList
[516/517] Linking swift-openapi-generator-tool
warning: you may be able to install libarchive using your system-packager:
apt-get install libarchive-dev
[1/1] Compiling plugin GenerateCommandModels
[2/2] Compiling plugin GenerateDocsReference
[3/3] Compiling plugin OpenAPIGeneratorCommand
[4/4] Compiling plugin OpenAPIGenerator
[5/5] Compiling plugin Swift-DocC Preview
[6/6] Compiling plugin Swift-DocC
[7/7] Compiling plugin GenerateManual
[8/8] Compiling plugin GenerateDoccReference
Building for debugging...
[8/593] Write sources
[32/593] Compiling _NumericsShims _NumericsShims.c
[33/593] Compiling reader.c
[34/593] Compiling writer.c
[35/593] Compiling _NumericsShims _NumericsShims.c
[36/593] Compiling CSystem shims.c
[36/593] Compiling parser.c
[38/593] Write sources
[42/593] Write swift-version-272D24FF697CF451.txt
[43/593] Compiling _AtomicsShims.c
[44/593] Compiling api.c
[45/593] Compiling TSCclibc strerror.c
[46/593] Compiling TSCclibc process.c
[47/593] Compiling emitter.c
[48/599] Compiling _SubprocessCShims process_shims.c
[49/599] Compiling scanner.c
[50/601] Compiling TSCclibc libc.c
[51/601] Write sources
[52/603] Wrapping AST for SystemPackage for debugging
[53/603] Wrapping AST for Yams for debugging
[54/606] Wrapping AST for RealModule for debugging
[55/606] Wrapping AST for OpenAPIKitCore for debugging
[55/606] Wrapping AST for generate-command-models for debugging
[57/606] Wrapping AST for ArgumentParserToolInfo for debugging
[58/606] Wrapping AST for OpenAPIKit30 for debugging
[59/606] Write sources
[60/606] Wrapping AST for ArgumentParser for debugging
[61/606] Write Objects.LinkFileList
[63/606] Compiling generate_docs_reference Process+SimpleAPI.swift
[64/606] Emitting module generate_docs_reference
[64/606] Wrapping AST for Algorithms for debugging
[65/606] Wrapping AST for OpenAPIKit for debugging
[66/606] Write sources
[69/617] Linking generate-command-models-tool
[71/617] Compiling generate_docs_reference GenerateDocsReference.swift
[71/618] Wrapping AST for OpenAPIKitCompat for debugging
[73/618] Write sources
[74/618] Wrapping AST for generate-docs-reference for debugging
[75/618] Write sources
[76/618] Write Objects.LinkFileList
[77/618] Write sources
[79/618] Emitting module _NIODataStructures
[79/618] Write sources
[81/618] Emitting module RealModule
[81/619] Generating Command Models from dumped JSON help
[82/619] Linking generate-docs-reference-tool
[83/619] Write sources
[90/619] Wrapping AST for _OpenAPIGeneratorCore for debugging
[91/619] Write sources
[101/619] Wrapping AST for swift-openapi-generator for debugging
[103/666] Emitting module InternalCollectionsUtilities
[104/669] Compiling InternalCollectionsUtilities UnsafeRawBufferPointer+Extras.swift
[105/669] Compiling InternalCollectionsUtilities _SortedCollection.swift
[106/669] Compiling InternalCollectionsUtilities _UniqueCollection.swift
[107/669] Emitting module SwiftlyDocs
[108/669] Compiling SwiftlyDocs EmptyFile.swift
[109/670] Compiling RealModule RelaxedArithmetic.swift
[110/670] Write Objects.LinkFileList
[111/670] Write sources
[113/670] Compiling Logging LoggingSystem.swift
[114/671] Compiling Instrumentation InstrumentationContext.swift
[115/671] Compiling _NIODataStructures PriorityQueue.swift
[116/671] Compiling InternalCollectionsUtilities FixedWidthInteger+roundUpToPowerOfTwo.swift
[117/671] Compiling InternalCollectionsUtilities Integer rank.swift
[120/671] Compiling InternalCollectionsUtilities Strideable+LimitHelpers.swift
[121/671] Compiling InternalCollectionsUtilities String+Padding.swift
[122/671] Compiling InternalCollectionsUtilities TemporaryAllocation.swift
[123/671] Compiling InternalCollectionsUtilities _UnsafeBitSet+Index.swift
[124/671] Compiling InternalCollectionsUtilities _UnsafeBitSet+_Word.swift
[125/671] Compiling InternalCollectionsUtilities _UnsafeBitSet.swift
[126/671] Compiling InternalCollectionsUtilities UnsafeBufferPointer+Extras.swift
[127/671] Compiling InternalCollectionsUtilities UnsafeMutableBufferPointer+Extras.swift
[128/671] Compiling InternalCollectionsUtilities BorrowingIteratorProtocol+Equality.swift
[129/671] Compiling InternalCollectionsUtilities BorrowingIteratorProtocol+Extras.swift
[130/671] Compiling InternalCollectionsUtilities Debugging.swift
[131/671] Compiling InternalCollectionsUtilities Descriptions.swift
[132/671] Emitting module Instrumentation
[133/671] Compiling Instrumentation Instrument.swift
[134/671] Compiling InternalCollectionsUtilities Iterable+CopyContents.swift
[135/671] Compiling InternalCollectionsUtilities Iterable+Equality.swift
[136/671] Compiling InternalCollectionsUtilities LifetimeOverride.swift
[137/671] Compiling InternalCollectionsUtilities MutableRef.swift
[138/671] Compiling InternalCollectionsUtilities UnsafeMutablePointer+Extras.swift
[139/671] Compiling InternalCollectionsUtilities UnsafeMutableRawBufferPointer+Extras.swift
[140/671] Compiling InternalCollectionsUtilities UnsafePointer+Extras.swift
[141/671] Compiling InternalCollectionsUtilities MutableSpan+Extras.swift
[142/671] Compiling InternalCollectionsUtilities OutputSpan+Extras.swift
[143/671] Compiling InternalCollectionsUtilities RandomAccessCollection+Offsets.swift
[144/671] Compiling InternalCollectionsUtilities Span+Extras.swift
[145/671] Compiling Instrumentation InstrumentationContextKey.swift
[146/671] Compiling _NIODataStructures _TinyArray.swift
[149/671] Compiling InternalCollectionsUtilities UInt+first and last set bit.swift
[150/671] Compiling InternalCollectionsUtilities UInt+reversed.swift
[151/671] Compiling _NIOBase64 Base64.swift
[152/671] Emitting module _NIOBase64
[153/673] Compiling Instrumentation MultiplexInstrument.swift
[154/673] Compiling Instrumentation NoOpInstrument.swift
[157/673] Compiling RealModule Real.swift
[158/673] Compiling RealModule Float80+Real.swift
[159/673] Compiling RealModule Float16+Real.swift
[160/673] Compiling RealModule RealFunctions.swift
[161/673] Compiling Logging Logger+With.swift
[162/673] Compiling Logging Logger+Attributes.swift
[163/673] Compiling Logging Logger.swift
[163/673] Wrapping AST for _NIOBase64 for debugging
[165/683] Compiling HTTPTypes HTTPField.swift
[166/683] Compiling HTTPTypes HTTPFieldName.swift
[167/683] Compiling HTTPTypes HTTP2ErrorCode.swift
[168/683] Compiling HTTPTypes HTTP3ErrorCode.swift
[170/688] Compiling _NIODataStructures Heap.swift
[170/688] Wrapping AST for InternalCollectionsUtilities for debugging
[172/689] Compiling SpanPreview InputSpan.swift
[173/689] Emitting module SpanPreview
[174/689] Compiling SpanPreview MutableSpan+InputSpanHelpers.swift
[175/689] Compiling SpanPreview OutputSpan+InputSpanHelpers.swift
[176/690] Wrapping AST for RealModule for debugging
[177/690] Write sources
[180/690] Compiling CNIOWindows shim.c
[181/690] Compiling CNIOWindows WSAStartup.c
[182/690] Compiling CSystem shims.c
[183/690] Wrapping AST for _NIODataStructures for debugging
[184/690] Wrapping AST for SpanPreview for debugging
[185/690] Compiling CNIOWASI CNIOWASI.c
[186/692] Compiling CNIOPosix event_loop_id.c
[187/722] Compiling CNIOOpenBSD shim.c
[188/769] Compiling CNIOLinux shim.c
[189/769] Compiling CNIOLinux liburing_shims.c
[190/769] Linking swift-openapi-generator-tool
[191/769] Compiling CNIOLLHTTP c_nio_http.c
[192/769] Compiling CNIOLLHTTP c_nio_llhttp.c
[194/769] Compiling DequeModule UniqueDeque+Initializers.swift
[195/769] Compiling DequeModule UniqueDeque+Insertions.swift
[196/769] Compiling DequeModule UniqueDeque+Iterable.swift
[197/769] Compiling DequeModule UniqueDeque+Prepend.swift
[198/769] Compiling DequeModule UniqueDeque+Removals.swift
Swift OpenAPI Generator is running with the following configuration:
- OpenAPI document path: /host/spi-builder-workspace/Sources/SwiftlyDownloadAPI/openapi.yaml
- Configuration path: /host/spi-builder-workspace/Sources/SwiftlyDownloadAPI/openapi-generator-config.yaml
- Generator modes: types, client
- Access modifier: public
- Naming strategy: idiomatic
- Name overrides: <none>
- Type overrides: <none>
- Feature flags: <none>
- Output file names: Types.swift, Types+Components.swift, Types+Operations.swift, Types+Components+Schemas.swift, Types+Components+Parameters.swift, Types+Components+RequestBodies.swift, Types+Components+Responses.swift, Types+Components+Headers.swift, Client.swift
- Output directory: /host/spi-builder-workspace/.build/plugins/outputs/spi-builder-workspace/SwiftlyDownloadAPI/destination/OpenAPIGenerator/GeneratedSources
- Diagnostics output path: <none - logs to stderr>
- Current directory: /host/spi-builder-workspace
- Plugin source: build
- Is dry run: false
- Additional imports: <none>
- Additional file comments: <none>Writing data to file Client.swift...
Writing data to file Types.swift...
Writing data to file Types+Components.swift...
Writing data to file Types+Operations.swift...
Writing data to file Types+Components+Schemas.swift...
Writing data to file Types+Components+Parameters.swift...
Writing data to file Types+Components+RequestBodies.swift...
Writing data to file Types+Components+Responses.swift...
Writing data to file Types+Components+Headers.swift...
Writing data to file Server.swift...
[198/774] Running swift-openapi-generator
[199/774] Compiling CNIOLLHTTP c_nio_api.c
[200/774] Write sources
[201/774] Compiling CNIOFreeBSD shim.c
[202/774] Compiling CNIOExtrasZlib zutil.c
[204/774] Compiling DequeModule RigidDeque+Descriptions.swift
[205/774] Compiling DequeModule RigidDeque+Equatable.swift
[206/774] Compiling DequeModule RigidDeque+Hashable.swift
[207/774] Compiling DequeModule RigidDeque+Initializers.swift
[208/774] Compiling DequeModule RigidDeque+Insertions.swift
[209/774] Compiling DequeModule RigidDeque+Iterable.swift
[210/774] Compiling DequeModule _DequeBuffer.swift
[211/774] Compiling DequeModule _DequeBufferHeader.swift
[212/774] Compiling DequeModule RigidDeque+Append.swift
[213/774] Compiling DequeModule RigidDeque+Consumption.swift
[214/774] Compiling DequeModule RigidDeque+ContainerOperations.swift
[215/774] Compiling DequeModule RigidDeque+Deprecations.swift
Swift OpenAPI Generator is running with the following configuration:
- OpenAPI document path: /host/spi-builder-workspace/Sources/SwiftlyWebsiteAPI/openapi.yaml
- Configuration path: /host/spi-builder-workspace/Sources/SwiftlyWebsiteAPI/openapi-generator-config.yaml
- Generator modes: types, client
- Access modifier: public
- Naming strategy: idiomatic
- Name overrides: <none>
- Type overrides: <none>
- Feature flags: <none>
- Output file names: Types.swift, Types+Components.swift, Types+Operations.swift, Types+Components+Schemas.swift, Types+Components+Parameters.swift, Types+Components+RequestBodies.swift, Types+Components+Responses.swift, Types+Components+Headers.swift, Client.swift
- Output directory: /host/spi-builder-workspace/.build/plugins/outputs/spi-builder-workspace/SwiftlyWebsiteAPI/destination/OpenAPIGenerator/GeneratedSources
- Diagnostics output path: <none - logs to stderr>
- Current directory: /host/spi-builder-workspace
- Plugin source: build
- Is dry run: false
- Additional imports: <none>
- Additional file comments: <none>Writing data to file Client.swift...
Writing data to file Types.swift...
Writing data to file Types+Components.swift...
Writing data to file Types+Operations.swift...
Writing data to file Types+Components+Schemas.swift...
Writing data to file Types+Components+Parameters.swift...
Writing data to file Types+Components+RequestBodies.swift...
Writing data to file Types+Components+Responses.swift...
Writing data to file Types+Components+Headers.swift...
Writing data to file Server.swift...
[215/774] Running swift-openapi-generator
[216/774] Write sources
[217/774] Compiling CNIOExtrasZlib trees.c
[218/774] Compiling CNIOExtrasZlib inftrees.c
[219/774] Compiling CNIOExtrasZlib inffast.c
[220/774] Compiling DequeModule RigidDeque+Prepend.swift
[221/774] Compiling DequeModule RigidDeque+Removals.swift
[222/774] Compiling DequeModule RigidDeque+Replacements.swift
[223/774] Compiling DequeModule RigidDeque+Testing.swift
[224/774] Compiling DequeModule RigidDeque.swift
[225/774] Compiling DequeModule UniqueDeque+Append.swift
[226/774] Compiling DequeModule Deque+Extras.swift
[227/774] Compiling DequeModule Deque+Hashable.swift
[228/774] Compiling DequeModule Deque+Testing.swift
[229/774] Compiling DequeModule Deque._Storage.swift
[230/774] Compiling DequeModule Deque._UnsafeHandle.swift
[231/774] Compiling DequeModule Deque.swift
[233/774] Compiling DequeModule UniqueDeque+Consumption.swift
[234/774] Compiling DequeModule UniqueDeque+ContainerOperations.swift
[235/774] Compiling DequeModule UniqueDeque+Deprecations.swift
[236/774] Compiling DequeModule UniqueDeque+Descriptions.swift
[237/774] Compiling DequeModule UniqueDeque+Equatable.swift
[238/774] Compiling DequeModule UniqueDeque+Hashable.swift
[238/774] Compiling CNIOExtrasZlib inflate.c
[239/774] Compiling CNIOExtrasZlib deflate.c
[240/774] Compiling CNIOExtrasZlib adler32.c
[241/774] Compiling CNIODarwin shim.c
[242/774] Compiling CNIOExtrasZlib crc32.c
[243/774] Compiling fiat_p256_adx_sqr.S
[244/774] Compiling fiat_p256_adx_mul.S
[246/774] Compiling SystemPackage FilePathTemp.swift
[247/774] Compiling SystemPackage FilePathTempPosix.swift
[248/774] Compiling SystemPackage FilePathTempWindows.swift
[249/774] Compiling SystemPackage FilePathWindows.swift
[250/774] Compiling SystemPackage FilePermissions.swift
[251/774] Compiling SystemPackage FileFlags.swift
[251/774] Compiling fiat_curve25519_adx_square.S
[252/774] Compiling fiat_curve25519_adx_mul.S
[253/774] Compiling CNIOBoringSSLShims shims.c
[255/774] Emitting module SystemPackage
[256/779] Compiling Logging MetadataProvider.swift
[257/779] Compiling Instrumentation InstrumentationSystem.swift
[258/779] Compiling Instrumentation Locks.swift
[270/780] Emitting module Logging
[292/781] Compiling HTTPTypes HTTPRequest.swift
[293/782] Compiling HTTPTypes HTTPParsedFields.swift
[294/782] Compiling HTTPTypes HTTPRequest+URL.swift
[295/782] Compiling HTTPTypes HTTPFieldValue.swift
[296/782] Compiling HTTPTypes HTTPFields.swift
[301/784] Emitting module TSCLibc
[302/784] Compiling TSCLibc libc.swift
[303/784] Emitting module ServiceContextModule
[304/784] Compiling ServiceContextModule ServiceContextModule.swift
[307/786] Emitting module HTTPTypes
[308/796] Emitting module ServiceContextModuleCompatibility
[309/796] Compiling ServiceContextModuleCompatibility Reexport.swift
[311/797] Compiling Tracing NoOpTracer.swift
[312/798] Compiling Tracing InstrumentationSystem+Tracing.swift
[323/831] Emitting module Tracing
[324/831] Compiling Tracing TracingTime.swift
[325/831] Compiling Tracing WithTracer.swift
[326/831] Compiling HTTPTypes HTTPResponse.swift
[328/832] Compiling SystemPackage SystemString.swift
[329/832] Compiling SystemPackage Util+StringArray.swift
[330/832] Compiling SystemPackage Util.swift
[331/832] Compiling SystemPackage UtilConsumers.swift
[332/832] Compiling SystemPackage WinSDK+Overlay.swift
[332/833] Compiling tls_record.cc
[334/833] Compiling Tracing TracerProtocol.swift
[336/833] Compiling Tracing Tracer.swift
[337/833] Compiling Tracing TracerProtocol+Legacy.swift
[337/833] Wrapping AST for TSCLibc for debugging
[339/833] Compiling Tracing SpanProtocol.swift
[339/834] Wrapping AST for ServiceContextModuleCompatibility for debugging
[340/834] Wrapping AST for ServiceContextModule for debugging
[342/835] Wrapping AST for SystemPackage for debugging
[343/881] Compiling tls_method.cc
[344/920] Wrapping AST for Tracing for debugging
[345/920] Wrapping AST for Logging for debugging
[346/920] Wrapping AST for Instrumentation for debugging
[347/920] Wrapping AST for HTTPTypes for debugging
[349/920] Compiling Subprocess Input+Foundation.swift
[350/920] Compiling Subprocess Output+Foundation.swift
[351/920] Compiling Subprocess Span+SubprocessFoundation.swift
[352/923] Compiling Subprocess Subprocess+Windows.swift
[353/923] Compiling Subprocess Result.swift
[354/923] Compiling Subprocess Span+Subprocess.swift
[355/923] Compiling Subprocess Error.swift
[356/923] Compiling Subprocess Execution.swift
[357/923] Compiling Subprocess AsyncIO+KQueue.swift
[357/923] Compiling tls13_server.cc
[359/923] Compiling Subprocess Input.swift
[360/923] Compiling Subprocess Output.swift
[361/923] Compiling Subprocess Subprocess+BSD.swift
[362/923] Emitting module DequeModule
[363/923] Compiling OpenAPIRuntime URIDecoder.swift
[364/923] Compiling OpenAPIRuntime URIValueFromNodeDecoder+Keyed.swift
[365/923] Compiling OpenAPIRuntime URIValueFromNodeDecoder+Single.swift
[366/923] Compiling OpenAPIRuntime URIValueFromNodeDecoder+Unkeyed.swift
[367/923] Compiling OpenAPIRuntime ClientTransport.swift
[369/924] Compiling Subprocess API.swift
[370/924] Compiling Subprocess Buffer.swift
[371/924] Compiling Subprocess Configuration.swift
[373/928] Compiling tls13_enc.cc
[374/928] Compiling tls13_both.cc
[376/928] Compiling Subprocess Teardown.swift
[377/928] Compiling Subprocess Thread.swift
[378/928] Compiling OpenAPIRuntime MultipartPublicTypesExtensions.swift
[379/928] Compiling OpenAPIRuntime MultipartRawPartsToFramesSequence.swift
[380/928] Compiling OpenAPIRuntime MultipartValidation.swift
[381/928] Compiling Subprocess Subprocess+Darwin.swift
[382/928] Compiling Subprocess Subprocess+Linux.swift
[383/928] Compiling Subprocess Subprocess+Unix.swift
[384/928] Compiling Subprocess SubprocessOutputSequence.swift
[384/928] Wrapping AST for DequeModule for debugging
[385/929] Emitting module TSCBasic
[386/929] Compiling tls13_client.cc
[388/929] Compiling Subprocess AsyncIO+Windows.swift
[395/929] Compiling Subprocess AsyncIO+Linux.swift
[396/929] Compiling Subprocess AsyncIO+Unix.swift
[402/929] Compiling OpenAPIRuntime CurrencyTypes.swift
[403/929] Compiling OpenAPIRuntime ErrorHandlingMiddleware.swift
[404/929] Compiling OpenAPIRuntime HTTPBody.swift
[405/929] Compiling OpenAPIRuntime QuerySpaceNormalizingMiddleware.swift
[406/929] Compiling OpenAPIRuntime SendableMetatype.swift
[407/929] Compiling OpenAPIRuntime ServerTransport.swift
[408/929] Compiling OpenAPIRuntime UniversalClient.swift
[409/929] Compiling OpenAPIRuntime UniversalServer.swift
[410/929] Emitting module OpenAPIRuntime
[410/937] Compiling t1_enc.cc
[412/937] Compiling OpenAPIRuntime ServerError.swift
[413/937] Compiling OpenAPIRuntime JSONLinesDecoding.swift
[414/937] Compiling OpenAPIRuntime JSONLinesEncoding.swift
[415/937] Compiling OpenAPIRuntime JSONSequenceDecoding.swift
[416/937] Compiling OpenAPIRuntime JSONSequenceEncoding.swift
[417/973] Emitting module Configuration
[418/979] Compiling Configuration JSONSnapshot.swift
[419/979] Compiling Configuration PropertyListSnapshot.swift
[420/979] Compiling Configuration ReloadingFileProvider.swift
[421/979] Compiling Configuration ReloadingFileProviderMetrics.swift
[422/979] Compiling Configuration YAMLSnapshot.swift
[423/979] Compiling Configuration InMemoryProvider.swift
[424/984] Compiling OpenAPIRuntime UndocumentedPayload.swift
[425/984] Compiling OpenAPIRuntime WarningSuppressingAnnotations.swift
[426/984] Compiling OpenAPIRuntime CodableExtensions.swift
[427/984] Compiling OpenAPIRuntime Configuration.swift
[428/984] Compiling OpenAPIRuntime Converter+Client.swift
[429/984] Compiling OpenAPIRuntime Converter+Common.swift
[430/984] Compiling OpenAPIRuntime Converter+Server.swift
[431/984] Compiling OpenAPIRuntime Converter.swift
[432/984] Compiling OpenAPIRuntime CurrencyExtensions.swift
[432/984] Compiling ssl_x509.cc
[434/984] Compiling Configuration ConfigProviderHelpers.swift
[435/984] Compiling Configuration ConfigReader+internalHelpers.swift
[436/984] Compiling Configuration ConfigReader+methods.swift
[437/984] Emitting module Subprocess
[438/984] Compiling Configuration Deprecations.swift
[439/984] Compiling Configuration ExpressibleByConfigInt.swift
[440/984] Compiling Configuration ExpressibleByConfigString.swift
[441/984] Compiling Configuration CLIKeyEncoder.swift
[442/984] Compiling Configuration ConfigKeyEncoder.swift
[443/984] Compiling Configuration DotSeparatorKeyDecoder.swift
[447/984] Compiling Configuration ConfigReader.swift
[448/984] Compiling Configuration ConfigSnapshotReader+methods.swift
[449/984] Compiling Configuration ConfigSnapshotReader.swift
[456/984] Compiling Configuration SeparatorKeyEncoder.swift
[457/984] Compiling Configuration MultiProvider.swift
[458/984] Compiling Configuration CLIArgumentParser.swift
[459/984] Compiling Configuration CLISnapshot.swift
[460/984] Compiling Configuration CommandLineArgumentsProvider.swift
[461/984] Compiling Configuration EnvironmentFileParser.swift
[462/984] Compiling Configuration EnvironmentKeyEncoder.swift
[463/984] Compiling Configuration EnvironmentVariablesProvider.swift
[464/984] Compiling Configuration CommonProviderFileSystem.swift
[465/984] Compiling Configuration DirectoryFilesProvider.swift
[466/984] Compiling Configuration FileProvider.swift
[467/984] Compiling Configuration FileProviderSnapshot.swift
[468/984] Compiling Configuration CombineLatestManyStorage.swift
[469/984] Compiling Configuration AsyncSequences.swift
[470/984] Compiling Configuration FoundationExtensions.swift
[473/984] Compiling Configuration AccessReporter.swift
[474/984] Compiling Configuration AccessLogger.swift
[479/984] Compiling ssl_versions.cc
[481/984] Compiling Configuration MutableInMemoryProvider.swift
[482/984] Compiling Configuration ConfigProvider+Operators.swift
[483/984] Compiling Configuration KeyMappingProvider.swift
[484/984] Compiling Configuration SecretsSpecifier.swift
[485/984] Compiling Configuration AsyncCombineLatestManySequence.swift
[486/984] Compiling Configuration CombineLatestManyStateMachine.swift
[493/985] Compiling ssl_transcript.cc
[496/985] Compiling OpenAPIRuntime URIValueFromNodeDecoder.swift
[497/985] Compiling OpenAPIRuntime URIEncoder.swift
[498/985] Compiling OpenAPIRuntime URIValueToNodeEncoder+Keyed.swift
[499/985] Compiling OpenAPIRuntime URIValueToNodeEncoder+Single.swift
[500/985] Compiling OpenAPIRuntime URIValueToNodeEncoder+Unkeyed.swift
[501/985] Compiling OpenAPIRuntime URIValueToNodeEncoder.swift
[502/985] Compiling OpenAPIRuntime URIParser.swift
[503/985] Compiling OpenAPIRuntime URISerializer.swift
[504/990] Compiling ssl_stat.cc
[505/990] Compiling ssl_session.cc
[509/990] Compiling Configuration FileAccessLogger.swift
[513/990] Compiling Configuration ConfigContext.swift
[514/990] Compiling Configuration ConfigKey.swift
[515/990] Compiling Configuration ConfigProvider.swift
[528/1012] Compiling Configuration Span.swift
[529/1012] Compiling Configuration ConfigBytesFromStringDecoder.swift
[532/1012] Compiling ssl_privkey.cc
[545/1013] Wrapping AST for TSCBasic for debugging
[548/1013] Compiling SwiftlyDownloadAPI Server.swift
/host/spi-builder-workspace/.build/plugins/outputs/spi-builder-workspace/SwiftlyDownloadAPI/destination/OpenAPIGenerator/GeneratedSources/Types+Components+Headers.swift:2:25: warning: public import of 'OpenAPIRuntime' was not used in public declarations or inlinable code
1 | // Generated by swift-openapi-generator, do not modify.
2 | @_spi(Generated) public import OpenAPIRuntime
| `- warning: public import of 'OpenAPIRuntime' was not used in public declarations or inlinable code
3 | public import struct Foundation.URL
4 | public import struct Foundation.Data
/host/spi-builder-workspace/.build/plugins/outputs/spi-builder-workspace/SwiftlyDownloadAPI/destination/OpenAPIGenerator/GeneratedSources/Types+Components+Headers.swift:3:8: warning: public import of 'Foundation' was not used in public declarations or inlinable code
1 | // Generated by swift-openapi-generator, do not modify.
2 | @_spi(Generated) public import OpenAPIRuntime
3 | public import struct Foundation.URL
| `- warning: public import of 'Foundation' was not used in public declarations or inlinable code
4 | public import struct Foundation.Data
5 | public import struct Foundation.Date
/host/spi-builder-workspace/.build/plugins/outputs/spi-builder-workspace/SwiftlyDownloadAPI/destination/OpenAPIGenerator/GeneratedSources/Types+Components+Headers.swift:4:8: warning: public import of 'Foundation' was not used in public declarations or inlinable code
2 | @_spi(Generated) public import OpenAPIRuntime
3 | public import struct Foundation.URL
4 | public import struct Foundation.Data
| `- warning: public import of 'Foundation' was not used in public declarations or inlinable code
5 | public import struct Foundation.Date
6 | extension Components {
/host/spi-builder-workspace/.build/plugins/outputs/spi-builder-workspace/SwiftlyDownloadAPI/destination/OpenAPIGenerator/GeneratedSources/Types+Components+Headers.swift:5:8: warning: public import of 'Foundation' was not used in public declarations or inlinable code
3 | public import struct Foundation.URL
4 | public import struct Foundation.Data
5 | public import struct Foundation.Date
| `- warning: public import of 'Foundation' was not used in public declarations or inlinable code
6 | extension Components {
7 | /// Types generated from the `#/components/headers` section of the OpenAPI document.
[549/1013] Compiling SwiftlyDownloadAPI Types+Components+Headers.swift
/host/spi-builder-workspace/.build/plugins/outputs/spi-builder-workspace/SwiftlyDownloadAPI/destination/OpenAPIGenerator/GeneratedSources/Types+Components+Headers.swift:2:25: warning: public import of 'OpenAPIRuntime' was not used in public declarations or inlinable code
1 | // Generated by swift-openapi-generator, do not modify.
2 | @_spi(Generated) public import OpenAPIRuntime
| `- warning: public import of 'OpenAPIRuntime' was not used in public declarations or inlinable code
3 | public import struct Foundation.URL
4 | public import struct Foundation.Data
/host/spi-builder-workspace/.build/plugins/outputs/spi-builder-workspace/SwiftlyDownloadAPI/destination/OpenAPIGenerator/GeneratedSources/Types+Components+Headers.swift:3:8: warning: public import of 'Foundation' was not used in public declarations or inlinable code
1 | // Generated by swift-openapi-generator, do not modify.
2 | @_spi(Generated) public import OpenAPIRuntime
3 | public import struct Foundation.URL
| `- warning: public import of 'Foundation' was not used in public declarations or inlinable code
4 | public import struct Foundation.Data
5 | public import struct Foundation.Date
/host/spi-builder-workspace/.build/plugins/outputs/spi-builder-workspace/SwiftlyDownloadAPI/destination/OpenAPIGenerator/GeneratedSources/Types+Components+Headers.swift:4:8: warning: public import of 'Foundation' was not used in public declarations or inlinable code
2 | @_spi(Generated) public import OpenAPIRuntime
3 | public import struct Foundation.URL
4 | public import struct Foundation.Data
| `- warning: public import of 'Foundation' was not used in public declarations or inlinable code
5 | public import struct Foundation.Date
6 | extension Components {
/host/spi-builder-workspace/.build/plugins/outputs/spi-builder-workspace/SwiftlyDownloadAPI/destination/OpenAPIGenerator/GeneratedSources/Types+Components+Headers.swift:5:8: warning: public import of 'Foundation' was not used in public declarations or inlinable code
3 | public import struct Foundation.URL
4 | public import struct Foundation.Data
5 | public import struct Foundation.Date
| `- warning: public import of 'Foundation' was not used in public declarations or inlinable code
6 | extension Components {
7 | /// Types generated from the `#/components/headers` section of the OpenAPI document.
[550/1014] Compiling SwiftlyDownloadAPI Types+Components+Responses.swift
/host/spi-builder-workspace/.build/plugins/outputs/spi-builder-workspace/SwiftlyDownloadAPI/destination/OpenAPIGenerator/GeneratedSources/Types+Components+Responses.swift:2:25: warning: public import of 'OpenAPIRuntime' was not used in public declarations or inlinable code
1 | // Generated by swift-openapi-generator, do not modify.
2 | @_spi(Generated) public import OpenAPIRuntime
| `- warning: public import of 'OpenAPIRuntime' was not used in public declarations or inlinable code
3 | public import struct Foundation.URL
4 | public import struct Foundation.Data
/host/spi-builder-workspace/.build/plugins/outputs/spi-builder-workspace/SwiftlyDownloadAPI/destination/OpenAPIGenerator/GeneratedSources/Types+Components+Responses.swift:3:8: warning: public import of 'Foundation' was not used in public declarations or inlinable code
1 | // Generated by swift-openapi-generator, do not modify.
2 | @_spi(Generated) public import OpenAPIRuntime
3 | public import struct Foundation.URL
| `- warning: public import of 'Foundation' was not used in public declarations or inlinable code
4 | public import struct Foundation.Data
5 | public import struct Foundation.Date
/host/spi-builder-workspace/.build/plugins/outputs/spi-builder-workspace/SwiftlyDownloadAPI/destination/OpenAPIGenerator/GeneratedSources/Types+Components+Responses.swift:4:8: warning: public import of 'Foundation' was not used in public declarations or inlinable code
2 | @_spi(Generated) public import OpenAPIRuntime
3 | public import struct Foundation.URL
4 | public import struct Foundation.Data
| `- warning: public import of 'Foundation' was not used in public declarations or inlinable code
5 | public import struct Foundation.Date
6 | extension Components {
/host/spi-builder-workspace/.build/plugins/outputs/spi-builder-workspace/SwiftlyDownloadAPI/destination/OpenAPIGenerator/GeneratedSources/Types+Components+Responses.swift:5:8: warning: public import of 'Foundation' was not used in public declarations or inlinable code
3 | public import struct Foundation.URL
4 | public import struct Foundation.Data
5 | public import struct Foundation.Date
| `- warning: public import of 'Foundation' was not used in public declarations or inlinable code
6 | extension Components {
7 | /// Types generated from the `#/components/responses` section of the OpenAPI document.
[551/1014] Compiling SwiftlyDownloadAPI Types+Components+Parameters.swift
/host/spi-builder-workspace/.build/plugins/outputs/spi-builder-workspace/SwiftlyDownloadAPI/destination/OpenAPIGenerator/GeneratedSources/Types+Components+Parameters.swift:2:25: warning: public import of 'OpenAPIRuntime' was not used in public declarations or inlinable code
1 | // Generated by swift-openapi-generator, do not modify.
2 | @_spi(Generated) public import OpenAPIRuntime
| `- warning: public import of 'OpenAPIRuntime' was not used in public declarations or inlinable code
3 | public import struct Foundation.URL
4 | public import struct Foundation.Data
/host/spi-builder-workspace/.build/plugins/outputs/spi-builder-workspace/SwiftlyDownloadAPI/destination/OpenAPIGenerator/GeneratedSources/Types+Components+Parameters.swift:3:8: warning: public import of 'Foundation' was not used in public declarations or inlinable code
1 | // Generated by swift-openapi-generator, do not modify.
2 | @_spi(Generated) public import OpenAPIRuntime
3 | public import struct Foundation.URL
| `- warning: public import of 'Foundation' was not used in public declarations or inlinable code
4 | public import struct Foundation.Data
5 | public import struct Foundation.Date
/host/spi-builder-workspace/.build/plugins/outputs/spi-builder-workspace/SwiftlyDownloadAPI/destination/OpenAPIGenerator/GeneratedSources/Types+Components+Parameters.swift:4:8: warning: public import of 'Foundation' was not used in public declarations or inlinable code
2 | @_spi(Generated) public import OpenAPIRuntime
3 | public import struct Foundation.URL
4 | public import struct Foundation.Data
| `- warning: public import of 'Foundation' was not used in public declarations or inlinable code
5 | public import struct Foundation.Date
6 | extension Components {
/host/spi-builder-workspace/.build/plugins/outputs/spi-builder-workspace/SwiftlyDownloadAPI/destination/OpenAPIGenerator/GeneratedSources/Types+Components+Parameters.swift:5:8: warning: public import of 'Foundation' was not used in public declarations or inlinable code
3 | public import struct Foundation.URL
4 | public import struct Foundation.Data
5 | public import struct Foundation.Date
| `- warning: public import of 'Foundation' was not used in public declarations or inlinable code
6 | extension Components {
7 | /// Types generated from the `#/components/parameters` section of the OpenAPI document.
/host/spi-builder-workspace/.build/plugins/outputs/spi-builder-workspace/SwiftlyDownloadAPI/destination/OpenAPIGenerator/GeneratedSources/Types+Components+RequestBodies.swift:2:25: warning: public import of 'OpenAPIRuntime' was not used in public declarations or inlinable code
1 | // Generated by swift-openapi-generator, do not modify.
2 | @_spi(Generated) public import OpenAPIRuntime
| `- warning: public import of 'OpenAPIRuntime' was not used in public declarations or inlinable code
3 | public import struct Foundation.URL
4 | public import struct Foundation.Data
/host/spi-builder-workspace/.build/plugins/outputs/spi-builder-workspace/SwiftlyDownloadAPI/destination/OpenAPIGenerator/GeneratedSources/Types+Components+RequestBodies.swift:3:8: warning: public import of 'Foundation' was not used in public declarations or inlinable code
1 | // Generated by swift-openapi-generator, do not modify.
2 | @_spi(Generated) public import OpenAPIRuntime
3 | public import struct Foundation.URL
| `- warning: public import of 'Foundation' was not used in public declarations or inlinable code
4 | public import struct Foundation.Data
5 | public import struct Foundation.Date
/host/spi-builder-workspace/.build/plugins/outputs/spi-builder-workspace/SwiftlyDownloadAPI/destination/OpenAPIGenerator/GeneratedSources/Types+Components+RequestBodies.swift:4:8: warning: public import of 'Foundation' was not used in public declarations or inlinable code
2 | @_spi(Generated) public import OpenAPIRuntime
3 | public import struct Foundation.URL
4 | public import struct Foundation.Data
| `- warning: public import of 'Foundation' was not used in public declarations or inlinable code
5 | public import struct Foundation.Date
6 | extension Components {
/host/spi-builder-workspace/.build/plugins/outputs/spi-builder-workspace/SwiftlyDownloadAPI/destination/OpenAPIGenerator/GeneratedSources/Types+Components+RequestBodies.swift:5:8: warning: public import of 'Foundation' was not used in public declarations or inlinable code
3 | public import struct Foundation.URL
4 | public import struct Foundation.Data
5 | public import struct Foundation.Date
| `- warning: public import of 'Foundation' was not used in public declarations or inlinable code
6 | extension Components {
7 | /// Types generated from the `#/components/requestBodies` section of the OpenAPI document.
[552/1014] Compiling SwiftlyDownloadAPI Types+Components+RequestBodies.swift
/host/spi-builder-workspace/.build/plugins/outputs/spi-builder-workspace/SwiftlyDownloadAPI/destination/OpenAPIGenerator/GeneratedSources/Types+Components+Parameters.swift:2:25: warning: public import of 'OpenAPIRuntime' was not used in public declarations or inlinable code
1 | // Generated by swift-openapi-generator, do not modify.
2 | @_spi(Generated) public import OpenAPIRuntime
| `- warning: public import of 'OpenAPIRuntime' was not used in public declarations or inlinable code
3 | public import struct Foundation.URL
4 | public import struct Foundation.Data
/host/spi-builder-workspace/.build/plugins/outputs/spi-builder-workspace/SwiftlyDownloadAPI/destination/OpenAPIGenerator/GeneratedSources/Types+Components+Parameters.swift:3:8: warning: public import of 'Foundation' was not used in public declarations or inlinable code
1 | // Generated by swift-openapi-generator, do not modify.
2 | @_spi(Generated) public import OpenAPIRuntime
3 | public import struct Foundation.URL
| `- warning: public import of 'Foundation' was not used in public declarations or inlinable code
4 | public import struct Foundation.Data
5 | public import struct Foundation.Date
/host/spi-builder-workspace/.build/plugins/outputs/spi-builder-workspace/SwiftlyDownloadAPI/destination/OpenAPIGenerator/GeneratedSources/Types+Components+Parameters.swift:4:8: warning: public import of 'Foundation' was not used in public declarations or inlinable code
2 | @_spi(Generated) public import OpenAPIRuntime
3 | public import struct Foundation.URL
4 | public import struct Foundation.Data
| `- warning: public import of 'Foundation' was not used in public declarations or inlinable code
5 | public import struct Foundation.Date
6 | extension Components {
/host/spi-builder-workspace/.build/plugins/outputs/spi-builder-workspace/SwiftlyDownloadAPI/destination/OpenAPIGenerator/GeneratedSources/Types+Components+Parameters.swift:5:8: warning: public import of 'Foundation' was not used in public declarations or inlinable code
3 | public import struct Foundation.URL
4 | public import struct Foundation.Data
5 | public import struct Foundation.Date
| `- warning: public import of 'Foundation' was not used in public declarations or inlinable code
6 | extension Components {
7 | /// Types generated from the `#/components/parameters` section of the OpenAPI document.
/host/spi-builder-workspace/.build/plugins/outputs/spi-builder-workspace/SwiftlyDownloadAPI/destination/OpenAPIGenerator/GeneratedSources/Types+Components+RequestBodies.swift:2:25: warning: public import of 'OpenAPIRuntime' was not used in public declarations or inlinable code
1 | // Generated by swift-openapi-generator, do not modify.
2 | @_spi(Generated) public import OpenAPIRuntime
| `- warning: public import of 'OpenAPIRuntime' was not used in public declarations or inlinable code
3 | public import struct Foundation.URL
4 | public import struct Foundation.Data
/host/spi-builder-workspace/.build/plugins/outputs/spi-builder-workspace/SwiftlyDownloadAPI/destination/OpenAPIGenerator/GeneratedSources/Types+Components+RequestBodies.swift:3:8: warning: public import of 'Foundation' was not used in public declarations or inlinable code
1 | // Generated by swift-openapi-generator, do not modify.
2 | @_spi(Generated) public import OpenAPIRuntime
3 | public import struct Foundation.URL
| `- warning: public import of 'Foundation' was not used in public declarations or inlinable code
4 | public import struct Foundation.Data
5 | public import struct Foundation.Date
/host/spi-builder-workspace/.build/plugins/outputs/spi-builder-workspace/SwiftlyDownloadAPI/destination/OpenAPIGenerator/GeneratedSources/Types+Components+RequestBodies.swift:4:8: warning: public import of 'Foundation' was not used in public declarations or inlinable code
2 | @_spi(Generated) public import OpenAPIRuntime
3 | public import struct Foundation.URL
4 | public import struct Foundation.Data
| `- warning: public import of 'Foundation' was not used in public declarations or inlinable code
5 | public import struct Foundation.Date
6 | extension Components {
/host/spi-builder-workspace/.build/plugins/outputs/spi-builder-workspace/SwiftlyDownloadAPI/destination/OpenAPIGenerator/GeneratedSources/Types+Components+RequestBodies.swift:5:8: warning: public import of 'Foundation' was not used in public declarations or inlinable code
3 | public import struct Foundation.URL
4 | public import struct Foundation.Data
5 | public import struct Foundation.Date
| `- warning: public import of 'Foundation' was not used in public declarations or inlinable code
6 | extension Components {
7 | /// Types generated from the `#/components/requestBodies` section of the OpenAPI document.
[552/1014] Wrapping AST for OpenAPIRuntime for debugging
[554/1025] Compiling TSCUtility URL.swift
[555/1025] Compiling TSCUtility Verbosity.swift
[556/1032] Compiling SwiftlyDownloadAPI Types.swift
/host/spi-builder-workspace/.build/plugins/outputs/spi-builder-workspace/SwiftlyDownloadAPI/destination/OpenAPIGenerator/GeneratedSources/Types.swift:2:25: warning: public import of 'OpenAPIRuntime' was not used in public declarations or inlinable code
1 | // Generated by swift-openapi-generator, do not modify.
2 | @_spi(Generated) public import OpenAPIRuntime
| `- warning: public import of 'OpenAPIRuntime' was not used in public declarations or inlinable code
3 | public import struct Foundation.URL
4 | public import struct Foundation.Data
[557/1032] Emitting module TSCUtility
[557/1032] Compiling ssl_lib.cc
[558/1032] Wrapping AST for Subprocess for debugging
[560/1032] Emitting module SwiftlyWebsiteAPI
[561/1033] Compiling SwiftlyDownloadAPI Servers+Extensions.swift
[562/1033] Compiling SwiftlyDownloadAPI Client.swift
[563/1033] Emitting module SwiftlyDownloadAPI
[565/1033] Compiling ssl_key_share.cc
[567/1033] Compiling SwiftlyWebsiteAPI Types.swift
/host/spi-builder-workspace/.build/plugins/outputs/spi-builder-workspace/SwiftlyWebsiteAPI/destination/OpenAPIGenerator/GeneratedSources/Types.swift:2:25: warning: public import of 'OpenAPIRuntime' was not used in public declarations or inlinable code
1 | // Generated by swift-openapi-generator, do not modify.
2 | @_spi(Generated) public import OpenAPIRuntime
| `- warning: public import of 'OpenAPIRuntime' was not used in public declarations or inlinable code
3 | public import struct Foundation.URL
4 | public import struct Foundation.Data
[568/1033] Compiling TSCUtility dlopen.swift
[569/1033] Compiling TSCUtility misc.swift
[573/1033] Compiling TSCUtility CollectionExtensions.swift
[574/1033] Compiling TSCUtility Diagnostics.swift
[575/1033] Compiling TSCUtility FSWatch.swift
[577/1034] Compiling SwiftlyDownloadAPI Types+Components.swift
/host/spi-builder-workspace/.build/plugins/outputs/spi-builder-workspace/SwiftlyDownloadAPI/destination/OpenAPIGenerator/GeneratedSources/Types+Components.swift:2:25: warning: public import of 'OpenAPIRuntime' was not used in public declarations or inlinable code
1 | // Generated by swift-openapi-generator, do not modify.
2 | @_spi(Generated) public import OpenAPIRuntime
| `- warning: public import of 'OpenAPIRuntime' was not used in public declarations or inlinable code
3 | public import struct Foundation.URL
4 | public import struct Foundation.Data
/host/spi-builder-workspace/.build/plugins/outputs/spi-builder-workspace/SwiftlyDownloadAPI/destination/OpenAPIGenerator/GeneratedSources/Types+Components.swift:3:8: warning: public import of 'Foundation' was not used in public declarations or inlinable code
1 | // Generated by swift-openapi-generator, do not modify.
2 | @_spi(Generated) public import OpenAPIRuntime
3 | public import struct Foundation.URL
| `- warning: public import of 'Foundation' was not used in public declarations or inlinable code
4 | public import struct Foundation.Data
5 | public import struct Foundation.Date
/host/spi-builder-workspace/.build/plugins/outputs/spi-builder-workspace/SwiftlyDownloadAPI/destination/OpenAPIGenerator/GeneratedSources/Types+Components.swift:4:8: warning: public import of 'Foundation' was not used in public declarations or inlinable code
2 | @_spi(Generated) public import OpenAPIRuntime
3 | public import struct Foundation.URL
4 | public import struct Foundation.Data
| `- warning: public import of 'Foundation' was not used in public declarations or inlinable code
5 | public import struct Foundation.Date
6 | /// Types generated from the components section of the OpenAPI document.
/host/spi-builder-workspace/.build/plugins/outputs/spi-builder-workspace/SwiftlyDownloadAPI/destination/OpenAPIGenerator/GeneratedSources/Types+Components.swift:5:8: warning: public import of 'Foundation' was not used in public declarations or inlinable code
3 | public import struct Foundation.URL
4 | public import struct Foundation.Data
5 | public import struct Foundation.Date
| `- warning: public import of 'Foundation' was not used in public declarations or inlinable code
6 | /// Types generated from the components section of the OpenAPI document.
7 | public enum Components {}
[578/1034] Compiling SwiftlyDownloadAPI Types+Operations.swift
/host/spi-builder-workspace/.build/plugins/outputs/spi-builder-workspace/SwiftlyDownloadAPI/destination/OpenAPIGenerator/GeneratedSources/Types+Operations.swift:3:8: warning: public import of 'Foundation' was not used in public declarations or inlinable code
1 | // Generated by swift-openapi-generator, do not modify.
2 | @_spi(Generated) public import OpenAPIRuntime
3 | public import struct Foundation.URL
| `- warning: public import of 'Foundation' was not used in public declarations or inlinable code
4 | public import struct Foundation.Data
5 | public import struct Foundation.Date
/host/spi-builder-workspace/.build/plugins/outputs/spi-builder-workspace/SwiftlyDownloadAPI/destination/OpenAPIGenerator/GeneratedSources/Types+Operations.swift:4:8: warning: public import of 'Foundation' was not used in public declarations or inlinable code
2 | @_spi(Generated) public import OpenAPIRuntime
3 | public import struct Foundation.URL
4 | public import struct Foundation.Data
| `- warning: public import of 'Foundation' was not used in public declarations or inlinable code
5 | public import struct Foundation.Date
6 | /// API operations, with input and output types, generated from `#/paths` in the OpenAPI document.
/host/spi-builder-workspace/.build/plugins/outputs/spi-builder-workspace/SwiftlyDownloadAPI/destination/OpenAPIGenerator/GeneratedSources/Types+Operations.swift:5:8: warning: public import of 'Foundation' was not used in public declarations or inlinable code
3 | public import struct Foundation.URL
4 | public import struct Foundation.Data
5 | public import struct Foundation.Date
| `- warning: public import of 'Foundation' was not used in public declarations or inlinable code
6 | /// API operations, with input and output types, generated from `#/paths` in the OpenAPI document.
7 | public enum Operations {
[579/1034] Compiling TSCUtility Version.swift
[580/1034] Compiling TSCUtility Versioning.swift
[581/1034] Compiling SwiftlyDownloadAPI Types+Components+Schemas.swift
/host/spi-builder-workspace/.build/plugins/outputs/spi-builder-workspace/SwiftlyDownloadAPI/destination/OpenAPIGenerator/GeneratedSources/Types+Components+Schemas.swift:2:25: warning: public import of 'OpenAPIRuntime' was not used in public declarations or inlinable code
1 | // Generated by swift-openapi-generator, do not modify.
2 | @_spi(Generated) public import OpenAPIRuntime
| `- warning: public import of 'OpenAPIRuntime' was not used in public declarations or inlinable code
3 | public import struct Foundation.URL
4 | public import struct Foundation.Data
/host/spi-builder-workspace/.build/plugins/outputs/spi-builder-workspace/SwiftlyDownloadAPI/destination/OpenAPIGenerator/GeneratedSources/Types+Components+Schemas.swift:3:8: warning: public import of 'Foundation' was not used in public declarations or inlinable code
1 | // Generated by swift-openapi-generator, do not modify.
2 | @_spi(Generated) public import OpenAPIRuntime
3 | public import struct Foundation.URL
| `- warning: public import of 'Foundation' was not used in public declarations or inlinable code
4 | public import struct Foundation.Data
5 | public import struct Foundation.Date
/host/spi-builder-workspace/.build/plugins/outputs/spi-builder-workspace/SwiftlyDownloadAPI/destination/OpenAPIGenerator/GeneratedSources/Types+Components+Schemas.swift:4:8: warning: public import of 'Foundation' was not used in public declarations or inlinable code
2 | @_spi(Generated) public import OpenAPIRuntime
3 | public import struct Foundation.URL
4 | public import struct Foundation.Data
| `- warning: public import of 'Foundation' was not used in public declarations or inlinable code
5 | public import struct Foundation.Date
6 | extension Components {
/host/spi-builder-workspace/.build/plugins/outputs/spi-builder-workspace/SwiftlyDownloadAPI/destination/OpenAPIGenerator/GeneratedSources/Types+Components+Schemas.swift:5:8: warning: public import of 'Foundation' was not used in public declarations or inlinable code
3 | public import struct Foundation.URL
4 | public import struct Foundation.Data
5 | public import struct Foundation.Date
| `- warning: public import of 'Foundation' was not used in public declarations or inlinable code
6 | extension Components {
7 | /// Types generated from the `#/components/schemas` section of the OpenAPI document.
[583/1035] Compiling SwiftlyWebsiteAPI Types+Components.swift
/host/spi-builder-workspace/.build/plugins/outputs/spi-builder-workspace/SwiftlyWebsiteAPI/destination/OpenAPIGenerator/GeneratedSources/Types+Components.swift:2:25: warning: public import of 'OpenAPIRuntime' was not used in public declarations or inlinable code
1 | // Generated by swift-openapi-generator, do not modify.
2 | @_spi(Generated) public import OpenAPIRuntime
| `- warning: public import of 'OpenAPIRuntime' was not used in public declarations or inlinable code
3 | public import struct Foundation.URL
4 | public import struct Foundation.Data
/host/spi-builder-workspace/.build/plugins/outputs/spi-builder-workspace/SwiftlyWebsiteAPI/destination/OpenAPIGenerator/GeneratedSources/Types+Components.swift:3:8: warning: public import of 'Foundation' was not used in public declarations or inlinable code
1 | // Generated by swift-openapi-generator, do not modify.
2 | @_spi(Generated) public import OpenAPIRuntime
3 | public import struct Foundation.URL
| `- warning: public import of 'Foundation' was not used in public declarations or inlinable code
4 | public import struct Foundation.Data
5 | public import struct Foundation.Date
/host/spi-builder-workspace/.build/plugins/outputs/spi-builder-workspace/SwiftlyWebsiteAPI/destination/OpenAPIGenerator/GeneratedSources/Types+Components.swift:4:8: warning: public import of 'Foundation' was not used in public declarations or inlinable code
2 | @_spi(Generated) public import OpenAPIRuntime
3 | public import struct Foundation.URL
4 | public import struct Foundation.Data
| `- warning: public import of 'Foundation' was not used in public declarations or inlinable code
5 | public import struct Foundation.Date
6 | /// Types generated from the components section of the OpenAPI document.
/host/spi-builder-workspace/.build/plugins/outputs/spi-builder-workspace/SwiftlyWebsiteAPI/destination/OpenAPIGenerator/GeneratedSources/Types+Components.swift:5:8: warning: public import of 'Foundation' was not used in public declarations or inlinable code
3 | public import struct Foundation.URL
4 | public import struct Foundation.Data
5 | public import struct Foundation.Date
| `- warning: public import of 'Foundation' was not used in public declarations or inlinable code
6 | /// Types generated from the components section of the OpenAPI document.
7 | public enum Components {}
[584/1035] Compiling SwiftlyWebsiteAPI Types+Components+Responses.swift
/host/spi-builder-workspace/.build/plugins/outputs/spi-builder-workspace/SwiftlyWebsiteAPI/destination/OpenAPIGenerator/GeneratedSources/Types+Components+Responses.swift:2:25: warning: public import of 'OpenAPIRuntime' was not used in public declarations or inlinable code
1 | // Generated by swift-openapi-generator, do not modify.
2 | @_spi(Generated) public import OpenAPIRuntime
| `- warning: public import of 'OpenAPIRuntime' was not used in public declarations or inlinable code
3 | public import struct Foundation.URL
4 | public import struct Foundation.Data
/host/spi-builder-workspace/.build/plugins/outputs/spi-builder-workspace/SwiftlyWebsiteAPI/destination/OpenAPIGenerator/GeneratedSources/Types+Components+Responses.swift:3:8: warning: public import of 'Foundation' was not used in public declarations or inlinable code
1 | // Generated by swift-openapi-generator, do not modify.
2 | @_spi(Generated) public import OpenAPIRuntime
3 | public import struct Foundation.URL
| `- warning: public import of 'Foundation' was not used in public declarations or inlinable code
4 | public import struct Foundation.Data
5 | public import struct Foundation.Date
/host/spi-builder-workspace/.build/plugins/outputs/spi-builder-workspace/SwiftlyWebsiteAPI/destination/OpenAPIGenerator/GeneratedSources/Types+Components+Responses.swift:4:8: warning: public import of 'Foundation' was not used in public declarations or inlinable code
2 | @_spi(Generated) public import OpenAPIRuntime
3 | public import struct Foundation.URL
4 | public import struct Foundation.Data
| `- warning: public import of 'Foundation' was not used in public declarations or inlinable code
5 | public import struct Foundation.Date
6 | extension Components {
/host/spi-builder-workspace/.build/plugins/outputs/spi-builder-workspace/SwiftlyWebsiteAPI/destination/OpenAPIGenerator/GeneratedSources/Types+Components+Responses.swift:5:8: warning: public import of 'Foundation' was not used in public declarations or inlinable code
3 | public import struct Foundation.URL
4 | public import struct Foundation.Data
5 | public import struct Foundation.Date
| `- warning: public import of 'Foundation' was not used in public declarations or inlinable code
6 | extension Components {
7 | /// Types generated from the `#/components/responses` section of the OpenAPI document.
[585/1035] Compiling SwiftlyWebsiteAPI Types+Operations.swift
/host/spi-builder-workspace/.build/plugins/outputs/spi-builder-workspace/SwiftlyWebsiteAPI/destination/OpenAPIGenerator/GeneratedSources/Types+Operations.swift:3:8: warning: public import of 'Foundation' was not used in public declarations or inlinable code
1 | // Generated by swift-openapi-generator, do not modify.
2 | @_spi(Generated) public import OpenAPIRuntime
3 | public import struct Foundation.URL
| `- warning: public import of 'Foundation' was not used in public declarations or inlinable code
4 | public import struct Foundation.Data
5 | public import struct Foundation.Date
/host/spi-builder-workspace/.build/plugins/outputs/spi-builder-workspace/SwiftlyWebsiteAPI/destination/OpenAPIGenerator/GeneratedSources/Types+Operations.swift:4:8: warning: public import of 'Foundation' was not used in public declarations or inlinable code
2 | @_spi(Generated) public import OpenAPIRuntime
3 | public import struct Foundation.URL
4 | public import struct Foundation.Data
| `- warning: public import of 'Foundation' was not used in public declarations or inlinable code
5 | public import struct Foundation.Date
6 | /// API operations, with input and output types, generated from `#/paths` in the OpenAPI document.
/host/spi-builder-workspace/.build/plugins/outputs/spi-builder-workspace/SwiftlyWebsiteAPI/destination/OpenAPIGenerator/GeneratedSources/Types+Operations.swift:5:8: warning: public import of 'Foundation' was not used in public declarations or inlinable code
3 | public import struct Foundation.URL
4 | public import struct Foundation.Data
5 | public import struct Foundation.Date
| `- warning: public import of 'Foundation' was not used in public declarations or inlinable code
6 | /// API operations, with input and output types, generated from `#/paths` in the OpenAPI document.
7 | public enum Operations {
[586/1035] Compiling SwiftlyWebsiteAPI Types+Components+Schemas.swift
/host/spi-builder-workspace/.build/plugins/outputs/spi-builder-workspace/SwiftlyWebsiteAPI/destination/OpenAPIGenerator/GeneratedSources/Types+Components+Schemas.swift:2:25: warning: public import of 'OpenAPIRuntime' was not used in public declarations or inlinable code
1 | // Generated by swift-openapi-generator, do not modify.
2 | @_spi(Generated) public import OpenAPIRuntime
| `- warning: public import of 'OpenAPIRuntime' was not used in public declarations or inlinable code
3 | public import struct Foundation.URL
4 | public import struct Foundation.Data
/host/spi-builder-workspace/.build/plugins/outputs/spi-builder-workspace/SwiftlyWebsiteAPI/destination/OpenAPIGenerator/GeneratedSources/Types+Components+Schemas.swift:3:8: warning: public import of 'Foundation' was not used in public declarations or inlinable code
1 | // Generated by swift-openapi-generator, do not modify.
2 | @_spi(Generated) public import OpenAPIRuntime
3 | public import struct Foundation.URL
| `- warning: public import of 'Foundation' was not used in public declarations or inlinable code
4 | public import struct Foundation.Data
5 | public import struct Foundation.Date
/host/spi-builder-workspace/.build/plugins/outputs/spi-builder-workspace/SwiftlyWebsiteAPI/destination/OpenAPIGenerator/GeneratedSources/Types+Components+Schemas.swift:4:8: warning: public import of 'Foundation' was not used in public declarations or inlinable code
2 | @_spi(Generated) public import OpenAPIRuntime
3 | public import struct Foundation.URL
4 | public import struct Foundation.Data
| `- warning: public import of 'Foundation' was not used in public declarations or inlinable code
5 | public import struct Foundation.Date
6 | extension Components {
/host/spi-builder-workspace/.build/plugins/outputs/spi-builder-workspace/SwiftlyWebsiteAPI/destination/OpenAPIGenerator/GeneratedSources/Types+Components+Schemas.swift:5:8: warning: public import of 'Foundation' was not used in public declarations or inlinable code
3 | public import struct Foundation.URL
4 | public import struct Foundation.Data
5 | public import struct Foundation.Date
| `- warning: public import of 'Foundation' was not used in public declarations or inlinable code
6 | extension Components {
7 | /// Types generated from the `#/components/schemas` section of the OpenAPI document.
/host/spi-builder-workspace/.build/plugins/outputs/spi-builder-workspace/SwiftlyWebsiteAPI/destination/OpenAPIGenerator/GeneratedSources/Types+Components+Headers.swift:2:25: warning: public import of 'OpenAPIRuntime' was not used in public declarations or inlinable code
1 | // Generated by swift-openapi-generator, do not modify.
2 | @_spi(Generated) public import OpenAPIRuntime
| `- warning: public import of 'OpenAPIRuntime' was not used in public declarations or inlinable code
3 | public import struct Foundation.URL
4 | public import struct Foundation.Data
/host/spi-builder-workspace/.build/plugins/outputs/spi-builder-workspace/SwiftlyWebsiteAPI/destination/OpenAPIGenerator/GeneratedSources/Types+Components+Headers.swift:3:8: warning: public import of 'Foundation' was not used in public declarations or inlinable code
1 | // Generated by swift-openapi-generator, do not modify.
2 | @_spi(Generated) public import OpenAPIRuntime
3 | public import struct Foundation.URL
| `- warning: public import of 'Foundation' was not used in public declarations or inlinable code
4 | public import struct Foundation.Data
5 | public import struct Foundation.Date
/host/spi-builder-workspace/.build/plugins/outputs/spi-builder-workspace/SwiftlyWebsiteAPI/destination/OpenAPIGenerator/GeneratedSources/Types+Components+Headers.swift:4:8: warning: public import of 'Foundation' was not used in public declarations or inlinable code
2 | @_spi(Generated) public import OpenAPIRuntime
3 | public import struct Foundation.URL
4 | public import struct Foundation.Data
| `- warning: public import of 'Foundation' was not used in public declarations or inlinable code
5 | public import struct Foundation.Date
6 | extension Components {
/host/spi-builder-workspace/.build/plugins/outputs/spi-builder-workspace/SwiftlyWebsiteAPI/destination/OpenAPIGenerator/GeneratedSources/Types+Components+Headers.swift:5:8: warning: public import of 'Foundation' was not used in public declarations or inlinable code
3 | public import struct Foundation.URL
4 | public import struct Foundation.Data
5 | public import struct Foundation.Date
| `- warning: public import of 'Foundation' was not used in public declarations or inlinable code
6 | extension Components {
7 | /// Types generated from the `#/components/headers` section of the OpenAPI document.
/host/spi-builder-workspace/.build/plugins/outputs/spi-builder-workspace/SwiftlyWebsiteAPI/destination/OpenAPIGenerator/GeneratedSources/Types+Components+Headers.swift:2:25: warning: public import of 'OpenAPIRuntime' was not used in public declarations or inlinable code
1 | // Generated by swift-openapi-generator, do not modify.
2 | @_spi(Generated) public import OpenAPIRuntime
| `- warning: public import of 'OpenAPIRuntime' was not used in public declarations or inlinable code
3 | public import struct Foundation.URL
4 | public import struct Foundation.Data
/host/spi-builder-workspace/.build/plugins/outputs/spi-builder-workspace/SwiftlyWebsiteAPI/destination/OpenAPIGenerator/GeneratedSources/Types+Components+Headers.swift:3:8: warning: public import of 'Foundation' was not used in public declarations or inlinable code
1 | // Generated by swift-openapi-generator, do not modify.
2 | @_spi(Generated) public import OpenAPIRuntime
3 | public import struct Foundation.URL
| `- warning: public import of 'Foundation' was not used in public declarations or inlinable code
4 | public import struct Foundation.Data
5 | public import struct Foundation.Date
/host/spi-builder-workspace/.build/plugins/outputs/spi-builder-workspace/SwiftlyWebsiteAPI/destination/OpenAPIGenerator/GeneratedSources/Types+Components+Headers.swift:4:8: warning: public import of 'Foundation' was not used in public declarations or inlinable code
2 | @_spi(Generated) public import OpenAPIRuntime
3 | public import struct Foundation.URL
4 | public import struct Foundation.Data
| `- warning: public import of 'Foundation' was not used in public declarations or inlinable code
5 | public import struct Foundation.Date
6 | extension Components {
/host/spi-builder-workspace/.build/plugins/outputs/spi-builder-workspace/SwiftlyWebsiteAPI/destination/OpenAPIGenerator/GeneratedSources/Types+Components+Headers.swift:5:8: warning: public import of 'Foundation' was not used in public declarations or inlinable code
3 | public import struct Foundation.URL
4 | public import struct Foundation.Data
5 | public import struct Foundation.Date
| `- warning: public import of 'Foundation' was not used in public declarations or inlinable code
6 | extension Components {
7 | /// Types generated from the `#/components/headers` section of the OpenAPI document.
/host/spi-builder-workspace/.build/plugins/outputs/spi-builder-workspace/SwiftlyWebsiteAPI/destination/OpenAPIGenerator/GeneratedSources/Types+Components+Parameters.swift:2:25: warning: public import of 'OpenAPIRuntime' was not used in public declarations or inlinable code
1 | // Generated by swift-openapi-generator, do not modify.
2 | @_spi(Generated) public import OpenAPIRuntime
| `- warning: public import of 'OpenAPIRuntime' was not used in public declarations or inlinable code
3 | public import struct Foundation.URL
4 | public import struct Foundation.Data
/host/spi-builder-workspace/.build/plugins/outputs/spi-builder-workspace/SwiftlyWebsiteAPI/destination/OpenAPIGenerator/GeneratedSources/Types+Components+Parameters.swift:3:8: warning: public import of 'Foundation' was not used in public declarations or inlinable code
1 | // Generated by swift-openapi-generator, do not modify.
2 | @_spi(Generated) public import OpenAPIRuntime
3 | public import struct Foundation.URL
| `- warning: public import of 'Foundation' was not used in public declarations or inlinable code
4 | public import struct Foundation.Data
5 | public import struct Foundation.Date
/host/spi-builder-workspace/.build/plugins/outputs/spi-builder-workspace/SwiftlyWebsiteAPI/destination/OpenAPIGenerator/GeneratedSources/Types+Components+Parameters.swift:4:8: warning: public import of 'Foundation' was not used in public declarations or inlinable code
2 | @_spi(Generated) public import OpenAPIRuntime
3 | public import struct Foundation.URL
4 | public import struct Foundation.Data
| `- warning: public import of 'Foundation' was not used in public declarations or inlinable code
5 | public import struct Foundation.Date
6 | extension Components {
/host/spi-builder-workspace/.build/plugins/outputs/spi-builder-workspace/SwiftlyWebsiteAPI/destination/OpenAPIGenerator/GeneratedSources/Types+Components+Parameters.swift:5:8: warning: public import of 'Foundation' was not used in public declarations or inlinable code
3 | public import struct Foundation.URL
4 | public import struct Foundation.Data
5 | public import struct Foundation.Date
| `- warning: public import of 'Foundation' was not used in public declarations or inlinable code
6 | extension Components {
7 | /// Types generated from the `#/components/parameters` section of the OpenAPI document.
/host/spi-builder-workspace/.build/plugins/outputs/spi-builder-workspace/SwiftlyWebsiteAPI/destination/OpenAPIGenerator/GeneratedSources/Types+Components+RequestBodies.swift:2:25: warning: public import of 'OpenAPIRuntime' was not used in public declarations or inlinable code
1 | // Generated by swift-openapi-generator, do not modify.
2 | @_spi(Generated) public import OpenAPIRuntime
| `- warning: public import of 'OpenAPIRuntime' was not used in public declarations or inlinable code
3 | public import struct Foundation.URL
4 | public import struct Foundation.Data
/host/spi-builder-workspace/.build/plugins/outputs/spi-builder-workspace/SwiftlyWebsiteAPI/destination/OpenAPIGenerator/GeneratedSources/Types+Components+RequestBodies.swift:3:8: warning: public import of 'Foundation' was not used in public declarations or inlinable code
1 | // Generated by swift-openapi-generator, do not modify.
2 | @_spi(Generated) public import OpenAPIRuntime
3 | public import struct Foundation.URL
| `- warning: public import of 'Foundation' was not used in public declarations or inlinable code
4 | public import struct Foundation.Data
5 | public import struct Foundation.Date
/host/spi-builder-workspace/.build/plugins/outputs/spi-builder-workspace/SwiftlyWebsiteAPI/destination/OpenAPIGenerator/GeneratedSources/Types+Components+RequestBodies.swift:4:8: warning: public import of 'Foundation' was not used in public declarations or inlinable code
2 | @_spi(Generated) public import OpenAPIRuntime
3 | public import struct Foundation.URL
4 | public import struct Foundation.Data
| `- warning: public import of 'Foundation' was not used in public declarations or inlinable code
5 | public import struct Foundation.Date
6 | extension Components {
/host/spi-builder-workspace/.build/plugins/outputs/spi-builder-workspace/SwiftlyWebsiteAPI/destination/OpenAPIGenerator/GeneratedSources/Types+Components+RequestBodies.swift:5:8: warning: public import of 'Foundation' was not used in public declarations or inlinable code
3 | public import struct Foundation.URL
4 | public import struct Foundation.Data
5 | public import struct Foundation.Date
| `- warning: public import of 'Foundation' was not used in public declarations or inlinable code
6 | extension Components {
7 | /// Types generated from the `#/components/requestBodies` section of the OpenAPI document.
/host/spi-builder-workspace/.build/plugins/outputs/spi-builder-workspace/SwiftlyWebsiteAPI/destination/OpenAPIGenerator/GeneratedSources/Types+Components+Parameters.swift:2:25: warning: public import of 'OpenAPIRuntime' was not used in public declarations or inlinable code
1 | // Generated by swift-openapi-generator, do not modify.
2 | @_spi(Generated) public import OpenAPIRuntime
| `- warning: public import of 'OpenAPIRuntime' was not used in public declarations or inlinable code
3 | public import struct Foundation.URL
4 | public import struct Foundation.Data
/host/spi-builder-workspace/.build/plugins/outputs/spi-builder-workspace/SwiftlyWebsiteAPI/destination/OpenAPIGenerator/GeneratedSources/Types+Components+Parameters.swift:3:8: warning: public import of 'Foundation' was not used in public declarations or inlinable code
1 | // Generated by swift-openapi-generator, do not modify.
2 | @_spi(Generated) public import OpenAPIRuntime
3 | public import struct Foundation.URL
| `- warning: public import of 'Foundation' was not used in public declarations or inlinable code
4 | public import struct Foundation.Data
5 | public import struct Foundation.Date
/host/spi-builder-workspace/.build/plugins/outputs/spi-builder-workspace/SwiftlyWebsiteAPI/destination/OpenAPIGenerator/GeneratedSources/Types+Components+Parameters.swift:4:8: warning: public import of 'Foundation' was not used in public declarations or inlinable code
2 | @_spi(Generated) public import OpenAPIRuntime
3 | public import struct Foundation.URL
4 | public import struct Foundation.Data
| `- warning: public import of 'Foundation' was not used in public declarations or inlinable code
5 | public import struct Foundation.Date
6 | extension Components {
/host/spi-builder-workspace/.build/plugins/outputs/spi-builder-workspace/SwiftlyWebsiteAPI/destination/OpenAPIGenerator/GeneratedSources/Types+Components+Parameters.swift:5:8: warning: public import of 'Foundation' was not used in public declarations or inlinable code
3 | public import struct Foundation.URL
4 | public import struct Foundation.Data
5 | public import struct Foundation.Date
| `- warning: public import of 'Foundation' was not used in public declarations or inlinable code
6 | extension Components {
7 | /// Types generated from the `#/components/parameters` section of the OpenAPI document.
/host/spi-builder-workspace/.build/plugins/outputs/spi-builder-workspace/SwiftlyWebsiteAPI/destination/OpenAPIGenerator/GeneratedSources/Types+Components+RequestBodies.swift:2:25: warning: public import of 'OpenAPIRuntime' was not used in public declarations or inlinable code
1 | // Generated by swift-openapi-generator, do not modify.
2 | @_spi(Generated) public import OpenAPIRuntime
| `- warning: public import of 'OpenAPIRuntime' was not used in public declarations or inlinable code
3 | public import struct Foundation.URL
4 | public import struct Foundation.Data
/host/spi-builder-workspace/.build/plugins/outputs/spi-builder-workspace/SwiftlyWebsiteAPI/destination/OpenAPIGenerator/GeneratedSources/Types+Components+RequestBodies.swift:3:8: warning: public import of 'Foundation' was not used in public declarations or inlinable code
1 | // Generated by swift-openapi-generator, do not modify.
2 | @_spi(Generated) public import OpenAPIRuntime
3 | public import struct Foundation.URL
| `- warning: public import of 'Foundation' was not used in public declarations or inlinable code
4 | public import struct Foundation.Data
5 | public import struct Foundation.Date
/host/spi-builder-workspace/.build/plugins/outputs/spi-builder-workspace/SwiftlyWebsiteAPI/destination/OpenAPIGenerator/GeneratedSources/Types+Components+RequestBodies.swift:4:8: warning: public import of 'Foundation' was not used in public declarations or inlinable code
2 | @_spi(Generated) public import OpenAPIRuntime
3 | public import struct Foundation.URL
4 | public import struct Foundation.Data
| `- warning: public import of 'Foundation' was not used in public declarations or inlinable code
5 | public import struct Foundation.Date
6 | extension Components {
/host/spi-builder-workspace/.build/plugins/outputs/spi-builder-workspace/SwiftlyWebsiteAPI/destination/OpenAPIGenerator/GeneratedSources/Types+Components+RequestBodies.swift:5:8: warning: public import of 'Foundation' was not used in public declarations or inlinable code
3 | public import struct Foundation.URL
4 | public import struct Foundation.Data
5 | public import struct Foundation.Date
| `- warning: public import of 'Foundation' was not used in public declarations or inlinable code
6 | extension Components {
7 | /// Types generated from the `#/components/requestBodies` section of the OpenAPI document.
[591/1036] Compiling TSCUtility Git.swift
[592/1036] Compiling TSCUtility IndexStore.swift
[593/1036] Compiling TSCUtility JSONMessageStreamingParser.swift
[596/1036] Compiling ssl_credential.cc
[600/1036] Wrapping AST for Configuration for debugging
[603/1036] Compiling TSCUtility SimplePersistence.swift
[604/1036] Compiling TSCUtility StringExtensions.swift
[605/1036] Compiling TSCUtility StringMangling.swift
[605/1036] Compiling ssl_cipher.cc
[606/1036] Wrapping AST for SwiftlyDownloadAPI for debugging
[607/1036] Compiling ssl_file.cc
[609/1036] Compiling TSCUtility Platform.swift
[610/1036] Compiling TSCUtility ProgressAnimation.swift
[611/1036] Compiling TSCUtility SerializedDiagnostics.swift
[612/1037] Compiling ssl_cert.cc
[613/1037] Compiling ssl_buffer.cc
[614/1037] Wrapping AST for SwiftlyWebsiteAPI for debugging
[615/1037] Wrapping AST for TSCUtility for debugging
[616/1037] Compiling s3_pkt.cc
[617/1037] Compiling ssl_aead_ctx.cc
[618/1037] Compiling s3_lib.cc
[619/1037] Compiling ssl_asn1.cc
[620/1037] Compiling s3_both.cc
[621/1037] Compiling handshake_server.cc
[622/1037] Compiling handshake.cc
[623/1037] Compiling handshake_client.cc
[624/1037] Compiling handoff.cc
[625/1037] Compiling dtls_record.cc
[626/1037] Compiling encrypted_client_hello.cc
[627/1037] Compiling dtls_method.cc
[628/1037] Compiling md5-x86_64-linux.S
[629/1037] Compiling md5-x86_64-apple.S
[630/1037] Compiling d1_srtp.cc
[631/1037] Compiling extensions.cc
[632/1037] Compiling md5-586-linux.S
[633/1037] Compiling md5-586-apple.S
[634/1037] Compiling chacha20_poly1305_x86_64-linux.S
[635/1037] Compiling d1_pkt.cc
[636/1037] Compiling chacha20_poly1305_x86_64-apple.S
[637/1037] Compiling err_data.cc
[638/1037] Compiling chacha20_poly1305_armv8-win.S
[639/1037] Compiling d1_lib.cc
[640/1037] Compiling chacha20_poly1305_armv8-linux.S
[641/1037] Compiling chacha-x86_64-linux.S
[642/1037] Compiling chacha-x86_64-apple.S
[643/1037] Compiling chacha20_poly1305_armv8-apple.S
[644/1037] Compiling bio_ssl.cc
[645/1037] Compiling chacha-x86-linux.S
[646/1037] Compiling d1_both.cc
[647/1037] Compiling chacha-x86-apple.S
[648/1037] Compiling chacha-armv8-win.S
[649/1037] Compiling chacha-armv4-linux.S
[649/1037] Compiling chacha-armv8-linux.S
[651/1037] Compiling chacha-armv8-apple.S
[652/1037] Compiling aes128gcmsiv-x86_64-apple.S
[653/1037] Compiling aes128gcmsiv-x86_64-linux.S
[654/1037] Compiling x86_64-mont5-linux.S
[655/1037] Compiling x86_64-mont5-apple.S
[656/1037] Compiling x86_64-mont-linux.S
[657/1037] Compiling x86-mont-apple.S
[658/1037] Compiling vpaes-x86_64-linux.S
[659/1037] Compiling x86-mont-linux.S
[660/1037] Compiling vpaes-x86_64-apple.S
[660/1037] Compiling vpaes-x86-linux.S
[662/1037] Compiling x86_64-mont-apple.S
[663/1037] Compiling vpaes-x86-apple.S
[664/1037] Compiling vpaes-armv8-apple.S
[665/1037] Compiling vpaes-armv8-win.S
[666/1037] Compiling vpaes-armv8-linux.S
[667/1037] Compiling sha512-armv8-win.S
[668/1037] Compiling vpaes-armv7-linux.S
[668/1037] Compiling sha512-x86_64-apple.S
[670/1037] Compiling sha512-x86_64-linux.S
[671/1037] Compiling sha512-armv4-linux.S
[672/1037] Compiling sha512-armv8-apple.S
[673/1037] Compiling sha512-586-apple.S
[674/1037] Compiling sha256-x86_64-apple.S
[675/1037] Compiling sha256-x86_64-linux.S
[676/1037] Compiling sha512-586-linux.S
[676/1037] Compiling sha256-armv8-win.S
[678/1037] Compiling sha512-armv8-linux.S
[679/1037] Compiling sha256-armv8-linux.S
[680/1037] Compiling sha256-armv4-linux.S
[681/1037] Compiling sha256-armv8-apple.S
[682/1037] Compiling sha256-586-apple.S
[683/1037] Compiling sha1-x86_64-linux.S
[684/1037] Compiling sha256-586-linux.S
[685/1037] Compiling sha1-armv8-win.S
[686/1037] Compiling sha1-x86_64-apple.S
[687/1037] Compiling sha1-armv8-apple.S
[688/1037] Compiling sha1-armv4-large-linux.S
[689/1037] Compiling sha1-armv8-linux.S
[690/1037] Compiling sha1-586-apple.S
[691/1037] Compiling sha1-586-linux.S
[692/1037] Compiling rsaz-avx2-linux.S
[693/1037] Compiling rsaz-avx2-apple.S
[694/1037] Compiling rdrand-x86_64-linux.S
[695/1037] Compiling rdrand-x86_64-apple.S
[696/1037] Compiling p256_beeu-x86_64-asm-linux.S
[697/1037] Compiling p256_beeu-x86_64-asm-apple.S
[698/1037] Compiling p256_beeu-armv8-asm-win.S
[698/1037] Compiling p256_beeu-armv8-asm-linux.S
[700/1037] Compiling p256_beeu-armv8-asm-apple.S
[701/1037] Compiling p256-x86_64-asm-linux.S
[701/1037] Compiling p256-x86_64-asm-apple.S
[701/1037] Compiling p256-armv8-asm-win.S
[704/1037] Compiling p256-armv8-asm-apple.S
[705/1037] Compiling p256-armv8-asm-linux.S
[705/1037] Compiling ghashv8-armv8-win.S
[705/1037] Compiling ghashv8-armv8-linux.S
[708/1037] Compiling ghashv8-armv8-apple.S
[709/1037] Compiling ghash-x86_64-apple.S
[710/1037] Compiling ghashv8-armv7-linux.S
[710/1037] Compiling ghash-x86_64-linux.S
[712/1037] Compiling ghash-x86-apple.S
[712/1037] Compiling ghash-x86-linux.S
[714/1037] Compiling ghash-ssse3-x86_64-apple.S
[715/1037] Compiling ghash-ssse3-x86_64-linux.S
[716/1037] Compiling ghash-ssse3-x86-linux.S
[717/1037] Compiling ghash-ssse3-x86-apple.S
[718/1037] Compiling ghash-neon-armv8-win.S
[719/1037] Compiling co-586-apple.S
[720/1037] Compiling ghash-neon-armv8-apple.S
[721/1037] Compiling ghash-armv4-linux.S
[722/1037] Compiling ghash-neon-armv8-linux.S
[723/1037] Compiling co-586-linux.S
[724/1037] Compiling bsaes-armv7-linux.S
[725/1037] Compiling bn-armv8-win.S
[726/1037] Compiling bn-586-linux.S
[727/1037] Compiling bn-armv8-linux.S
[728/1037] Compiling bn-586-apple.S
[729/1037] Compiling bn-armv8-apple.S
[730/1037] Compiling armv8-mont-win.S
[731/1037] Compiling armv8-mont-apple.S
[732/1037] Compiling armv4-mont-linux.S
[733/1037] Compiling aesv8-gcm-armv8-win.S
[734/1037] Compiling armv8-mont-linux.S
[735/1037] Compiling aesv8-armv8-linux.S
[736/1037] Compiling aesv8-gcm-armv8-apple.S
[737/1037] Compiling aesv8-armv8-apple.S
[737/1037] Compiling aesv8-armv7-linux.S
[739/1037] Compiling aesv8-armv8-win.S
[740/1037] Compiling aesv8-gcm-armv8-linux.S
[741/1037] Compiling aesni-x86_64-linux.S
[742/1037] Compiling aesni-gcm-x86_64-linux.S
[743/1037] Compiling aesni-gcm-x86_64-apple.S
[743/1037] Compiling aes-gcm-avx2-x86_64-linux.S
[745/1037] Compiling aesni-x86_64-apple.S
[746/1037] Compiling aesni-x86-linux.S
[746/1037] Compiling aesni-x86-apple.S
[748/1037] Compiling aes-gcm-avx2-x86_64-apple.S
[749/1037] Compiling aes-gcm-avx10-x86_64-linux.S
[750/1037] Compiling aes-gcm-avx10-x86_64-apple.S
[751/1037] Compiling x_spki.cc
[752/1037] Compiling x_x509a.cc
[753/1037] Compiling x_req.cc
[754/1037] Compiling x_sig.cc
[755/1037] Compiling x_name.cc
[756/1037] Compiling x_x509.cc
[757/1037] Compiling x_pubkey.cc
[758/1037] Compiling x_val.cc
[759/1037] Compiling x_exten.cc
[760/1037] Compiling x_algor.cc
[761/1037] Compiling x_attrib.cc
[762/1037] Compiling x_crl.cc
[763/1037] Compiling x509spki.cc
[764/1037] Compiling x_all.cc
[765/1037] Compiling x509rset.cc
[766/1037] Compiling x509name.cc
[767/1037] Compiling x509cset.cc
[768/1037] Compiling x509_v3.cc
[768/1037] Compiling x509_txt.cc
[770/1037] Compiling x509_vpm.cc
[771/1037] Compiling x509_trs.cc
[772/1037] Compiling x509_vfy.cc
[773/1037] Compiling x509_set.cc
[774/1037] Compiling x509_req.cc
[775/1037] Compiling x509_def.cc
[776/1037] Compiling x509_obj.cc
[777/1037] Compiling x509_ext.cc
[778/1037] Compiling x509_lu.cc
[779/1037] Compiling x509_d2.cc
[780/1037] Compiling x509_cmp.cc
[781/1037] Compiling x509_att.cc
[782/1037] Compiling x509.cc
[783/1037] Compiling v3_skey.cc
[784/1037] Compiling v3_prn.cc
[785/1037] Compiling v3_pmaps.cc
[786/1037] Compiling v3_purp.cc
[787/1037] Compiling v3_pcons.cc
[788/1037] Compiling v3_utl.cc
[789/1037] Compiling v3_ncons.cc
[790/1037] Compiling v3_ocsp.cc
[791/1037] Compiling v3_lib.cc
[792/1037] Compiling v3_int.cc
[793/1037] Compiling v3_info.cc
[794/1037] Compiling v3_enum.cc
[795/1037] Compiling v3_ia5.cc
[796/1037] Compiling v3_genn.cc
[797/1037] Compiling v3_crld.cc
[798/1037] Compiling v3_extku.cc
[799/1037] Compiling v3_bitst.cc
[800/1037] Compiling v3_conf.cc
[801/1037] Compiling t_x509a.cc
[802/1037] Compiling v3_bcons.cc
[803/1037] Compiling v3_akey.cc
[804/1037] Compiling v3_cpols.cc
[805/1037] Compiling v3_alt.cc
[806/1037] Compiling v3_akeya.cc
[807/1037] Compiling t_x509.cc
[808/1037] Compiling t_req.cc
[809/1037] Compiling i2d_pr.cc
[810/1037] Compiling t_crl.cc
[811/1037] Compiling name_print.cc
[812/1037] Compiling rsa_pss.cc
[813/1037] Compiling policy.cc
[814/1037] Compiling by_file.cc
[815/1037] Compiling asn1_gen.cc
[815/1037] Compiling algorithm.cc
[817/1037] Compiling by_dir.cc
[818/1037] Compiling a_verify.cc
[819/1037] Compiling a_sign.cc
[820/1037] Compiling trust_token.cc
[821/1037] Compiling a_digest.cc
[822/1037] Compiling thread_win.cc
[823/1037] Compiling voprf.cc
[824/1037] Compiling pmbtoken.cc
[825/1037] Compiling thread_pthread.cc
[826/1037] Compiling thread_none.cc
[827/1037] Compiling thread.cc
[828/1037] Compiling stack.cc
[829/1037] Compiling siphash.cc
[830/1037] Compiling sha512.cc
[831/1037] Compiling slhdsa.cc
[832/1037] Compiling sha1.cc
[833/1037] Compiling sha256.cc
[834/1037] Compiling rsa_print.cc
[835/1037] Compiling rsa_extra.cc
[836/1037] Compiling rsa_crypt.cc
[837/1037] Compiling refcount.cc
[838/1037] Compiling urandom.cc
[839/1037] Compiling rsa_asn1.cc
[840/1037] Compiling windows.cc
[841/1037] Compiling spake2plus.cc
[842/1037] Compiling rc4.cc
[843/1037] Compiling rand.cc
[844/1037] Compiling trusty.cc
[845/1037] Compiling ios.cc
[845/1037] Compiling passive.cc
[847/1037] Compiling poly1305_arm_asm.S
[848/1037] Compiling getentropy.cc
[849/1037] Compiling forkunsafe.cc
[850/1037] Compiling deterministic.cc
[851/1037] Compiling fork_detect.cc
[852/1037] Compiling poly1305_arm.cc
[853/1037] Compiling pool.cc
[854/1037] Compiling poly1305_vec.cc
[855/1037] Compiling poly1305.cc
[856/1037] Compiling pkcs8_x509.cc
[857/1037] Compiling pkcs8.cc
[858/1037] Compiling pkcs7_x509.cc
[859/1037] Compiling p5_pbev2.cc
[860/1037] Compiling pkcs7.cc
[861/1037] Compiling pem_xaux.cc
[862/1037] Compiling pem_x509.cc
[863/1037] Compiling pem_pk8.cc
[864/1037] Compiling pem_pkey.cc
[865/1037] Compiling obj_xref.cc
[866/1037] Compiling pem_info.cc
[867/1037] Compiling pem_lib.cc
[868/1037] Compiling pem_oth.cc
[869/1037] Compiling mldsa.cc
[870/1037] Compiling mem.cc
[871/1037] Compiling mlkem.cc
[872/1037] Compiling md5.cc
[873/1037] Compiling md4.cc
[874/1037] Compiling poly_rq_mul.S
[875/1037] Compiling fips_shared_support.cc
[876/1037] Compiling pem_all.cc
[877/1037] Compiling obj.cc
[878/1037] Compiling lhash.cc
[879/1037] Compiling ex_data.cc
[880/1037] Compiling scrypt.cc
[880/1037] Compiling kyber.cc
[882/1037] Compiling hrss.cc
[883/1037] Compiling hpke.cc
[884/1037] Compiling sign.cc
[885/1037] Compiling pbkdf.cc
[886/1037] Compiling print.cc
[887/1037] Compiling p_x25519.cc
[888/1037] Compiling p_x25519_asn1.cc
[889/1037] Compiling p_rsa_asn1.cc
[890/1037] Compiling p_rsa.cc
[891/1037] Compiling p_ed25519_asn1.cc
[892/1037] Compiling p_ec_asn1.cc
[893/1037] Compiling p_hkdf.cc
[894/1037] Compiling p_ec.cc
[895/1037] Compiling p_ed25519.cc
[896/1037] Compiling p_dsa_asn1.cc
[897/1037] Compiling p_dh.cc
[897/1037] Compiling p_dh_asn1.cc
[899/1037] Compiling evp_ctx.cc
[900/1037] Compiling engine.cc
[901/1037] Compiling err.cc
[902/1037] Compiling evp.cc
[903/1037] Compiling evp_asn1.cc
[904/1037] Compiling hash_to_curve.cc
[905/1037] Compiling ecdh.cc
[906/1037] Compiling ec_derive.cc
[907/1037] Compiling bcm.cc
[908/1037] Compiling ecdsa_asn1.cc
[909/1037] Compiling dsa_asn1.cc
[910/1037] Compiling dsa.cc
[911/1037] Compiling digest_extra.cc
[912/1037] Compiling des.cc
[913/1037] Compiling dh_asn1.cc
[914/1037] Compiling x25519-asm-arm.S
[915/1037] Compiling params.cc
[916/1037] Compiling curve25519_64_adx.cc
[917/1037] Compiling ec_asn1.cc
[918/1037] Compiling curve25519.cc
[919/1037] Compiling spake25519.cc
[920/1037] Compiling cpu_intel.cc
[921/1037] Compiling crypto.cc
[922/1037] Compiling cpu_arm_linux.cc
[923/1037] Compiling cpu_aarch64_win.cc
[924/1037] Compiling cpu_arm_freebsd.cc
[925/1037] Compiling cpu_aarch64_fuchsia.cc
[926/1037] Compiling cpu_aarch64_linux.cc
[927/1037] Compiling tls_cbc.cc
[928/1037] Compiling conf.cc
[928/1037] Compiling cpu_aarch64_apple.cc
[930/1037] Compiling cpu_aarch64_sysreg.cc
[931/1037] Compiling cpu_aarch64_openbsd.cc
[932/1037] Compiling get_cipher.cc
[933/1037] Compiling e_tls.cc
[934/1037] Compiling e_rc2.cc
[935/1037] Compiling e_rc4.cc
[936/1037] Compiling e_null.cc
[937/1037] Compiling e_chacha20poly1305.cc
[938/1037] Compiling e_des.cc
[939/1037] Compiling derive_key.cc
[940/1037] Compiling chacha.cc
[941/1037] Compiling e_aesctrhmac.cc
[942/1037] Compiling unicode.cc
[943/1037] Compiling e_aesgcmsiv.cc
[944/1037] Compiling cbs.cc
[945/1037] Compiling buf.cc
[946/1037] Compiling asn1_compat.cc
[947/1037] Compiling ber.cc
[948/1037] Compiling cbb.cc
[949/1037] Compiling bn_asn1.cc
[950/1037] Compiling socket_helper.cc
[951/1037] Compiling socket.cc
[952/1037] Compiling convert.cc
[953/1037] Compiling printf.cc
[954/1037] Compiling pair.cc
[955/1037] Compiling hexdump.cc
[955/1037] Compiling blake2.cc
[957/1037] Compiling errno.cc
[958/1037] Compiling file.cc
[959/1037] Compiling fd.cc
[960/1037] Compiling bio_mem.cc
[961/1037] Compiling connect.cc
[962/1037] Compiling base64.cc
[963/1037] Compiling tasn_typ.cc
[964/1037] Compiling tasn_fre.cc
[965/1037] Compiling bio.cc
[966/1037] Compiling tasn_enc.cc
[966/1037] Compiling tasn_new.cc
[968/1037] Compiling tasn_utl.cc
[969/1037] Compiling f_int.cc
[970/1037] Compiling posix_time.cc
[971/1037] Compiling asn_pack.cc
[972/1037] Compiling f_string.cc
[973/1037] Compiling tasn_dec.cc
[974/1037] Compiling asn1_par.cc
[975/1037] Compiling a_octet.cc
[976/1037] Compiling a_type.cc
[977/1037] Compiling a_time.cc
[978/1037] Compiling asn1_lib.cc
[979/1037] Compiling a_strex.cc
[980/1037] Compiling a_utctm.cc
[981/1037] Compiling a_strnid.cc
[982/1037] Compiling a_object.cc
[983/1037] Compiling a_i2d_fp.cc
[984/1037] Compiling a_mbstr.cc
[985/1037] Compiling a_int.cc
[986/1037] Compiling CAsyncHTTPClient CAsyncHTTPClient.c
[987/1037] Write sources
[989/1040] Compiling a_d2i_fp.cc
[990/1044] Write sources
[992/1055] Compiling a_dup.cc
[993/1055] Write sources
[994/1080] Compiling a_gentm.cc
[995/1082] Compiling a_bool.cc
[997/1082] Compiling Algorithms MinMax.swift
[998/1082] Compiling Algorithms Compacted.swift
[999/1082] Compiling Algorithms Product.swift
[1000/1082] Compiling Algorithms Split.swift
[1000/1084] Compiling a_bitstr.cc
[1002/1084] Compiling Algorithms AdjacentPairs.swift
[1003/1084] Compiling Algorithms Chain.swift
[1004/1084] Compiling Algorithms Chunked.swift
[1005/1084] Compiling Atomics IntegerOperations.swift
[1006/1084] Compiling Atomics Unmanaged extensions.swift
[1007/1084] Compiling Algorithms Partition.swift
[1008/1084] Compiling Algorithms Permutations.swift
[1009/1084] Compiling Algorithms Cycle.swift
[1010/1084] Compiling Algorithms EitherSequence.swift
[1011/1084] Compiling Algorithms FirstNonNil.swift
[1012/1084] Compiling Algorithms Stride.swift
[1013/1084] Compiling Algorithms Suffix.swift
[1016/1084] Compiling Algorithms Rotate.swift
[1020/1087] Compiling Algorithms Joined.swift
[1021/1087] Compiling Algorithms Keyed.swift
[1026/1087] Emitting module ArgumentParserToolInfo
[1027/1087] Compiling ArgumentParserToolInfo ToolInfo.swift
[1032/1088] Wrapping AST for ArgumentParserToolInfo for debugging
[1034/1088] Compiling Algorithms Trim.swift
[1035/1088] Compiling Algorithms Unique.swift
[1036/1088] Compiling Algorithms Windows.swift
[1037/1135] Compiling ArgumentParser ZshCompletionsGenerator.swift
[1038/1135] Compiling ArgumentParser Argument.swift
[1039/1135] Compiling ArgumentParser ArgumentDiscussion.swift
[1039/1135] Compiling c-nioatomics.c
[1040/1135] Compiling c-atomics.c
[1042/1135] Emitting module Algorithms
[1043/1135] Compiling ArgumentParser ParsableCommand.swift
[1044/1135] Compiling ArgumentParser ArgumentDecoder.swift
[1045/1135] Compiling ArgumentParser ArgumentDefinition.swift
[1046/1135] Compiling ArgumentParser ArgumentSet.swift
[1047/1142] Emitting module Atomics
[1049/1143] Compiling ArgumentParser BashCompletionsGenerator.swift
[1050/1143] Compiling ArgumentParser CompletionsGenerator.swift
[1051/1143] Compiling ArgumentParser FishCompletionsGenerator.swift
[1053/1144] Wrapping AST for Atomics for debugging
[1054/1144] Wrapping AST for Algorithms for debugging
[1056/1144] Compiling NIOConcurrencyHelpers NIOAtomic.swift
[1057/1144] Emitting module NIOConcurrencyHelpers
[1058/1144] Compiling NIOConcurrencyHelpers NIOLock.swift
[1059/1144] Compiling NIOConcurrencyHelpers lock.swift
[1060/1144] Compiling NIOConcurrencyHelpers NIOLockedValueBox.swift
[1061/1144] Compiling NIOConcurrencyHelpers NIOThreadPoolWorkAvailable.swift
[1062/1144] Compiling NIOConcurrencyHelpers atomics.swift
[1063/1146] Wrapping AST for NIOConcurrencyHelpers for debugging
[1065/1193] Compiling NIOCore ByteBuffer-multi-int.swift
[1066/1193] Compiling NIOCore ByteBuffer-quicBinaryEncodingStrategy.swift
[1067/1193] Compiling NIOCore ByteBuffer-views.swift
[1068/1193] Compiling NIOCore Channel.swift
[1069/1193] Compiling NIOCore ChannelHandler.swift
[1070/1193] Compiling NIOCore ChannelHandlers.swift
[1071/1215] Compiling NIOCore ChannelInvoker.swift
[1072/1215] Compiling NIOCore ChannelOption.swift
[1073/1215] Compiling NIOCore ChannelPipeline.swift
[1074/1215] Compiling NIOCore CircularBuffer.swift
[1075/1215] Compiling NIOCore Codec.swift
[1076/1215] Compiling NIOCore ConvenienceOptionSupport.swift
[1077/1215] Compiling NIOCore DeadChannel.swift
[1078/1215] Compiling NIOCore DispatchQueue+WithFuture.swift
[1079/1215] Compiling NIOCore EventLoop+Deprecated.swift
[1080/1215] Compiling NIOCore EventLoop+SerialExecutor.swift
[1081/1215] Compiling NIOCore EventLoop.swift
[1082/1215] Compiling NIOCore EventLoopFuture+AssumeIsolated.swift
[1083/1215] Compiling NIOCore IPProtocol.swift
[1084/1215] Compiling NIOCore AddressedEnvelope.swift
[1085/1215] Compiling NIOCore AsyncAwaitSupport.swift
[1086/1215] Compiling NIOCore AsyncChannel.swift
[1087/1215] Compiling NIOCore AsyncChannelHandler.swift
[1088/1215] Compiling NIOCore AsyncChannelInboundStream.swift
[1089/1215] Compiling NIOCore AsyncChannelOutboundWriter.swift
[1090/1215] Compiling NIOCore NIOAsyncSequenceProducer.swift
[1091/1215] Emitting module ArgumentParser
[1092/1215] Compiling NIOCore ByteBuffer-core.swift
[1093/1215] Compiling NIOCore ByteBuffer-hex.swift
[1094/1215] Compiling NIOCore ByteBuffer-int.swift
[1095/1215] Compiling NIOCore ByteBuffer-lengthPrefix.swift
[1096/1215] Compiling NIOCore EventLoopFuture+Deprecated.swift
[1097/1215] Compiling NIOCore EventLoopFuture+WithEventLoop.swift
[1098/1215] Compiling NIOCore NIOCoreSendableMetatype.swift
[1099/1215] Compiling NIOCore NIODecodedAsyncSequence.swift
[1100/1215] Compiling NIOCore NIOLoopBound.swift
[1101/1215] Compiling NIOCore NIOPooledRecvBufferAllocator.swift
[1102/1215] Compiling NIOCore NIOScheduledCallback.swift
[1103/1215] Compiling NIOCore NIOSendable.swift
[1104/1215] Compiling NIOCore NIOSplitLinesMessageDecoder.swift
[1105/1215] Compiling NIOCore NIOTransportAccessibleChannelCore.swift
[1106/1215] Compiling NIOCore RecvByteBufferAllocator.swift
[1107/1223] Compiling ArgumentParser AsyncCompletionsValidator.swift
[1108/1223] Compiling ArgumentParser CodingKeyValidator.swift
[1109/1223] Compiling ArgumentParser NonsenseFlagsValidator.swift
[1110/1223] Compiling ArgumentParser ParsableArgumentsValidation.swift
[1111/1223] Compiling ArgumentParser PositionalArgumentsValidator.swift
[1112/1223] Compiling ArgumentParser UniqueNamesValidator.swift
[1113/1223] Compiling NIOCore EventLoopFuture.swift
[1114/1223] Compiling NIOCore FileDescriptor.swift
[1115/1223] Compiling NIOCore FileHandle.swift
[1116/1223] Compiling NIOCore FileRegion.swift
[1117/1223] Compiling NIOCore GlobalSingletons.swift
[1118/1223] Compiling NIOCore IO.swift
[1119/1223] Compiling NIOCore IOData.swift
[1120/1223] Compiling NIOCore NIOAsyncSequenceProducerStrategies.swift
[1121/1223] Compiling NIOCore NIOAsyncWriter.swift
[1122/1223] Compiling NIOCore NIOThrowingAsyncSequenceProducer.swift
[1123/1223] Compiling NIOCore BSDSocketAPI.swift
[1124/1223] Compiling NIOCore ByteBuffer-aux.swift
[1125/1223] Compiling NIOCore ByteBuffer-binaryEncodedLengthPrefix.swift
[1126/1223] Compiling NIOCore ByteBuffer-conversions.swift
[1127/1229] Wrapping AST for ArgumentParser for debugging
[1129/1229] Emitting module generate_command_models
[1130/1229] Compiling generate_docs_reference Process+SimpleAPI.swift
[1131/1229] Emitting module generate_docs_reference
[1132/1229] Compiling generate_docs_reference GenerateDocsReference.swift
[1140/1230] Compiling NIOCore NIOAny.swift
[1141/1230] Compiling NIOCore NIOCloseOnErrorHandler.swift
[1142/1230] Wrapping AST for generate-docs-reference for debugging
[1143/1230] Write Objects.LinkFileList
[1145/1230] Compiling generate_command_models GenerateCommandModels.swift
[1145/1231] Linking generate-docs-reference
[1147/1231] Wrapping AST for generate-command-models for debugging
[1148/1231] Write Objects.LinkFileList
[1150/1231] Compiling NIOCore SingleStepByteToMessageDecoder.swift
[1151/1231] Compiling NIOCore SocketAddresses.swift
[1152/1231] Compiling NIOCore SocketOptionProvider.swift
[1153/1231] Compiling NIOCore SystemCallHelpers.swift
[1154/1231] Compiling NIOCore TimeAmount+Duration.swift
[1155/1231] Compiling NIOCore TypeAssistedChannelHandler.swift
[1156/1231] Compiling NIOCore UniversalBootstrapSupport.swift
[1157/1231] Compiling NIOCore Utilities.swift
[1157/1231] Linking generate-command-models
[1204/1231] Emitting module NIOCore
[1205/1236] Wrapping AST for NIOCore for debugging
[1207/1289] Compiling NIOFoundationEssentialsCompat Codable+ByteBuffer.swift
[1208/1289] Emitting module NIOFoundationEssentialsCompat
[1209/1289] Compiling NIOFoundationEssentialsCompat ByteBuffer-foundation.swift
[1210/1290] Wrapping AST for NIOFoundationEssentialsCompat for debugging
[1212/1290] Compiling NIOPosix PipeChannel.swift
[1213/1290] Compiling NIOPosix PipePair.swift
[1214/1290] Compiling NIOPosix Pool.swift
[1215/1290] Compiling NIOPosix PosixSingletons+ConcurrencyTakeOver.swift
[1216/1290] Compiling NIOPosix PosixSingletons.swift
[1217/1290] Compiling NIOPosix RawSocketBootstrap.swift
[1218/1290] Compiling NIOPosix Resolver.swift
[1219/1297] Compiling NIOPosix HappyEyeballs.swift
[1220/1297] Compiling NIOPosix IO.swift
[1221/1297] Compiling NIOPosix IntegerBitPacking.swift
[1222/1297] Compiling NIOPosix IntegerTypes.swift
[1223/1297] Compiling NIOPosix Linux.swift
[1224/1297] Compiling NIOPosix LinuxCPUSet.swift
[1225/1297] Compiling NIOPosix LinuxUring.swift
[1226/1297] Compiling NIOEmbedded AsyncTestingChannel.swift
[1227/1297] Compiling NIOEmbedded AsyncTestingEventLoop.swift
[1228/1297] Emitting module NIOEmbedded
[1229/1297] Compiling NIOEmbedded Embedded.swift
[1230/1298] Wrapping AST for NIOEmbedded for debugging
[1232/1298] Compiling NIOPosix Thread.swift
[1233/1298] Compiling NIOPosix ThreadPosix.swift
[1234/1298] Compiling NIOPosix ThreadWindows.swift
[1235/1298] Compiling NIOPosix Utilities.swift
[1236/1298] Compiling NIOPosix VsockAddress.swift
[1237/1298] Compiling NIOPosix VsockChannelEvents.swift
[1238/1298] Compiling NIOPosix Windows.swift
[1239/1298] Compiling NIOPosix Selectable.swift
[1240/1298] Compiling NIOPosix SelectableChannel.swift
[1241/1298] Compiling NIOPosix SelectableEventLoop.swift
[1242/1298] Compiling NIOPosix SelectorEpoll.swift
[1243/1298] Compiling NIOPosix SelectorGeneric.swift
[1244/1298] Compiling NIOPosix SelectorKqueue.swift
[1245/1298] Compiling NIOPosix SelectorUring.swift
[1246/1298] Compiling NIOPosix SelectorWSAPoll.swift
[1247/1298] Compiling NIOPosix ServerSocket.swift
[1248/1298] Compiling NIOPosix Socket.swift
[1249/1298] Compiling NIOPosix SocketChannel.swift
[1250/1298] Compiling NIOPosix SocketProtocols.swift
[1251/1298] Compiling NIOPosix StructuredConcurrencyHelpers.swift
[1252/1298] Compiling NIOPosix System.swift
[1253/1298] Emitting module NIOPosix
[1254/1298] Compiling NIOPosix BaseStreamSocketChannel.swift
[1255/1298] Compiling NIOPosix Bootstrap.swift
[1256/1298] Compiling NIOPosix ControlMessage.swift
[1257/1298] Compiling NIOPosix DatagramVectorReadManager.swift
[1258/1298] Compiling NIOPosix Errors+Any.swift
[1259/1298] Compiling NIOPosix FileDescriptor.swift
[1260/1298] Compiling NIOPosix GetaddrinfoResolver.swift
[1261/1298] Compiling NIOPosix MultiThreadedEventLoopGroup.swift
[1262/1298] Compiling NIOPosix NIOPosixSendableMetatype.swift
[1263/1298] Compiling NIOPosix NIORandomizedDNSResolver.swift
[1264/1298] Compiling NIOPosix NIOThreadPool.swift
[1265/1298] Compiling NIOPosix NonBlockingFileIO.swift
[1266/1298] Compiling NIOPosix PendingDatagramWritesManager.swift
[1267/1298] Compiling NIOPosix PendingWritesManager.swift
[1268/1298] Compiling NIOPosix BSDSocketAPICommon.swift
[1269/1298] Compiling NIOPosix BSDSocketAPIPosix.swift
[1270/1298] Compiling NIOPosix BSDSocketAPIWindows.swift
[1271/1298] Compiling NIOPosix BaseSocket.swift
[1272/1298] Compiling NIOPosix BaseSocketChannel+AccessibleTransport.swift
[1273/1298] Compiling NIOPosix BaseSocketChannel+SocketOptionProvider.swift
[1274/1298] Compiling NIOPosix BaseSocketChannel.swift
[1275/1301] Wrapping AST for NIOPosix for debugging
[1277/1302] Compiling NIO Exports.swift
[1278/1302] Emitting module NIO
[1279/1303] Wrapping AST for NIO for debugging
[1281/1361] Compiling _NIOFileSystem ByteCount.swift
[1282/1361] Compiling _NIOFileSystem Convenience.swift
[1283/1361] Emitting module NIOFoundationCompat
[1284/1362] Compiling NIOTLS ApplicationProtocolNegotiationHandler.swift
[1285/1374] Compiling NIOSOCKS SelectedAuthenticationMethod.swift
[1286/1378] Emitting module NIOTLS
[1287/1378] Compiling NIOTLS TLSEvents.swift
[1288/1378] Compiling NIOFoundationCompat Exports.swift
[1289/1378] Compiling NIOSOCKS SOCKSResponse.swift
[1290/1378] Compiling NIOSOCKS ClientStateMachine.swift
[1291/1378] Compiling NIOHTTP1 HTTPEncoder.swift
[1292/1378] Compiling NIOHTTP1 HTTPServerRequestMethodQueue.swift
[1293/1378] Compiling NIOSOCKS ServerStateMachine.swift
[1294/1378] Compiling NIOFoundationCompat WaitSpinningRunLoop.swift
[1295/1378] Compiling NIOFoundationCompat JSONSerialization+ByteBuffer.swift
[1296/1379] Emitting module _NIOFileSystem
[1298/1384] Compiling NIOHTTP1 HTTPTypes.swift
[1299/1384] Compiling NIOHTTP1 HTTPHeaderValidator.swift
[1300/1384] Emitting module NIOSOCKS
[1301/1384] Compiling NIOHTTP1 HTTPServerUpgradeHandler.swift
[1302/1384] Compiling NIOHTTP1 HTTPTypedPipelineSetup.swift
[1302/1385] Wrapping AST for NIOFoundationCompat for debugging
[1305/1385] Compiling NIOHTTP1 ByteCollectionUtils.swift
[1306/1385] Compiling NIOHTTP1 HTTPDecoder.swift
[1310/1385] Compiling _NIOFileSystem ParallelRemoval.swift
[1311/1385] Compiling _NIOFileSystem String+UnsafeUnititializedCapacity.swift
[1312/1385] Compiling _NIOFileSystem CInterop.swift
[1313/1385] Compiling _NIOFileSystem Errno.swift
[1314/1385] Compiling _NIOFileSystem FileDescriptor+Syscalls.swift
[1315/1385] Compiling NIOTLS ProtocolNegotiationHandlerStateMachine.swift
[1316/1385] Compiling NIOTLS NIOTypedApplicationProtocolNegotiationHandler.swift
[1317/1385] Compiling NIOTLS SNIHandler.swift
[1318/1386] Wrapping AST for NIOSOCKS for debugging
[1323/1386] Compiling NIOHTTP1 HTTPHeaders+Validation.swift
[1324/1386] Compiling NIOHTTP1 HTTPPipelineSetup.swift
[1325/1386] Compiling _NIOFileSystem Utilities.swift
[1326/1386] Compiling _NIOFileSystem NIOFilePath.swift
[1327/1386] Compiling _NIOFileSystem NIOFileSystemSendableMetatype.swift
[1328/1386] Compiling _NIOFileSystem OpenOptions.swift
[1329/1386] Compiling _NIOFileSystem String+FileSystem.swift
[1329/1386] Wrapping AST for NIOTLS for debugging
[1331/1416] Emitting module NIOHTTP1
[1332/1418] Compiling NIOSSL CustomPrivateKey.swift
[1333/1418] Compiling NIOSSL FreeBSDCABundle.swift
[1334/1418] Compiling NIOSSL AndroidCABundle.swift
[1335/1418] Compiling NIOSSL ByteBufferBIO.swift
[1336/1418] Compiling NIOSSL SSLCallbacks.swift
[1337/1418] Compiling NIOSSL SSLContext.swift
[1338/1418] Compiling NIOSSL SSLErrors.swift
[1339/1418] Compiling NIOSSL SSLInit.swift
[1340/1418] Compiling NIOSSL SSLPKCS12Bundle.swift
[1341/1418] Compiling NIOSSL NIOSSLHandler.swift
[1342/1418] Compiling NIOSSL NIOSSLServerHandler.swift
[1343/1418] Compiling NIOSSL ObjectIdentifier.swift
[1344/1418] Compiling NIOSSL PosixPort.swift
[1345/1418] Compiling _NIOFileSystem FileSystemError+Syscall.swift
[1346/1418] Compiling _NIOFileSystem FileSystemError.swift
[1347/1418] Compiling _NIOFileSystem FileSystemProtocol.swift
[1348/1418] Compiling _NIOFileSystem FileType.swift
[1349/1418] Compiling _NIOFileSystem IOStrategy.swift
[1350/1418] Compiling NIOSSL LinuxCABundle.swift
[1351/1418] Compiling NIOSSL NIOSSLClientHandler.swift
[1352/1418] Compiling NIOSSL NIOSSLHandler+Configuration.swift
[1353/1418] Compiling NIOHTTP1 NIOTypedHTTPServerUpgradeHandler.swift
[1354/1418] Compiling NIOHTTP1 NIOTypedHTTPServerUpgraderStateMachine.swift
[1355/1419] Compiling NIOSSL SafeCompare.swift
[1356/1419] Compiling NIOSSL SSLCertificate.swift
[1357/1419] Compiling NIOSSL SSLCertificateExtensions.swift
[1358/1419] Compiling NIOSSL SSLCertificateName.swift
[1359/1419] Compiling NIOSSL SSLConnection.swift
[1363/1419] Compiling NIOSSL NIOSSLSecureBytes.swift
[1364/1419] Compiling NIOSSL RNG.swift
[1365/1424] Wrapping AST for NIOHTTP1 for debugging
[1367/1436] Compiling NIOSSL SSLPrivateKey.swift
[1368/1436] Compiling NIOSSL SSLPublicKey.swift
[1369/1436] Compiling NIOSSL SecurityFrameworkCertificateVerification.swift
[1370/1436] Compiling NIOSSL String+unsafeUninitializedCapacity.swift
[1371/1440] Compiling NIOHPACK IndexedHeaderTable.swift
[1372/1441] Emitting module NIOHTTPCompression
[1373/1441] Compiling NIOHPACK StaticHeaderTable.swift
[1374/1441] Compiling NIOHPACK IntegerCoding.swift
[1375/1441] Emitting module NIOSSL
[1376/1441] Compiling NIOHTTPCompression HTTPDecompressor.swift
[1377/1441] Compiling NIOHPACK HPACKEncoder.swift
[1378/1441] Compiling NIOHPACK HPACKErrors.swift
[1383/1441] Compiling NIOHTTPCompression HTTPResponseCompressor.swift
[1384/1441] Compiling NIOHTTPCompression HTTPRequestCompressor.swift
[1385/1441] Compiling NIOHPACK HuffmanTables.swift
[1386/1441] Compiling NIOHTTPCompression HTTPDecompression.swift
[1387/1441] Compiling NIOHTTPCompression HTTPCompression.swift
[1388/1442] Compiling NIOHPACK HPACKHeader.swift
[1389/1442] Compiling NIOHPACK HeaderTables.swift
[1398/1442] Emitting module NIOHPACK
[1401/1443] Compiling NIOHPACK DynamicHeaderTable.swift
[1402/1443] Compiling NIOHPACK HPACKDecoder.swift
[1404/1443] Compiling NIOHPACK HuffmanCoding.swift
[1404/1443] Wrapping AST for NIOHTTPCompression for debugging
[1405/1443] Wrapping AST for _NIOFileSystem for debugging
[1407/1445] Compiling NIOFileSystem Exports.swift
[1408/1445] Emitting module NIOFileSystem
[1417/1447] Wrapping AST for NIOFileSystem for debugging
[1419/1447] Wrapping AST for NIOHPACK for debugging
[1421/1447] Compiling NIOSSL Zeroization.swift
[1422/1447] Compiling NIOSSL TLSConfiguration.swift
[1423/1447] Compiling NIOSSL UniversalBootstrapSupport.swift
[1424/1447] Compiling NIOSSL UnsafeKeyAndChainTarget.swift
[1434/1511] Wrapping AST for NIOSSL for debugging
[1436/1511] Compiling NIOHTTP2 MaySendFrames.swift
[1437/1511] Compiling NIOHTTP2 SendingDataState.swift
[1438/1511] Compiling NIOHTTP2 SendingGoawayState.swift
[1439/1511] Compiling NIOHTTP2 SendingHeadersState.swift
[1440/1511] Compiling NIOHTTP2 SendingPushPromiseState.swift
[1441/1511] Compiling NIOHTTP2 SendingRstStreamState.swift
[1442/1511] Compiling NIOHTTP2 SendingWindowUpdateState.swift
[1443/1511] Compiling NIOHTTP2 HTTP2SettingsState.swift
[1444/1511] Compiling NIOHTTP2 HasExtendedConnectSettings.swift
[1445/1511] Compiling NIOHTTP2 HasFlowControlWindows.swift
[1446/1511] Compiling NIOHTTP2 HasLocalSettings.swift
[1447/1511] Compiling NIOHTTP2 HasRemoteSettings.swift
[1448/1511] Compiling NIOHTTP2 LocallyQuiescingState.swift
[1449/1511] Compiling NIOHTTP2 QuiescingState.swift
[1450/1511] Compiling NIOHTTP2 RemotelyQuiescingState.swift
[1451/1511] Compiling NIOHTTP2 SendAndReceiveGoawayState.swift
[1452/1511] Compiling NIOHTTP2 StateMachineResult.swift
[1453/1511] Compiling NIOHTTP2 ContentLengthVerifier.swift
[1454/1519] Emitting module NIOHTTP2
[1455/1519] Compiling NIOHTTP2 HTTP2StreamMultiplexer.swift
[1456/1519] Compiling NIOHTTP2 HTTP2ToHTTP1Codec.swift
[1457/1519] Compiling NIOHTTP2 HTTP2UserEvents.swift
[1458/1519] Compiling NIOHTTP2 InboundEventBuffer.swift
[1459/1519] Compiling NIOHTTP2 InboundWindowManager.swift
[1460/1519] Compiling NIOHTTP2 MultiplexerAbstractChannel.swift
[1461/1519] Compiling NIOHTTP2 NIOHTTP2FrameDelegate.swift
[1462/1519] Compiling NIOHTTP2 NIOHTTP2ServerConnectionManagementHandler+StateMachine.swift
[1463/1519] Compiling NIOHTTP2 NIOHTTP2ServerConnectionManagementHandler.swift
[1464/1519] Compiling NIOHTTP2 StreamChannelFlowController.swift
[1465/1519] Compiling NIOHTTP2 StreamChannelList.swift
[1466/1519] Compiling NIOHTTP2 StreamMap.swift
[1467/1519] Compiling NIOHTTP2 StreamStateMachine.swift
[1468/1519] Compiling NIOHTTP2 Timer.swift
[1469/1519] Compiling NIOHTTP2 UnsafeTransfer.swift
[1470/1519] Compiling NIOHTTP2 WatermarkedFlowController.swift
[1471/1519] Compiling NIOHTTP2 ConnectionStateMachine.swift
[1472/1519] Compiling NIOHTTP2 ConnectionStreamsState.swift
[1473/1519] Compiling NIOHTTP2 MayReceiveFrames.swift
[1474/1519] Compiling NIOHTTP2 ReceivingDataState.swift
[1475/1519] Compiling NIOHTTP2 ReceivingGoAwayState.swift
[1476/1519] Compiling NIOHTTP2 ReceivingHeadersState.swift
[1477/1519] Compiling NIOHTTP2 ReceivingPushPromiseState.swift
[1478/1519] Compiling NIOHTTP2 ReceivingRstStreamState.swift
[1479/1519] Compiling NIOHTTP2 ReceivingWindowUpdateState.swift
[1480/1519] Compiling NIOHTTP2 HTTP2FrameParser.swift
[1481/1519] Compiling NIOHTTP2 HTTP2PingData.swift
[1482/1519] Compiling NIOHTTP2 HTTP2PipelineHelpers.swift
[1483/1519] Compiling NIOHTTP2 HTTP2Settings.swift
[1484/1519] Compiling NIOHTTP2 HTTP2Stream.swift
[1485/1519] Compiling NIOHTTP2 HTTP2StreamChannel+OutboundStreamMultiplexer.swift
[1486/1519] Compiling NIOHTTP2 HTTP2StreamChannel.swift
[1487/1519] Compiling NIOHTTP2 HTTP2StreamDelegate.swift
[1488/1519] Compiling NIOHTTP2 HTTP2StreamID.swift
[1489/1519] Compiling NIOHTTP2 DOSHeuristics.swift
[1490/1519] Compiling NIOHTTP2 Error+Any.swift
[1491/1519] Compiling NIOHTTP2 ConcurrentStreamBuffer.swift
[1492/1519] Compiling NIOHTTP2 ControlFrameBuffer.swift
[1493/1519] Compiling NIOHTTP2 OutboundFlowControlBuffer.swift
[1494/1519] Compiling NIOHTTP2 OutboundFrameBuffer.swift
[1495/1519] Compiling NIOHTTP2 GlitchesMonitor.swift
[1496/1519] Compiling NIOHTTP2 HPACKHeaders+Validation.swift
[1497/1519] Compiling NIOHTTP2 HTTP2ChannelHandler+InboundStreamMultiplexer.swift
[1498/1519] Compiling NIOHTTP2 HTTP2ChannelHandler+InlineStreamMultiplexer.swift
[1499/1519] Compiling NIOHTTP2 HTTP2ChannelHandler.swift
[1500/1519] Compiling NIOHTTP2 HTTP2CommonInboundStreamMultiplexer.swift
[1501/1519] Compiling NIOHTTP2 HTTP2ConnectionStateChange.swift
[1502/1519] Compiling NIOHTTP2 HTTP2Error.swift
[1503/1519] Compiling NIOHTTP2 HTTP2ErrorCode.swift
[1504/1519] Compiling NIOHTTP2 HTTP2FlowControlWindow.swift
[1505/1519] Compiling NIOHTTP2 HTTP2Frame.swift
[1506/1519] Compiling NIOHTTP2 HTTP2FrameEncoder.swift
[1507/1520] Wrapping AST for NIOHTTP2 for debugging
[1509/1548] Emitting module AsyncHTTPClient
[1510/1592] Compiling AsyncHTTPClient RequestValidation.swift
[1511/1592] Compiling AsyncHTTPClient SSLContextCache.swift
[1512/1592] Compiling AsyncHTTPClient Scheme.swift
[1513/1592] Compiling AsyncHTTPClient Singleton.swift
[1514/1592] Compiling AsyncHTTPClient StringConvertibleInstances.swift
[1515/1592] Compiling AsyncHTTPClient StructuredConcurrencyHelpers.swift
[1516/1592] Compiling AsyncHTTPClient TracingSupport.swift
[1517/1592] Compiling AsyncHTTPClient Utils.swift
[1518/1592] Compiling AsyncHTTPClient HTTP1ProxyConnectHandler.swift
[1519/1592] Compiling AsyncHTTPClient SOCKSEventsHandler.swift
[1520/1592] Compiling AsyncHTTPClient TLSEventsHandler.swift
[1521/1592] Compiling AsyncHTTPClient HTTP1ClientChannelHandler.swift
[1522/1592] Compiling AsyncHTTPClient HTTP1Connection.swift
[1523/1592] Compiling AsyncHTTPClient HTTP1ConnectionStateMachine.swift
[1524/1592] Compiling AsyncHTTPClient HTTP2ClientRequestHandler.swift
[1525/1592] Compiling AsyncHTTPClient HTTP2Connection.swift
[1526/1592] Compiling AsyncHTTPClient HTTP2IdleHandler.swift
[1527/1592] Compiling AsyncHTTPClient HTTPClientResponse.swift
[1528/1592] Compiling AsyncHTTPClient SingleIteratorPrecondition.swift
[1529/1592] Compiling AsyncHTTPClient Transaction+StateMachine.swift
[1530/1592] Compiling AsyncHTTPClient Transaction.swift
[1531/1592] Compiling AsyncHTTPClient Base64.swift
[1532/1592] Compiling AsyncHTTPClient BasicAuth.swift
[1533/1592] Compiling AsyncHTTPClient BestEffortHashableTLSConfiguration.swift
[1534/1592] Compiling AsyncHTTPClient Configuration+BrowserLike.swift
[1535/1592] Compiling AsyncHTTPClient ConnectionPool.swift
[1536/1592] Compiling AsyncHTTPClient HTTPConnectionEvent.swift
[1537/1592] Compiling AsyncHTTPClient HTTPConnectionPool+Factory.swift
[1538/1592] Compiling AsyncHTTPClient HTTPConnectionPool+Manager.swift
[1539/1592] Compiling AsyncHTTPClient HTTPConnectionPool.swift
[1540/1592] Compiling AsyncHTTPClient HTTPExecutableRequest.swift
[1541/1592] Compiling AsyncHTTPClient HTTPRequestStateMachine+Demand.swift
[1542/1592] Compiling AsyncHTTPClient HTTPRequestStateMachine.swift
[1543/1592] Compiling AsyncHTTPClient RequestBodyLength.swift
[1544/1592] Compiling AsyncHTTPClient RequestFramingMetadata.swift
[1545/1592] Compiling AsyncHTTPClient AnyAsyncSequence.swift
[1546/1592] Compiling AsyncHTTPClient AnyAsyncSequenceProucerDelete.swift
[1547/1592] Compiling AsyncHTTPClient AsyncLazySequence.swift
[1548/1592] Compiling AsyncHTTPClient HTTPClient+execute.swift
[1549/1592] Compiling AsyncHTTPClient HTTPClient+shutdown.swift
[1550/1592] Compiling AsyncHTTPClient HTTPClient+tracing.swift
[1551/1592] Compiling AsyncHTTPClient HTTPClientRequest+Prepared.swift
[1552/1592] Compiling AsyncHTTPClient HTTPClientRequest+auth.swift
[1553/1592] Compiling AsyncHTTPClient HTTPClientRequest.swift
[1554/1592] Compiling AsyncHTTPClient RequestOptions.swift
[1555/1592] Compiling AsyncHTTPClient HTTPConnectionPool+Backoff.swift
[1556/1592] Compiling AsyncHTTPClient HTTPConnectionPool+HTTP1Connections.swift
[1557/1592] Compiling AsyncHTTPClient HTTPConnectionPool+HTTP1StateMachine.swift
[1558/1592] Compiling AsyncHTTPClient HTTPConnectionPool+HTTP2Connections.swift
[1559/1592] Compiling AsyncHTTPClient HTTPConnectionPool+HTTP2StateMachine.swift
[1560/1592] Compiling AsyncHTTPClient HTTPConnectionPool+RequestQueue.swift
[1561/1592] Compiling AsyncHTTPClient HTTPConnectionPool+StateMachine.swift
[1562/1592] Compiling AsyncHTTPClient ConnectionTarget.swift
[1563/1592] Compiling AsyncHTTPClient LRUCache.swift
[1564/1592] Compiling AsyncHTTPClient NIOLoopBound+Execute.swift
[1565/1592] Compiling AsyncHTTPClient NWErrorHandler.swift
[1566/1592] Compiling AsyncHTTPClient NWWaitingHandler.swift
[1567/1592] Compiling AsyncHTTPClient TLSConfiguration.swift
[1568/1592] Compiling AsyncHTTPClient RedirectState.swift
[1569/1592] Compiling AsyncHTTPClient RequestBag+StateMachine.swift
[1570/1592] Compiling AsyncHTTPClient RequestBag+Tracing.swift
[1571/1592] Compiling AsyncHTTPClient RequestBag.swift
[1572/1592] Compiling AsyncHTTPClient DeconstructedURL.swift
[1573/1592] Compiling AsyncHTTPClient FileDownloadDelegate.swift
[1574/1592] Compiling AsyncHTTPClient FoundationExtensions.swift
[1575/1592] Compiling AsyncHTTPClient HTTPClient+HTTPCookie.swift
[1576/1592] Compiling AsyncHTTPClient HTTPClient+Proxy.swift
[1577/1592] Compiling AsyncHTTPClient HTTPClient+StructuredConcurrency.swift
[1578/1592] Compiling AsyncHTTPClient HTTPClient.swift
[1579/1592] Compiling AsyncHTTPClient HTTPClientConfiguration+SwiftConfiguration.swift
[1580/1592] Compiling AsyncHTTPClient HTTPHandler.swift
[1581/1595] Wrapping AST for AsyncHTTPClient for debugging
[1583/1595] Emitting module OpenAPIAsyncHTTPClient
[1584/1595] Compiling OpenAPIAsyncHTTPClient AsyncHTTPClientTransport.swift
[1585/1596] Wrapping AST for OpenAPIAsyncHTTPClient for debugging
[1587/1612] Compiling SwiftlyCore SwiftlyVersion.swift
[1588/1612] Compiling SwiftlyCore Terminal.swift
[1589/1612] Compiling SwiftlyCore StringExtensions.swift
[1590/1612] Compiling SwiftlyCore SwiftlyCore.swift
[1591/1612] Compiling SwiftlyCore Platform.swift
/host/spi-builder-workspace/Sources/SwiftlyCore/ProcessInfo.swift:53:12: error: Platform is not supported
51 |
52 | #else
53 | #error("Platform is not supported")
| `- error: Platform is not supported
54 | #endif
55 | }
[1592/1612] Compiling SwiftlyCore ProcessInfo.swift
/host/spi-builder-workspace/Sources/SwiftlyCore/ProcessInfo.swift:53:12: error: Platform is not supported
51 |
52 | #else
53 | #error("Platform is not supported")
| `- error: Platform is not supported
54 | #endif
55 | }
[1593/1614] Compiling SwiftlyCore Messages.swift
[1594/1614] Compiling SwiftlyCore ModeledCommandLine.swift
[1595/1614] Compiling SwiftlyCore OutputFormatter.swift
[1596/1614] Compiling SwiftlyCore Platform+Process.swift
[1597/1614] Emitting module SwiftlyCore
[1598/1614] Compiling SwiftlyCore Commands+Runnable+Output.swift
[1599/1614] Compiling SwiftlyCore Error.swift
[1600/1614] Compiling SwiftlyCore FileLock.swift
[1601/1614] Compiling SwiftlyCore FileManager+FilePath.swift
[1602/1614] Compiling SwiftlyCore HTTPClient.swift
[1603/1614] Compiling SwiftlyCore ToolchainVersion.swift
[1604/1614] Compiling SwiftlyCore Commands.swift
BUILD FAILURE 6.3 android