Build Information
Failed to build SwiftLint, reference main (ec4691), with Swift 6.4 for iOS using Xcode 27.0 on 1 Oct 2026 04:46:45 UTC.
Build Command
env DEVELOPER_DIR=/Applications/Xcode-27.0.0-Release.Candidate.app xcrun xcodebuild -IDEClonedSourcePackagesDirPathOverride=$PWD/.dependencies -skipMacroValidation -skipPackagePluginValidation -derivedDataPath $PWD/.derivedData build -scheme SwiftLint-Package -destination generic/platform=iOSBuild Log
CreateUniversalBinary /Users/admin/builder/spi-builder-workspace/.derivedData/Build/Products/Debug/SwiftSyntax509.o normal arm64\ x86_64 (in target 'SwiftSyntax509' from project 'swift-syntax')
cd /Users/admin/builder/spi-builder-workspace/.dependencies/checkouts/swift-syntax
/Applications/Xcode-27.0.0-Release.Candidate.app/Contents/Developer/Toolchains/XcodeDefault.xctoolchain/usr/bin/lipo -create /Users/admin/builder/spi-builder-workspace/.derivedData/Build/Intermediates.noindex/swift-syntax.build/Debug/SwiftSyntax509-t.build/Objects-normal/arm64/Binary/SwiftSyntax509.o /Users/admin/builder/spi-builder-workspace/.derivedData/Build/Intermediates.noindex/swift-syntax.build/Debug/SwiftSyntax509-t.build/Objects-normal/x86_64/Binary/SwiftSyntax509.o -output /Users/admin/builder/spi-builder-workspace/.derivedData/Build/Products/Debug/SwiftSyntax509.o
ExtractAppIntentsMetadata (in target 'SwiftyTextTable' from project 'SwiftyTextTable')
cd /Users/admin/builder/spi-builder-workspace/.dependencies/checkouts/SwiftyTextTable
/Applications/Xcode-27.0.0-Release.Candidate.app/Contents/Developer/Toolchains/XcodeDefault.xctoolchain/usr/bin/appintentsmetadataprocessor --toolchain-dir /var/run/com.apple.security.cryptexd/mnt/com.apple.MobileAsset.MetalToolchain-v27.1.266.1.0NEReR/Metal.xctoolchain --module-name SwiftyTextTable --sdk-root /Applications/Xcode-27.0.0-Release.Candidate.app/Contents/Developer/Platforms/iPhoneOS.platform/Developer/SDKs/iPhoneOS27.0.sdk --xcode-version 27A266a --platform-family iOS --deployment-target 15.0 --bundle-identifier swiftytexttable.SwiftyTextTable --output /Users/admin/builder/spi-builder-workspace/.derivedData/Build/Products/Debug-iphoneos/SwiftyTextTable.appintents --target-triple arm64-apple-ios15.0 --binary-file /Users/admin/builder/spi-builder-workspace/.derivedData/Build/Products/Debug-iphoneos/SwiftyTextTable.o --dependency-file /Users/admin/builder/spi-builder-workspace/.derivedData/Build/Intermediates.noindex/SwiftyTextTable.build/Debug-iphoneos/SwiftyTextTable-t.build/Objects-normal/arm64/SwiftyTextTable_dependency_info.dat --stringsdata-file /Users/admin/builder/spi-builder-workspace/.derivedData/Build/Intermediates.noindex/SwiftyTextTable.build/Debug-iphoneos/SwiftyTextTable-t.build/Objects-normal/arm64/ExtractedAppShortcutsMetadata.stringsdata --source-file-list /Users/admin/builder/spi-builder-workspace/.derivedData/Build/Intermediates.noindex/SwiftyTextTable.build/Debug-iphoneos/SwiftyTextTable-t.build/Objects-normal/arm64/SwiftyTextTable.SwiftFileList --metadata-file-list /Users/admin/builder/spi-builder-workspace/.derivedData/Build/Intermediates.noindex/SwiftyTextTable.build/Debug-iphoneos/SwiftyTextTable-t.build/SwiftyTextTable.DependencyMetadataFileList --static-metadata-file-list /Users/admin/builder/spi-builder-workspace/.derivedData/Build/Intermediates.noindex/SwiftyTextTable.build/Debug-iphoneos/SwiftyTextTable-t.build/SwiftyTextTable.DependencyStaticMetadataFileList --swift-const-vals-list /Users/admin/builder/spi-builder-workspace/.derivedData/Build/Intermediates.noindex/SwiftyTextTable.build/Debug-iphoneos/SwiftyTextTable-t.build/Objects-normal/arm64/SwiftyTextTable.SwiftConstValuesFileList --force --compile-time-extraction --deployment-aware-processing --no-app-shortcuts-localization
2026-10-01 00:46:30.371 appintentsmetadataprocessor[1551:8453] Starting appintentsmetadataprocessor export
2026-10-01 00:46:30.450 appintentsmetadataprocessor[1551:8453] Extracted no relevant App Intents symbols, skipping writing output
ExtractAppIntentsMetadata (in target 'Yams' from project 'Yams')
cd /Users/admin/builder/spi-builder-workspace/.dependencies/checkouts/Yams
/Applications/Xcode-27.0.0-Release.Candidate.app/Contents/Developer/Toolchains/XcodeDefault.xctoolchain/usr/bin/appintentsmetadataprocessor --toolchain-dir /var/run/com.apple.security.cryptexd/mnt/com.apple.MobileAsset.MetalToolchain-v27.1.266.1.0NEReR/Metal.xctoolchain --module-name Yams --sdk-root /Applications/Xcode-27.0.0-Release.Candidate.app/Contents/Developer/Platforms/iPhoneOS.platform/Developer/SDKs/iPhoneOS27.0.sdk --xcode-version 27A266a --platform-family iOS --deployment-target 15.0 --bundle-identifier yams.Yams --output /Users/admin/builder/spi-builder-workspace/.derivedData/Build/Products/Debug-iphoneos/Yams.appintents --target-triple arm64-apple-ios15.0 --binary-file /Users/admin/builder/spi-builder-workspace/.derivedData/Build/Products/Debug-iphoneos/Yams.o --dependency-file /Users/admin/builder/spi-builder-workspace/.derivedData/Build/Intermediates.noindex/Yams.build/Debug-iphoneos/Yams-t.build/Objects-normal/arm64/Yams_dependency_info.dat --stringsdata-file /Users/admin/builder/spi-builder-workspace/.derivedData/Build/Intermediates.noindex/Yams.build/Debug-iphoneos/Yams-t.build/Objects-normal/arm64/ExtractedAppShortcutsMetadata.stringsdata --source-file-list /Users/admin/builder/spi-builder-workspace/.derivedData/Build/Intermediates.noindex/Yams.build/Debug-iphoneos/Yams-t.build/Objects-normal/arm64/Yams.SwiftFileList --metadata-file-list /Users/admin/builder/spi-builder-workspace/.derivedData/Build/Intermediates.noindex/Yams.build/Debug-iphoneos/Yams-t.build/Yams.DependencyMetadataFileList --static-metadata-file-list /Users/admin/builder/spi-builder-workspace/.derivedData/Build/Intermediates.noindex/Yams.build/Debug-iphoneos/Yams-t.build/Yams.DependencyStaticMetadataFileList --swift-const-vals-list /Users/admin/builder/spi-builder-workspace/.derivedData/Build/Intermediates.noindex/Yams.build/Debug-iphoneos/Yams-t.build/Objects-normal/arm64/Yams.SwiftConstValuesFileList --force --compile-time-extraction --deployment-aware-processing --no-app-shortcuts-localization
2026-10-01 00:46:30.379 appintentsmetadataprocessor[1552:8454] Starting appintentsmetadataprocessor export
2026-10-01 00:46:30.458 appintentsmetadataprocessor[1552:8454] Extracted no relevant App Intents symbols, skipping writing output
SwiftDriverJobDiscovery normal arm64 Compiling Option.swift, OptionGroup.swift, ParentCommand.swift, AsyncParsableCommand.swift, CommandConfiguration.swift (in target 'ArgumentParser' from project 'swift-argument-parser')
ExtractAppIntentsMetadata (in target 'SwiftSyntax605' from project 'swift-syntax')
cd /Users/admin/builder/spi-builder-workspace/.dependencies/checkouts/swift-syntax
/Applications/Xcode-27.0.0-Release.Candidate.app/Contents/Developer/Toolchains/XcodeDefault.xctoolchain/usr/bin/appintentsmetadataprocessor --toolchain-dir /var/run/com.apple.security.cryptexd/mnt/com.apple.MobileAsset.MetalToolchain-v27.1.266.1.0NEReR/Metal.xctoolchain --module-name SwiftSyntax605 --sdk-root /Applications/Xcode-27.0.0-Release.Candidate.app/Contents/Developer/Platforms/MacOSX.platform/Developer/SDKs/MacOSX27.0.sdk --xcode-version 27A266a --platform-family macOS --deployment-target 12.0 --bundle-identifier swift-syntax.SwiftSyntax605 --output /Users/admin/builder/spi-builder-workspace/.derivedData/Build/Products/Debug/SwiftSyntax605.appintents --target-triple arm64-apple-macos12.0 --target-triple x86_64-apple-macos12.0 --binary-file /Users/admin/builder/spi-builder-workspace/.derivedData/Build/Products/Debug/SwiftSyntax605.o --dependency-file /Users/admin/builder/spi-builder-workspace/.derivedData/Build/Intermediates.noindex/swift-syntax.build/Debug/SwiftSyntax605-t.build/Objects-normal/arm64/SwiftSyntax605_dependency_info.dat --dependency-file /Users/admin/builder/spi-builder-workspace/.derivedData/Build/Intermediates.noindex/swift-syntax.build/Debug/SwiftSyntax605-t.build/Objects-normal/x86_64/SwiftSyntax605_dependency_info.dat --stringsdata-file /Users/admin/builder/spi-builder-workspace/.derivedData/Build/Intermediates.noindex/swift-syntax.build/Debug/SwiftSyntax605-t.build/Objects-normal/arm64/ExtractedAppShortcutsMetadata.stringsdata --stringsdata-file /Users/admin/builder/spi-builder-workspace/.derivedData/Build/Intermediates.noindex/swift-syntax.build/Debug/SwiftSyntax605-t.build/Objects-normal/x86_64/ExtractedAppShortcutsMetadata.stringsdata --source-file-list /Users/admin/builder/spi-builder-workspace/.derivedData/Build/Intermediates.noindex/swift-syntax.build/Debug/SwiftSyntax605-t.build/Objects-normal/arm64/SwiftSyntax605.SwiftFileList --source-file-list /Users/admin/builder/spi-builder-workspace/.derivedData/Build/Intermediates.noindex/swift-syntax.build/Debug/SwiftSyntax605-t.build/Objects-normal/x86_64/SwiftSyntax605.SwiftFileList --metadata-file-list /Users/admin/builder/spi-builder-workspace/.derivedData/Build/Intermediates.noindex/swift-syntax.build/Debug/SwiftSyntax605-t.build/SwiftSyntax605.DependencyMetadataFileList --static-metadata-file-list /Users/admin/builder/spi-builder-workspace/.derivedData/Build/Intermediates.noindex/swift-syntax.build/Debug/SwiftSyntax605-t.build/SwiftSyntax605.DependencyStaticMetadataFileList --swift-const-vals-list /Users/admin/builder/spi-builder-workspace/.derivedData/Build/Intermediates.noindex/swift-syntax.build/Debug/SwiftSyntax605-t.build/Objects-normal/arm64/SwiftSyntax605.SwiftConstValuesFileList --swift-const-vals-list /Users/admin/builder/spi-builder-workspace/.derivedData/Build/Intermediates.noindex/swift-syntax.build/Debug/SwiftSyntax605-t.build/Objects-normal/x86_64/SwiftSyntax605.SwiftConstValuesFileList --force --compile-time-extraction --deployment-aware-processing --no-app-shortcuts-localization
2026-10-01 00:46:30.474 appintentsmetadataprocessor[1553:8462] Starting appintentsmetadataprocessor export
2026-10-01 00:46:30.545 appintentsmetadataprocessor[1553:8462] Extracted no relevant App Intents symbols, skipping writing output
ExtractAppIntentsMetadata (in target 'SwiftSyntax604' from project 'swift-syntax')
cd /Users/admin/builder/spi-builder-workspace/.dependencies/checkouts/swift-syntax
/Applications/Xcode-27.0.0-Release.Candidate.app/Contents/Developer/Toolchains/XcodeDefault.xctoolchain/usr/bin/appintentsmetadataprocessor --toolchain-dir /var/run/com.apple.security.cryptexd/mnt/com.apple.MobileAsset.MetalToolchain-v27.1.266.1.0NEReR/Metal.xctoolchain --module-name SwiftSyntax604 --sdk-root /Applications/Xcode-27.0.0-Release.Candidate.app/Contents/Developer/Platforms/MacOSX.platform/Developer/SDKs/MacOSX27.0.sdk --xcode-version 27A266a --platform-family macOS --deployment-target 12.0 --bundle-identifier swift-syntax.SwiftSyntax604 --output /Users/admin/builder/spi-builder-workspace/.derivedData/Build/Products/Debug/SwiftSyntax604.appintents --target-triple arm64-apple-macos12.0 --target-triple x86_64-apple-macos12.0 --binary-file /Users/admin/builder/spi-builder-workspace/.derivedData/Build/Products/Debug/SwiftSyntax604.o --dependency-file /Users/admin/builder/spi-builder-workspace/.derivedData/Build/Intermediates.noindex/swift-syntax.build/Debug/SwiftSyntax604-t.build/Objects-normal/arm64/SwiftSyntax604_dependency_info.dat --dependency-file /Users/admin/builder/spi-builder-workspace/.derivedData/Build/Intermediates.noindex/swift-syntax.build/Debug/SwiftSyntax604-t.build/Objects-normal/x86_64/SwiftSyntax604_dependency_info.dat --stringsdata-file /Users/admin/builder/spi-builder-workspace/.derivedData/Build/Intermediates.noindex/swift-syntax.build/Debug/SwiftSyntax604-t.build/Objects-normal/arm64/ExtractedAppShortcutsMetadata.stringsdata --stringsdata-file /Users/admin/builder/spi-builder-workspace/.derivedData/Build/Intermediates.noindex/swift-syntax.build/Debug/SwiftSyntax604-t.build/Objects-normal/x86_64/ExtractedAppShortcutsMetadata.stringsdata --source-file-list /Users/admin/builder/spi-builder-workspace/.derivedData/Build/Intermediates.noindex/swift-syntax.build/Debug/SwiftSyntax604-t.build/Objects-normal/arm64/SwiftSyntax604.SwiftFileList --source-file-list /Users/admin/builder/spi-builder-workspace/.derivedData/Build/Intermediates.noindex/swift-syntax.build/Debug/SwiftSyntax604-t.build/Objects-normal/x86_64/SwiftSyntax604.SwiftFileList --metadata-file-list /Users/admin/builder/spi-builder-workspace/.derivedData/Build/Intermediates.noindex/swift-syntax.build/Debug/SwiftSyntax604-t.build/SwiftSyntax604.DependencyMetadataFileList --static-metadata-file-list /Users/admin/builder/spi-builder-workspace/.derivedData/Build/Intermediates.noindex/swift-syntax.build/Debug/SwiftSyntax604-t.build/SwiftSyntax604.DependencyStaticMetadataFileList --swift-const-vals-list /Users/admin/builder/spi-builder-workspace/.derivedData/Build/Intermediates.noindex/swift-syntax.build/Debug/SwiftSyntax604-t.build/Objects-normal/arm64/SwiftSyntax604.SwiftConstValuesFileList --swift-const-vals-list /Users/admin/builder/spi-builder-workspace/.derivedData/Build/Intermediates.noindex/swift-syntax.build/Debug/SwiftSyntax604-t.build/Objects-normal/x86_64/SwiftSyntax604.SwiftConstValuesFileList --force --compile-time-extraction --deployment-aware-processing --no-app-shortcuts-localization
2026-10-01 00:46:30.475 appintentsmetadataprocessor[1554:8463] Starting appintentsmetadataprocessor export
2026-10-01 00:46:30.546 appintentsmetadataprocessor[1554:8463] Extracted no relevant App Intents symbols, skipping writing output
ExtractAppIntentsMetadata (in target 'SwiftSyntax603' from project 'swift-syntax')
cd /Users/admin/builder/spi-builder-workspace/.dependencies/checkouts/swift-syntax
/Applications/Xcode-27.0.0-Release.Candidate.app/Contents/Developer/Toolchains/XcodeDefault.xctoolchain/usr/bin/appintentsmetadataprocessor --toolchain-dir /var/run/com.apple.security.cryptexd/mnt/com.apple.MobileAsset.MetalToolchain-v27.1.266.1.0NEReR/Metal.xctoolchain --module-name SwiftSyntax603 --sdk-root /Applications/Xcode-27.0.0-Release.Candidate.app/Contents/Developer/Platforms/MacOSX.platform/Developer/SDKs/MacOSX27.0.sdk --xcode-version 27A266a --platform-family macOS --deployment-target 12.0 --bundle-identifier swift-syntax.SwiftSyntax603 --output /Users/admin/builder/spi-builder-workspace/.derivedData/Build/Products/Debug/SwiftSyntax603.appintents --target-triple arm64-apple-macos12.0 --target-triple x86_64-apple-macos12.0 --binary-file /Users/admin/builder/spi-builder-workspace/.derivedData/Build/Products/Debug/SwiftSyntax603.o --dependency-file /Users/admin/builder/spi-builder-workspace/.derivedData/Build/Intermediates.noindex/swift-syntax.build/Debug/SwiftSyntax603-t.build/Objects-normal/arm64/SwiftSyntax603_dependency_info.dat --dependency-file /Users/admin/builder/spi-builder-workspace/.derivedData/Build/Intermediates.noindex/swift-syntax.build/Debug/SwiftSyntax603-t.build/Objects-normal/x86_64/SwiftSyntax603_dependency_info.dat --stringsdata-file /Users/admin/builder/spi-builder-workspace/.derivedData/Build/Intermediates.noindex/swift-syntax.build/Debug/SwiftSyntax603-t.build/Objects-normal/arm64/ExtractedAppShortcutsMetadata.stringsdata --stringsdata-file /Users/admin/builder/spi-builder-workspace/.derivedData/Build/Intermediates.noindex/swift-syntax.build/Debug/SwiftSyntax603-t.build/Objects-normal/x86_64/ExtractedAppShortcutsMetadata.stringsdata --source-file-list /Users/admin/builder/spi-builder-workspace/.derivedData/Build/Intermediates.noindex/swift-syntax.build/Debug/SwiftSyntax603-t.build/Objects-normal/arm64/SwiftSyntax603.SwiftFileList --source-file-list /Users/admin/builder/spi-builder-workspace/.derivedData/Build/Intermediates.noindex/swift-syntax.build/Debug/SwiftSyntax603-t.build/Objects-normal/x86_64/SwiftSyntax603.SwiftFileList --metadata-file-list /Users/admin/builder/spi-builder-workspace/.derivedData/Build/Intermediates.noindex/swift-syntax.build/Debug/SwiftSyntax603-t.build/SwiftSyntax603.DependencyMetadataFileList --static-metadata-file-list /Users/admin/builder/spi-builder-workspace/.derivedData/Build/Intermediates.noindex/swift-syntax.build/Debug/SwiftSyntax603-t.build/SwiftSyntax603.DependencyStaticMetadataFileList --swift-const-vals-list /Users/admin/builder/spi-builder-workspace/.derivedData/Build/Intermediates.noindex/swift-syntax.build/Debug/SwiftSyntax603-t.build/Objects-normal/arm64/SwiftSyntax603.SwiftConstValuesFileList --swift-const-vals-list /Users/admin/builder/spi-builder-workspace/.derivedData/Build/Intermediates.noindex/swift-syntax.build/Debug/SwiftSyntax603-t.build/Objects-normal/x86_64/SwiftSyntax603.SwiftConstValuesFileList --force --compile-time-extraction --deployment-aware-processing --no-app-shortcuts-localization
2026-10-01 00:46:30.478 appintentsmetadataprocessor[1555:8464] Starting appintentsmetadataprocessor export
2026-10-01 00:46:30.548 appintentsmetadataprocessor[1555:8464] Extracted no relevant App Intents symbols, skipping writing output
ExtractAppIntentsMetadata (in target 'SwiftSyntax602' from project 'swift-syntax')
cd /Users/admin/builder/spi-builder-workspace/.dependencies/checkouts/swift-syntax
/Applications/Xcode-27.0.0-Release.Candidate.app/Contents/Developer/Toolchains/XcodeDefault.xctoolchain/usr/bin/appintentsmetadataprocessor --toolchain-dir /var/run/com.apple.security.cryptexd/mnt/com.apple.MobileAsset.MetalToolchain-v27.1.266.1.0NEReR/Metal.xctoolchain --module-name SwiftSyntax602 --sdk-root /Applications/Xcode-27.0.0-Release.Candidate.app/Contents/Developer/Platforms/MacOSX.platform/Developer/SDKs/MacOSX27.0.sdk --xcode-version 27A266a --platform-family macOS --deployment-target 12.0 --bundle-identifier swift-syntax.SwiftSyntax602 --output /Users/admin/builder/spi-builder-workspace/.derivedData/Build/Products/Debug/SwiftSyntax602.appintents --target-triple arm64-apple-macos12.0 --target-triple x86_64-apple-macos12.0 --binary-file /Users/admin/builder/spi-builder-workspace/.derivedData/Build/Products/Debug/SwiftSyntax602.o --dependency-file /Users/admin/builder/spi-builder-workspace/.derivedData/Build/Intermediates.noindex/swift-syntax.build/Debug/SwiftSyntax602-t.build/Objects-normal/arm64/SwiftSyntax602_dependency_info.dat --dependency-file /Users/admin/builder/spi-builder-workspace/.derivedData/Build/Intermediates.noindex/swift-syntax.build/Debug/SwiftSyntax602-t.build/Objects-normal/x86_64/SwiftSyntax602_dependency_info.dat --stringsdata-file /Users/admin/builder/spi-builder-workspace/.derivedData/Build/Intermediates.noindex/swift-syntax.build/Debug/SwiftSyntax602-t.build/Objects-normal/arm64/ExtractedAppShortcutsMetadata.stringsdata --stringsdata-file /Users/admin/builder/spi-builder-workspace/.derivedData/Build/Intermediates.noindex/swift-syntax.build/Debug/SwiftSyntax602-t.build/Objects-normal/x86_64/ExtractedAppShortcutsMetadata.stringsdata --source-file-list /Users/admin/builder/spi-builder-workspace/.derivedData/Build/Intermediates.noindex/swift-syntax.build/Debug/SwiftSyntax602-t.build/Objects-normal/arm64/SwiftSyntax602.SwiftFileList --source-file-list /Users/admin/builder/spi-builder-workspace/.derivedData/Build/Intermediates.noindex/swift-syntax.build/Debug/SwiftSyntax602-t.build/Objects-normal/x86_64/SwiftSyntax602.SwiftFileList --metadata-file-list /Users/admin/builder/spi-builder-workspace/.derivedData/Build/Intermediates.noindex/swift-syntax.build/Debug/SwiftSyntax602-t.build/SwiftSyntax602.DependencyMetadataFileList --static-metadata-file-list /Users/admin/builder/spi-builder-workspace/.derivedData/Build/Intermediates.noindex/swift-syntax.build/Debug/SwiftSyntax602-t.build/SwiftSyntax602.DependencyStaticMetadataFileList --swift-const-vals-list /Users/admin/builder/spi-builder-workspace/.derivedData/Build/Intermediates.noindex/swift-syntax.build/Debug/SwiftSyntax602-t.build/Objects-normal/arm64/SwiftSyntax602.SwiftConstValuesFileList --swift-const-vals-list /Users/admin/builder/spi-builder-workspace/.derivedData/Build/Intermediates.noindex/swift-syntax.build/Debug/SwiftSyntax602-t.build/Objects-normal/x86_64/SwiftSyntax602.SwiftConstValuesFileList --force --compile-time-extraction --deployment-aware-processing --no-app-shortcuts-localization
2026-10-01 00:46:30.569 appintentsmetadataprocessor[1556:8472] Starting appintentsmetadataprocessor export
2026-10-01 00:46:30.638 appintentsmetadataprocessor[1556:8472] Extracted no relevant App Intents symbols, skipping writing output
ExtractAppIntentsMetadata (in target 'SwiftSyntax601' from project 'swift-syntax')
cd /Users/admin/builder/spi-builder-workspace/.dependencies/checkouts/swift-syntax
/Applications/Xcode-27.0.0-Release.Candidate.app/Contents/Developer/Toolchains/XcodeDefault.xctoolchain/usr/bin/appintentsmetadataprocessor --toolchain-dir /var/run/com.apple.security.cryptexd/mnt/com.apple.MobileAsset.MetalToolchain-v27.1.266.1.0NEReR/Metal.xctoolchain --module-name SwiftSyntax601 --sdk-root /Applications/Xcode-27.0.0-Release.Candidate.app/Contents/Developer/Platforms/MacOSX.platform/Developer/SDKs/MacOSX27.0.sdk --xcode-version 27A266a --platform-family macOS --deployment-target 12.0 --bundle-identifier swift-syntax.SwiftSyntax601 --output /Users/admin/builder/spi-builder-workspace/.derivedData/Build/Products/Debug/SwiftSyntax601.appintents --target-triple arm64-apple-macos12.0 --target-triple x86_64-apple-macos12.0 --binary-file /Users/admin/builder/spi-builder-workspace/.derivedData/Build/Products/Debug/SwiftSyntax601.o --dependency-file /Users/admin/builder/spi-builder-workspace/.derivedData/Build/Intermediates.noindex/swift-syntax.build/Debug/SwiftSyntax601-t.build/Objects-normal/arm64/SwiftSyntax601_dependency_info.dat --dependency-file /Users/admin/builder/spi-builder-workspace/.derivedData/Build/Intermediates.noindex/swift-syntax.build/Debug/SwiftSyntax601-t.build/Objects-normal/x86_64/SwiftSyntax601_dependency_info.dat --stringsdata-file /Users/admin/builder/spi-builder-workspace/.derivedData/Build/Intermediates.noindex/swift-syntax.build/Debug/SwiftSyntax601-t.build/Objects-normal/arm64/ExtractedAppShortcutsMetadata.stringsdata --stringsdata-file /Users/admin/builder/spi-builder-workspace/.derivedData/Build/Intermediates.noindex/swift-syntax.build/Debug/SwiftSyntax601-t.build/Objects-normal/x86_64/ExtractedAppShortcutsMetadata.stringsdata --source-file-list /Users/admin/builder/spi-builder-workspace/.derivedData/Build/Intermediates.noindex/swift-syntax.build/Debug/SwiftSyntax601-t.build/Objects-normal/arm64/SwiftSyntax601.SwiftFileList --source-file-list /Users/admin/builder/spi-builder-workspace/.derivedData/Build/Intermediates.noindex/swift-syntax.build/Debug/SwiftSyntax601-t.build/Objects-normal/x86_64/SwiftSyntax601.SwiftFileList --metadata-file-list /Users/admin/builder/spi-builder-workspace/.derivedData/Build/Intermediates.noindex/swift-syntax.build/Debug/SwiftSyntax601-t.build/SwiftSyntax601.DependencyMetadataFileList --static-metadata-file-list /Users/admin/builder/spi-builder-workspace/.derivedData/Build/Intermediates.noindex/swift-syntax.build/Debug/SwiftSyntax601-t.build/SwiftSyntax601.DependencyStaticMetadataFileList --swift-const-vals-list /Users/admin/builder/spi-builder-workspace/.derivedData/Build/Intermediates.noindex/swift-syntax.build/Debug/SwiftSyntax601-t.build/Objects-normal/arm64/SwiftSyntax601.SwiftConstValuesFileList --swift-const-vals-list /Users/admin/builder/spi-builder-workspace/.derivedData/Build/Intermediates.noindex/swift-syntax.build/Debug/SwiftSyntax601-t.build/Objects-normal/x86_64/SwiftSyntax601.SwiftConstValuesFileList --force --compile-time-extraction --deployment-aware-processing --no-app-shortcuts-localization
2026-10-01 00:46:30.571 appintentsmetadataprocessor[1557:8473] Starting appintentsmetadataprocessor export
2026-10-01 00:46:30.640 appintentsmetadataprocessor[1557:8473] Extracted no relevant App Intents symbols, skipping writing output
ExtractAppIntentsMetadata (in target 'SwiftSyntax600' from project 'swift-syntax')
cd /Users/admin/builder/spi-builder-workspace/.dependencies/checkouts/swift-syntax
/Applications/Xcode-27.0.0-Release.Candidate.app/Contents/Developer/Toolchains/XcodeDefault.xctoolchain/usr/bin/appintentsmetadataprocessor --toolchain-dir /var/run/com.apple.security.cryptexd/mnt/com.apple.MobileAsset.MetalToolchain-v27.1.266.1.0NEReR/Metal.xctoolchain --module-name SwiftSyntax600 --sdk-root /Applications/Xcode-27.0.0-Release.Candidate.app/Contents/Developer/Platforms/MacOSX.platform/Developer/SDKs/MacOSX27.0.sdk --xcode-version 27A266a --platform-family macOS --deployment-target 12.0 --bundle-identifier swift-syntax.SwiftSyntax600 --output /Users/admin/builder/spi-builder-workspace/.derivedData/Build/Products/Debug/SwiftSyntax600.appintents --target-triple arm64-apple-macos12.0 --target-triple x86_64-apple-macos12.0 --binary-file /Users/admin/builder/spi-builder-workspace/.derivedData/Build/Products/Debug/SwiftSyntax600.o --dependency-file /Users/admin/builder/spi-builder-workspace/.derivedData/Build/Intermediates.noindex/swift-syntax.build/Debug/SwiftSyntax600-t.build/Objects-normal/arm64/SwiftSyntax600_dependency_info.dat --dependency-file /Users/admin/builder/spi-builder-workspace/.derivedData/Build/Intermediates.noindex/swift-syntax.build/Debug/SwiftSyntax600-t.build/Objects-normal/x86_64/SwiftSyntax600_dependency_info.dat --stringsdata-file /Users/admin/builder/spi-builder-workspace/.derivedData/Build/Intermediates.noindex/swift-syntax.build/Debug/SwiftSyntax600-t.build/Objects-normal/arm64/ExtractedAppShortcutsMetadata.stringsdata --stringsdata-file /Users/admin/builder/spi-builder-workspace/.derivedData/Build/Intermediates.noindex/swift-syntax.build/Debug/SwiftSyntax600-t.build/Objects-normal/x86_64/ExtractedAppShortcutsMetadata.stringsdata --source-file-list /Users/admin/builder/spi-builder-workspace/.derivedData/Build/Intermediates.noindex/swift-syntax.build/Debug/SwiftSyntax600-t.build/Objects-normal/arm64/SwiftSyntax600.SwiftFileList --source-file-list /Users/admin/builder/spi-builder-workspace/.derivedData/Build/Intermediates.noindex/swift-syntax.build/Debug/SwiftSyntax600-t.build/Objects-normal/x86_64/SwiftSyntax600.SwiftFileList --metadata-file-list /Users/admin/builder/spi-builder-workspace/.derivedData/Build/Intermediates.noindex/swift-syntax.build/Debug/SwiftSyntax600-t.build/SwiftSyntax600.DependencyMetadataFileList --static-metadata-file-list /Users/admin/builder/spi-builder-workspace/.derivedData/Build/Intermediates.noindex/swift-syntax.build/Debug/SwiftSyntax600-t.build/SwiftSyntax600.DependencyStaticMetadataFileList --swift-const-vals-list /Users/admin/builder/spi-builder-workspace/.derivedData/Build/Intermediates.noindex/swift-syntax.build/Debug/SwiftSyntax600-t.build/Objects-normal/arm64/SwiftSyntax600.SwiftConstValuesFileList --swift-const-vals-list /Users/admin/builder/spi-builder-workspace/.derivedData/Build/Intermediates.noindex/swift-syntax.build/Debug/SwiftSyntax600-t.build/Objects-normal/x86_64/SwiftSyntax600.SwiftConstValuesFileList --force --compile-time-extraction --deployment-aware-processing --no-app-shortcuts-localization
2026-10-01 00:46:30.572 appintentsmetadataprocessor[1558:8474] Starting appintentsmetadataprocessor export
2026-10-01 00:46:30.641 appintentsmetadataprocessor[1558:8474] Extracted no relevant App Intents symbols, skipping writing output
ExtractAppIntentsMetadata (in target 'SwiftSyntax510' from project 'swift-syntax')
cd /Users/admin/builder/spi-builder-workspace/.dependencies/checkouts/swift-syntax
/Applications/Xcode-27.0.0-Release.Candidate.app/Contents/Developer/Toolchains/XcodeDefault.xctoolchain/usr/bin/appintentsmetadataprocessor --toolchain-dir /var/run/com.apple.security.cryptexd/mnt/com.apple.MobileAsset.MetalToolchain-v27.1.266.1.0NEReR/Metal.xctoolchain --module-name SwiftSyntax510 --sdk-root /Applications/Xcode-27.0.0-Release.Candidate.app/Contents/Developer/Platforms/MacOSX.platform/Developer/SDKs/MacOSX27.0.sdk --xcode-version 27A266a --platform-family macOS --deployment-target 12.0 --bundle-identifier swift-syntax.SwiftSyntax510 --output /Users/admin/builder/spi-builder-workspace/.derivedData/Build/Products/Debug/SwiftSyntax510.appintents --target-triple arm64-apple-macos12.0 --target-triple x86_64-apple-macos12.0 --binary-file /Users/admin/builder/spi-builder-workspace/.derivedData/Build/Products/Debug/SwiftSyntax510.o --dependency-file /Users/admin/builder/spi-builder-workspace/.derivedData/Build/Intermediates.noindex/swift-syntax.build/Debug/SwiftSyntax510-t.build/Objects-normal/arm64/SwiftSyntax510_dependency_info.dat --dependency-file /Users/admin/builder/spi-builder-workspace/.derivedData/Build/Intermediates.noindex/swift-syntax.build/Debug/SwiftSyntax510-t.build/Objects-normal/x86_64/SwiftSyntax510_dependency_info.dat --stringsdata-file /Users/admin/builder/spi-builder-workspace/.derivedData/Build/Intermediates.noindex/swift-syntax.build/Debug/SwiftSyntax510-t.build/Objects-normal/arm64/ExtractedAppShortcutsMetadata.stringsdata --stringsdata-file /Users/admin/builder/spi-builder-workspace/.derivedData/Build/Intermediates.noindex/swift-syntax.build/Debug/SwiftSyntax510-t.build/Objects-normal/x86_64/ExtractedAppShortcutsMetadata.stringsdata --source-file-list /Users/admin/builder/spi-builder-workspace/.derivedData/Build/Intermediates.noindex/swift-syntax.build/Debug/SwiftSyntax510-t.build/Objects-normal/arm64/SwiftSyntax510.SwiftFileList --source-file-list /Users/admin/builder/spi-builder-workspace/.derivedData/Build/Intermediates.noindex/swift-syntax.build/Debug/SwiftSyntax510-t.build/Objects-normal/x86_64/SwiftSyntax510.SwiftFileList --metadata-file-list /Users/admin/builder/spi-builder-workspace/.derivedData/Build/Intermediates.noindex/swift-syntax.build/Debug/SwiftSyntax510-t.build/SwiftSyntax510.DependencyMetadataFileList --static-metadata-file-list /Users/admin/builder/spi-builder-workspace/.derivedData/Build/Intermediates.noindex/swift-syntax.build/Debug/SwiftSyntax510-t.build/SwiftSyntax510.DependencyStaticMetadataFileList --swift-const-vals-list /Users/admin/builder/spi-builder-workspace/.derivedData/Build/Intermediates.noindex/swift-syntax.build/Debug/SwiftSyntax510-t.build/Objects-normal/arm64/SwiftSyntax510.SwiftConstValuesFileList --swift-const-vals-list /Users/admin/builder/spi-builder-workspace/.derivedData/Build/Intermediates.noindex/swift-syntax.build/Debug/SwiftSyntax510-t.build/Objects-normal/x86_64/SwiftSyntax510.SwiftConstValuesFileList --force --compile-time-extraction --deployment-aware-processing --no-app-shortcuts-localization
2026-10-01 00:46:30.658 appintentsmetadataprocessor[1559:8482] Starting appintentsmetadataprocessor export
2026-10-01 00:46:30.724 appintentsmetadataprocessor[1559:8482] Extracted no relevant App Intents symbols, skipping writing output
ExtractAppIntentsMetadata (in target 'SwiftSyntax509' from project 'swift-syntax')
cd /Users/admin/builder/spi-builder-workspace/.dependencies/checkouts/swift-syntax
/Applications/Xcode-27.0.0-Release.Candidate.app/Contents/Developer/Toolchains/XcodeDefault.xctoolchain/usr/bin/appintentsmetadataprocessor --toolchain-dir /var/run/com.apple.security.cryptexd/mnt/com.apple.MobileAsset.MetalToolchain-v27.1.266.1.0NEReR/Metal.xctoolchain --module-name SwiftSyntax509 --sdk-root /Applications/Xcode-27.0.0-Release.Candidate.app/Contents/Developer/Platforms/MacOSX.platform/Developer/SDKs/MacOSX27.0.sdk --xcode-version 27A266a --platform-family macOS --deployment-target 12.0 --bundle-identifier swift-syntax.SwiftSyntax509 --output /Users/admin/builder/spi-builder-workspace/.derivedData/Build/Products/Debug/SwiftSyntax509.appintents --target-triple arm64-apple-macos12.0 --target-triple x86_64-apple-macos12.0 --binary-file /Users/admin/builder/spi-builder-workspace/.derivedData/Build/Products/Debug/SwiftSyntax509.o --dependency-file /Users/admin/builder/spi-builder-workspace/.derivedData/Build/Intermediates.noindex/swift-syntax.build/Debug/SwiftSyntax509-t.build/Objects-normal/arm64/SwiftSyntax509_dependency_info.dat --dependency-file /Users/admin/builder/spi-builder-workspace/.derivedData/Build/Intermediates.noindex/swift-syntax.build/Debug/SwiftSyntax509-t.build/Objects-normal/x86_64/SwiftSyntax509_dependency_info.dat --stringsdata-file /Users/admin/builder/spi-builder-workspace/.derivedData/Build/Intermediates.noindex/swift-syntax.build/Debug/SwiftSyntax509-t.build/Objects-normal/arm64/ExtractedAppShortcutsMetadata.stringsdata --stringsdata-file /Users/admin/builder/spi-builder-workspace/.derivedData/Build/Intermediates.noindex/swift-syntax.build/Debug/SwiftSyntax509-t.build/Objects-normal/x86_64/ExtractedAppShortcutsMetadata.stringsdata --source-file-list /Users/admin/builder/spi-builder-workspace/.derivedData/Build/Intermediates.noindex/swift-syntax.build/Debug/SwiftSyntax509-t.build/Objects-normal/arm64/SwiftSyntax509.SwiftFileList --source-file-list /Users/admin/builder/spi-builder-workspace/.derivedData/Build/Intermediates.noindex/swift-syntax.build/Debug/SwiftSyntax509-t.build/Objects-normal/x86_64/SwiftSyntax509.SwiftFileList --metadata-file-list /Users/admin/builder/spi-builder-workspace/.derivedData/Build/Intermediates.noindex/swift-syntax.build/Debug/SwiftSyntax509-t.build/SwiftSyntax509.DependencyMetadataFileList --static-metadata-file-list /Users/admin/builder/spi-builder-workspace/.derivedData/Build/Intermediates.noindex/swift-syntax.build/Debug/SwiftSyntax509-t.build/SwiftSyntax509.DependencyStaticMetadataFileList --swift-const-vals-list /Users/admin/builder/spi-builder-workspace/.derivedData/Build/Intermediates.noindex/swift-syntax.build/Debug/SwiftSyntax509-t.build/Objects-normal/arm64/SwiftSyntax509.SwiftConstValuesFileList --swift-const-vals-list /Users/admin/builder/spi-builder-workspace/.derivedData/Build/Intermediates.noindex/swift-syntax.build/Debug/SwiftSyntax509-t.build/Objects-normal/x86_64/SwiftSyntax509.SwiftConstValuesFileList --force --compile-time-extraction --deployment-aware-processing --no-app-shortcuts-localization
2026-10-01 00:46:30.660 appintentsmetadataprocessor[1560:8483] Starting appintentsmetadataprocessor export
2026-10-01 00:46:30.726 appintentsmetadataprocessor[1560:8483] Extracted no relevant App Intents symbols, skipping writing output
ExtractAppIntentsMetadata (in target 'SWXMLHash' from project 'SWXMLHash')
cd /Users/admin/builder/spi-builder-workspace/.dependencies/checkouts/SWXMLHash
/Applications/Xcode-27.0.0-Release.Candidate.app/Contents/Developer/Toolchains/XcodeDefault.xctoolchain/usr/bin/appintentsmetadataprocessor --toolchain-dir /var/run/com.apple.security.cryptexd/mnt/com.apple.MobileAsset.MetalToolchain-v27.1.266.1.0NEReR/Metal.xctoolchain --module-name SWXMLHash --sdk-root /Applications/Xcode-27.0.0-Release.Candidate.app/Contents/Developer/Platforms/iPhoneOS.platform/Developer/SDKs/iPhoneOS27.0.sdk --xcode-version 27A266a --platform-family iOS --deployment-target 15.0 --bundle-identifier swxmlhash.SWXMLHash --output /Users/admin/builder/spi-builder-workspace/.derivedData/Build/Products/Debug-iphoneos/SWXMLHash.appintents --target-triple arm64-apple-ios15.0 --binary-file /Users/admin/builder/spi-builder-workspace/.derivedData/Build/Products/Debug-iphoneos/SWXMLHash.o --dependency-file /Users/admin/builder/spi-builder-workspace/.derivedData/Build/Intermediates.noindex/SWXMLHash.build/Debug-iphoneos/SWXMLHash-t.build/Objects-normal/arm64/SWXMLHash_dependency_info.dat --stringsdata-file /Users/admin/builder/spi-builder-workspace/.derivedData/Build/Intermediates.noindex/SWXMLHash.build/Debug-iphoneos/SWXMLHash-t.build/Objects-normal/arm64/ExtractedAppShortcutsMetadata.stringsdata --source-file-list /Users/admin/builder/spi-builder-workspace/.derivedData/Build/Intermediates.noindex/SWXMLHash.build/Debug-iphoneos/SWXMLHash-t.build/Objects-normal/arm64/SWXMLHash.SwiftFileList --metadata-file-list /Users/admin/builder/spi-builder-workspace/.derivedData/Build/Intermediates.noindex/SWXMLHash.build/Debug-iphoneos/SWXMLHash-t.build/SWXMLHash.DependencyMetadataFileList --static-metadata-file-list /Users/admin/builder/spi-builder-workspace/.derivedData/Build/Intermediates.noindex/SWXMLHash.build/Debug-iphoneos/SWXMLHash-t.build/SWXMLHash.DependencyStaticMetadataFileList --swift-const-vals-list /Users/admin/builder/spi-builder-workspace/.derivedData/Build/Intermediates.noindex/SWXMLHash.build/Debug-iphoneos/SWXMLHash-t.build/Objects-normal/arm64/SWXMLHash.SwiftConstValuesFileList --force --compile-time-extraction --deployment-aware-processing --no-app-shortcuts-localization
2026-10-01 00:46:30.662 appintentsmetadataprocessor[1561:8484] Starting appintentsmetadataprocessor export
2026-10-01 00:46:30.728 appintentsmetadataprocessor[1561:8484] Extracted no relevant App Intents symbols, skipping writing output
ExtractAppIntentsMetadata (in target 'FilenameMatcher' from project 'swift-filename-matcher')
cd /Users/admin/builder/spi-builder-workspace/.dependencies/checkouts/swift-filename-matcher
/Applications/Xcode-27.0.0-Release.Candidate.app/Contents/Developer/Toolchains/XcodeDefault.xctoolchain/usr/bin/appintentsmetadataprocessor --toolchain-dir /var/run/com.apple.security.cryptexd/mnt/com.apple.MobileAsset.MetalToolchain-v27.1.266.1.0NEReR/Metal.xctoolchain --module-name FilenameMatcher --sdk-root /Applications/Xcode-27.0.0-Release.Candidate.app/Contents/Developer/Platforms/iPhoneOS.platform/Developer/SDKs/iPhoneOS27.0.sdk --xcode-version 27A266a --platform-family iOS --deployment-target 15.0 --bundle-identifier swift-filename-matcher.FilenameMatcher --output /Users/admin/builder/spi-builder-workspace/.derivedData/Build/Products/Debug-iphoneos/FilenameMatcher.appintents --target-triple arm64-apple-ios15.0 --binary-file /Users/admin/builder/spi-builder-workspace/.derivedData/Build/Products/Debug-iphoneos/FilenameMatcher.o --dependency-file /Users/admin/builder/spi-builder-workspace/.derivedData/Build/Intermediates.noindex/swift-filename-matcher.build/Debug-iphoneos/FilenameMatcher-t.build/Objects-normal/arm64/FilenameMatcher_dependency_info.dat --stringsdata-file /Users/admin/builder/spi-builder-workspace/.derivedData/Build/Intermediates.noindex/swift-filename-matcher.build/Debug-iphoneos/FilenameMatcher-t.build/Objects-normal/arm64/ExtractedAppShortcutsMetadata.stringsdata --source-file-list /Users/admin/builder/spi-builder-workspace/.derivedData/Build/Intermediates.noindex/swift-filename-matcher.build/Debug-iphoneos/FilenameMatcher-t.build/Objects-normal/arm64/FilenameMatcher.SwiftFileList --metadata-file-list /Users/admin/builder/spi-builder-workspace/.derivedData/Build/Intermediates.noindex/swift-filename-matcher.build/Debug-iphoneos/FilenameMatcher-t.build/FilenameMatcher.DependencyMetadataFileList --static-metadata-file-list /Users/admin/builder/spi-builder-workspace/.derivedData/Build/Intermediates.noindex/swift-filename-matcher.build/Debug-iphoneos/FilenameMatcher-t.build/FilenameMatcher.DependencyStaticMetadataFileList --swift-const-vals-list /Users/admin/builder/spi-builder-workspace/.derivedData/Build/Intermediates.noindex/swift-filename-matcher.build/Debug-iphoneos/FilenameMatcher-t.build/Objects-normal/arm64/FilenameMatcher.SwiftConstValuesFileList --force --compile-time-extraction --deployment-aware-processing --no-app-shortcuts-localization
2026-10-01 00:46:30.743 appintentsmetadataprocessor[1562:8495] Starting appintentsmetadataprocessor export
2026-10-01 00:46:30.808 appintentsmetadataprocessor[1562:8495] Extracted no relevant App Intents symbols, skipping writing output
SwiftDriver SwiftSyntax normal arm64 com.apple.xcode.tools.swift.compiler (in target 'SwiftSyntax' from project 'swift-syntax')
cd /Users/admin/builder/spi-builder-workspace/.swiftpm/xcode
builtin-SwiftDriver -- /Applications/Xcode-27.0.0-Release.Candidate.app/Contents/Developer/Toolchains/XcodeDefault.xctoolchain/usr/bin/swiftc -parse-as-library -module-name SwiftSyntax -Onone @/Users/admin/builder/spi-builder-workspace/.derivedData/Build/Intermediates.noindex/swift-syntax.build/Debug/SwiftSyntax-t.build/Objects-normal/arm64/SwiftSyntax.SwiftFileList -DSWIFT_PACKAGE -DDEBUG -DSWIFT_MODULE_RESOURCE_BUNDLE_UNAVAILABLE -Xcc -fmodule-map-file\=/Users/admin/builder/spi-builder-workspace/.dependencies/checkouts/swift-syntax/Sources/_SwiftSyntaxCShims/include/module.modulemap -DXcode -plugin-path /Applications/Xcode-27.0.0-Release.Candidate.app/Contents/Developer/Toolchains/XcodeDefault.xctoolchain/usr/lib/swift/host/plugins/testing -enable-experimental-feature DebugDescriptionMacro -sdk /Applications/Xcode-27.0.0-Release.Candidate.app/Contents/Developer/Platforms/MacOSX.platform/Developer/SDKs/MacOSX27.0.sdk -target arm64-apple-macos12.0 -g -module-cache-path /Users/admin/builder/spi-builder-workspace/.derivedData/ModuleCache.noindex -Xfrontend -serialize-debugging-options -profile-coverage-mapping -profile-generate -enable-testing -suppress-warnings -index-store-path /Users/admin/builder/spi-builder-workspace/.derivedData/Index.noindex/DataStore -Xcc -D_LIBCPP_HARDENING_MODE\=_LIBCPP_HARDENING_MODE_DEBUG -swift-version 6 -I /Users/admin/builder/spi-builder-workspace/.derivedData/Build/Products/Debug -Isystem /Applications/Xcode-27.0.0-Release.Candidate.app/Contents/Developer/Platforms/MacOSX.platform/Developer/usr/lib -F /Users/admin/builder/spi-builder-workspace/.derivedData/Build/Products/Debug/PackageFrameworks -F /Users/admin/builder/spi-builder-workspace/.derivedData/Build/Products/Debug -F /Applications/Xcode-27.0.0-Release.Candidate.app/Contents/Developer/Platforms/MacOSX.platform/Developer/Library/Frameworks -c -j10 -enable-batch-mode -incremental -Xcc -ivfsstatcache -Xcc /Users/admin/builder/spi-builder-workspace/.derivedData/SDKStatCaches.noindex/macosx27.0-26A425-e829b21a6f8c9b70876ba0858053c0446a22442a12e9d48fe1a705f55a1adfc4.sdkstatcache -output-file-map /Users/admin/builder/spi-builder-workspace/.derivedData/Build/Intermediates.noindex/swift-syntax.build/Debug/SwiftSyntax-t.build/Objects-normal/arm64/SwiftSyntax-OutputFileMap.json -save-temps -no-color-diagnostics -explicit-module-build -module-cache-path /Users/admin/builder/spi-builder-workspace/.derivedData/Build/Intermediates.noindex/SwiftExplicitPrecompiledModules -clang-scanner-module-cache-path /Users/admin/builder/spi-builder-workspace/.derivedData/ModuleCache.noindex -sdk-module-cache-path /Users/admin/builder/spi-builder-workspace/.derivedData/SDKExplicitPrecompiledModules -emit-dependencies -emit-module -emit-module-path /Users/admin/builder/spi-builder-workspace/.derivedData/Build/Intermediates.noindex/swift-syntax.build/Debug/SwiftSyntax-t.build/Objects-normal/arm64/SwiftSyntax.swiftmodule -serialize-diagnostics -dependency-scan-serialize-diagnostics-path /Users/admin/builder/spi-builder-workspace/.derivedData/Build/Intermediates.noindex/swift-syntax.build/Debug/SwiftSyntax-t.build/Objects-normal/arm64/SwiftSyntax-dependency-scan.dia -validate-clang-modules-once -clang-build-session-file /Users/admin/builder/spi-builder-workspace/.derivedData/ModuleCache.noindex/Session.modulevalidation -Xcc -fmodules-prune-interval\=86400 -Xcc -fmodules-prune-after\=345600 -package-name swift_syntax -emit-const-values -const-gather-protocols-list /Users/admin/builder/spi-builder-workspace/.derivedData/Build/Intermediates.noindex/swift-syntax.build/Debug/SwiftSyntax-t.build/Objects-normal/arm64/SwiftSyntax_const_extract_protocols.json -Xcc -I/Users/admin/builder/spi-builder-workspace/.dependencies/checkouts/swift-syntax/Sources/_SwiftSyntaxCShims/include -Xcc -I/Users/admin/builder/spi-builder-workspace/.derivedData/Build/Products/Debug/include -Xcc -I/Users/admin/builder/spi-builder-workspace/.derivedData/Build/Intermediates.noindex/swift-syntax.build/Debug/SwiftSyntax-t.build/DerivedSources-normal/arm64 -Xcc -I/Users/admin/builder/spi-builder-workspace/.derivedData/Build/Intermediates.noindex/swift-syntax.build/Debug/SwiftSyntax-t.build/DerivedSources/arm64 -Xcc -I/Users/admin/builder/spi-builder-workspace/.derivedData/Build/Intermediates.noindex/swift-syntax.build/Debug/SwiftSyntax-t.build/DerivedSources -Xcc -DSWIFT_PACKAGE -Xcc -DDEBUG\=1 -emit-objc-header -emit-objc-header-path /Users/admin/builder/spi-builder-workspace/.derivedData/Build/Intermediates.noindex/swift-syntax.build/Debug/SwiftSyntax-t.build/Objects-normal/arm64/SwiftSyntax-Swift.h -working-directory /Users/admin/builder/spi-builder-workspace/.swiftpm/xcode -experimental-emit-module-separately -disable-cmo
SwiftDriver SwiftSyntax normal x86_64 com.apple.xcode.tools.swift.compiler (in target 'SwiftSyntax' from project 'swift-syntax')
cd /Users/admin/builder/spi-builder-workspace/.swiftpm/xcode
builtin-SwiftDriver -- /Applications/Xcode-27.0.0-Release.Candidate.app/Contents/Developer/Toolchains/XcodeDefault.xctoolchain/usr/bin/swiftc -parse-as-library -module-name SwiftSyntax -Onone @/Users/admin/builder/spi-builder-workspace/.derivedData/Build/Intermediates.noindex/swift-syntax.build/Debug/SwiftSyntax-t.build/Objects-normal/x86_64/SwiftSyntax.SwiftFileList -DSWIFT_PACKAGE -DDEBUG -DSWIFT_MODULE_RESOURCE_BUNDLE_UNAVAILABLE -Xcc -fmodule-map-file\=/Users/admin/builder/spi-builder-workspace/.dependencies/checkouts/swift-syntax/Sources/_SwiftSyntaxCShims/include/module.modulemap -DXcode -plugin-path /Applications/Xcode-27.0.0-Release.Candidate.app/Contents/Developer/Toolchains/XcodeDefault.xctoolchain/usr/lib/swift/host/plugins/testing -enable-experimental-feature DebugDescriptionMacro -sdk /Applications/Xcode-27.0.0-Release.Candidate.app/Contents/Developer/Platforms/MacOSX.platform/Developer/SDKs/MacOSX27.0.sdk -target x86_64-apple-macos12.0 -g -module-cache-path /Users/admin/builder/spi-builder-workspace/.derivedData/ModuleCache.noindex -Xfrontend -serialize-debugging-options -profile-coverage-mapping -profile-generate -enable-testing -suppress-warnings -index-store-path /Users/admin/builder/spi-builder-workspace/.derivedData/Index.noindex/DataStore -Xcc -D_LIBCPP_HARDENING_MODE\=_LIBCPP_HARDENING_MODE_DEBUG -swift-version 6 -I /Users/admin/builder/spi-builder-workspace/.derivedData/Build/Products/Debug -Isystem /Applications/Xcode-27.0.0-Release.Candidate.app/Contents/Developer/Platforms/MacOSX.platform/Developer/usr/lib -F /Users/admin/builder/spi-builder-workspace/.derivedData/Build/Products/Debug/PackageFrameworks -F /Users/admin/builder/spi-builder-workspace/.derivedData/Build/Products/Debug -F /Applications/Xcode-27.0.0-Release.Candidate.app/Contents/Developer/Platforms/MacOSX.platform/Developer/Library/Frameworks -c -j10 -enable-batch-mode -incremental -Xcc -ivfsstatcache -Xcc /Users/admin/builder/spi-builder-workspace/.derivedData/SDKStatCaches.noindex/macosx27.0-26A425-e829b21a6f8c9b70876ba0858053c0446a22442a12e9d48fe1a705f55a1adfc4.sdkstatcache -output-file-map /Users/admin/builder/spi-builder-workspace/.derivedData/Build/Intermediates.noindex/swift-syntax.build/Debug/SwiftSyntax-t.build/Objects-normal/x86_64/SwiftSyntax-OutputFileMap.json -save-temps -no-color-diagnostics -explicit-module-build -module-cache-path /Users/admin/builder/spi-builder-workspace/.derivedData/Build/Intermediates.noindex/SwiftExplicitPrecompiledModules -clang-scanner-module-cache-path /Users/admin/builder/spi-builder-workspace/.derivedData/ModuleCache.noindex -sdk-module-cache-path /Users/admin/builder/spi-builder-workspace/.derivedData/SDKExplicitPrecompiledModules -emit-dependencies -emit-module -emit-module-path /Users/admin/builder/spi-builder-workspace/.derivedData/Build/Intermediates.noindex/swift-syntax.build/Debug/SwiftSyntax-t.build/Objects-normal/x86_64/SwiftSyntax.swiftmodule -serialize-diagnostics -dependency-scan-serialize-diagnostics-path /Users/admin/builder/spi-builder-workspace/.derivedData/Build/Intermediates.noindex/swift-syntax.build/Debug/SwiftSyntax-t.build/Objects-normal/x86_64/SwiftSyntax-dependency-scan.dia -validate-clang-modules-once -clang-build-session-file /Users/admin/builder/spi-builder-workspace/.derivedData/ModuleCache.noindex/Session.modulevalidation -Xcc -fmodules-prune-interval\=86400 -Xcc -fmodules-prune-after\=345600 -package-name swift_syntax -emit-const-values -const-gather-protocols-list /Users/admin/builder/spi-builder-workspace/.derivedData/Build/Intermediates.noindex/swift-syntax.build/Debug/SwiftSyntax-t.build/Objects-normal/x86_64/SwiftSyntax_const_extract_protocols.json -Xcc -I/Users/admin/builder/spi-builder-workspace/.dependencies/checkouts/swift-syntax/Sources/_SwiftSyntaxCShims/include -Xcc -I/Users/admin/builder/spi-builder-workspace/.derivedData/Build/Products/Debug/include -Xcc -I/Users/admin/builder/spi-builder-workspace/.derivedData/Build/Intermediates.noindex/swift-syntax.build/Debug/SwiftSyntax-t.build/DerivedSources-normal/x86_64 -Xcc -I/Users/admin/builder/spi-builder-workspace/.derivedData/Build/Intermediates.noindex/swift-syntax.build/Debug/SwiftSyntax-t.build/DerivedSources/x86_64 -Xcc -I/Users/admin/builder/spi-builder-workspace/.derivedData/Build/Intermediates.noindex/swift-syntax.build/Debug/SwiftSyntax-t.build/DerivedSources -Xcc -DSWIFT_PACKAGE -Xcc -DDEBUG\=1 -emit-objc-header -emit-objc-header-path /Users/admin/builder/spi-builder-workspace/.derivedData/Build/Intermediates.noindex/swift-syntax.build/Debug/SwiftSyntax-t.build/Objects-normal/x86_64/SwiftSyntax-Swift.h -working-directory /Users/admin/builder/spi-builder-workspace/.swiftpm/xcode -experimental-emit-module-separately -disable-cmo
SwiftDriverJobDiscovery normal arm64 Compiling ArgumentDecoder.swift, ArgumentDefinition.swift, ArgumentSet.swift, CommandParser.swift, InputKey.swift (in target 'ArgumentParser' from project 'swift-argument-parser')
SwiftDriver\ Compilation ArgumentParser normal arm64 com.apple.xcode.tools.swift.compiler (in target 'ArgumentParser' from project 'swift-argument-parser')
cd /Users/admin/builder/spi-builder-workspace/.swiftpm/xcode
builtin-Swift-Compilation -- /Applications/Xcode-27.0.0-Release.Candidate.app/Contents/Developer/Toolchains/XcodeDefault.xctoolchain/usr/bin/swiftc -parse-as-library -module-name ArgumentParser -Onone @/Users/admin/builder/spi-builder-workspace/.derivedData/Build/Intermediates.noindex/swift-argument-parser.build/Debug-iphoneos/ArgumentParser-t.build/Objects-normal/arm64/ArgumentParser.SwiftFileList -DSWIFT_PACKAGE -DDEBUG -DSWIFT_MODULE_RESOURCE_BUNDLE_UNAVAILABLE -DXcode -plugin-path /Applications/Xcode-27.0.0-Release.Candidate.app/Contents/Developer/Toolchains/XcodeDefault.xctoolchain/usr/lib/swift/host/plugins/testing -enable-experimental-feature DebugDescriptionMacro -sdk /Applications/Xcode-27.0.0-Release.Candidate.app/Contents/Developer/Platforms/iPhoneOS.platform/Developer/SDKs/iPhoneOS27.0.sdk -target arm64-apple-ios15.0 -g -module-cache-path /Users/admin/builder/spi-builder-workspace/.derivedData/ModuleCache.noindex -Xfrontend -serialize-debugging-options -profile-coverage-mapping -profile-generate -enable-testing -suppress-warnings -index-store-path /Users/admin/builder/spi-builder-workspace/.derivedData/Index.noindex/DataStore -Xcc -D_LIBCPP_HARDENING_MODE\=_LIBCPP_HARDENING_MODE_DEBUG -swift-version 6 -I /Users/admin/builder/spi-builder-workspace/.derivedData/Build/Products/Debug-iphoneos -Isystem /Applications/Xcode-27.0.0-Release.Candidate.app/Contents/Developer/Platforms/iPhoneOS.platform/Developer/usr/lib -F /Users/admin/builder/spi-builder-workspace/.derivedData/Build/Products/Debug-iphoneos/PackageFrameworks -F /Users/admin/builder/spi-builder-workspace/.derivedData/Build/Products/Debug-iphoneos -F /Applications/Xcode-27.0.0-Release.Candidate.app/Contents/Developer/Platforms/iPhoneOS.platform/Developer/Library/Frameworks -F /Applications/Xcode-27.0.0-Release.Candidate.app/Contents/Developer/Platforms/iPhoneOS.platform/Developer/SDKs/iPhoneOS27.0.sdk/Developer/Library/Frameworks -c -j10 -enable-batch-mode -incremental -Xcc -ivfsstatcache -Xcc /Users/admin/builder/spi-builder-workspace/.derivedData/SDKStatCaches.noindex/iphoneos27.0-24A430-e829b21a6f8c9b70876ba0858053c04440ceaa042ed91876912b2eeea4e3aa14.sdkstatcache -output-file-map /Users/admin/builder/spi-builder-workspace/.derivedData/Build/Intermediates.noindex/swift-argument-parser.build/Debug-iphoneos/ArgumentParser-t.build/Objects-normal/arm64/ArgumentParser-OutputFileMap.json -save-temps -no-color-diagnostics -explicit-module-build -module-cache-path /Users/admin/builder/spi-builder-workspace/.derivedData/Build/Intermediates.noindex/SwiftExplicitPrecompiledModules -clang-scanner-module-cache-path /Users/admin/builder/spi-builder-workspace/.derivedData/ModuleCache.noindex -sdk-module-cache-path /Users/admin/builder/spi-builder-workspace/.derivedData/SDKExplicitPrecompiledModules -emit-dependencies -emit-module -emit-module-path /Users/admin/builder/spi-builder-workspace/.derivedData/Build/Intermediates.noindex/swift-argument-parser.build/Debug-iphoneos/ArgumentParser-t.build/Objects-normal/arm64/ArgumentParser.swiftmodule -serialize-diagnostics -dependency-scan-serialize-diagnostics-path /Users/admin/builder/spi-builder-workspace/.derivedData/Build/Intermediates.noindex/swift-argument-parser.build/Debug-iphoneos/ArgumentParser-t.build/Objects-normal/arm64/ArgumentParser-dependency-scan.dia -user-module-version 1.8.2 -validate-clang-modules-once -clang-build-session-file /Users/admin/builder/spi-builder-workspace/.derivedData/ModuleCache.noindex/Session.modulevalidation -Xcc -fmodules-prune-interval\=86400 -Xcc -fmodules-prune-after\=345600 -package-name swift_argument_parser -emit-const-values -const-gather-protocols-list /Users/admin/builder/spi-builder-workspace/.derivedData/Build/Intermediates.noindex/swift-argument-parser.build/Debug-iphoneos/ArgumentParser-t.build/Objects-normal/arm64/ArgumentParser_const_extract_protocols.json -Xcc -I/Users/admin/builder/spi-builder-workspace/.derivedData/Build/Products/Debug-iphoneos/include -Xcc -I/Users/admin/builder/spi-builder-workspace/.derivedData/Build/Intermediates.noindex/swift-argument-parser.build/Debug-iphoneos/ArgumentParser-t.build/DerivedSources-normal/arm64 -Xcc -I/Users/admin/builder/spi-builder-workspace/.derivedData/Build/Intermediates.noindex/swift-argument-parser.build/Debug-iphoneos/ArgumentParser-t.build/DerivedSources/arm64 -Xcc -I/Users/admin/builder/spi-builder-workspace/.derivedData/Build/Intermediates.noindex/swift-argument-parser.build/Debug-iphoneos/ArgumentParser-t.build/DerivedSources -Xcc -DSWIFT_PACKAGE -Xcc -DDEBUG\=1 -emit-objc-header -emit-objc-header-path /Users/admin/builder/spi-builder-workspace/.derivedData/Build/Intermediates.noindex/swift-argument-parser.build/Debug-iphoneos/ArgumentParser-t.build/Objects-normal/arm64/ArgumentParser-Swift.h -working-directory /Users/admin/builder/spi-builder-workspace/.swiftpm/xcode -experimental-emit-module-separately -disable-cmo
SwiftDriver SourceKittenFramework normal arm64 com.apple.xcode.tools.swift.compiler (in target 'SourceKittenFramework' from project 'SourceKitten')
cd /Users/admin/builder/spi-builder-workspace/.swiftpm/xcode
builtin-SwiftDriver -- /Applications/Xcode-27.0.0-Release.Candidate.app/Contents/Developer/Toolchains/XcodeDefault.xctoolchain/usr/bin/swiftc -parse-as-library -module-name SourceKittenFramework -Onone @/Users/admin/builder/spi-builder-workspace/.derivedData/Build/Intermediates.noindex/SourceKitten.build/Debug-iphoneos/SourceKittenFramework-t.build/Objects-normal/arm64/SourceKittenFramework.SwiftFileList -DSWIFT_PACKAGE -DDEBUG -DSWIFT_MODULE_RESOURCE_BUNDLE_UNAVAILABLE -Xcc -fmodule-map-file\=/Users/admin/builder/spi-builder-workspace/.dependencies/checkouts/Yams/Sources/CYaml/include/module.modulemap -Xcc -fmodule-map-file\=/Users/admin/builder/spi-builder-workspace/.derivedData/Build/Intermediates.noindex/GeneratedModuleMaps-iphoneos/SourceKit.modulemap -Xcc -fmodule-map-file\=/Users/admin/builder/spi-builder-workspace/.derivedData/Build/Intermediates.noindex/GeneratedModuleMaps-iphoneos/Clang_C.modulemap -DXcode -plugin-path /Applications/Xcode-27.0.0-Release.Candidate.app/Contents/Developer/Toolchains/XcodeDefault.xctoolchain/usr/lib/swift/host/plugins/testing -enable-experimental-feature DebugDescriptionMacro -sdk /Applications/Xcode-27.0.0-Release.Candidate.app/Contents/Developer/Platforms/iPhoneOS.platform/Developer/SDKs/iPhoneOS27.0.sdk -target arm64-apple-ios15.0 -g -module-cache-path /Users/admin/builder/spi-builder-workspace/.derivedData/ModuleCache.noindex -Xfrontend -serialize-debugging-options -profile-coverage-mapping -profile-generate -enable-testing -suppress-warnings -index-store-path /Users/admin/builder/spi-builder-workspace/.derivedData/Index.noindex/DataStore -Xcc -D_LIBCPP_HARDENING_MODE\=_LIBCPP_HARDENING_MODE_DEBUG -swift-version 5 -I /Users/admin/builder/spi-builder-workspace/.derivedData/Build/Products/Debug-iphoneos -Isystem /Applications/Xcode-27.0.0-Release.Candidate.app/Contents/Developer/Platforms/iPhoneOS.platform/Developer/usr/lib -F /Users/admin/builder/spi-builder-workspace/.derivedData/Build/Products/Debug-iphoneos/PackageFrameworks -F /Users/admin/builder/spi-builder-workspace/.derivedData/Build/Products/Debug-iphoneos -F /Applications/Xcode-27.0.0-Release.Candidate.app/Contents/Developer/Platforms/iPhoneOS.platform/Developer/Library/Frameworks -F /Applications/Xcode-27.0.0-Release.Candidate.app/Contents/Developer/Platforms/iPhoneOS.platform/Developer/SDKs/iPhoneOS27.0.sdk/Developer/Library/Frameworks -c -j10 -enable-batch-mode -incremental -Xcc -ivfsstatcache -Xcc /Users/admin/builder/spi-builder-workspace/.derivedData/SDKStatCaches.noindex/iphoneos27.0-24A430-e829b21a6f8c9b70876ba0858053c04440ceaa042ed91876912b2eeea4e3aa14.sdkstatcache -output-file-map /Users/admin/builder/spi-builder-workspace/.derivedData/Build/Intermediates.noindex/SourceKitten.build/Debug-iphoneos/SourceKittenFramework-t.build/Objects-normal/arm64/SourceKittenFramework-OutputFileMap.json -save-temps -no-color-diagnostics -explicit-module-build -module-cache-path /Users/admin/builder/spi-builder-workspace/.derivedData/Build/Intermediates.noindex/SwiftExplicitPrecompiledModules -clang-scanner-module-cache-path /Users/admin/builder/spi-builder-workspace/.derivedData/ModuleCache.noindex -sdk-module-cache-path /Users/admin/builder/spi-builder-workspace/.derivedData/SDKExplicitPrecompiledModules -emit-dependencies -emit-module -emit-module-path /Users/admin/builder/spi-builder-workspace/.derivedData/Build/Intermediates.noindex/SourceKitten.build/Debug-iphoneos/SourceKittenFramework-t.build/Objects-normal/arm64/SourceKittenFramework.swiftmodule -serialize-diagnostics -dependency-scan-serialize-diagnostics-path /Users/admin/builder/spi-builder-workspace/.derivedData/Build/Intermediates.noindex/SourceKitten.build/Debug-iphoneos/SourceKittenFramework-t.build/Objects-normal/arm64/SourceKittenFramework-dependency-scan.dia -validate-clang-modules-once -clang-build-session-file /Users/admin/builder/spi-builder-workspace/.derivedData/ModuleCache.noindex/Session.modulevalidation -Xcc -fmodules-prune-interval\=86400 -Xcc -fmodules-prune-after\=345600 -emit-const-values -const-gather-protocols-list /Users/admin/builder/spi-builder-workspace/.derivedData/Build/Intermediates.noindex/SourceKitten.build/Debug-iphoneos/SourceKittenFramework-t.build/Objects-normal/arm64/SourceKittenFramework_const_extract_protocols.json -Xcc -I/Users/admin/builder/spi-builder-workspace/.dependencies/checkouts/Yams/Sources/CYaml/include -Xcc -I/Users/admin/builder/spi-builder-workspace/.dependencies/checkouts/SourceKitten/Source/SourceKit/include -Xcc -I/Users/admin/builder/spi-builder-workspace/.dependencies/checkouts/SourceKitten/Source/Clang_C/include -Xcc -I/Users/admin/builder/spi-builder-workspace/.derivedData/Build/Products/Debug-iphoneos/include -Xcc -I/Users/admin/builder/spi-builder-workspace/.derivedData/Build/Intermediates.noindex/SourceKitten.build/Debug-iphoneos/SourceKittenFramework-t.build/DerivedSources-normal/arm64 -Xcc -I/Users/admin/builder/spi-builder-workspace/.derivedData/Build/Intermediates.noindex/SourceKitten.build/Debug-iphoneos/SourceKittenFramework-t.build/DerivedSources/arm64 -Xcc -I/Users/admin/builder/spi-builder-workspace/.derivedData/Build/Intermediates.noindex/SourceKitten.build/Debug-iphoneos/SourceKittenFramework-t.build/DerivedSources -Xcc -DSWIFT_PACKAGE -Xcc -DDEBUG\=1 -emit-objc-header -emit-objc-header-path /Users/admin/builder/spi-builder-workspace/.derivedData/Build/Intermediates.noindex/SourceKitten.build/Debug-iphoneos/SourceKittenFramework-t.build/Objects-normal/arm64/SourceKittenFramework-Swift.h -working-directory /Users/admin/builder/spi-builder-workspace/.swiftpm/xcode -experimental-emit-module-separately -disable-cmo
/Users/admin/builder/spi-builder-workspace/.dependencies/checkouts/SourceKitten/Source/SourceKittenFramework/SourceKitObject.swift:18:8: error: Unsupported platform (in target 'SourceKittenFramework' from project 'SourceKitten')
/Users/admin/builder/spi-builder-workspace/.dependencies/checkouts/SourceKitten/Source/SourceKittenFramework/SwiftDocs.swift:18:8: error: Unsupported platform (in target 'SourceKittenFramework' from project 'SourceKitten')
Ld /Users/admin/builder/spi-builder-workspace/.derivedData/Build/Products/Debug-iphoneos/ArgumentParser.o normal (in target 'ArgumentParser' from project 'swift-argument-parser')
cd /Users/admin/builder/spi-builder-workspace/.dependencies/checkouts/swift-argument-parser
/Applications/Xcode-27.0.0-Release.Candidate.app/Contents/Developer/Toolchains/XcodeDefault.xctoolchain/usr/bin/clang -Xlinker -reproducible -target arm64-apple-ios15.0 -r -isysroot /Applications/Xcode-27.0.0-Release.Candidate.app/Contents/Developer/Platforms/iPhoneOS.platform/Developer/SDKs/iPhoneOS27.0.sdk -O0 -w -Xlinker -no_warn_duplicate_libraries -F/Users/admin/builder/spi-builder-workspace/.derivedData/Build/Intermediates.noindex/EagerLinkingTBDs/Debug-iphoneos -F/Users/admin/builder/spi-builder-workspace/.derivedData/Build/Products/Debug-iphoneos/PackageFrameworks -F/Users/admin/builder/spi-builder-workspace/.derivedData/Build/Products/Debug-iphoneos -iframework /Applications/Xcode-27.0.0-Release.Candidate.app/Contents/Developer/Platforms/iPhoneOS.platform/Developer/Library/Frameworks -iframework /Applications/Xcode-27.0.0-Release.Candidate.app/Contents/Developer/Platforms/iPhoneOS.platform/Developer/SDKs/iPhoneOS27.0.sdk/Developer/Library/Frameworks -filelist /Users/admin/builder/spi-builder-workspace/.derivedData/Build/Intermediates.noindex/swift-argument-parser.build/Debug-iphoneos/ArgumentParser-t.build/Objects-normal/arm64/ArgumentParser.LinkFileList -nostdlib -Xlinker -object_path_lto -Xlinker /Users/admin/builder/spi-builder-workspace/.derivedData/Build/Intermediates.noindex/swift-argument-parser.build/Debug-iphoneos/ArgumentParser-t.build/Objects-normal/arm64/ArgumentParser_lto.o -Xlinker -no_deduplicate -Xlinker -debug_variant -Xlinker -dependency_info -Xlinker /Users/admin/builder/spi-builder-workspace/.derivedData/Build/Intermediates.noindex/swift-argument-parser.build/Debug-iphoneos/ArgumentParser-t.build/Objects-normal/arm64/ArgumentParser_dependency_info.dat -fobjc-link-runtime -L/Applications/Xcode-27.0.0-Release.Candidate.app/Contents/Developer/Toolchains/XcodeDefault.xctoolchain/usr/lib/swift/iphoneos -L/usr/lib/swift -Xlinker -add_ast_path -Xlinker /Users/admin/builder/spi-builder-workspace/.derivedData/Build/Intermediates.noindex/swift-argument-parser.build/Debug-iphoneos/ArgumentParser-t.build/Objects-normal/arm64/ArgumentParser.swiftmodule -o /Users/admin/builder/spi-builder-workspace/.derivedData/Build/Products/Debug-iphoneos/ArgumentParser.o
ExtractAppIntentsMetadata (in target 'ArgumentParser' from project 'swift-argument-parser')
cd /Users/admin/builder/spi-builder-workspace/.dependencies/checkouts/swift-argument-parser
/Applications/Xcode-27.0.0-Release.Candidate.app/Contents/Developer/Toolchains/XcodeDefault.xctoolchain/usr/bin/appintentsmetadataprocessor --toolchain-dir /var/run/com.apple.security.cryptexd/mnt/com.apple.MobileAsset.MetalToolchain-v27.1.266.1.0NEReR/Metal.xctoolchain --module-name ArgumentParser --sdk-root /Applications/Xcode-27.0.0-Release.Candidate.app/Contents/Developer/Platforms/iPhoneOS.platform/Developer/SDKs/iPhoneOS27.0.sdk --xcode-version 27A266a --platform-family iOS --deployment-target 15.0 --bundle-identifier swift-argument-parser.ArgumentParser --output /Users/admin/builder/spi-builder-workspace/.derivedData/Build/Products/Debug-iphoneos/ArgumentParser.appintents --target-triple arm64-apple-ios15.0 --binary-file /Users/admin/builder/spi-builder-workspace/.derivedData/Build/Products/Debug-iphoneos/ArgumentParser.o --dependency-file /Users/admin/builder/spi-builder-workspace/.derivedData/Build/Intermediates.noindex/swift-argument-parser.build/Debug-iphoneos/ArgumentParser-t.build/Objects-normal/arm64/ArgumentParser_dependency_info.dat --stringsdata-file /Users/admin/builder/spi-builder-workspace/.derivedData/Build/Intermediates.noindex/swift-argument-parser.build/Debug-iphoneos/ArgumentParser-t.build/Objects-normal/arm64/ExtractedAppShortcutsMetadata.stringsdata --source-file-list /Users/admin/builder/spi-builder-workspace/.derivedData/Build/Intermediates.noindex/swift-argument-parser.build/Debug-iphoneos/ArgumentParser-t.build/Objects-normal/arm64/ArgumentParser.SwiftFileList --metadata-file-list /Users/admin/builder/spi-builder-workspace/.derivedData/Build/Intermediates.noindex/swift-argument-parser.build/Debug-iphoneos/ArgumentParser-t.build/ArgumentParser.DependencyMetadataFileList --static-metadata-file-list /Users/admin/builder/spi-builder-workspace/.derivedData/Build/Intermediates.noindex/swift-argument-parser.build/Debug-iphoneos/ArgumentParser-t.build/ArgumentParser.DependencyStaticMetadataFileList --swift-const-vals-list /Users/admin/builder/spi-builder-workspace/.derivedData/Build/Intermediates.noindex/swift-argument-parser.build/Debug-iphoneos/ArgumentParser-t.build/Objects-normal/arm64/ArgumentParser.SwiftConstValuesFileList --force --compile-time-extraction --deployment-aware-processing --no-app-shortcuts-localization
2026-10-01 00:46:30.914 appintentsmetadataprocessor[1565:8533] Starting appintentsmetadataprocessor export
2026-10-01 00:46:31.014 appintentsmetadataprocessor[1565:8533] Extracted no relevant App Intents symbols, skipping writing output
PruneExplicitPrecompiledModules /Users/admin/builder/spi-builder-workspace/.derivedData/Build/Intermediates.noindex/ExplicitPrecompiledModules
PruneExplicitPrecompiledModules /Users/admin/builder/spi-builder-workspace/.derivedData/SDKExplicitPrecompiledModules
PruneExplicitPrecompiledModules /Users/admin/builder/spi-builder-workspace/.derivedData/Build/Intermediates.noindex/SwiftExplicitPrecompiledModules
2026-10-01 00:46:13.971 xcodebuild[1071:6097] [MT] IDERunDestination: Supported platforms for the buildables in the current scheme is empty.
** BUILD FAILED **
The following build commands failed:
SwiftDriver SourceKittenFramework normal arm64 com.apple.xcode.tools.swift.compiler (in target 'SourceKittenFramework' from project 'SourceKitten')
Building workspace SwiftLint with scheme SwiftLint-Package
(2 failures)
Command line invocation:
/Applications/Xcode-27.0.0-Release.Candidate.app/Contents/Developer/usr/bin/xcodebuild -IDEClonedSourcePackagesDirPathOverride=/Users/admin/builder/spi-builder-workspace/.dependencies -resolvePackageDependencies
Resolve Package Graph
Resolved source packages:
SWXMLHash: https://github.com/drmohundro/SWXMLHash.git @ 7.0.2
swift-syntax: https://github.com/swiftlang/swift-syntax.git @ 605.0.0-prerelease-2026-09-15
CollectionConcurrencyKit: https://github.com/JohnSundell/CollectionConcurrencyKit.git @ 0.2.0
CryptoSwift: https://github.com/krzyzanowskim/CryptoSwift.git @ 1.10.0
SwiftLint: /Users/admin/builder/spi-builder-workspace
swift-argument-parser: https://github.com/apple/swift-argument-parser.git @ 1.8.2
SourceKitten: https://github.com/jpsim/SourceKitten.git @ 0.38.0
Yams: https://github.com/jpsim/Yams.git @ 6.2.2
SwiftyTextTable: https://github.com/scottrhoyt/SwiftyTextTable.git @ 0.9.0
swift-filename-matcher: https://github.com/ileitch/swift-filename-matcher @ 2.0.1
resolved source packages: SWXMLHash, swift-syntax, CollectionConcurrencyKit, CryptoSwift, SwiftLint, swift-argument-parser, SourceKitten, Yams, SwiftyTextTable, swift-filename-matcher
2026-10-01 00:46:34.635 xcodebuild[1566:8641] [MT] IDERunDestination: Supported platforms for the buildables in the current scheme is empty.
{
"dependencies" : [
{
"identity" : "swift-argument-parser",
"requirement" : {
"range" : [
{
"lower_bound" : "1.6.1",
"upper_bound" : "2.0.0"
}
]
},
"type" : "sourceControl",
"url" : "https://github.com/apple/swift-argument-parser.git"
},
{
"identity" : "swift-syntax",
"requirement" : {
"exact" : [
"605.0.0-prerelease-2026-09-15"
]
},
"type" : "sourceControl",
"url" : "https://github.com/swiftlang/swift-syntax.git"
},
{
"identity" : "sourcekitten",
"requirement" : {
"range" : [
{
"lower_bound" : "0.38.0",
"upper_bound" : "1.0.0"
}
]
},
"type" : "sourceControl",
"url" : "https://github.com/jpsim/SourceKitten.git"
},
{
"identity" : "yams",
"requirement" : {
"range" : [
{
"lower_bound" : "6.0.2",
"upper_bound" : "7.0.0"
}
]
},
"type" : "sourceControl",
"url" : "https://github.com/jpsim/Yams.git"
},
{
"identity" : "swiftytexttable",
"requirement" : {
"range" : [
{
"lower_bound" : "0.9.0",
"upper_bound" : "1.0.0"
}
]
},
"type" : "sourceControl",
"url" : "https://github.com/scottrhoyt/SwiftyTextTable.git"
},
{
"identity" : "collectionconcurrencykit",
"requirement" : {
"range" : [
{
"lower_bound" : "0.2.0",
"upper_bound" : "1.0.0"
}
]
},
"type" : "sourceControl",
"url" : "https://github.com/JohnSundell/CollectionConcurrencyKit.git"
},
{
"identity" : "cryptoswift",
"requirement" : {
"range" : [
{
"lower_bound" : "1.9.0",
"upper_bound" : "2.0.0"
}
]
},
"type" : "sourceControl",
"url" : "https://github.com/krzyzanowskim/CryptoSwift.git"
},
{
"identity" : "swift-filename-matcher",
"requirement" : {
"range" : [
{
"lower_bound" : "2.0.1",
"upper_bound" : "2.1.0"
}
]
},
"type" : "sourceControl",
"url" : "https://github.com/ileitch/swift-filename-matcher"
}
],
"manifest_display_name" : "SwiftLint",
"name" : "SwiftLint",
"path" : "/Users/admin/builder/spi-builder-workspace",
"platforms" : [
{
"name" : "macos",
"version" : "13.0"
}
],
"products" : [
{
"name" : "swiftlint",
"targets" : [
"swiftlint"
],
"type" : {
"executable" : null
}
},
{
"name" : "SwiftLintFramework",
"targets" : [
"SwiftLintFramework"
],
"type" : {
"library" : [
"automatic"
]
}
},
{
"name" : "SwiftLintBuildToolPlugin",
"targets" : [
"SwiftLintBuildToolPlugin"
],
"type" : {
"plugin" : null
}
},
{
"name" : "SwiftLintCommandPlugin",
"targets" : [
"SwiftLintCommandPlugin"
],
"type" : {
"plugin" : null
}
},
{
"name" : "swiftlint-dev",
"targets" : [
"swiftlint-dev"
],
"type" : {
"executable" : null
}
},
{
"name" : "SwiftLintCoreMacros",
"targets" : [
"SwiftLintCoreMacros"
],
"type" : {
"macro" : null
}
}
],
"targets" : [
{
"c99name" : "swiftlint_dev",
"module_type" : "SwiftTarget",
"name" : "swiftlint-dev",
"path" : "Source/swiftlint-dev",
"product_dependencies" : [
"ArgumentParser"
],
"product_memberships" : [
"swiftlint-dev"
],
"sources" : [
"Reporters+Register.swift",
"Rules+Register.swift",
"Rules+Template.swift",
"SwiftLintDev.swift"
],
"target_dependencies" : [
"SwiftLintFramework"
],
"type" : "executable"
},
{
"c99name" : "swiftlint",
"module_type" : "SwiftTarget",
"name" : "swiftlint",
"path" : "Source/swiftlint",
"product_dependencies" : [
"ArgumentParser",
"CollectionConcurrencyKit",
"SwiftyTextTable"
],
"product_memberships" : [
"swiftlint"
],
"sources" : [
"Commands/Analyze.swift",
"Commands/Baseline.swift",
"Commands/Docs.swift",
"Commands/GenerateDocs.swift",
"Commands/Lint.swift",
"Commands/Reporters.swift",
"Commands/Rules.swift",
"Commands/SwiftLint.swift",
"Commands/Version.swift",
"Common/LintOrAnalyzeArguments.swift",
"Common/RulesFilterOptions.swift"
],
"target_dependencies" : [
"SwiftLintFramework"
],
"type" : "executable"
},
{
"c99name" : "TestHelpers",
"module_type" : "SwiftTarget",
"name" : "TestHelpers",
"path" : "Tests/TestHelpers",
"sources" : [
"MockRule.swift",
"RuleDescription+Examples.swift",
"String+StaticString.swift",
"TestHelpers.swift",
"TestResources.swift",
"Traits.swift"
],
"target_dependencies" : [
"SwiftLintFramework"
],
"type" : "library"
},
{
"c99name" : "SwiftLintFramework",
"module_type" : "SwiftTarget",
"name" : "SwiftLintFramework",
"path" : "Source/SwiftLintFramework",
"product_dependencies" : [
"FilenameMatcher",
"CollectionConcurrencyKit"
],
"product_memberships" : [
"swiftlint",
"SwiftLintFramework",
"swiftlint-dev"
],
"sources" : [
"Benchmark.swift",
"CompilerArgumentsExtractor.swift",
"Configuration+CommandLine.swift",
"Configuration/Configuration+Cache.swift",
"Configuration/Configuration+FileGraph.swift",
"Configuration/Configuration+FileGraphSubtypes.swift",
"Configuration/Configuration+GlobalConfiguration.swift",
"Configuration/Configuration+LintableFiles.swift",
"Configuration/Configuration+Merging.swift",
"Configuration/Configuration+Parsing.swift",
"Configuration/Configuration+Remote.swift",
"Configuration/Configuration+RulesMode.swift",
"Configuration/Configuration+RulesWrapper.swift",
"Configuration/Configuration.swift",
"Documentation/RuleDocumentation.swift",
"Documentation/RuleListDocumentation.swift",
"Exports.swift",
"Extensions/FileManager+SwiftLint.swift",
"Extensions/String+XML.swift",
"Extensions/String+sha256.swift",
"Helpers/ExecutableInfo.swift",
"Helpers/Glob.swift",
"LintOrAnalyzeCommand.swift",
"LintableFilesVisitor.swift",
"Models/CustomRuleTimer.swift",
"Models/HashableConfigurationRuleWrapperWrapper.swift",
"Models/Linter.swift",
"Models/LinterCache.swift",
"Models/ReportersList.swift",
"Models/Version.swift",
"Models/YamlParser.swift",
"ProcessInfo+XcodeCloud.swift",
"ProgressBar.swift",
"Reporters/CSVReporter.swift",
"Reporters/CheckstyleReporter.swift",
"Reporters/CodeClimateReporter.swift",
"Reporters/EmojiReporter.swift",
"Reporters/GitHubActionsLoggingReporter.swift",
"Reporters/GitLabJUnitReporter.swift",
"Reporters/HTMLReporter.swift",
"Reporters/JSONReporter.swift",
"Reporters/JUnitReporter.swift",
"Reporters/MarkdownReporter.swift",
"Reporters/RelativePathReporter.swift",
"Reporters/Reporter.swift",
"Reporters/SARIFReporter.swift",
"Reporters/SonarQubeReporter.swift",
"Reporters/SummaryReporter.swift",
"Reporters/XcodeReporter.swift",
"Rules/CoreRules.swift",
"Rules/CustomRules.swift",
"Rules/SuperfluousDisableCommandRule.swift",
"RulesFilter.swift",
"Signposts.swift",
"SwiftLintError.swift",
"SwiftPMCompilationDB.swift",
"UpdateChecker.swift"
],
"target_dependencies" : [
"SwiftLintBuiltInRules",
"SwiftLintCore",
"SwiftLintExtraRules"
],
"type" : "library"
},
{
"c99name" : "SwiftLintExtraRules",
"module_type" : "SwiftTarget",
"name" : "SwiftLintExtraRules",
"path" : "Source/SwiftLintExtraRules",
"product_memberships" : [
"swiftlint",
"SwiftLintFramework",
"swiftlint-dev"
],
"sources" : [
"Exports.swift",
"ExtraRules.swift"
],
"target_dependencies" : [
"SwiftLintCore"
],
"type" : "library"
},
{
"c99name" : "SwiftLintCoreMacros",
"module_type" : "SwiftTarget",
"name" : "SwiftLintCoreMacros",
"path" : "Source/SwiftLintCoreMacros",
"product_dependencies" : [
"SwiftSyntaxMacros",
"SwiftCompilerPlugin"
],
"product_memberships" : [
"swiftlint",
"SwiftLintFramework",
"swiftlint-dev",
"SwiftLintCoreMacros"
],
"sources" : [
"DisabledWithoutSourceKit.swift",
"Example.swift",
"Examples.swift",
"RuleConfigurationMacros.swift",
"SwiftLintCoreMacroError.swift",
"SwiftLintCoreMacros.swift",
"SwiftSyntax+SwiftLint.swift",
"SwiftSyntaxRule.swift"
],
"target_dependencies" : [
"SwiftLintBase"
],
"type" : "macro"
},
{
"c99name" : "SwiftLintCore",
"module_type" : "SwiftTarget",
"name" : "SwiftLintCore",
"path" : "Source/SwiftLintCore",
"product_dependencies" : [
"CryptoSwift",
"FilenameMatcher",
"SourceKittenFramework",
"SwiftIDEUtils",
"SwiftOperators",
"SwiftParser",
"SwiftSyntax",
"SwiftSyntaxBuilder",
"SwiftyTextTable",
"Yams"
],
"product_memberships" : [
"swiftlint",
"SwiftLintFramework",
"swiftlint-dev"
],
"sources" : [
"Exports.swift",
"Extensions/Array+SwiftLint.swift",
"Extensions/ByteCount+SwiftSyntax.swift",
"Extensions/Collection+Windows.swift",
"Extensions/Dictionary+SwiftLint.swift",
"Extensions/NSRange+SwiftLint.swift",
"Extensions/NSRegularExpression+SwiftLint.swift",
"Extensions/RandomAccessCollection+Swiftlint.swift",
"Extensions/Request+SwiftLint.swift",
"Extensions/SourceKittenDictionary+Swiftlint.swift",
"Extensions/SourceRange+SwiftLint.swift",
"Extensions/StringView+SwiftLint.swift",
"Extensions/StringView+SwiftSyntax.swift",
"Extensions/SwiftDeclarationAttributeKind+Swiftlint.swift",
"Extensions/SwiftDeclarationKind+SwiftLint.swift",
"Extensions/SwiftLintFile+BodyLineCount.swift",
"Extensions/SwiftLintFile+Cache.swift",
"Extensions/SwiftLintFile+Regex.swift",
"Extensions/SwiftSyntax+SwiftLint.swift",
"Extensions/SyntaxClassification+isComment.swift",
"Extensions/SyntaxKind+SwiftLint.swift",
"Helpers/Macros.swift",
"Helpers/Stack.swift",
"Helpers/SwiftSyntaxKindBridge.swift",
"Models/AccessControlLevel.swift",
"Models/Baseline.swift",
"Models/ChildOptionSeverityConfiguration.swift",
"Models/Command.swift",
"Models/ConfigurationRuleWrapper.swift",
"Models/Correction.swift",
"Models/CurrentRule.swift",
"Models/Example.swift",
"Models/GlobalConfiguration.swift",
"Models/IndentationStyle.swift",
"Models/Issue.swift",
"Models/Location.swift",
"Models/Region.swift",
"Models/RuleConfigurationDescription.swift",
"Models/RuleDescription.swift",
"Models/RuleIdentifier.swift",
"Models/RuleKind.swift",
"Models/RuleList.swift",
"Models/RuleParameter.swift",
"Models/RuleRegistry.swift",
"Models/RuleStorage.swift",
"Models/SeverityConfiguration.swift",
"Models/StyleViolation.swift",
"Models/SwiftExpressionKind.swift",
"Models/SwiftLintFile.swift",
"Models/SwiftLintSyntaxMap.swift",
"Models/SwiftLintSyntaxToken.swift",
"Models/SwiftVersion.swift",
"Models/ViolationSeverity.swift",
"Protocols/ASTRule.swift",
"Protocols/CacheDescriptionProvider.swift",
"Protocols/CollectingRule.swift",
"Protocols/Rule.swift",
"Protocols/RuleConfiguration.swift",
"Protocols/SwiftSyntaxCorrectableRule.swift",
"Protocols/SwiftSyntaxRule.swift",
"RuleConfigurations/RegexConfiguration.swift",
"RuleConfigurations/SeverityLevelsConfiguration.swift",
"Visitors/BodyLengthVisitor.swift",
"Visitors/CodeBlockVisitor.swift",
"Visitors/CommandVisitor.swift",
"Visitors/CommentLinesVisitor.swift",
"Visitors/DeclaredIdentifiersTrackingVisitor.swift",
"Visitors/EffectiveAccessControlSyntaxVisitor.swift",
"Visitors/EmptyLinesVisitor.swift",
"Visitors/LegacyFunctionVisitor+Rewriter.swift",
"Visitors/MultilineStringLiteralVisitor.swift",
"Visitors/ViolationsSyntaxVisitor.swift"
],
"target_dependencies" : [
"DyldWarningWorkaround",
"SwiftLintBase",
"SwiftLintCoreMacros"
],
"type" : "library"
},
{
"c99name" : "SwiftLintCommandPlugin",
"module_type" : "PluginTarget",
"name" : "SwiftLintCommandPlugin",
"path" : "Plugins/SwiftLintCommandPlugin",
"plugin_capability" : {
"intent" : {
"description" : "SwiftLint Command Plugin",
"type" : "custom",
"verb" : "swiftlint"
},
"permissions" : [
{
"network_scope" : {
"none" : {
}
},
"reason" : "When this command is run with the `--fix` option it may modify source files.",
"type" : "writeToPackageDirectory"
}
],
"type" : "command"
},
"product_memberships" : [
"SwiftLintCommandPlugin"
],
"sources" : [
"CommandContext.swift",
"SwiftLintCommandPlugin.swift"
],
"target_dependencies" : [
"SwiftLintBinary"
],
"type" : "plugin"
},
{
"c99name" : "SwiftLintBuiltInRules",
"module_type" : "SwiftTarget",
"name" : "SwiftLintBuiltInRules",
"path" : "Source/SwiftLintBuiltInRules",
"product_dependencies" : [
"SwiftLexicalLookup"
],
"product_memberships" : [
"swiftlint",
"SwiftLintFramework",
"swiftlint-dev"
],
"sources" : [
"Exports.swift",
"Models/BuiltInRules.swift",
"Models/ImportUsage.swift",
"Rules/Idiomatic/AnonymousArgumentInMultilineClosureRule.swift",
"Rules/Idiomatic/BlockBasedKVORule.swift",
"Rules/Idiomatic/ConvenienceTypeRule.swift",
"Rules/Idiomatic/DiscouragedAssertRule.swift",
"Rules/Idiomatic/DiscouragedNoneNameRule.swift",
"Rules/Idiomatic/DiscouragedObjectLiteralRule.swift",
"Rules/Idiomatic/DiscouragedOptionalBooleanRule.swift",
"Rules/Idiomatic/DiscouragedOptionalBooleanRuleExamples.swift",
"Rules/Idiomatic/DiscouragedOptionalCollectionExamples.swift",
"Rules/Idiomatic/DiscouragedOptionalCollectionRule.swift",
"Rules/Idiomatic/DuplicateImportsRule.swift",
"Rules/Idiomatic/DuplicateImportsRuleExamples.swift",
"Rules/Idiomatic/ExplicitACLRule.swift",
"Rules/Idiomatic/ExplicitEnumRawValueRule.swift",
"Rules/Idiomatic/ExplicitInitRule.swift",
"Rules/Idiomatic/ExplicitTopLevelACLRule.swift",
"Rules/Idiomatic/ExplicitTypeInterfaceRule.swift",
"Rules/Idiomatic/ExtensionAccessModifierRule.swift",
"Rules/Idiomatic/FallthroughRule.swift",
"Rules/Idiomatic/FatalErrorMessageRule.swift",
"Rules/Idiomatic/FileNameNoSpaceRule.swift",
"Rules/Idiomatic/FileNameRule.swift",
"Rules/Idiomatic/ForWhereRule.swift",
"Rules/Idiomatic/ForceCastRule.swift",
"Rules/Idiomatic/ForceTryRule.swift",
"Rules/Idiomatic/ForceUnwrappingRule.swift",
"Rules/Idiomatic/FunctionDefaultParameterAtEndRule.swift",
"Rules/Idiomatic/GenericTypeNameRule.swift",
"Rules/Idiomatic/ImplicitlyUnwrappedOptionalRule.swift",
"Rules/Idiomatic/IsDisjointRule.swift",
"Rules/Idiomatic/JoinedDefaultParameterRule.swift",
"Rules/Idiomatic/LegacyCGGeometryFunctionsRule.swift",
"Rules/Idiomatic/LegacyConstantRule.swift",
"Rules/Idiomatic/LegacyConstantRuleExamples.swift",
"Rules/Idiomatic/LegacyConstructorRule.swift",
"Rules/Idiomatic/LegacyHashingRule.swift",
"Rules/Idiomatic/LegacyMultipleRule.swift",
"Rules/Idiomatic/LegacyNSGeometryFunctionsRule.swift",
"Rules/Idiomatic/LegacyObjcTypeRule.swift",
"Rules/Idiomatic/LegacyRandomRule.swift",
"Rules/Idiomatic/LegacySwiftUIAspectRatioRule.swift",
"Rules/Idiomatic/LegacyUIGraphicsFunctionRule.swift",
"Rules/Idiomatic/NimbleOperatorRule.swift",
"Rules/Idiomatic/NoEmptyBlockRule.swift",
"Rules/Idiomatic/NoExtensionAccessModifierRule.swift",
"Rules/Idiomatic/NoFallthroughOnlyRule.swift",
"Rules/Idiomatic/NoFallthroughOnlyRuleExamples.swift",
"Rules/Idiomatic/NoGroupingExtensionRule.swift",
"Rules/Idiomatic/NoMagicNumbersRule.swift",
"Rules/Idiomatic/ObjectLiteralRule.swift",
"Rules/Idiomatic/OneDeclarationPerFileRule.swift",
"Rules/Idiomatic/PatternMatchingKeywordsRule.swift",
"Rules/Idiomatic/PreferAssetSymbolsRule.swift",
"Rules/Idiomatic/PreferConditionListRule.swift",
"Rules/Idiomatic/PreferKeyPathRule.swift",
"Rules/Idiomatic/PreferNimbleRule.swift",
"Rules/Idiomatic/PreferTypeCheckingRule.swift",
"Rules/Idiomatic/PreferZeroOverExplicitInitRule.swift",
"Rules/Idiomatic/PrivateOverFilePrivateRule.swift",
"Rules/Idiomatic/RedundantFinalRule.swift",
"Rules/Idiomatic/RedundantNilCoalescingRule.swift",
"Rules/Idiomatic/RedundantObjcAttributeRule.swift",
"Rules/Idiomatic/RedundantObjcAttributeRuleExamples.swift",
"Rules/Idiomatic/RedundantSetAccessControlRule.swift",
"Rules/Idiomatic/RedundantStringEnumValueRule.swift",
"Rules/Idiomatic/RedundantTypeAnnotationRule.swift",
"Rules/Idiomatic/RedundantVoidReturnRule.swift",
"Rules/Idiomatic/ReturnValueFromVoidFunctionRule.swift",
"Rules/Idiomatic/ReturnValueFromVoidFunctionRuleExamples.swift",
"Rules/Idiomatic/ShorthandOptionalBindingRule.swift",
"Rules/Idiomatic/StaticOperatorRule.swift",
"Rules/Idiomatic/StaticOverFinalClassRule.swift",
"Rules/Idiomatic/StrictFilePrivateRule.swift",
"Rules/Idiomatic/SyntacticSugarRule.swift",
"Rules/Idiomatic/SyntacticSugarRuleExamples.swift",
"Rules/Idiomatic/ToggleBoolRule.swift",
"Rules/Idiomatic/TrailingSemicolonRule.swift",
"Rules/Idiomatic/TypeNameRule.swift",
"Rules/Idiomatic/TypeNameRuleExamples.swift",
"Rules/Idiomatic/UnavailableConditionRule.swift",
"Rules/Idiomatic/UnavailableFunctionRule.swift",
"Rules/Idiomatic/UnneededBreakInSwitchRule.swift",
"Rules/Idiomatic/UnneededSynthesizedInitializerRule.swift",
"Rules/Idiomatic/UnneededSynthesizedInitializerRuleExamples.swift",
"Rules/Idiomatic/UntypedErrorInCatchRule.swift",
"Rules/Idiomatic/UnusedEnumeratedRule.swift",
"Rules/Idiomatic/VoidFunctionInTernaryConditionRule.swift",
"Rules/Idiomatic/XCTFailMessageRule.swift",
"Rules/Idiomatic/XCTSpecificMatcherRule.swift",
"Rules/Idiomatic/XCTSpecificMatcherRuleExamples.swift",
"Rules/Lint/AccessibilityLabelForImageRule.swift",
"Rules/Lint/AccessibilityLabelForImageRuleExamples.swift",
"Rules/Lint/AccessibilityTraitForButtonRule.swift",
"Rules/Lint/AccessibilityTraitForButtonRuleExamples.swift",
"Rules/Lint/ArrayInitRule.swift",
"Rules/Lint/AsyncWithoutAwaitRule.swift",
"Rules/Lint/AsyncWithoutAwaitRuleExamples.swift",
"Rules/Lint/BalancedXCTestLifecycleRule.swift",
"Rules/Lint/BlanketDisableCommandRule.swift",
"Rules/Lint/CaptureVariableRule.swift",
"Rules/Lint/ClassDelegateProtocolRule.swift",
"Rules/Lint/CommentSpacingRule.swift",
"Rules/Lint/CompilerProtocolInitRule.swift",
"Rules/Lint/DeploymentTargetRule.swift",
"Rules/Lint/DeploymentTargetRuleExamples.swift",
"Rules/Lint/DiscardedNotificationCenterObserverRule.swift",
"Rules/Lint/DiscouragedDefaultParameterRule.swift",
"Rules/Lint/DiscouragedDirectInitRule.swift",
"Rules/Lint/DuplicateConditionsRule.swift",
"Rules/Lint/DuplicateEnumCasesRule.swift",
"Rules/Lint/DuplicatedKeyInDictionaryLiteralRule.swift",
"Rules/Lint/DynamicInlineRule.swift",
"Rules/Lint/EmptyXCTestMethodRule.swift",
"Rules/Lint/EmptyXCTestMethodRuleExamples.swift",
"Rules/Lint/ExpiringTodoRule.swift",
"Rules/Lint/IBInspectableInExtensionRule.swift",
"Rules/Lint/IdenticalOperandsRule.swift",
"Rules/Lint/IncompatibleConcurrencyAnnotationRule.swift",
"Rules/Lint/IncompatibleConcurrencyAnnotationRuleExamples.swift",
"Rules/Lint/InvalidSwiftLintCommandRule.swift",
"Rules/Lint/InvisibleCharacterRule.swift",
"Rules/Lint/LocalDocCommentRule.swift",
"Rules/Lint/LowerACLThanParentRule.swift",
"Rules/Lint/MarkRule.swift",
"Rules/Lint/MarkRuleExamples.swift",
"Rules/Lint/MissingDocsRule.swift",
"Rules/Lint/MissingDocsRuleExamples.swift",
"Rules/Lint/MultilineCallArgumentsRule.swift",
"Rules/Lint/MultilineCallArgumentsRuleExamples.swift",
"Rules/Lint/NSLocalizedStringKeyRule.swift",
"Rules/Lint/NSLocalizedStringRequireBundleRule.swift",
"Rules/Lint/NSNumberInitAsFunctionReferenceRule.swift",
"Rules/Lint/NSObjectPreferIsEqualRule.swift",
"Rules/Lint/NSObjectPreferIsEqualRuleExamples.swift",
"Rules/Lint/NonOptionalStringDataConversionRule.swift",
"Rules/Lint/NotificationCenterDetachmentRule.swift",
"Rules/Lint/NotificationCenterDetachmentRuleExamples.swift",
"Rules/Lint/OptionalDataStringConversionRule.swift",
"Rules/Lint/OrphanedDocCommentRule.swift",
"Rules/Lint/OverriddenSuperCallRule.swift",
"Rules/Lint/OverrideInExtensionRule.swift",
"Rules/Lint/PeriodSpacingRule.swift",
"Rules/Lint/PrivateActionRule.swift",
"Rules/Lint/PrivateOutletRule.swift",
"Rules/Lint/PrivateSubjectRule.swift",
"Rules/Lint/PrivateSubjectRuleExamples.swift",
"Rules/Lint/PrivateSwiftUIStatePropertyRule.swift",
"Rules/Lint/PrivateSwiftUIStatePropertyRuleExamples.swift",
"Rules/Lint/PrivateUnitTestRule.swift",
"Rules/Lint/ProhibitedInterfaceBuilderRule.swift",
"Rules/Lint/ProhibitedSuperRule.swift",
"Rules/Lint/QuickDiscouragedCallRule.swift",
"Rules/Lint/QuickDiscouragedCallRuleExamples.swift",
"Rules/Lint/QuickDiscouragedFocusedTestRule.swift",
"Rules/Lint/QuickDiscouragedFocusedTestRuleExamples.swift",
"Rules/Lint/QuickDiscouragedPendingTestRule.swift",
"Rules/Lint/QuickDiscouragedPendingTestRuleExamples.swift",
"Rules/Lint/RawValueForCamelCasedCodableEnumRule.swift",
"Rules/Lint/RedundantSendableRule.swift",
"Rules/Lint/RequiredDeinitRule.swift",
"Rules/Lint/RequiredEnumCaseRule.swift",
"Rules/Lint/SelfInPropertyInitializationRule.swift",
"Rules/Lint/StrongIBOutletRule.swift",
"Rules/Lint/TestCaseAccessibilityRule.swift",
"Rules/Lint/TestCaseAccessibilityRuleExamples.swift",
"Rules/Lint/TodoRule.swift",
"Rules/Lint/TypesafeArrayInitRule.swift",
"Rules/Lint/UnhandledThrowingTaskRule.swift",
"Rules/Lint/UnneededEscapingRule.swift",
"Rules/Lint/UnneededEscapingRuleExamples.swift",
"Rules/Lint/UnneededOverrideRule.swift",
"Rules/Lint/UnneededOverrideRuleExamples.swift",
"Rules/Lint/UnneededThrowsRule.swift",
"Rules/Lint/UnneededThrowsRuleExamples.swift",
"Rules/Lint/UnownedVariableCaptureRule.swift",
"Rules/Lint/UnusedClosureParameterRule.swift",
"Rules/Lint/UnusedClosureParameterRuleExamples.swift",
"Rules/Lint/UnusedControlFlowLabelRule.swift",
"Rules/Lint/UnusedDeclarationRule.swift",
"Rules/Lint/UnusedDeclarationRuleExamples.swift",
"Rules/Lint/UnusedImportRule.swift",
"Rules/Lint/UnusedImportRuleExamples.swift",
"Rules/Lint/UnusedParameterRule.swift",
"Rules/Lint/UnusedSetterValueRule.swift",
"Rules/Lint/ValidIBInspectableRule.swift",
"Rules/Lint/VariableShadowingRule.swift",
"Rules/Lint/WeakDelegateRule.swift",
"Rules/Lint/YodaConditionRule.swift",
"Rules/Metrics/ClosureBodyLengthRule.swift",
"Rules/Metrics/ClosureBodyLengthRuleExamples.swift",
"Rules/Metrics/CyclomaticComplexityRule.swift",
"Rules/Metrics/EnumCaseAssociatedValuesLengthRule.swift",
"Rules/Metrics/FileLengthRule.swift",
"Rules/Metrics/FunctionBodyLengthRule.swift",
"Rules/Metrics/FunctionParameterCountRule.swift",
"Rules/Metrics/LargeTupleRule.swift",
"Rules/Metrics/LineLengthRule.swift",
"Rules/Metrics/NestingRule.swift",
"Rules/Metrics/NestingRuleExamples.swift",
"Rules/Metrics/TypeBodyLengthRule.swift",
"Rules/Performance/ContainsOverFilterCountRule.swift",
"Rules/Performance/ContainsOverFilterIsEmptyRule.swift",
"Rules/Performance/ContainsOverFirstNotNilRule.swift",
"Rules/Performance/ContainsOverRangeNilComparisonRule.swift",
"Rules/Performance/EmptyCollectionLiteralRule.swift",
"Rules/Performance/EmptyCountRule.swift",
"Rules/Performance/EmptyStringRule.swift",
"Rules/Performance/FinalTestCaseRule.swift",
"Rules/Performance/FirstWhereRule.swift",
"Rules/Performance/FlatMapOverMapReduceRule.swift",
"Rules/Performance/LastWhereRule.swift",
"Rules/Performance/ReduceBooleanRule.swift",
"Rules/Performance/ReduceIntoRule.swift",
"Rules/Performance/SortedFirstLastRule.swift",
"Rules/RuleConfigurations/AttributesConfiguration.swift",
"Rules/RuleConfigurations/BlanketDisableCommandConfiguration.swift",
"Rules/RuleConfigurations/CollectionAlignmentConfiguration.swift",
"Rules/RuleConfigurations/ColonConfiguration.swift",
"Rules/RuleConfigurations/ComputedAccessorsOrderConfiguration.swift",
"Rules/RuleConfigurations/ConditionalReturnsOnNewlineConfiguration.swift",
"Rules/RuleConfigurations/CyclomaticComplexityConfiguration.swift",
"Rules/RuleConfigurations/DeploymentTargetConfiguration.swift",
"Rules/RuleConfigurations/DiscouragedDefaultParameterConfiguration.swift",
"Rules/RuleConfigurations/DiscouragedDirectInitConfiguration.swift",
"Rules/RuleConfigurations/EmptyCountConfiguration.swift",
"Rules/RuleConfigurations/ExpiringTodoConfiguration.swift",
"Rules/RuleConfigurations/ExplicitInitConfiguration.swift",
"Rules/RuleConfigurations/ExplicitTypeInterfaceConfiguration.swift",
"Rules/RuleConfigurations/FileHeaderConfiguration.swift",
"Rules/RuleConfigurations/FileLengthConfiguration.swift",
"Rules/RuleConfigurations/FileNameConfiguration.swift",
"Rules/RuleConfigurations/FileNameNoSpaceConfiguration.swift",
"Rules/RuleConfigurations/FileTypesOrderConfiguration.swift",
"Rules/RuleConfigurations/ForWhereConfiguration.swift",
"Rules/RuleConfigurations/ForceUnwrappingConfiguration.swift",
"Rules/RuleConfigurations/FunctionDefaultParameterAtEndConfiguration.swift",
"Rules/RuleConfigurations/FunctionNameWhitespaceConfiguration.swift",
"Rules/RuleConfigurations/FunctionParameterCountConfiguration.swift",
"Rules/RuleConfigurations/IdentifierNameConfiguration.swift",
"Rules/RuleConfigurations/ImplicitOptionalInitializationConfiguration.swift",
"Rules/RuleConfigurations/ImplicitReturnConfiguration.swift",
"Rules/RuleConfigurations/ImplicitlyUnwrappedOptionalConfiguration.swift",
"Rules/RuleConfigurations/InclusiveLanguageConfiguration.swift",
"Rules/RuleConfigurations/IncompatibleConcurrencyAnnotationConfiguration.swift",
"Rules/RuleConfigurations/IndentationWidthConfiguration.swift",
"Rules/RuleConfigurations/InvisibleCharacterConfiguration.swift",
"Rules/RuleConfigurations/LargeTupleConfiguration.swift",
"Rules/RuleConfigurations/LegacyObjcTypeConfiguration.swift",
"Rules/RuleConfigurations/LineLengthConfiguration.swift",
"Rules/RuleConfigurations/MissingDocsConfiguration.swift",
"Rules/RuleConfigurations/ModifierOrderConfiguration.swift",
"Rules/RuleConfigurations/MultilineArgumentsConfiguration.swift",
"Rules/RuleConfigurations/MultilineCallArgumentsConfiguration.swift",
"Rules/RuleConfigurations/MultilineParametersConfiguration.swift",
"Rules/RuleConfigurations/NameConfiguration.swift",
"Rules/RuleConfigurations/NestingConfiguration.swift",
"Rules/RuleConfigurations/NoEmptyBlockConfiguration.swift",
"Rules/RuleConfigurations/NoMagicNumbersConfiguration.swift",
"Rules/RuleConfigurations/NonOptionalStringDataConversionConfiguration.swift",
"Rules/RuleConfigurations/NonOverridableClassDeclarationConfiguration.swift",
"Rules/RuleConfigurations/NumberSeparatorConfiguration.swift",
"Rules/RuleConfigurations/ObjectLiteralConfiguration.swift",
"Rules/RuleConfigurations/OpeningBraceConfiguration.swift",
"Rules/RuleConfigurations/OperatorUsageWhitespaceConfiguration.swift",
"Rules/RuleConfigurations/OptionalDataStringConversionConfiguration.swift",
"Rules/RuleConfigurations/OverriddenSuperCallConfiguration.swift",
"Rules/RuleConfigurations/PreferKeyPathConfiguration.swift",
"Rules/RuleConfigurations/PrefixedTopLevelConstantConfiguration.swift",
"Rules/RuleConfigurations/PrivateOutletConfiguration.swift",
"Rules/RuleConfigurations/PrivateOverFilePrivateConfiguration.swift",
"Rules/RuleConfigurations/ProhibitedSuperConfiguration.swift",
"Rules/RuleConfigurations/RedundantDiscardableLetConfiguration.swift",
"Rules/RuleConfigurations/RedundantSelfConfiguration.swift",
"Rules/RuleConfigurations/RedundantSendableConfiguration.swift",
"Rules/RuleConfigurations/RedundantTypeAnnotationConfiguration.swift",
"Rules/RuleConfigurations/RedundantVoidReturnConfiguration.swift",
"Rules/RuleConfigurations/RequiredEnumCaseConfiguration.swift",
"Rules/RuleConfigurations/SelfBindingConfiguration.swift",
"Rules/RuleConfigurations/ShorthandArgumentConfiguration.swift",
"Rules/RuleConfigurations/SortedImportsConfiguration.swift",
"Rules/RuleConfigurations/StatementPositionConfiguration.swift",
"Rules/RuleConfigurations/SwitchCaseAlignmentConfiguration.swift",
"Rules/RuleConfigurations/TestCaseAccessibilityConfiguration.swift",
"Rules/RuleConfigurations/TodoConfiguration.swift",
"Rules/RuleConfigurations/TrailingClosureConfiguration.swift",
"Rules/RuleConfigurations/TrailingCommaConfiguration.swift",
"Rules/RuleConfigurations/TrailingWhitespaceConfiguration.swift",
"Rules/RuleConfigurations/TypeBodyLengthConfiguration.swift",
"Rules/RuleConfigurations/TypeContentsOrderConfiguration.swift",
"Rules/RuleConfigurations/TypeNameConfiguration.swift",
"Rules/RuleConfigurations/UnitTestConfiguration.swift",
"Rules/RuleConfigurations/UnneededOverrideConfiguration.swift",
"Rules/RuleConfigurations/UnownedVariableCaptureConfiguration.swift",
"Rules/RuleConfigurations/UnusedDeclarationConfiguration.swift",
"Rules/RuleConfigurations/UnusedImportConfiguration.swift",
"Rules/RuleConfigurations/UnusedOptionalBindingConfiguration.swift",
"Rules/RuleConfigurations/UnusedParameterConfiguration.swift",
"Rules/RuleConfigurations/VariableShadowingConfiguration.swift",
"Rules/RuleConfigurations/VerticalWhitespaceBetweenCasesConfiguration.swift",
"Rules/RuleConfigurations/VerticalWhitespaceClosingBracesConfiguration.swift",
"Rules/RuleConfigurations/VerticalWhitespaceConfiguration.swift",
"Rules/RuleConfigurations/XCTSpecificMatcherConfiguration.swift",
"Rules/Style/AttributeNameSpacingRule.swift",
"Rules/Style/AttributesRule.swift",
"Rules/Style/AttributesRuleExamples.swift",
"Rules/Style/ClosingBraceRule.swift",
"Rules/Style/ClosureEndIndentationRule.swift",
"Rules/Style/ClosureEndIndentationRuleExamples.swift",
"Rules/Style/ClosureParameterPositionRule.swift",
"Rules/Style/ClosureSpacingRule.swift",
"Rules/Style/CollectionAlignmentRule.swift",
"Rules/Style/ColonRule.swift",
"Rules/Style/ColonRuleExamples.swift",
"Rules/Style/CommaInheritanceRule.swift",
"Rules/Style/CommaRule.swift",
"Rules/Style/ComputedAccessorsOrderRule.swift",
"Rules/Style/ComputedAccessorsOrderRuleExamples.swift",
"Rules/Style/ConditionalReturnsOnNewlineRule.swift",
"Rules/Style/ContrastedOpeningBraceRule.swift",
"Rules/Style/ContrastedOpeningBraceRuleExamples.swift",
"Rules/Style/ControlStatementRule.swift",
"Rules/Style/DirectReturnRule.swift",
"Rules/Style/EmptyEnumArgumentsRule.swift",
"Rules/Style/EmptyParametersRule.swift",
"Rules/Style/EmptyParenthesesWithTrailingClosureRule.swift",
"Rules/Style/ExplicitSelfRule.swift",
"Rules/Style/ExplicitSelfRuleExamples.swift",
"Rules/Style/FileHeaderRule.swift",
"Rules/Style/FileTypesOrderRule.swift",
"Rules/Style/FileTypesOrderRuleExamples.swift",
"Rules/Style/FunctionNameWhitespaceRule.swift",
"Rules/Style/FunctionNameWhitespaceRuleExamples.swift",
"Rules/Style/IdentifierNameRule.swift",
"Rules/Style/IdentifierNameRuleExamples.swift",
"Rules/Style/ImplicitGetterRule.swift",
"Rules/Style/ImplicitGetterRuleExamples.swift",
"Rules/Style/ImplicitOptionalInitializationRule.swift",
"Rules/Style/ImplicitOptionalInitializationRuleExamples.swift",
"Rules/Style/ImplicitReturnRule.swift",
"Rules/Style/ImplicitReturnRuleExamples.swift",
"Rules/Style/InclusiveLanguageRule.swift",
"Rules/Style/InclusiveLanguageRuleExamples.swift",
"Rules/Style/IndentationWidthRule.swift",
"Rules/Style/LeadingWhitespaceRule.swift",
"Rules/Style/LetVarWhitespaceRule.swift",
"Rules/Style/LiteralExpressionEndIndentationRule.swift",
"Rules/Style/ModifierOrderRule.swift",
"Rules/Style/ModifierOrderRuleExamples.swift",
"Rules/Style/MultilineArgumentsBracketsRule.swift",
"Rules/Style/MultilineArgumentsRule.swift",
"Rules/Style/MultilineArgumentsRuleExamples.swift",
"Rules/Style/MultilineFunctionChainsRule.swift",
"Rules/Style/MultilineLiteralBracketsRule.swift",
"Rules/Style/MultilineParametersBracketsRule.swift",
"Rules/Style/MultilineParametersRule.swift",
"Rules/Style/MultilineParametersRuleExamples.swift",
"Rules/Style/MultipleClosuresWithTrailingClosureRule.swift",
"Rules/Style/NoSpaceInMethodCallRule.swift",
"Rules/Style/NonOverridableClassDeclarationRule.swift",
"Rules/Style/NumberSeparatorRule.swift",
"Rules/Style/NumberSeparatorRuleExamples.swift",
"Rules/Style/OpeningBraceRule.swift",
"Rules/Style/OpeningBraceRuleExamples.swift",
"Rules/Style/OperatorUsageWhitespaceRule.swift",
"Rules/Style/OperatorUsageWhitespaceRuleExamples.swift",
"Rules/Style/OptionalEnumCaseMatchingRule.swift",
"Rules/Style/PreferSelfInStaticReferencesRule.swift",
"Rules/Style/PreferSelfInStaticReferencesRuleExamples.swift",
"Rules/Style/PreferSelfTypeOverTypeOfSelfRule.swift",
"Rules/Style/PrefixedTopLevelConstantRule.swift",
"Rules/Style/ProtocolPropertyAccessorsOrderRule.swift",
"Rules/Style/RedundantDiscardableLetRule.swift",
"Rules/Style/RedundantSelfRule.swift",
"Rules/Style/RedundantSelfRuleExamples.swift",
"Rules/Style/ReturnArrowWhitespaceRule.swift",
"Rules/Style/SelfBindingRule.swift",
"Rules/Style/ShorthandArgumentRule.swift",
"Rules/Style/ShorthandOperatorRule.swift",
"Rules/Style/SingleTestClassRule.swift",
"Rules/Style/SortedEnumCasesRule.swift",
"Rules/Style/SortedImportsRule.swift",
"Rules/Style/SortedImportsRuleExamples.swift",
"Rules/Style/StatementPositionRule.swift",
"Rules/Style/SuperfluousElseRule.swift",
"Rules/Style/SwitchCaseAlignmentRule.swift",
"Rules/Style/SwitchCaseOnNewlineRule.swift",
"Rules/Style/TrailingClosureRule.swift",
"Rules/Style/TrailingCommaRule.swift",
"Rules/Style/TrailingNewlineRule.swift",
"Rules/Style/TrailingWhitespaceRule.swift",
"Rules/Style/TypeContentsOrderRule.swift",
"Rules/Style/TypeContentsOrderRuleExamples.swift",
"Rules/Style/UnneededParenthesesInClosureArgumentRule.swift",
"Rules/Style/UnusedOptionalBindingRule.swift",
"Rules/Style/VerticalParameterAlignmentOnCallRule.swift",
"Rules/Style/VerticalParameterAlignmentRule.swift",
"Rules/Style/VerticalParameterAlignmentRuleExamples.swift",
"Rules/Style/VerticalWhitespaceBetweenCasesRule.swift",
"Rules/Style/VerticalWhitespaceBetweenCasesRuleExamples.swift",
"Rules/Style/VerticalWhitespaceClosingBracesRule.swift",
"Rules/Style/VerticalWhitespaceClosingBracesRuleExamples.swift",
"Rules/Style/VerticalWhitespaceOpeningBracesRule.swift",
"Rules/Style/VerticalWhitespaceRule.swift",
"Rules/Style/VoidReturnRule.swift"
],
"target_dependencies" : [
"SwiftLintCore"
],
"type" : "library"
},
{
"c99name" : "SwiftLintBuildToolPlugin",
"module_type" : "PluginTarget",
"name" : "SwiftLintBuildToolPlugin",
"path" : "Plugins/SwiftLintBuildToolPlugin",
"plugin_capability" : {
"type" : "buildTool"
},
"product_memberships" : [
"SwiftLintBuildToolPlugin"
],
"sources" : [
"Path+Helpers.swift",
"SwiftLintBuildToolPlugin.swift",
"SwiftLintBuildToolPluginError.swift"
],
"target_dependencies" : [
"SwiftLintBinary"
],
"type" : "plugin"
},
{
"c99name" : "SwiftLintBinary",
"module_type" : "BinaryTarget",
"name" : "SwiftLintBinary",
"path" : "remote/archive/SwiftLintBinary.artifactbundle.zip",
"product_memberships" : [
"SwiftLintBuildToolPlugin",
"SwiftLintCommandPlugin"
],
"sources" : [
],
"type" : "binary"
},
{
"c99name" : "SwiftLintBase",
"module_type" : "SwiftTarget",
"name" : "SwiftLintBase",
"path" : "Source/SwiftLintBase",
"product_dependencies" : [
"SwiftSyntax"
],
"product_memberships" : [
"swiftlint",
"SwiftLintFramework",
"swiftlint-dev",
"SwiftLintCoreMacros"
],
"sources" : [
"CodeIndentingRewriter.swift",
"QueuedPrint.swift",
"String+SwiftLint.swift",
"URL+SwiftLint.swift"
],
"type" : "library"
},
{
"c99name" : "MacroTests",
"module_type" : "SwiftTarget",
"name" : "MacroTests",
"path" : "Tests/MacroTests",
"product_dependencies" : [
"SwiftSyntaxMacrosTestSupport"
],
"sources" : [
"AcceptableByConfigurationElementTests.swift",
"AutoConfigParserTests.swift",
"ExampleTests.swift",
"ExamplesTests.swift",
"FailureHandler.swift",
"SwiftSyntaxRuleTests.swift"
],
"target_dependencies" : [
"SwiftLintCoreMacros",
"TestHelpers"
],
"type" : "test"
},
{
"c99name" : "IntegrationTests",
"module_type" : "SwiftTarget",
"name" : "IntegrationTests",
"path" : "Tests/IntegrationTests",
"sources" : [
"ConfigPathResolutionTests.swift",
"IntegrationTests.swift"
],
"target_dependencies" : [
"SwiftLintCore",
"SwiftLintFramework",
"TestHelpers"
],
"type" : "test"
},
{
"c99name" : "GeneratedTests",
"module_type" : "SwiftTarget",
"name" : "GeneratedTests",
"path" : "Tests/GeneratedTests",
"sources" : [
"GeneratedTests_01.swift",
"GeneratedTests_02.swift",
"GeneratedTests_03.swift",
"GeneratedTests_04.swift",
"GeneratedTests_05.swift",
"GeneratedTests_06.swift",
"GeneratedTests_07.swift",
"GeneratedTests_08.swift",
"GeneratedTests_09.swift",
"GeneratedTests_10.swift",
"GeneratedTests_11.swift"
],
"target_dependencies" : [
"SwiftLintFramework",
"TestHelpers"
],
"type" : "test"
},
{
"c99name" : "FrameworkTests",
"module_type" : "SwiftTarget",
"name" : "FrameworkTests",
"path" : "Tests/FrameworkTests",
"sources" : [
"CollectingRuleTests.swift",
"CommandTests.swift",
"ConfigurationAliasesTests.swift",
"CustomRulesTests.swift",
"EmptyFileTests.swift",
"GlobalConfigurationTests.swift",
"LintOrAnalyzeOptionsTests.swift",
"LinterCacheTests.swift",
"ParserDiagnosticsTests.swift",
"RuleConfigurationTests.swift",
"RulesFilterTests.swift",
"RulesTests.swift",
"StringViewExtensionTests.swift",
"SwiftSyntaxKindBridgeTests.swift",
"SwiftVersionTests.swift",
"YamlParserTests.swift"
],
"target_dependencies" : [
"SwiftLintFramework",
"TestHelpers",
"SwiftLintCoreMacros"
],
"type" : "test"
},
{
"c99name" : "FileSystemAccessTests",
"module_type" : "SwiftTarget",
"name" : "FileSystemAccessTests",
"path" : "Tests/FileSystemAccessTests",
"product_dependencies" : [
"FilenameMatcher"
],
"sources" : [
"BaselineTests.swift",
"ConfigurationTests+Constants.swift",
"ConfigurationTests.swift",
"GlobTests.swift",
"MultipleConfigurationsTests.swift",
"ReporterTests.swift",
"SourceKitCrashTests.swift"
],
"target_dependencies" : [
"SwiftLintFramework",
"TestHelpers",
"SwiftLintCoreMacros"
],
"type" : "test"
},
{
"c99name" : "ExtraRulesTests",
"module_type" : "SwiftTarget",
"name" : "ExtraRulesTests",
"path" : "Tests/ExtraRulesTests",
"sources" : [
"ExtraRulesTests.swift"
],
"target_dependencies" : [
"SwiftLintFramework",
"TestHelpers"
],
"type" : "test"
},
{
"c99name" : "DyldWarningWorkaround",
"module_type" : "ClangTarget",
"name" : "DyldWarningWorkaround",
"path" : "Source/DyldWarningWorkaround",
"product_memberships" : [
"swiftlint",
"SwiftLintFramework",
"swiftlint-dev"
],
"sources" : [
"DyldWarningWorkaround.c"
],
"type" : "library"
},
{
"c99name" : "CoreTests",
"module_type" : "SwiftTarget",
"name" : "CoreTests",
"path" : "Tests/CoreTests",
"sources" : [
"AccessControlLevelTests.swift",
"CommentLinesVisitorTests.swift",
"ConditionallySourceKitFreeTests.swift",
"DisableAllTests.swift",
"EmptyLinesVisitorTests.swift",
"ExampleTests.swift",
"ExtendedNSStringTests.swift",
"ExtendedStringTests.swift",
"LineEndingTests.swift",
"RegexConfigurationTests.swift",
"RegionTests.swift",
"RuleConfigurationDescriptionTests.swift",
"RuleTests.swift",
"SeverityLevelsConfigurationTests.swift",
"SwiftLintFileTests.swift",
"YamlSwiftLintTests.swift"
],
"target_dependencies" : [
"SwiftLintCore",
"TestHelpers"
],
"type" : "test"
},
{
"c99name" : "BuiltInRulesTests",
"module_type" : "SwiftTarget",
"name" : "BuiltInRulesTests",
"path" : "Tests/BuiltInRulesTests",
"sources" : [
"AttributesRuleTests.swift",
"BlanketDisableCommandRuleTests.swift",
"ChildOptionSeverityConfigurationTests.swift",
"ClosureEndIndentationRuleTests.swift",
"CollectionAlignmentRuleTests.swift",
"ColonRuleTests.swift",
"CompilerProtocolInitRuleTests.swift",
"ComputedAccessorsOrderRuleTests.swift",
"ConditionalReturnsOnNewlineRuleTests.swift",
"ContainsOverFirstNotNilRuleTests.swift",
"CyclomaticComplexityConfigurationTests.swift",
"CyclomaticComplexityRuleTests.swift",
"DeploymentTargetConfigurationTests.swift",
"DeploymentTargetRuleTests.swift",
"DiscouragedDirectInitRuleTests.swift",
"DiscouragedObjectLiteralRuleTests.swift",
"DuplicateImportsRuleTests.swift",
"EmptyCountRuleTests.swift",
"ExpiringTodoRuleTests.swift",
"ExplicitInitRuleTests.swift",
"ExplicitTypeInterfaceConfigurationTests.swift",
"ExplicitTypeInterfaceRuleTests.swift",
"FileHeaderRuleTests.swift",
"FileLengthRuleTests.swift",
"FileNameNoSpaceRuleTests.swift",
"FileNameRuleTests.swift",
"FileTypesOrderRuleTests.swift",
"FunctionBodyLengthRuleTests.swift",
"FunctionNameWhitespaceRuleTests.swift",
"FunctionParameterCountRuleTests.swift",
"GenericTypeNameRuleTests.swift",
"IdentifierNameRuleTests.swift",
"ImplicitGetterRuleTests.swift",
"ImplicitReturnConfigurationTests.swift",
"ImplicitReturnRuleTests.swift",
"ImplicitlyUnwrappedOptionalConfigurationTests.swift",
"ImplicitlyUnwrappedOptionalRuleTests.swift",
"InclusiveLanguageRuleTests.swift",
"IndentationWidthRuleTests.swift",
"LineLengthConfigurationTests.swift",
"LineLengthRuleTests.swift",
"MissingDocsRuleTests.swift",
"ModifierOrderTests.swift",
"MultilineArgumentsRuleTests.swift",
"MultilineCallArgumentsConfigurationTests.swift",
"MultilineCallArgumentsRuleTests.swift",
"MultilineParametersConfigurationTests.swift",
"NameConfigurationTests.swift",
"NestingRuleTests.swift",
"NoEmptyBlockConfigurationTests.swift",
"NumberSeparatorRuleTests.swift",
"ObjectLiteralRuleTests.swift",
"OpeningBraceRuleTests.swift",
"PatternMatchingKeywordsRuleTests.swift",
"PreferKeyPathRuleTests.swift",
"PrefixedTopLevelConstantRuleTests.swift",
"PrivateOverFilePrivateRuleTests.swift",
"RequiredEnumCaseConfigurationTests.swift",
"StatementPositionRuleTests.swift",
"SwitchCaseAlignmentRuleTests.swift",
"TodoRuleTests.swift",
"TrailingClosureConfigurationTests.swift",
"TrailingCommaRuleTests.swift",
"TrailingWhitespaceRuleTests.swift",
"TypeBodyLengthConfigurationTests.swift",
"TypeBodyLengthRuleTests.swift",
"TypeContentsOrderRuleTests.swift",
"TypeNameRuleTests.swift",
"TypesafeArrayInitRuleTests.swift",
"UnneededOverrideRuleTests.swift",
"UnusedDeclarationConfigurationTests.swift",
"UnusedOptionalBindingRuleTests.swift",
"VerticalWhitespaceRuleTests.swift",
"XCTSpecificMatcherRuleTests.swift"
],
"target_dependencies" : [
"SwiftLintBuiltInRules",
"TestHelpers"
],
"type" : "test"
},
{
"c99name" : "BaseTests",
"module_type" : "SwiftTarget",
"name" : "BaseTests",
"path" : "Tests/BaseTests",
"sources" : [
"CodeIndentingRewriterTests.swift",
"StringExtensionTests.swift"
],
"target_dependencies" : [
"SwiftLintBase",
"TestHelpers"
],
"type" : "test"
}
],
"tools_version" : "5.9"
}
{
"workspace" : {
"name" : "SwiftLint",
"schemes" : [
"swiftlint",
"swiftlint-dev",
"SwiftLint-Package",
"SwiftLintFramework"
]
}
}
2026-10-01 00:46:38.277 xcodebuild[1588:8799] [MT] IDERunDestination: Supported platforms for the buildables in the current scheme is empty.
Running build ...
env DEVELOPER_DIR=/Applications/Xcode-27.0.0-Release.Candidate.app xcrun xcodebuild -IDEClonedSourcePackagesDirPathOverride=$PWD/.dependencies -skipMacroValidation -skipPackagePluginValidation -derivedDataPath $PWD/.derivedData build -scheme SwiftLint-Package -destination generic/platform=iOS
Command line invocation:
/Applications/Xcode-27.0.0-Release.Candidate.app/Contents/Developer/usr/bin/xcodebuild -IDEClonedSourcePackagesDirPathOverride=/Users/admin/builder/spi-builder-workspace/.dependencies -skipMacroValidation -skipPackagePluginValidation -derivedDataPath /Users/admin/builder/spi-builder-workspace/.derivedData build -scheme SwiftLint-Package -destination generic/platform=iOS
Resolve Package Graph
Resolved source packages:
swift-syntax: https://github.com/swiftlang/swift-syntax.git @ 605.0.0-prerelease-2026-09-15
Yams: https://github.com/jpsim/Yams.git @ 6.2.2
CollectionConcurrencyKit: https://github.com/JohnSundell/CollectionConcurrencyKit.git @ 0.2.0
CryptoSwift: https://github.com/krzyzanowskim/CryptoSwift.git @ 1.10.0
SourceKitten: https://github.com/jpsim/SourceKitten.git @ 0.38.0
SwiftyTextTable: https://github.com/scottrhoyt/SwiftyTextTable.git @ 0.9.0
SwiftLint: /Users/admin/builder/spi-builder-workspace
swift-filename-matcher: https://github.com/ileitch/swift-filename-matcher @ 2.0.1
SWXMLHash: https://github.com/drmohundro/SWXMLHash.git @ 7.0.2
swift-argument-parser: https://github.com/apple/swift-argument-parser.git @ 1.8.2
ComputePackagePrebuildTargetDependencyGraph
Prepare packages
Compile plug-in “SwiftLintBuildToolPlugin” in package “spi-builder-workspace”
[debug]: Compiling plugin to executable at /Users/admin/builder/spi-builder-workspace/.derivedData/Build/Products/PluginExecutables/SwiftLintBuildToolPlugin
[debug]: Using compiler /Applications/Xcode-27.0.0-Release.Candidate.app/Contents/Developer/Toolchains/XcodeDefault.xctoolchain/usr/bin/swiftc
[debug]: Plugin compilation output directory '/Users/admin/builder/spi-builder-workspace/.derivedData/Build/Products/PluginExecutables'
[debug]: Computed hash of plugin compilation inputs: 9676a7346ab3805d9846a0a8a543e89a3b114e7dabd5faf0815c0489d0ac26e0
/Applications/Xcode-27.0.0-Release.Candidate.app/Contents/Developer/Toolchains/XcodeDefault.xctoolchain/usr/bin/swiftc -L /Applications/Xcode-27.0.0-Release.Candidate.app/Contents/SharedFrameworks/SwiftPM.framework/SharedSupport/PluginAPI -lPackagePlugin -Xlinker -rpath -Xlinker /Applications/Xcode-27.0.0-Release.Candidate.app/Contents/SharedFrameworks/SwiftPM.framework/SharedSupport/PluginAPI -target arm64-apple-macos14.0 -plugin-path /Applications/Xcode-27.0.0-Release.Candidate.app/Contents/Developer/Toolchains/XcodeDefault.xctoolchain/usr/lib/swift/host/plugins/testing -sdk /Applications/Xcode-27.0.0-Release.Candidate.app/Contents/Developer/Platforms/MacOSX.platform/Developer/SDKs/MacOSX27.0.sdk -g -swift-version 5 -package-description-version 5.9.0 -I /Applications/Xcode-27.0.0-Release.Candidate.app/Contents/SharedFrameworks/SwiftPM.framework/SharedSupport/PluginAPI -sdk /Applications/Xcode-27.0.0-Release.Candidate.app/Contents/Developer/Platforms/MacOSX.platform/Developer/SDKs/MacOSX27.0.sdk -parse-as-library -j10 -Xfrontend -serialize-diagnostics-path -Xfrontend /Users/admin/builder/spi-builder-workspace/.derivedData/Build/Products/PluginExecutables/SwiftLintCommandPlugin.dia /Users/admin/builder/spi-builder-workspace/Plugins/SwiftLintCommandPlugin/CommandContext.swift /Users/admin/builder/spi-builder-workspace/Plugins/SwiftLintCommandPlugin/SwiftLintCommandPlugin.swift -o /Users/admin/builder/spi-builder-workspace/.derivedData/Build/Products/PluginExecutables/SwiftLintCommandPlugin
[debug]: Compiling plugin to executable at /Users/admin/builder/spi-builder-workspace/.derivedData/Build/Products/PluginExecutables/SwiftLintCommandPlugin
[debug]: Using compiler /Applications/Xcode-27.0.0-Release.Candidate.app/Contents/Developer/Toolchains/XcodeDefault.xctoolchain/usr/bin/swiftc
[debug]: Plugin compilation output directory '/Users/admin/builder/spi-builder-workspace/.derivedData/Build/Products/PluginExecutables'
[debug]: Computed hash of plugin compilation inputs: adb91432bdece8323d6cfe6a9e199ca4ab59cd3c0e1280b92c187e1d175d2c71
Process build tool plug-in results
CreateBuildRequest
SendProjectDescription
CreateBuildOperation
ComputeTargetDependencyGraph
note: Building targets in dependency order
note: Target dependency graph (77 targets)
Target 'swiftlint-dev-product' in project 'SwiftLint'
➜ Explicit dependency on target 'SwiftLintBase' in project 'SwiftLint'
➜ Explicit dependency on target 'SwiftLintCoreMacros' in project 'SwiftLint'
➜ Explicit dependency on target 'SwiftLintCore' in project 'SwiftLint'
➜ Explicit dependency on target 'SwiftLintBuiltInRules' in project 'SwiftLint'
➜ Explicit dependency on target 'SwiftLintExtraRules' in project 'SwiftLint'
➜ Explicit dependency on target 'SwiftLintFramework' in project 'SwiftLint'
➜ Explicit dependency on target 'SwiftSyntax-product' in project 'swift-syntax'
➜ Explicit dependency on target 'FilenameMatcher-product' in project 'swift-filename-matcher'
➜ Explicit dependency on target 'SourceKittenFramework-product' in project 'SourceKitten'
➜ Explicit dependency on target 'SwiftIDEUtils-product' in project 'swift-syntax'
➜ Explicit dependency on target 'SwiftOperators-product' in project 'swift-syntax'
➜ Explicit dependency on target 'SwiftParser-product' in project 'swift-syntax'
➜ Explicit dependency on target 'SwiftSyntaxBuilder-product' in project 'swift-syntax'
➜ Explicit dependency on target 'SwiftyTextTable-product' in project 'SwiftyTextTable'
➜ Explicit dependency on target 'Yams-product' in project 'Yams'
➜ Explicit dependency on target 'SwiftLexicalLookup-product' in project 'swift-syntax'
➜ Explicit dependency on target 'CollectionConcurrencyKit-product' in project 'CollectionConcurrencyKit'
➜ Explicit dependency on target 'ArgumentParser-product' in project 'swift-argument-parser'
Target 'swiftlint-product' in project 'SwiftLint'
➜ Explicit dependency on target 'SwiftLintBase' in project 'SwiftLint'
➜ Explicit dependency on target 'SwiftLintCoreMacros' in project 'SwiftLint'
➜ Explicit dependency on target 'SwiftLintCore' in project 'SwiftLint'
➜ Explicit dependency on target 'SwiftLintBuiltInRules' in project 'SwiftLint'
➜ Explicit dependency on target 'SwiftLintExtraRules' in project 'SwiftLint'
➜ Explicit dependency on target 'SwiftLintFramework' in project 'SwiftLint'
➜ Explicit dependency on target 'SwiftSyntax-product' in project 'swift-syntax'
➜ Explicit dependency on target 'FilenameMatcher-product' in project 'swift-filename-matcher'
➜ Explicit dependency on target 'SourceKittenFramework-product' in project 'SourceKitten'
➜ Explicit dependency on target 'SwiftIDEUtils-product' in project 'swift-syntax'
➜ Explicit dependency on target 'SwiftOperators-product' in project 'swift-syntax'
➜ Explicit dependency on target 'SwiftParser-product' in project 'swift-syntax'
➜ Explicit dependency on target 'SwiftSyntaxBuilder-product' in project 'swift-syntax'
➜ Explicit dependency on target 'SwiftyTextTable-product' in project 'SwiftyTextTable'
➜ Explicit dependency on target 'Yams-product' in project 'Yams'
➜ Explicit dependency on target 'SwiftLexicalLookup-product' in project 'swift-syntax'
➜ Explicit dependency on target 'CollectionConcurrencyKit-product' in project 'CollectionConcurrencyKit'
➜ Explicit dependency on target 'ArgumentParser-product' in project 'swift-argument-parser'
Target 'ArgumentParser-product' in project 'swift-argument-parser'
➜ Explicit dependency on target 'ArgumentParser' in project 'swift-argument-parser'
➜ Explicit dependency on target 'ArgumentParserToolInfo' in project 'swift-argument-parser'
Target 'ArgumentParser' in project 'swift-argument-parser'
➜ Explicit dependency on target 'ArgumentParserToolInfo' in project 'swift-argument-parser'
Target 'ArgumentParserToolInfo' in project 'swift-argument-parser' (no dependencies)
Target 'SwiftLintFramework-product' in project 'SwiftLint'
➜ Explicit dependency on target 'SwiftLintFramework' in project 'SwiftLint'
➜ Explicit dependency on target 'SwiftLintBase' in project 'SwiftLint'
➜ Explicit dependency on target 'SwiftLintCoreMacros' in project 'SwiftLint'
➜ Explicit dependency on target 'SwiftLintCore' in project 'SwiftLint'
➜ Explicit dependency on target 'SwiftLintBuiltInRules' in project 'SwiftLint'
➜ Explicit dependency on target 'SwiftLintExtraRules' in project 'SwiftLint'
➜ Explicit dependency on target 'SwiftSyntax-product' in project 'swift-syntax'
➜ Explicit dependency on target 'FilenameMatcher-product' in project 'swift-filename-matcher'
➜ Explicit dependency on target 'SourceKittenFramework-product' in project 'SourceKitten'
➜ Explicit dependency on target 'SwiftIDEUtils-product' in project 'swift-syntax'
➜ Explicit dependency on target 'SwiftOperators-product' in project 'swift-syntax'
➜ Explicit dependency on target 'SwiftParser-product' in project 'swift-syntax'
➜ Explicit dependency on target 'SwiftSyntaxBuilder-product' in project 'swift-syntax'
➜ Explicit dependency on target 'SwiftyTextTable-product' in project 'SwiftyTextTable'
➜ Explicit dependency on target 'Yams-product' in project 'Yams'
➜ Explicit dependency on target 'SwiftLexicalLookup-product' in project 'swift-syntax'
➜ Explicit dependency on target 'CollectionConcurrencyKit-product' in project 'CollectionConcurrencyKit'
Target 'SwiftLintFramework' in project 'SwiftLint'
➜ Explicit dependency on target 'SwiftLintBase' in project 'SwiftLint'
➜ Explicit dependency on target 'SwiftLintCoreMacros' in project 'SwiftLint'
➜ Explicit dependency on target 'SwiftLintCore' in project 'SwiftLint'
➜ Explicit dependency on target 'SwiftLintBuiltInRules' in project 'SwiftLint'
➜ Explicit dependency on target 'SwiftLintExtraRules' in project 'SwiftLint'
➜ Explicit dependency on target 'SwiftSyntax-product' in project 'swift-syntax'
➜ Explicit dependency on target 'FilenameMatcher-product' in project 'swift-filename-matcher'
➜ Explicit dependency on target 'SourceKittenFramework-product' in project 'SourceKitten'
➜ Explicit dependency on target 'SwiftIDEUtils-product' in project 'swift-syntax'
➜ Explicit dependency on target 'SwiftOperators-product' in project 'swift-syntax'
➜ Explicit dependency on target 'SwiftParser-product' in project 'swift-syntax'
➜ Explicit dependency on target 'SwiftSyntaxBuilder-product' in project 'swift-syntax'
➜ Explicit dependency on target 'SwiftyTextTable-product' in project 'SwiftyTextTable'
➜ Explicit dependency on target 'Yams-product' in project 'Yams'
➜ Explicit dependency on target 'SwiftLexicalLookup-product' in project 'swift-syntax'
➜ Explicit dependency on target 'CollectionConcurrencyKit-product' in project 'CollectionConcurrencyKit'
Target 'CollectionConcurrencyKit-product' in project 'CollectionConcurrencyKit'
➜ Explicit dependency on target 'CollectionConcurrencyKit' in project 'CollectionConcurrencyKit'
Target 'CollectionConcurrencyKit' in project 'CollectionConcurrencyKit' (no dependencies)
Target 'SwiftLintExtraRules' in project 'SwiftLint'
➜ Explicit dependency on target 'SwiftLintBase' in project 'SwiftLint'
➜ Explicit dependency on target 'SwiftLintCoreMacros' in project 'SwiftLint'
➜ Explicit dependency on target 'SwiftLintCore' in project 'SwiftLint'
➜ Explicit dependency on target 'SwiftSyntax-product' in project 'swift-syntax'
➜ Explicit dependency on target 'FilenameMatcher-product' in project 'swift-filename-matcher'
➜ Explicit dependency on target 'SourceKittenFramework-product' in project 'SourceKitten'
➜ Explicit dependency on target 'SwiftIDEUtils-product' in project 'swift-syntax'
➜ Explicit dependency on target 'SwiftOperators-product' in project 'swift-syntax'
➜ Explicit dependency on target 'SwiftParser-product' in project 'swift-syntax'
➜ Explicit dependency on target 'SwiftSyntaxBuilder-product' in project 'swift-syntax'
➜ Explicit dependency on target 'SwiftyTextTable-product' in project 'SwiftyTextTable'
➜ Explicit dependency on target 'Yams-product' in project 'Yams'
Target 'SwiftLintBuiltInRules' in project 'SwiftLint'
➜ Explicit dependency on target 'SwiftLintBase' in project 'SwiftLint'
➜ Explicit dependency on target 'SwiftLintCoreMacros' in project 'SwiftLint'
➜ Explicit dependency on target 'SwiftLintCore' in project 'SwiftLint'
➜ Explicit dependency on target 'SwiftSyntax-product' in project 'swift-syntax'
➜ Explicit dependency on target 'FilenameMatcher-product' in project 'swift-filename-matcher'
➜ Explicit dependency on target 'SourceKittenFramework-product' in project 'SourceKitten'
➜ Explicit dependency on target 'SwiftIDEUtils-product' in project 'swift-syntax'
➜ Explicit dependency on target 'SwiftOperators-product' in project 'swift-syntax'
➜ Explicit dependency on target 'SwiftParser-product' in project 'swift-syntax'
➜ Explicit dependency on target 'SwiftSyntaxBuilder-product' in project 'swift-syntax'
➜ Explicit dependency on target 'SwiftyTextTable-product' in project 'SwiftyTextTable'
➜ Explicit dependency on target 'Yams-product' in project 'Yams'
➜ Explicit dependency on target 'SwiftLexicalLookup-product' in project 'swift-syntax'
Target 'SwiftLexicalLookup-product' in project 'swift-syntax'
➜ Explicit dependency on target 'SwiftLexicalLookup' in project 'swift-syntax'
➜ Explicit dependency on target '_SwiftSyntaxCShims' in project 'swift-syntax'
➜ Explicit dependency on target 'SwiftSyntax509' in project 'swift-syntax'
➜ Explicit dependency on target 'SwiftSyntax510' in project 'swift-syntax'
➜ Explicit dependency on target 'SwiftSyntax600' in project 'swift-syntax'
➜ Explicit dependency on target 'SwiftSyntax601' in project 'swift-syntax'
➜ Explicit dependency on target 'SwiftSyntax602' in project 'swift-syntax'
➜ Explicit dependency on target 'SwiftSyntax603' in project 'swift-syntax'
➜ Explicit dependency on target 'SwiftSyntax604' in project 'swift-syntax'
➜ Explicit dependency on target 'SwiftSyntax605' in project 'swift-syntax'
➜ Explicit dependency on target 'SwiftSyntax' in project 'swift-syntax'
➜ Explicit dependency on target 'SwiftBasicFormat' in project 'swift-syntax'
➜ Explicit dependency on target 'SwiftParser' in project 'swift-syntax'
➜ Explicit dependency on target 'SwiftDiagnostics' in project 'swift-syntax'
➜ Explicit dependency on target 'SwiftParserDiagnostics' in project 'swift-syntax'
➜ Explicit dependency on target 'SwiftSyntaxBuilder' in project 'swift-syntax'
➜ Explicit dependency on target 'SwiftOperators' in project 'swift-syntax'
➜ Explicit dependency on target 'SwiftIfConfig' in project 'swift-syntax'
Target 'SwiftLexicalLookup' in project 'swift-syntax'
➜ Explicit dependency on target '_SwiftSyntaxCShims' in project 'swift-syntax'
➜ Explicit dependency on target 'SwiftSyntax509' in project 'swift-syntax'
➜ Explicit dependency on target 'SwiftSyntax510' in project 'swift-syntax'
➜ Explicit dependency on target 'SwiftSyntax600' in project 'swift-syntax'
➜ Explicit dependency on target 'SwiftSyntax601' in project 'swift-syntax'
➜ Explicit dependency on target 'SwiftSyntax602' in project 'swift-syntax'
➜ Explicit dependency on target 'SwiftSyntax603' in project 'swift-syntax'
➜ Explicit dependency on target 'SwiftSyntax604' in project 'swift-syntax'
➜ Explicit dependency on target 'SwiftSyntax605' in project 'swift-syntax'
➜ Explicit dependency on target 'SwiftSyntax' in project 'swift-syntax'
➜ Explicit dependency on target 'SwiftBasicFormat' in project 'swift-syntax'
➜ Explicit dependency on target 'SwiftParser' in project 'swift-syntax'
➜ Explicit dependency on target 'SwiftDiagnostics' in project 'swift-syntax'
➜ Explicit dependency on target 'SwiftParserDiagnostics' in project 'swift-syntax'
➜ Explicit dependency on target 'SwiftSyntaxBuilder' in project 'swift-syntax'
➜ Explicit dependency on target 'SwiftOperators' in project 'swift-syntax'
➜ Explicit dependency on target 'SwiftIfConfig' in project 'swift-syntax'
Target 'SwiftIfConfig' in project 'swift-syntax'
➜ Explicit dependency on target '_SwiftSyntaxCShims' in project 'swift-syntax'
➜ Explicit dependency on target 'SwiftSyntax509' in project 'swift-syntax'
➜ Explicit dependency on target 'SwiftSyntax510' in project 'swift-syntax'
➜ Explicit dependency on target 'SwiftSyntax600' in project 'swift-syntax'
➜ Explicit dependency on target 'SwiftSyntax601' in project 'swift-syntax'
➜ Explicit dependency on target 'SwiftSyntax602' in project 'swift-syntax'
➜ Explicit dependency on target 'SwiftSyntax603' in project 'swift-syntax'
➜ Explicit dependency on target 'SwiftSyntax604' in project 'swift-syntax'
➜ Explicit dependency on target 'SwiftSyntax605' in project 'swift-syntax'
➜ Explicit dependency on target 'SwiftSyntax' in project 'swift-syntax'
➜ Explicit dependency on target 'SwiftBasicFormat' in project 'swift-syntax'
➜ Explicit dependency on target 'SwiftParser' in project 'swift-syntax'
➜ Explicit dependency on target 'SwiftDiagnostics' in project 'swift-syntax'
➜ Explicit dependency on target 'SwiftParserDiagnostics' in project 'swift-syntax'
➜ Explicit dependency on target 'SwiftSyntaxBuilder' in project 'swift-syntax'
➜ Explicit dependency on target 'SwiftOperators' in project 'swift-syntax'
Target 'SwiftLintCore' in project 'SwiftLint'
➜ Explicit dependency on target 'SwiftLintBase' in project 'SwiftLint'
➜ Explicit dependency on target 'SwiftLintCoreMacros' in project 'SwiftLint'
➜ Explicit dependency on target 'SwiftSyntax-product' in project 'swift-syntax'
➜ Explicit dependency on target 'FilenameMatcher-product' in project 'swift-filename-matcher'
➜ Explicit dependency on target 'SourceKittenFramework-product' in project 'SourceKitten'
➜ Explicit dependency on target 'SwiftIDEUtils-product' in project 'swift-syntax'
➜ Explicit dependency on target 'SwiftOperators-product' in project 'swift-syntax'
➜ Explicit dependency on target 'SwiftParser-product' in project 'swift-syntax'
➜ Explicit dependency on target 'SwiftSyntaxBuilder-product' in project 'swift-syntax'
➜ Explicit dependency on target 'SwiftyTextTable-product' in project 'SwiftyTextTable'
➜ Explicit dependency on target 'Yams-product' in project 'Yams'
Target 'SwiftyTextTable-product' in project 'SwiftyTextTable'
➜ Explicit dependency on target 'SwiftyTextTable' in project 'SwiftyTextTable'
Target 'SwiftyTextTable' in project 'SwiftyTextTable' (no dependencies)
Target 'SwiftSyntaxBuilder-product' in project 'swift-syntax'
➜ Explicit dependency on target 'SwiftSyntaxBuilder' in project 'swift-syntax'
➜ Explicit dependency on target '_SwiftSyntaxCShims' in project 'swift-syntax'
➜ Explicit dependency on target 'SwiftSyntax509' in project 'swift-syntax'
➜ Explicit dependency on target 'SwiftSyntax510' in project 'swift-syntax'
➜ Explicit dependency on target 'SwiftSyntax600' in project 'swift-syntax'
➜ Explicit dependency on target 'SwiftSyntax601' in project 'swift-syntax'
➜ Explicit dependency on target 'SwiftSyntax602' in project 'swift-syntax'
➜ Explicit dependency on target 'SwiftSyntax603' in project 'swift-syntax'
➜ Explicit dependency on target 'SwiftSyntax604' in project 'swift-syntax'
➜ Explicit dependency on target 'SwiftSyntax605' in project 'swift-syntax'
➜ Explicit dependency on target 'SwiftSyntax' in project 'swift-syntax'
➜ Explicit dependency on target 'SwiftBasicFormat' in project 'swift-syntax'
➜ Explicit dependency on target 'SwiftParser' in project 'swift-syntax'
➜ Explicit dependency on target 'SwiftDiagnostics' in project 'swift-syntax'
➜ Explicit dependency on target 'SwiftParserDiagnostics' in project 'swift-syntax'
Target 'SwiftSyntaxBuilder' in project 'swift-syntax'
➜ Explicit dependency on target '_SwiftSyntaxCShims' in project 'swift-syntax'
➜ Explicit dependency on target 'SwiftSyntax509' in project 'swift-syntax'
➜ Explicit dependency on target 'SwiftSyntax510' in project 'swift-syntax'
➜ Explicit dependency on target 'SwiftSyntax600' in project 'swift-syntax'
➜ Explicit dependency on target 'SwiftSyntax601' in project 'swift-syntax'
➜ Explicit dependency on target 'SwiftSyntax602' in project 'swift-syntax'
➜ Explicit dependency on target 'SwiftSyntax603' in project 'swift-syntax'
➜ Explicit dependency on target 'SwiftSyntax604' in project 'swift-syntax'
➜ Explicit dependency on target 'SwiftSyntax605' in project 'swift-syntax'
➜ Explicit dependency on target 'SwiftSyntax' in project 'swift-syntax'
➜ Explicit dependency on target 'SwiftBasicFormat' in project 'swift-syntax'
➜ Explicit dependency on target 'SwiftParser' in project 'swift-syntax'
➜ Explicit dependency on target 'SwiftDiagnostics' in project 'swift-syntax'
➜ Explicit dependency on target 'SwiftParserDiagnostics' in project 'swift-syntax'
Target 'SwiftParserDiagnostics' in project 'swift-syntax'
➜ Explicit dependency on target '_SwiftSyntaxCShims' in project 'swift-syntax'
➜ Explicit dependency on target 'SwiftSyntax509' in project 'swift-syntax'
➜ Explicit dependency on target 'SwiftSyntax510' in project 'swift-syntax'
➜ Explicit dependency on target 'SwiftSyntax600' in project 'swift-syntax'
➜ Explicit dependency on target 'SwiftSyntax601' in project 'swift-syntax'
➜ Explicit dependency on target 'SwiftSyntax602' in project 'swift-syntax'
➜ Explicit dependency on target 'SwiftSyntax603' in project 'swift-syntax'
➜ Explicit dependency on target 'SwiftSyntax604' in project 'swift-syntax'
➜ Explicit dependency on target 'SwiftSyntax605' in project 'swift-syntax'
➜ Explicit dependency on target 'SwiftSyntax' in project 'swift-syntax'
➜ Explicit dependency on target 'SwiftBasicFormat' in project 'swift-syntax'
➜ Explicit dependency on target 'SwiftDiagnostics' in project 'swift-syntax'
➜ Explicit dependency on target 'SwiftParser' in project 'swift-syntax'
Target 'SwiftBasicFormat' in project 'swift-syntax'
➜ Explicit dependency on target '_SwiftSyntaxCShims' in project 'swift-syntax'
➜ Explicit dependency on target 'SwiftSyntax509' in project 'swift-syntax'
➜ Explicit dependency on target 'SwiftSyntax510' in project 'swift-syntax'
➜ Explicit dependency on target 'SwiftSyntax600' in project 'swift-syntax'
➜ Explicit dependency on target 'SwiftSyntax601' in project 'swift-syntax'
➜ Explicit dependency on target 'SwiftSyntax602' in project 'swift-syntax'
➜ Explicit dependency on target 'SwiftSyntax603' in project 'swift-syntax'
➜ Explicit dependency on target 'SwiftSyntax604' in project 'swift-syntax'
➜ Explicit dependency on target 'SwiftSyntax605' in project 'swift-syntax'
➜ Explicit dependency on target 'SwiftSyntax' in project 'swift-syntax'
Target 'SwiftParser-product' in project 'swift-syntax'
➜ Explicit dependency on target 'SwiftParser' in project 'swift-syntax'
➜ Explicit dependency on target '_SwiftSyntaxCShims' in project 'swift-syntax'
➜ Explicit dependency on target 'SwiftSyntax509' in project 'swift-syntax'
➜ Explicit dependency on target 'SwiftSyntax510' in project 'swift-syntax'
➜ Explicit dependency on target 'SwiftSyntax600' in project 'swift-syntax'
➜ Explicit dependency on target 'SwiftSyntax601' in project 'swift-syntax'
➜ Explicit dependency on target 'SwiftSyntax602' in project 'swift-syntax'
➜ Explicit dependency on target 'SwiftSyntax603' in project 'swift-syntax'
➜ Explicit dependency on target 'SwiftSyntax604' in project 'swift-syntax'
➜ Explicit dependency on target 'SwiftSyntax605' in project 'swift-syntax'
➜ Explicit dependency on target 'SwiftSyntax' in project 'swift-syntax'
Target 'SwiftOperators-product' in project 'swift-syntax'
➜ Explicit dependency on target 'SwiftOperators' in project 'swift-syntax'
➜ Explicit dependency on target '_SwiftSyntaxCShims' in project 'swift-syntax'
➜ Explicit dependency on target 'SwiftSyntax509' in project 'swift-syntax'
➜ Explicit dependency on target 'SwiftSyntax510' in project 'swift-syntax'
➜ Explicit dependency on target 'SwiftSyntax600' in project 'swift-syntax'
➜ Explicit dependency on target 'SwiftSyntax601' in project 'swift-syntax'
➜ Explicit dependency on target 'SwiftSyntax602' in project 'swift-syntax'
➜ Explicit dependency on target 'SwiftSyntax603' in project 'swift-syntax'
➜ Explicit dependency on target 'SwiftSyntax604' in project 'swift-syntax'
➜ Explicit dependency on target 'SwiftSyntax605' in project 'swift-syntax'
➜ Explicit dependency on target 'SwiftSyntax' in project 'swift-syntax'
➜ Explicit dependency on target 'SwiftDiagnostics' in project 'swift-syntax'
➜ Explicit dependency on target 'SwiftParser' in project 'swift-syntax'
Target 'SwiftOperators' in project 'swift-syntax'
➜ Explicit dependency on target '_SwiftSyntaxCShims' in project 'swift-syntax'
➜ Explicit dependency on target 'SwiftSyntax509' in project 'swift-syntax'
➜ Explicit dependency on target 'SwiftSyntax510' in project 'swift-syntax'
➜ Explicit dependency on target 'SwiftSyntax600' in project 'swift-syntax'
➜ Explicit dependency on target 'SwiftSyntax601' in project 'swift-syntax'
➜ Explicit dependency on target 'SwiftSyntax602' in project 'swift-syntax'
➜ Explicit dependency on target 'SwiftSyntax603' in project 'swift-syntax'
➜ Explicit dependency on target 'SwiftSyntax604' in project 'swift-syntax'
➜ Explicit dependency on target 'SwiftSyntax605' in project 'swift-syntax'
➜ Explicit dependency on target 'SwiftSyntax' in project 'swift-syntax'
➜ Explicit dependency on target 'SwiftDiagnostics' in project 'swift-syntax'
➜ Explicit dependency on target 'SwiftParser' in project 'swift-syntax'
Target 'SwiftIDEUtils-product' in project 'swift-syntax'
➜ Explicit dependency on target 'SwiftIDEUtils' in project 'swift-syntax'
➜ Explicit dependency on target '_SwiftSyntaxCShims' in project 'swift-syntax'
➜ Explicit dependency on target 'SwiftSyntax509' in project 'swift-syntax'
➜ Explicit dependency on target 'SwiftSyntax510' in project 'swift-syntax'
➜ Explicit dependency on target 'SwiftSyntax600' in project 'swift-syntax'
➜ Explicit dependency on target 'SwiftSyntax601' in project 'swift-syntax'
➜ Explicit dependency on target 'SwiftSyntax602' in project 'swift-syntax'
➜ Explicit dependency on target 'SwiftSyntax603' in project 'swift-syntax'
➜ Explicit dependency on target 'SwiftSyntax604' in project 'swift-syntax'
➜ Explicit dependency on target 'SwiftSyntax605' in project 'swift-syntax'
➜ Explicit dependency on target 'SwiftSyntax' in project 'swift-syntax'
➜ Explicit dependency on target 'SwiftDiagnostics' in project 'swift-syntax'
➜ Explicit dependency on target 'SwiftParser' in project 'swift-syntax'
Target 'SwiftIDEUtils' in project 'swift-syntax'
➜ Explicit dependency on target '_SwiftSyntaxCShims' in project 'swift-syntax'
➜ Explicit dependency on target 'SwiftSyntax509' in project 'swift-syntax'
➜ Explicit dependency on target 'SwiftSyntax510' in project 'swift-syntax'
➜ Explicit dependency on target 'SwiftSyntax600' in project 'swift-syntax'
➜ Explicit dependency on target 'SwiftSyntax601' in project 'swift-syntax'
➜ Explicit dependency on target 'SwiftSyntax602' in project 'swift-syntax'
➜ Explicit dependency on target 'SwiftSyntax603' in project 'swift-syntax'
➜ Explicit dependency on target 'SwiftSyntax604' in project 'swift-syntax'
➜ Explicit dependency on target 'SwiftSyntax605' in project 'swift-syntax'
➜ Explicit dependency on target 'SwiftSyntax' in project 'swift-syntax'
➜ Explicit dependency on target 'SwiftDiagnostics' in project 'swift-syntax'
➜ Explicit dependency on target 'SwiftParser' in project 'swift-syntax'
Target 'SwiftParser' in project 'swift-syntax'
➜ Explicit dependency on target '_SwiftSyntaxCShims' in project 'swift-syntax'
➜ Explicit dependency on target 'SwiftSyntax509' in project 'swift-syntax'
➜ Explicit dependency on target 'SwiftSyntax510' in project 'swift-syntax'
➜ Explicit dependency on target 'SwiftSyntax600' in project 'swift-syntax'
➜ Explicit dependency on target 'SwiftSyntax601' in project 'swift-syntax'
➜ Explicit dependency on target 'SwiftSyntax602' in project 'swift-syntax'
➜ Explicit dependency on target 'SwiftSyntax603' in project 'swift-syntax'
➜ Explicit dependency on target 'SwiftSyntax604' in project 'swift-syntax'
➜ Explicit dependency on target 'SwiftSyntax605' in project 'swift-syntax'
➜ Explicit dependency on target 'SwiftSyntax' in project 'swift-syntax'
Target 'SwiftDiagnostics' in project 'swift-syntax'
➜ Explicit dependency on target '_SwiftSyntaxCShims' in project 'swift-syntax'
➜ Explicit dependency on target 'SwiftSyntax509' in project 'swift-syntax'
➜ Explicit dependency on target 'SwiftSyntax510' in project 'swift-syntax'
➜ Explicit dependency on target 'SwiftSyntax600' in project 'swift-syntax'
➜ Explicit dependency on target 'SwiftSyntax601' in project 'swift-syntax'
➜ Explicit dependency on target 'SwiftSyntax602' in project 'swift-syntax'
➜ Explicit dependency on target 'SwiftSyntax603' in project 'swift-syntax'
➜ Explicit dependency on target 'SwiftSyntax604' in project 'swift-syntax'
➜ Explicit dependency on target 'SwiftSyntax605' in project 'swift-syntax'
➜ Explicit dependency on target 'SwiftSyntax' in project 'swift-syntax'
Target 'SourceKittenFramework-product' in project 'SourceKitten'
➜ Explicit dependency on target 'SourceKittenFramework' in project 'SourceKitten'
➜ Explicit dependency on target 'Clang_C' in project 'SourceKitten'
➜ Explicit dependency on target 'SourceKit' in project 'SourceKitten'
➜ Explicit dependency on target 'SWXMLHash-product' in project 'SWXMLHash'
➜ Explicit dependency on target 'Yams-product' in project 'Yams'
Target 'SourceKittenFramework' in project 'SourceKitten'
➜ Explicit dependency on target 'Clang_C' in project 'SourceKitten'
➜ Explicit dependency on target 'SourceKit' in project 'SourceKitten'
➜ Explicit dependency on target 'SWXMLHash-product' in project 'SWXMLHash'
➜ Explicit dependency on target 'Yams-product' in project 'Yams'
Target 'Yams-product' in project 'Yams'
➜ Explicit dependency on target 'Yams' in project 'Yams'
➜ Explicit dependency on target 'CYaml' in project 'Yams'
Target 'Yams' in project 'Yams'
➜ Explicit dependency on target 'CYaml' in project 'Yams'
Target 'CYaml' in project 'Yams' (no dependencies)
Target 'SWXMLHash-product' in project 'SWXMLHash'
➜ Explicit dependency on target 'SWXMLHash' in project 'SWXMLHash'
Target 'SWXMLHash' in project 'SWXMLHash' (no dependencies)
Target 'SourceKit' in project 'SourceKitten' (no dependencies)
Target 'Clang_C' in project 'SourceKitten' (no dependencies)
Target 'FilenameMatcher-product' in project 'swift-filename-matcher'
➜ Explicit dependency on target 'FilenameMatcher' in project 'swift-filename-matcher'
Target 'FilenameMatcher' in project 'swift-filename-matcher' (no dependencies)
Target 'SwiftLintCoreMacros' in project 'SwiftLint'
➜ Explicit dependency on target 'SwiftLintBase' in project 'SwiftLint'
➜ Explicit dependency on target 'SwiftSyntax-product' in project 'swift-syntax'
➜ Explicit dependency on target 'SwiftSyntaxMacros-product' in project 'swift-syntax'
➜ Explicit dependency on target 'SwiftCompilerPlugin-product' in project 'swift-syntax'
Target 'SwiftCompilerPlugin-product' in project 'swift-syntax'
➜ Explicit dependency on target 'SwiftCompilerPlugin' in project 'swift-syntax'
➜ Explicit dependency on target '_SwiftSyntaxCShims' in project 'swift-syntax'
➜ Explicit dependency on target 'SwiftSyntax509' in project 'swift-syntax'
➜ Explicit dependency on target 'SwiftSyntax510' in project 'swift-syntax'
➜ Explicit dependency on target 'SwiftSyntax600' in project 'swift-syntax'
➜ Explicit dependency on target 'SwiftSyntax601' in project 'swift-syntax'
➜ Explicit dependency on target 'SwiftSyntax602' in project 'swift-syntax'
➜ Explicit dependency on target 'SwiftSyntax603' in project 'swift-syntax'
➜ Explicit dependency on target 'SwiftSyntax604' in project 'swift-syntax'
➜ Explicit dependency on target 'SwiftSyntax605' in project 'swift-syntax'
➜ Explicit dependency on target 'SwiftSyntax' in project 'swift-syntax'
➜ Explicit dependency on target 'SwiftDiagnostics' in project 'swift-syntax'
➜ Explicit dependency on target 'SwiftParser' in project 'swift-syntax'
➜ Explicit dependency on target 'SwiftOperators' in project 'swift-syntax'
➜ Explicit dependency on target 'SwiftBasicFormat' in project 'swift-syntax'
➜ Explicit dependency on target 'SwiftParserDiagnostics' in project 'swift-syntax'
➜ Explicit dependency on target 'SwiftSyntaxBuilder' in project 'swift-syntax'
➜ Explicit dependency on target 'SwiftIfConfig' in project 'swift-syntax'
➜ Explicit dependency on target 'SwiftSyntaxMacros' in project 'swift-syntax'
➜ Explicit dependency on target 'SwiftSyntaxMacroExpansion' in project 'swift-syntax'
➜ Explicit dependency on target 'SwiftCompilerPluginMessageHandling' in project 'swift-syntax'
Target 'SwiftCompilerPlugin' in project 'swift-syntax'
➜ Explicit dependency on target '_SwiftSyntaxCShims' in project 'swift-syntax'
➜ Explicit dependency on target 'SwiftSyntax509' in project 'swift-syntax'
➜ Explicit dependency on target 'SwiftSyntax510' in project 'swift-syntax'
➜ Explicit dependency on target 'SwiftSyntax600' in project 'swift-syntax'
➜ Explicit dependency on target 'SwiftSyntax601' in project 'swift-syntax'
➜ Explicit dependency on target 'SwiftSyntax602' in project 'swift-syntax'
➜ Explicit dependency on target 'SwiftSyntax603' in project 'swift-syntax'
➜ Explicit dependency on target 'SwiftSyntax604' in project 'swift-syntax'
➜ Explicit dependency on target 'SwiftSyntax605' in project 'swift-syntax'
➜ Explicit dependency on target 'SwiftSyntax' in project 'swift-syntax'
➜ Explicit dependency on target 'SwiftDiagnostics' in project 'swift-syntax'
➜ Explicit dependency on target 'SwiftParser' in project 'swift-syntax'
➜ Explicit dependency on target 'SwiftOperators' in project 'swift-syntax'
➜ Explicit dependency on target 'SwiftBasicFormat' in project 'swift-syntax'
➜ Explicit dependency on target 'SwiftParserDiagnostics' in project 'swift-syntax'
➜ Explicit dependency on target 'SwiftSyntaxBuilder' in project 'swift-syntax'
➜ Explicit dependency on target 'SwiftIfConfig' in project 'swift-syntax'
➜ Explicit dependency on target 'SwiftSyntaxMacros' in project 'swift-syntax'
➜ Explicit dependency on target 'SwiftSyntaxMacroExpansion' in project 'swift-syntax'
➜ Explicit dependency on target 'SwiftCompilerPluginMessageHandling' in project 'swift-syntax'
Target 'SwiftCompilerPluginMessageHandling' in project 'swift-syntax'
➜ Explicit dependency on target '_SwiftSyntaxCShims' in project 'swift-syntax'
➜ Explicit dependency on target 'SwiftSyntax509' in project 'swift-syntax'
➜ Explicit dependency on target 'SwiftSyntax510' in project 'swift-syntax'
➜ Explicit dependency on target 'SwiftSyntax600' in project 'swift-syntax'
➜ Explicit dependency on target 'SwiftSyntax601' in project 'swift-syntax'
➜ Explicit dependency on target 'SwiftSyntax602' in project 'swift-syntax'
➜ Explicit dependency on target 'SwiftSyntax603' in project 'swift-syntax'
➜ Explicit dependency on target 'SwiftSyntax604' in project 'swift-syntax'
➜ Explicit dependency on target 'SwiftSyntax605' in project 'swift-syntax'
➜ Explicit dependency on target 'SwiftSyntax' in project 'swift-syntax'
➜ Explicit dependency on target 'SwiftDiagnostics' in project 'swift-syntax'
➜ Explicit dependency on target 'SwiftParser' in project 'swift-syntax'
➜ Explicit dependency on target 'SwiftOperators' in project 'swift-syntax'
➜ Explicit dependency on target 'SwiftBasicFormat' in project 'swift-syntax'
➜ Explicit dependency on target 'SwiftParserDiagnostics' in project 'swift-syntax'
➜ Explicit dependency on target 'SwiftSyntaxBuilder' in project 'swift-syntax'
➜ Explicit dependency on target 'SwiftIfConfig' in project 'swift-syntax'
➜ Explicit dependency on target 'SwiftSyntaxMacros' in project 'swift-syntax'
➜ Explicit dependency on target 'SwiftSyntaxMacroExpansion' in project 'swift-syntax'
Target 'SwiftSyntaxMacroExpansion' in project 'swift-syntax'
➜ Explicit dependency on target '_SwiftSyntaxCShims' in project 'swift-syntax'
➜ Explicit dependency on target 'SwiftSyntax509' in project 'swift-syntax'
➜ Explicit dependency on target 'SwiftSyntax510' in project 'swift-syntax'
➜ Explicit dependency on target 'SwiftSyntax600' in project 'swift-syntax'
➜ Explicit dependency on target 'SwiftSyntax601' in project 'swift-syntax'
➜ Explicit dependency on target 'SwiftSyntax602' in project 'swift-syntax'
➜ Explicit dependency on target 'SwiftSyntax603' in project 'swift-syntax'
➜ Explicit dependency on target 'SwiftSyntax604' in project 'swift-syntax'
➜ Explicit dependency on target 'SwiftSyntax605' in project 'swift-syntax'
➜ Explicit dependency on target 'SwiftSyntax' in project 'swift-syntax'
➜ Explicit dependency on target 'SwiftBasicFormat' in project 'swift-syntax'
➜ Explicit dependency on target 'SwiftParser' in project 'swift-syntax'
➜ Explicit dependency on target 'SwiftDiagnostics' in project 'swift-syntax'
➜ Explicit dependency on target 'SwiftParserDiagnostics' in project 'swift-syntax'
➜ Explicit dependency on target 'SwiftSyntaxBuilder' in project 'swift-syntax'
➜ Explicit dependency on target 'SwiftOperators' in project 'swift-syntax'
➜ Explicit dependency on target 'SwiftIfConfig' in project 'swift-syntax'
➜ Explicit dependency on target 'SwiftSyntaxMacros' in project 'swift-syntax'
Target 'SwiftSyntaxMacros-product' in project 'swift-syntax'
➜ Explicit dependency on target 'SwiftSyntaxMacros' in project 'swift-syntax'
➜ Explicit dependency on target '_SwiftSyntaxCShims' in project 'swift-syntax'
➜ Explicit dependency on target 'SwiftSyntax509' in project 'swift-syntax'
➜ Explicit dependency on target 'SwiftSyntax510' in project 'swift-syntax'
➜ Explicit dependency on target 'SwiftSyntax600' in project 'swift-syntax'
➜ Explicit dependency on target 'SwiftSyntax601' in project 'swift-syntax'
➜ Explicit dependency on target 'SwiftSyntax602' in project 'swift-syntax'
➜ Explicit dependency on target 'SwiftSyntax603' in project 'swift-syntax'
➜ Explicit dependency on target 'SwiftSyntax604' in project 'swift-syntax'
➜ Explicit dependency on target 'SwiftSyntax605' in project 'swift-syntax'
➜ Explicit dependency on target 'SwiftSyntax' in project 'swift-syntax'
➜ Explicit dependency on target 'SwiftDiagnostics' in project 'swift-syntax'
➜ Explicit dependency on target 'SwiftBasicFormat' in project 'swift-syntax'
➜ Explicit dependency on target 'SwiftParser' in project 'swift-syntax'
➜ Explicit dependency on target 'SwiftParserDiagnostics' in project 'swift-syntax'
➜ Explicit dependency on target 'SwiftSyntaxBuilder' in project 'swift-syntax'
➜ Explicit dependency on target 'SwiftOperators' in project 'swift-syntax'
➜ Explicit dependency on target 'SwiftIfConfig' in project 'swift-syntax'
Target 'SwiftSyntaxMacros' in project 'swift-syntax'
➜ Explicit dependency on target '_SwiftSyntaxCShims' in project 'swift-syntax'
➜ Explicit dependency on target 'SwiftSyntax509' in project 'swift-syntax'
➜ Explicit dependency on target 'SwiftSyntax510' in project 'swift-syntax'
➜ Explicit dependency on target 'SwiftSyntax600' in project 'swift-syntax'
➜ Explicit dependency on target 'SwiftSyntax601' in project 'swift-syntax'
➜ Explicit dependency on target 'SwiftSyntax602' in project 'swift-syntax'
➜ Explicit dependency on target 'SwiftSyntax603' in project 'swift-syntax'
➜ Explicit dependency on target 'SwiftSyntax604' in project 'swift-syntax'
➜ Explicit dependency on target 'SwiftSyntax605' in project 'swift-syntax'
➜ Explicit dependency on target 'SwiftSyntax' in project 'swift-syntax'
➜ Explicit dependency on target 'SwiftDiagnostics' in project 'swift-syntax'
➜ Explicit dependency on target 'SwiftBasicFormat' in project 'swift-syntax'
➜ Explicit dependency on target 'SwiftParser' in project 'swift-syntax'
➜ Explicit dependency on target 'SwiftParserDiagnostics' in project 'swift-syntax'
➜ Explicit dependency on target 'SwiftSyntaxBuilder' in project 'swift-syntax'
➜ Explicit dependency on target 'SwiftOperators' in project 'swift-syntax'
➜ Explicit dependency on target 'SwiftIfConfig' in project 'swift-syntax'
Target 'SwiftIfConfig' in project 'swift-syntax'
➜ Explicit dependency on target '_SwiftSyntaxCShims' in project 'swift-syntax'
➜ Explicit dependency on target 'SwiftSyntax509' in project 'swift-syntax'
➜ Explicit dependency on target 'SwiftSyntax510' in project 'swift-syntax'
➜ Explicit dependency on target 'SwiftSyntax600' in project 'swift-syntax'
➜ Explicit dependency on target 'SwiftSyntax601' in project 'swift-syntax'
➜ Explicit dependency on target 'SwiftSyntax602' in project 'swift-syntax'
➜ Explicit dependency on target 'SwiftSyntax603' in project 'swift-syntax'
➜ Explicit dependency on target 'SwiftSyntax604' in project 'swift-syntax'
➜ Explicit dependency on target 'SwiftSyntax605' in project 'swift-syntax'
➜ Explicit dependency on target 'SwiftSyntax' in project 'swift-syntax'
➜ Explicit dependency on target 'SwiftBasicFormat' in project 'swift-syntax'
➜ Explicit dependency on target 'SwiftParser' in project 'swift-syntax'
➜ Explicit dependency on target 'SwiftDiagnostics' in project 'swift-syntax'
➜ Explicit dependency on target 'SwiftParserDiagnostics' in project 'swift-syntax'
➜ Explicit dependency on target 'SwiftSyntaxBuilder' in project 'swift-syntax'
➜ Explicit dependency on target 'SwiftOperators' in project 'swift-syntax'
Target 'SwiftOperators' in project 'swift-syntax'
➜ Explicit dependency on target '_SwiftSyntaxCShims' in project 'swift-syntax'
➜ Explicit dependency on target 'SwiftSyntax509' in project 'swift-syntax'
➜ Explicit dependency on target 'SwiftSyntax510' in project 'swift-syntax'
➜ Explicit dependency on target 'SwiftSyntax600' in project 'swift-syntax'
➜ Explicit dependency on target 'SwiftSyntax601' in project 'swift-syntax'
➜ Explicit dependency on target 'SwiftSyntax602' in project 'swift-syntax'
➜ Explicit dependency on target 'SwiftSyntax603' in project 'swift-syntax'
➜ Explicit dependency on target 'SwiftSyntax604' in project 'swift-syntax'
➜ Explicit dependency on target 'SwiftSyntax605' in project 'swift-syntax'
➜ Explicit dependency on target 'SwiftSyntax' in project 'swift-syntax'
➜ Explicit dependency on target 'SwiftDiagnostics' in project 'swift-syntax'
➜ Explicit dependency on target 'SwiftParser' in project 'swift-syntax'
Target 'SwiftSyntaxBuilder' in project 'swift-syntax'
➜ Explicit dependency on target '_SwiftSyntaxCShims' in project 'swift-syntax'
➜ Explicit dependency on target 'SwiftSyntax509' in project 'swift-syntax'
➜ Explicit dependency on target 'SwiftSyntax510' in project 'swift-syntax'
➜ Explicit dependency on target 'SwiftSyntax600' in project 'swift-syntax'
➜ Explicit dependency on target 'SwiftSyntax601' in project 'swift-syntax'
➜ Explicit dependency on target 'SwiftSyntax602' in project 'swift-syntax'
➜ Explicit dependency on target 'SwiftSyntax603' in project 'swift-syntax'
➜ Explicit dependency on target 'SwiftSyntax604' in project 'swift-syntax'
➜ Explicit dependency on target 'SwiftSyntax605' in project 'swift-syntax'
➜ Explicit dependency on target 'SwiftSyntax' in project 'swift-syntax'
➜ Explicit dependency on target 'SwiftBasicFormat' in project 'swift-syntax'
➜ Explicit dependency on target 'SwiftParser' in project 'swift-syntax'
➜ Explicit dependency on target 'SwiftDiagnostics' in project 'swift-syntax'
➜ Explicit dependency on target 'SwiftParserDiagnostics' in project 'swift-syntax'
Target 'SwiftParserDiagnostics' in project 'swift-syntax'
➜ Explicit dependency on target '_SwiftSyntaxCShims' in project 'swift-syntax'
➜ Explicit dependency on target 'SwiftSyntax509' in project 'swift-syntax'
➜ Explicit dependency on target 'SwiftSyntax510' in project 'swift-syntax'
➜ Explicit dependency on target 'SwiftSyntax600' in project 'swift-syntax'
➜ Explicit dependency on target 'SwiftSyntax601' in project 'swift-syntax'
➜ Explicit dependency on target 'SwiftSyntax602' in project 'swift-syntax'
➜ Explicit dependency on target 'SwiftSyntax603' in project 'swift-syntax'
➜ Explicit dependency on target 'SwiftSyntax604' in project 'swift-syntax'
➜ Explicit dependency on target 'SwiftSyntax605' in project 'swift-syntax'
➜ Explicit dependency on target 'SwiftSyntax' in project 'swift-syntax'
➜ Explicit dependency on target 'SwiftBasicFormat' in project 'swift-syntax'
➜ Explicit dependency on target 'SwiftDiagnostics' in project 'swift-syntax'
➜ Explicit dependency on target 'SwiftParser' in project 'swift-syntax'
Target 'SwiftParser' in project 'swift-syntax'
➜ Explicit dependency on target '_SwiftSyntaxCShims' in project 'swift-syntax'
➜ Explicit dependency on target 'SwiftSyntax509' in project 'swift-syntax'
➜ Explicit dependency on target 'SwiftSyntax510' in project 'swift-syntax'
➜ Explicit dependency on target 'SwiftSyntax600' in project 'swift-syntax'
➜ Explicit dependency on target 'SwiftSyntax601' in project 'swift-syntax'
➜ Explicit dependency on target 'SwiftSyntax602' in project 'swift-syntax'
➜ Explicit dependency on target 'SwiftSyntax603' in project 'swift-syntax'
➜ Explicit dependency on target 'SwiftSyntax604' in project 'swift-syntax'
➜ Explicit dependency on target 'SwiftSyntax605' in project 'swift-syntax'
➜ Explicit dependency on target 'SwiftSyntax' in project 'swift-syntax'
Target 'SwiftBasicFormat' in project 'swift-syntax'
➜ Explicit dependency on target '_SwiftSyntaxCShims' in project 'swift-syntax'
➜ Explicit dependency on target 'SwiftSyntax509' in project 'swift-syntax'
➜ Explicit dependency on target 'SwiftSyntax510' in project 'swift-syntax'
➜ Explicit dependency on target 'SwiftSyntax600' in project 'swift-syntax'
➜ Explicit dependency on target 'SwiftSyntax601' in project 'swift-syntax'
➜ Explicit dependency on target 'SwiftSyntax602' in project 'swift-syntax'
➜ Explicit dependency on target 'SwiftSyntax603' in project 'swift-syntax'
➜ Explicit dependency on target 'SwiftSyntax604' in project 'swift-syntax'
➜ Explicit dependency on target 'SwiftSyntax605' in project 'swift-syntax'
➜ Explicit dependency on target 'SwiftSyntax' in project 'swift-syntax'
Target 'SwiftDiagnostics' in project 'swift-syntax'
➜ Explicit dependency on target '_SwiftSyntaxCShims' in project 'swift-syntax'
➜ Explicit dependency on target 'SwiftSyntax509' in project 'swift-syntax'
➜ Explicit dependency on target 'SwiftSyntax510' in project 'swift-syntax'
➜ Explicit dependency on target 'SwiftSyntax600' in project 'swift-syntax'
➜ Explicit dependency on target 'SwiftSyntax601' in project 'swift-syntax'
➜ Explicit dependency on target 'SwiftSyntax602' in project 'swift-syntax'
➜ Explicit dependency on target 'SwiftSyntax603' in project 'swift-syntax'
➜ Explicit dependency on target 'SwiftSyntax604' in project 'swift-syntax'
➜ Explicit dependency on target 'SwiftSyntax605' in project 'swift-syntax'
➜ Explicit dependency on target 'SwiftSyntax' in project 'swift-syntax'
Target 'SwiftLintBase' in project 'SwiftLint'
➜ Explicit dependency on target 'SwiftSyntax-product' in project 'swift-syntax'
Target 'SwiftSyntax-product' in project 'swift-syntax'
➜ Explicit dependency on target 'SwiftSyntax' in project 'swift-syntax'
➜ Explicit dependency on target '_SwiftSyntaxCShims' in project 'swift-syntax'
➜ Explicit dependency on target 'SwiftSyntax509' in project 'swift-syntax'
➜ Explicit dependency on target 'SwiftSyntax510' in project 'swift-syntax'
➜ Explicit dependency on target 'SwiftSyntax600' in project 'swift-syntax'
➜ Explicit dependency on target 'SwiftSyntax601' in project 'swift-syntax'
➜ Explicit dependency on target 'SwiftSyntax602' in project 'swift-syntax'
➜ Explicit dependency on target 'SwiftSyntax603' in project 'swift-syntax'
➜ Explicit dependency on target 'SwiftSyntax604' in project 'swift-syntax'
➜ Explicit dependency on target 'SwiftSyntax605' in project 'swift-syntax'
Target 'SwiftSyntax' in project 'swift-syntax'
➜ Explicit dependency on target '_SwiftSyntaxCShims' in project 'swift-syntax'
➜ Explicit dependency on target 'SwiftSyntax509' in project 'swift-syntax'
➜ Explicit dependency on target 'SwiftSyntax510' in project 'swift-syntax'
➜ Explicit dependency on target 'SwiftSyntax600' in project 'swift-syntax'
➜ Explicit dependency on target 'SwiftSyntax601' in project 'swift-syntax'
➜ Explicit dependency on target 'SwiftSyntax602' in project 'swift-syntax'
➜ Explicit dependency on target 'SwiftSyntax603' in project 'swift-syntax'
➜ Explicit dependency on target 'SwiftSyntax604' in project 'swift-syntax'
➜ Explicit dependency on target 'SwiftSyntax605' in project 'swift-syntax'
Target 'SwiftSyntax605' in project 'swift-syntax' (no dependencies)
Target 'SwiftSyntax604' in project 'swift-syntax' (no dependencies)
Target 'SwiftSyntax603' in project 'swift-syntax' (no dependencies)
Target 'SwiftSyntax602' in project 'swift-syntax' (no dependencies)
Target 'SwiftSyntax601' in project 'swift-syntax' (no dependencies)
Target 'SwiftSyntax600' in project 'swift-syntax' (no dependencies)
Target 'SwiftSyntax510' in project 'swift-syntax' (no dependencies)
Target 'SwiftSyntax509' in project 'swift-syntax' (no dependencies)
Target '_SwiftSyntaxCShims' in project 'swift-syntax' (no dependencies)
Target 'SwiftLintBase' in project 'SwiftLint'
➜ Explicit dependency on target 'SwiftSyntax-product' in project 'swift-syntax'
Target 'SwiftSyntax-product' in project 'swift-syntax'
➜ Explicit dependency on target 'SwiftSyntax' in project 'swift-syntax'
➜ Explicit dependency on target '_SwiftSyntaxCShims' in project 'swift-syntax'
➜ Explicit dependency on target 'SwiftSyntax509' in project 'swift-syntax'
➜ Explicit dependency on target 'SwiftSyntax510' in project 'swift-syntax'
➜ Explicit dependency on target 'SwiftSyntax600' in project 'swift-syntax'
➜ Explicit dependency on target 'SwiftSyntax601' in project 'swift-syntax'
➜ Explicit dependency on target 'SwiftSyntax602' in project 'swift-syntax'
➜ Explicit dependency on target 'SwiftSyntax603' in project 'swift-syntax'
➜ Explicit dependency on target 'SwiftSyntax604' in project 'swift-syntax'
➜ Explicit dependency on target 'SwiftSyntax605' in project 'swift-syntax'
Target 'SwiftSyntax' in project 'swift-syntax'
➜ Explicit dependency on target '_SwiftSyntaxCShims' in project 'swift-syntax'
➜ Explicit dependency on target 'SwiftSyntax509' in project 'swift-syntax'
➜ Explicit dependency on target 'SwiftSyntax510' in project 'swift-syntax'
➜ Explicit dependency on target 'SwiftSyntax600' in project 'swift-syntax'
➜ Explicit dependency on target 'SwiftSyntax601' in project 'swift-syntax'
➜ Explicit dependency on target 'SwiftSyntax602' in project 'swift-syntax'
➜ Explicit dependency on target 'SwiftSyntax603' in project 'swift-syntax'
➜ Explicit dependency on target 'SwiftSyntax604' in project 'swift-syntax'
➜ Explicit dependency on target 'SwiftSyntax605' in project 'swift-syntax'
Target 'SwiftSyntax605' in project 'swift-syntax' (no dependencies)
Target 'SwiftSyntax604' in project 'swift-syntax' (no dependencies)
Target 'SwiftSyntax603' in project 'swift-syntax' (no dependencies)
Target 'SwiftSyntax602' in project 'swift-syntax' (no dependencies)
Target 'SwiftSyntax601' in project 'swift-syntax' (no dependencies)
Target 'SwiftSyntax600' in project 'swift-syntax' (no dependencies)
Target 'SwiftSyntax510' in project 'swift-syntax' (no dependencies)
Target 'SwiftSyntax509' in project 'swift-syntax' (no dependencies)
Target '_SwiftSyntaxCShims' in project 'swift-syntax' (no dependencies)
GatherProvisioningInputs
CreateBuildDescription
ClangStatCache /Applications/Xcode-27.0.0-Release.Candidate.app/Contents/Developer/Toolchains/XcodeDefault.xctoolchain/usr/bin/clang-stat-cache /Applications/Xcode-27.0.0-Release.Candidate.app/Contents/Developer/Platforms/iPhoneOS.platform/Developer/SDKs/iPhoneOS27.0.sdk /Users/admin/builder/spi-builder-workspace/.derivedData/SDKStatCaches.noindex/iphoneos27.0-24A430-e829b21a6f8c9b70876ba0858053c04440ceaa042ed91876912b2eeea4e3aa14.sdkstatcache
cd /Users/admin/builder/spi-builder-workspace/.swiftpm/xcode
/Applications/Xcode-27.0.0-Release.Candidate.app/Contents/Developer/Toolchains/XcodeDefault.xctoolchain/usr/bin/clang-stat-cache /Applications/Xcode-27.0.0-Release.Candidate.app/Contents/Developer/Platforms/iPhoneOS.platform/Developer/SDKs/iPhoneOS27.0.sdk -o /Users/admin/builder/spi-builder-workspace/.derivedData/SDKStatCaches.noindex/iphoneos27.0-24A430-e829b21a6f8c9b70876ba0858053c04440ceaa042ed91876912b2eeea4e3aa14.sdkstatcache
ClangStatCache /Applications/Xcode-27.0.0-Release.Candidate.app/Contents/Developer/Toolchains/XcodeDefault.xctoolchain/usr/bin/clang-stat-cache /Applications/Xcode-27.0.0-Release.Candidate.app/Contents/Developer/Platforms/MacOSX.platform/Developer/SDKs/MacOSX27.0.sdk /Users/admin/builder/spi-builder-workspace/.derivedData/SDKStatCaches.noindex/macosx27.0-26A425-e829b21a6f8c9b70876ba0858053c0446a22442a12e9d48fe1a705f55a1adfc4.sdkstatcache
cd /Users/admin/builder/spi-builder-workspace/.swiftpm/xcode
/Applications/Xcode-27.0.0-Release.Candidate.app/Contents/Developer/Toolchains/XcodeDefault.xctoolchain/usr/bin/clang-stat-cache /Applications/Xcode-27.0.0-Release.Candidate.app/Contents/Developer/Platforms/MacOSX.platform/Developer/SDKs/MacOSX27.0.sdk -o /Users/admin/builder/spi-builder-workspace/.derivedData/SDKStatCaches.noindex/macosx27.0-26A425-e829b21a6f8c9b70876ba0858053c0446a22442a12e9d48fe1a705f55a1adfc4.sdkstatcache
SwiftDriver SwiftSyntax normal arm64 com.apple.xcode.tools.swift.compiler (in target 'SwiftSyntax' from project 'swift-syntax')
cd /Users/admin/builder/spi-builder-workspace/.swiftpm/xcode
builtin-SwiftDriver -- /Applications/Xcode-27.0.0-Release.Candidate.app/Contents/Developer/Toolchains/XcodeDefault.xctoolchain/usr/bin/swiftc -parse-as-library -module-name SwiftSyntax -Onone @/Users/admin/builder/spi-builder-workspace/.derivedData/Build/Intermediates.noindex/swift-syntax.build/Debug-iphoneos/SwiftSyntax-t.build/Objects-normal/arm64/SwiftSyntax.SwiftFileList -DSWIFT_PACKAGE -DDEBUG -DSWIFT_MODULE_RESOURCE_BUNDLE_UNAVAILABLE -Xcc -fmodule-map-file\=/Users/admin/builder/spi-builder-workspace/.dependencies/checkouts/swift-syntax/Sources/_SwiftSyntaxCShims/include/module.modulemap -DXcode -plugin-path /Applications/Xcode-27.0.0-Release.Candidate.app/Contents/Developer/Toolchains/XcodeDefault.xctoolchain/usr/lib/swift/host/plugins/testing -enable-experimental-feature DebugDescriptionMacro -sdk /Applications/Xcode-27.0.0-Release.Candidate.app/Contents/Developer/Platforms/iPhoneOS.platform/Developer/SDKs/iPhoneOS27.0.sdk -target arm64-apple-ios15.0 -g -module-cache-path /Users/admin/builder/spi-builder-workspace/.derivedData/ModuleCache.noindex -Xfrontend -serialize-debugging-options -profile-coverage-mapping -profile-generate -enable-testing -suppress-warnings -index-store-path /Users/admin/builder/spi-builder-workspace/.derivedData/Index.noindex/DataStore -Xcc -D_LIBCPP_HARDENING_MODE\=_LIBCPP_HARDENING_MODE_DEBUG -swift-version 6 -I /Users/admin/builder/spi-builder-workspace/.derivedData/Build/Products/Debug-iphoneos -Isystem /Applications/Xcode-27.0.0-Release.Candidate.app/Contents/Developer/Platforms/iPhoneOS.platform/Developer/usr/lib -F /Users/admin/builder/spi-builder-workspace/.derivedData/Build/Products/Debug-iphoneos/PackageFrameworks -F /Users/admin/builder/spi-builder-workspace/.derivedData/Build/Products/Debug-iphoneos -F /Applications/Xcode-27.0.0-Release.Candidate.app/Contents/Developer/Platforms/iPhoneOS.platform/Developer/Library/Frameworks -F /Applications/Xcode-27.0.0-Release.Candidate.app/Contents/Developer/Platforms/iPhoneOS.platform/Developer/SDKs/iPhoneOS27.0.sdk/Developer/Library/Frameworks -c -j10 -enable-batch-mode -incremental -Xcc -ivfsstatcache -Xcc /Users/admin/builder/spi-builder-workspace/.derivedData/SDKStatCaches.noindex/iphoneos27.0-24A430-e829b21a6f8c9b70876ba0858053c04440ceaa042ed91876912b2eeea4e3aa14.sdkstatcache -output-file-map /Users/admin/builder/spi-builder-workspace/.derivedData/Build/Intermediates.noindex/swift-syntax.build/Debug-iphoneos/SwiftSyntax-t.build/Objects-normal/arm64/SwiftSyntax-OutputFileMap.json -save-temps -no-color-diagnostics -explicit-module-build -module-cache-path /Users/admin/builder/spi-builder-workspace/.derivedData/Build/Intermediates.noindex/SwiftExplicitPrecompiledModules -clang-scanner-module-cache-path /Users/admin/builder/spi-builder-workspace/.derivedData/ModuleCache.noindex -sdk-module-cache-path /Users/admin/builder/spi-builder-workspace/.derivedData/SDKExplicitPrecompiledModules -emit-dependencies -emit-module -emit-module-path /Users/admin/builder/spi-builder-workspace/.derivedData/Build/Intermediates.noindex/swift-syntax.build/Debug-iphoneos/SwiftSyntax-t.build/Objects-normal/arm64/SwiftSyntax.swiftmodule -serialize-diagnostics -dependency-scan-serialize-diagnostics-path /Users/admin/builder/spi-builder-workspace/.derivedData/Build/Intermediates.noindex/swift-syntax.build/Debug-iphoneos/SwiftSyntax-t.build/Objects-normal/arm64/SwiftSyntax-dependency-scan.dia -validate-clang-modules-once -clang-build-session-file /Users/admin/builder/spi-builder-workspace/.derivedData/ModuleCache.noindex/Session.modulevalidation -Xcc -fmodules-prune-interval\=86400 -Xcc -fmodules-prune-after\=345600 -package-name swift_syntax -emit-const-values -const-gather-protocols-list /Users/admin/builder/spi-builder-workspace/.derivedData/Build/Intermediates.noindex/swift-syntax.build/Debug-iphoneos/SwiftSyntax-t.build/Objects-normal/arm64/SwiftSyntax_const_extract_protocols.json -Xcc -I/Users/admin/builder/spi-builder-workspace/.dependencies/checkouts/swift-syntax/Sources/_SwiftSyntaxCShims/include -Xcc -I/Users/admin/builder/spi-builder-workspace/.derivedData/Build/Products/Debug-iphoneos/include -Xcc -I/Users/admin/builder/spi-builder-workspace/.derivedData/Build/Intermediates.noindex/swift-syntax.build/Debug-iphoneos/SwiftSyntax-t.build/DerivedSources-normal/arm64 -Xcc -I/Users/admin/builder/spi-builder-workspace/.derivedData/Build/Intermediates.noindex/swift-syntax.build/Debug-iphoneos/SwiftSyntax-t.build/DerivedSources/arm64 -Xcc -I/Users/admin/builder/spi-builder-workspace/.derivedData/Build/Intermediates.noindex/swift-syntax.build/Debug-iphoneos/SwiftSyntax-t.build/DerivedSources -Xcc -DSWIFT_PACKAGE -Xcc -DDEBUG\=1 -emit-objc-header -emit-objc-header-path /Users/admin/builder/spi-builder-workspace/.derivedData/Build/Intermediates.noindex/swift-syntax.build/Debug-iphoneos/SwiftSyntax-t.build/Objects-normal/arm64/SwiftSyntax-Swift.h -working-directory /Users/admin/builder/spi-builder-workspace/.swiftpm/xcode -experimental-emit-module-separately -disable-cmo
SwiftDriver SourceKittenFramework normal arm64 com.apple.xcode.tools.swift.compiler (in target 'SourceKittenFramework' from project 'SourceKitten')
cd /Users/admin/builder/spi-builder-workspace/.swiftpm/xcode
builtin-SwiftDriver -- /Applications/Xcode-27.0.0-Release.Candidate.app/Contents/Developer/Toolchains/XcodeDefault.xctoolchain/usr/bin/swiftc -parse-as-library -module-name SourceKittenFramework -Onone @/Users/admin/builder/spi-builder-workspace/.derivedData/Build/Intermediates.noindex/SourceKitten.build/Debug-iphoneos/SourceKittenFramework-t.build/Objects-normal/arm64/SourceKittenFramework.SwiftFileList -DSWIFT_PACKAGE -DDEBUG -DSWIFT_MODULE_RESOURCE_BUNDLE_UNAVAILABLE -Xcc -fmodule-map-file\=/Users/admin/builder/spi-builder-workspace/.dependencies/checkouts/Yams/Sources/CYaml/include/module.modulemap -Xcc -fmodule-map-file\=/Users/admin/builder/spi-builder-workspace/.derivedData/Build/Intermediates.noindex/GeneratedModuleMaps-iphoneos/SourceKit.modulemap -Xcc -fmodule-map-file\=/Users/admin/builder/spi-builder-workspace/.derivedData/Build/Intermediates.noindex/GeneratedModuleMaps-iphoneos/Clang_C.modulemap -DXcode -plugin-path /Applications/Xcode-27.0.0-Release.Candidate.app/Contents/Developer/Toolchains/XcodeDefault.xctoolchain/usr/lib/swift/host/plugins/testing -enable-experimental-feature DebugDescriptionMacro -sdk /Applications/Xcode-27.0.0-Release.Candidate.app/Contents/Developer/Platforms/iPhoneOS.platform/Developer/SDKs/iPhoneOS27.0.sdk -target arm64-apple-ios15.0 -g -module-cache-path /Users/admin/builder/spi-builder-workspace/.derivedData/ModuleCache.noindex -Xfrontend -serialize-debugging-options -profile-coverage-mapping -profile-generate -enable-testing -suppress-warnings -index-store-path /Users/admin/builder/spi-builder-workspace/.derivedData/Index.noindex/DataStore -Xcc -D_LIBCPP_HARDENING_MODE\=_LIBCPP_HARDENING_MODE_DEBUG -swift-version 5 -I /Users/admin/builder/spi-builder-workspace/.derivedData/Build/Products/Debug-iphoneos -Isystem /Applications/Xcode-27.0.0-Release.Candidate.app/Contents/Developer/Platforms/iPhoneOS.platform/Developer/usr/lib -F /Users/admin/builder/spi-builder-workspace/.derivedData/Build/Products/Debug-iphoneos/PackageFrameworks -F /Users/admin/builder/spi-builder-workspace/.derivedData/Build/Products/Debug-iphoneos -F /Applications/Xcode-27.0.0-Release.Candidate.app/Contents/Developer/Platforms/iPhoneOS.platform/Developer/Library/Frameworks -F /Applications/Xcode-27.0.0-Release.Candidate.app/Contents/Developer/Platforms/iPhoneOS.platform/Developer/SDKs/iPhoneOS27.0.sdk/Developer/Library/Frameworks -c -j10 -enable-batch-mode -incremental -Xcc -ivfsstatcache -Xcc /Users/admin/builder/spi-builder-workspace/.derivedData/SDKStatCaches.noindex/iphoneos27.0-24A430-e829b21a6f8c9b70876ba0858053c04440ceaa042ed91876912b2eeea4e3aa14.sdkstatcache -output-file-map /Users/admin/builder/spi-builder-workspace/.derivedData/Build/Intermediates.noindex/SourceKitten.build/Debug-iphoneos/SourceKittenFramework-t.build/Objects-normal/arm64/SourceKittenFramework-OutputFileMap.json -save-temps -no-color-diagnostics -explicit-module-build -module-cache-path /Users/admin/builder/spi-builder-workspace/.derivedData/Build/Intermediates.noindex/SwiftExplicitPrecompiledModules -clang-scanner-module-cache-path /Users/admin/builder/spi-builder-workspace/.derivedData/ModuleCache.noindex -sdk-module-cache-path /Users/admin/builder/spi-builder-workspace/.derivedData/SDKExplicitPrecompiledModules -emit-dependencies -emit-module -emit-module-path /Users/admin/builder/spi-builder-workspace/.derivedData/Build/Intermediates.noindex/SourceKitten.build/Debug-iphoneos/SourceKittenFramework-t.build/Objects-normal/arm64/SourceKittenFramework.swiftmodule -serialize-diagnostics -dependency-scan-serialize-diagnostics-path /Users/admin/builder/spi-builder-workspace/.derivedData/Build/Intermediates.noindex/SourceKitten.build/Debug-iphoneos/SourceKittenFramework-t.build/Objects-normal/arm64/SourceKittenFramework-dependency-scan.dia -validate-clang-modules-once -clang-build-session-file /Users/admin/builder/spi-builder-workspace/.derivedData/ModuleCache.noindex/Session.modulevalidation -Xcc -fmodules-prune-interval\=86400 -Xcc -fmodules-prune-after\=345600 -emit-const-values -const-gather-protocols-list /Users/admin/builder/spi-builder-workspace/.derivedData/Build/Intermediates.noindex/SourceKitten.build/Debug-iphoneos/SourceKittenFramework-t.build/Objects-normal/arm64/SourceKittenFramework_const_extract_protocols.json -Xcc -I/Users/admin/builder/spi-builder-workspace/.dependencies/checkouts/Yams/Sources/CYaml/include -Xcc -I/Users/admin/builder/spi-builder-workspace/.dependencies/checkouts/SourceKitten/Source/SourceKit/include -Xcc -I/Users/admin/builder/spi-builder-workspace/.dependencies/checkouts/SourceKitten/Source/Clang_C/include -Xcc -I/Users/admin/builder/spi-builder-workspace/.derivedData/Build/Products/Debug-iphoneos/include -Xcc -I/Users/admin/builder/spi-builder-workspace/.derivedData/Build/Intermediates.noindex/SourceKitten.build/Debug-iphoneos/SourceKittenFramework-t.build/DerivedSources-normal/arm64 -Xcc -I/Users/admin/builder/spi-builder-workspace/.derivedData/Build/Intermediates.noindex/SourceKitten.build/Debug-iphoneos/SourceKittenFramework-t.build/DerivedSources/arm64 -Xcc -I/Users/admin/builder/spi-builder-workspace/.derivedData/Build/Intermediates.noindex/SourceKitten.build/Debug-iphoneos/SourceKittenFramework-t.build/DerivedSources -Xcc -DSWIFT_PACKAGE -Xcc -DDEBUG\=1 -emit-objc-header -emit-objc-header-path /Users/admin/builder/spi-builder-workspace/.derivedData/Build/Intermediates.noindex/SourceKitten.build/Debug-iphoneos/SourceKittenFramework-t.build/Objects-normal/arm64/SourceKittenFramework-Swift.h -working-directory /Users/admin/builder/spi-builder-workspace/.swiftpm/xcode -experimental-emit-module-separately -disable-cmo
/Users/admin/builder/spi-builder-workspace/.dependencies/checkouts/SourceKitten/Source/SourceKittenFramework/SourceKitObject.swift:18:8: error: Unsupported platform (in target 'SourceKittenFramework' from project 'SourceKitten')
/Users/admin/builder/spi-builder-workspace/.dependencies/checkouts/SourceKitten/Source/SourceKittenFramework/SwiftDocs.swift:18:8: error: Unsupported platform (in target 'SourceKittenFramework' from project 'SourceKitten')
SwiftDriver SwiftSyntax normal arm64 com.apple.xcode.tools.swift.compiler (in target 'SwiftSyntax' from project 'swift-syntax')
cd /Users/admin/builder/spi-builder-workspace/.swiftpm/xcode
builtin-SwiftDriver -- /Applications/Xcode-27.0.0-Release.Candidate.app/Contents/Developer/Toolchains/XcodeDefault.xctoolchain/usr/bin/swiftc -parse-as-library -module-name SwiftSyntax -Onone @/Users/admin/builder/spi-builder-workspace/.derivedData/Build/Intermediates.noindex/swift-syntax.build/Debug/SwiftSyntax-t.build/Objects-normal/arm64/SwiftSyntax.SwiftFileList -DSWIFT_PACKAGE -DDEBUG -DSWIFT_MODULE_RESOURCE_BUNDLE_UNAVAILABLE -Xcc -fmodule-map-file\=/Users/admin/builder/spi-builder-workspace/.dependencies/checkouts/swift-syntax/Sources/_SwiftSyntaxCShims/include/module.modulemap -DXcode -plugin-path /Applications/Xcode-27.0.0-Release.Candidate.app/Contents/Developer/Toolchains/XcodeDefault.xctoolchain/usr/lib/swift/host/plugins/testing -enable-experimental-feature DebugDescriptionMacro -sdk /Applications/Xcode-27.0.0-Release.Candidate.app/Contents/Developer/Platforms/MacOSX.platform/Developer/SDKs/MacOSX27.0.sdk -target arm64-apple-macos12.0 -g -module-cache-path /Users/admin/builder/spi-builder-workspace/.derivedData/ModuleCache.noindex -Xfrontend -serialize-debugging-options -profile-coverage-mapping -profile-generate -enable-testing -suppress-warnings -index-store-path /Users/admin/builder/spi-builder-workspace/.derivedData/Index.noindex/DataStore -Xcc -D_LIBCPP_HARDENING_MODE\=_LIBCPP_HARDENING_MODE_DEBUG -swift-version 6 -I /Users/admin/builder/spi-builder-workspace/.derivedData/Build/Products/Debug -Isystem /Applications/Xcode-27.0.0-Release.Candidate.app/Contents/Developer/Platforms/MacOSX.platform/Developer/usr/lib -F /Users/admin/builder/spi-builder-workspace/.derivedData/Build/Products/Debug/PackageFrameworks -F /Users/admin/builder/spi-builder-workspace/.derivedData/Build/Products/Debug -F /Applications/Xcode-27.0.0-Release.Candidate.app/Contents/Developer/Platforms/MacOSX.platform/Developer/Library/Frameworks -c -j10 -enable-batch-mode -incremental -Xcc -ivfsstatcache -Xcc /Users/admin/builder/spi-builder-workspace/.derivedData/SDKStatCaches.noindex/macosx27.0-26A425-e829b21a6f8c9b70876ba0858053c0446a22442a12e9d48fe1a705f55a1adfc4.sdkstatcache -output-file-map /Users/admin/builder/spi-builder-workspace/.derivedData/Build/Intermediates.noindex/swift-syntax.build/Debug/SwiftSyntax-t.build/Objects-normal/arm64/SwiftSyntax-OutputFileMap.json -save-temps -no-color-diagnostics -explicit-module-build -module-cache-path /Users/admin/builder/spi-builder-workspace/.derivedData/Build/Intermediates.noindex/SwiftExplicitPrecompiledModules -clang-scanner-module-cache-path /Users/admin/builder/spi-builder-workspace/.derivedData/ModuleCache.noindex -sdk-module-cache-path /Users/admin/builder/spi-builder-workspace/.derivedData/SDKExplicitPrecompiledModules -emit-dependencies -emit-module -emit-module-path /Users/admin/builder/spi-builder-workspace/.derivedData/Build/Intermediates.noindex/swift-syntax.build/Debug/SwiftSyntax-t.build/Objects-normal/arm64/SwiftSyntax.swiftmodule -serialize-diagnostics -dependency-scan-serialize-diagnostics-path /Users/admin/builder/spi-builder-workspace/.derivedData/Build/Intermediates.noindex/swift-syntax.build/Debug/SwiftSyntax-t.build/Objects-normal/arm64/SwiftSyntax-dependency-scan.dia -validate-clang-modules-once -clang-build-session-file /Users/admin/builder/spi-builder-workspace/.derivedData/ModuleCache.noindex/Session.modulevalidation -Xcc -fmodules-prune-interval\=86400 -Xcc -fmodules-prune-after\=345600 -package-name swift_syntax -emit-const-values -const-gather-protocols-list /Users/admin/builder/spi-builder-workspace/.derivedData/Build/Intermediates.noindex/swift-syntax.build/Debug/SwiftSyntax-t.build/Objects-normal/arm64/SwiftSyntax_const_extract_protocols.json -Xcc -I/Users/admin/builder/spi-builder-workspace/.dependencies/checkouts/swift-syntax/Sources/_SwiftSyntaxCShims/include -Xcc -I/Users/admin/builder/spi-builder-workspace/.derivedData/Build/Products/Debug/include -Xcc -I/Users/admin/builder/spi-builder-workspace/.derivedData/Build/Intermediates.noindex/swift-syntax.build/Debug/SwiftSyntax-t.build/DerivedSources-normal/arm64 -Xcc -I/Users/admin/builder/spi-builder-workspace/.derivedData/Build/Intermediates.noindex/swift-syntax.build/Debug/SwiftSyntax-t.build/DerivedSources/arm64 -Xcc -I/Users/admin/builder/spi-builder-workspace/.derivedData/Build/Intermediates.noindex/swift-syntax.build/Debug/SwiftSyntax-t.build/DerivedSources -Xcc -DSWIFT_PACKAGE -Xcc -DDEBUG\=1 -emit-objc-header -emit-objc-header-path /Users/admin/builder/spi-builder-workspace/.derivedData/Build/Intermediates.noindex/swift-syntax.build/Debug/SwiftSyntax-t.build/Objects-normal/arm64/SwiftSyntax-Swift.h -working-directory /Users/admin/builder/spi-builder-workspace/.swiftpm/xcode -experimental-emit-module-separately -disable-cmo
SwiftDriver SwiftSyntax normal x86_64 com.apple.xcode.tools.swift.compiler (in target 'SwiftSyntax' from project 'swift-syntax')
cd /Users/admin/builder/spi-builder-workspace/.swiftpm/xcode
builtin-SwiftDriver -- /Applications/Xcode-27.0.0-Release.Candidate.app/Contents/Developer/Toolchains/XcodeDefault.xctoolchain/usr/bin/swiftc -parse-as-library -module-name SwiftSyntax -Onone @/Users/admin/builder/spi-builder-workspace/.derivedData/Build/Intermediates.noindex/swift-syntax.build/Debug/SwiftSyntax-t.build/Objects-normal/x86_64/SwiftSyntax.SwiftFileList -DSWIFT_PACKAGE -DDEBUG -DSWIFT_MODULE_RESOURCE_BUNDLE_UNAVAILABLE -Xcc -fmodule-map-file\=/Users/admin/builder/spi-builder-workspace/.dependencies/checkouts/swift-syntax/Sources/_SwiftSyntaxCShims/include/module.modulemap -DXcode -plugin-path /Applications/Xcode-27.0.0-Release.Candidate.app/Contents/Developer/Toolchains/XcodeDefault.xctoolchain/usr/lib/swift/host/plugins/testing -enable-experimental-feature DebugDescriptionMacro -sdk /Applications/Xcode-27.0.0-Release.Candidate.app/Contents/Developer/Platforms/MacOSX.platform/Developer/SDKs/MacOSX27.0.sdk -target x86_64-apple-macos12.0 -g -module-cache-path /Users/admin/builder/spi-builder-workspace/.derivedData/ModuleCache.noindex -Xfrontend -serialize-debugging-options -profile-coverage-mapping -profile-generate -enable-testing -suppress-warnings -index-store-path /Users/admin/builder/spi-builder-workspace/.derivedData/Index.noindex/DataStore -Xcc -D_LIBCPP_HARDENING_MODE\=_LIBCPP_HARDENING_MODE_DEBUG -swift-version 6 -I /Users/admin/builder/spi-builder-workspace/.derivedData/Build/Products/Debug -Isystem /Applications/Xcode-27.0.0-Release.Candidate.app/Contents/Developer/Platforms/MacOSX.platform/Developer/usr/lib -F /Users/admin/builder/spi-builder-workspace/.derivedData/Build/Products/Debug/PackageFrameworks -F /Users/admin/builder/spi-builder-workspace/.derivedData/Build/Products/Debug -F /Applications/Xcode-27.0.0-Release.Candidate.app/Contents/Developer/Platforms/MacOSX.platform/Developer/Library/Frameworks -c -j10 -enable-batch-mode -incremental -Xcc -ivfsstatcache -Xcc /Users/admin/builder/spi-builder-workspace/.derivedData/SDKStatCaches.noindex/macosx27.0-26A425-e829b21a6f8c9b70876ba0858053c0446a22442a12e9d48fe1a705f55a1adfc4.sdkstatcache -output-file-map /Users/admin/builder/spi-builder-workspace/.derivedData/Build/Intermediates.noindex/swift-syntax.build/Debug/SwiftSyntax-t.build/Objects-normal/x86_64/SwiftSyntax-OutputFileMap.json -save-temps -no-color-diagnostics -explicit-module-build -module-cache-path /Users/admin/builder/spi-builder-workspace/.derivedData/Build/Intermediates.noindex/SwiftExplicitPrecompiledModules -clang-scanner-module-cache-path /Users/admin/builder/spi-builder-workspace/.derivedData/ModuleCache.noindex -sdk-module-cache-path /Users/admin/builder/spi-builder-workspace/.derivedData/SDKExplicitPrecompiledModules -emit-dependencies -emit-module -emit-module-path /Users/admin/builder/spi-builder-workspace/.derivedData/Build/Intermediates.noindex/swift-syntax.build/Debug/SwiftSyntax-t.build/Objects-normal/x86_64/SwiftSyntax.swiftmodule -serialize-diagnostics -dependency-scan-serialize-diagnostics-path /Users/admin/builder/spi-builder-workspace/.derivedData/Build/Intermediates.noindex/swift-syntax.build/Debug/SwiftSyntax-t.build/Objects-normal/x86_64/SwiftSyntax-dependency-scan.dia -validate-clang-modules-once -clang-build-session-file /Users/admin/builder/spi-builder-workspace/.derivedData/ModuleCache.noindex/Session.modulevalidation -Xcc -fmodules-prune-interval\=86400 -Xcc -fmodules-prune-after\=345600 -package-name swift_syntax -emit-const-values -const-gather-protocols-list /Users/admin/builder/spi-builder-workspace/.derivedData/Build/Intermediates.noindex/swift-syntax.build/Debug/SwiftSyntax-t.build/Objects-normal/x86_64/SwiftSyntax_const_extract_protocols.json -Xcc -I/Users/admin/builder/spi-builder-workspace/.dependencies/checkouts/swift-syntax/Sources/_SwiftSyntaxCShims/include -Xcc -I/Users/admin/builder/spi-builder-workspace/.derivedData/Build/Products/Debug/include -Xcc -I/Users/admin/builder/spi-builder-workspace/.derivedData/Build/Intermediates.noindex/swift-syntax.build/Debug/SwiftSyntax-t.build/DerivedSources-normal/x86_64 -Xcc -I/Users/admin/builder/spi-builder-workspace/.derivedData/Build/Intermediates.noindex/swift-syntax.build/Debug/SwiftSyntax-t.build/DerivedSources/x86_64 -Xcc -I/Users/admin/builder/spi-builder-workspace/.derivedData/Build/Intermediates.noindex/swift-syntax.build/Debug/SwiftSyntax-t.build/DerivedSources -Xcc -DSWIFT_PACKAGE -Xcc -DDEBUG\=1 -emit-objc-header -emit-objc-header-path /Users/admin/builder/spi-builder-workspace/.derivedData/Build/Intermediates.noindex/swift-syntax.build/Debug/SwiftSyntax-t.build/Objects-normal/x86_64/SwiftSyntax-Swift.h -working-directory /Users/admin/builder/spi-builder-workspace/.swiftpm/xcode -experimental-emit-module-separately -disable-cmo
PruneExplicitPrecompiledModules /Users/admin/builder/spi-builder-workspace/.derivedData/Build/Intermediates.noindex/ExplicitPrecompiledModules
PruneExplicitPrecompiledModules /Users/admin/builder/spi-builder-workspace/.derivedData/Build/Intermediates.noindex/SwiftExplicitPrecompiledModules
PruneExplicitPrecompiledModules /Users/admin/builder/spi-builder-workspace/.derivedData/SDKExplicitPrecompiledModules
2026-10-01 00:46:41.633 xcodebuild[1603:8917] [MT] IDERunDestination: Supported platforms for the buildables in the current scheme is empty.
** BUILD FAILED **
The following build commands failed:
SwiftDriver SourceKittenFramework normal arm64 com.apple.xcode.tools.swift.compiler (in target 'SourceKittenFramework' from project 'SourceKitten')
Building workspace SwiftLint with scheme SwiftLint-Package
(2 failures)
BUILD FAILURE 6.4 iOS