The Swift Package Index logo.Swift Package Index

Build Information

Failed to build ClaudeHookKit, reference main (b81601), with Swift 6.4 for Android on 23 Sep 2026 19:47:10 UTC.

Build Command

bash -c docker run --pull=always --rm -v "checkouts-54344845-0":/host -w "$PWD" -e JAVA_HOME="/root/.sdkman/candidates/java/current" -e SPI_BUILD="1" -e SPI_PROCESSING="1" registry.gitlab.com/saguaro1/spi-images:android-6.4-latest swift build --swift-sdk aarch64-unknown-linux-android28 2>&1

Build Log

========================================
RunAll
========================================
Builder version: 5.1.0
Interrupt handler set up.
========================================
Checkout
========================================
Clone URL: https://github.com/giginet/ClaudeHookKit.git
Reference: main
Initialized empty Git repository in /host/spi-builder-workspace/.git/
hint: Using 'master' as the name for the initial branch. This default branch name
hint: is subject to change. To configure the initial branch name to use in all
hint: of your new repositories, which will suppress this warning, call:
hint:
hint: 	git config --global init.defaultBranch <name>
hint:
hint: Names commonly chosen instead of 'master' are 'main', 'trunk' and
hint: 'development'. The just-created branch can be renamed via this command:
hint:
hint: 	git branch -m <name>
From https://github.com/giginet/ClaudeHookKit
 * branch            main       -> FETCH_HEAD
 * [new branch]      main       -> origin/main
HEAD is now at b816011 Update README examples to use async invoke
Cloned https://github.com/giginet/ClaudeHookKit.git
Revision (git rev-parse @):
b8160111f0e74f4495eccef77198b3ea51801788
SPI manifest file found: $PWD/.spi.yml
SUCCESS checkout https://github.com/giginet/ClaudeHookKit.git at main
========================================
Build
========================================
Selected platform:         android
Swift version:             6.4
Building package at path:  $PWD
https://github.com/giginet/ClaudeHookKit.git
Running build ...
bash -c docker run --pull=always --rm -v "checkouts-54344845-0":/host -w "$PWD" -e JAVA_HOME="/root/.sdkman/candidates/java/current" -e SPI_BUILD="1" -e SPI_PROCESSING="1" registry.gitlab.com/saguaro1/spi-images:android-6.4-latest swift build --swift-sdk aarch64-unknown-linux-android28 2>&1
android-6.4-latest: Pulling from saguaro1/spi-images
Digest: sha256:abadcff584c273feba50641b454858d377ba30b35ea7287a94f45ebd8afd0ea0
Status: Image is up to date for registry.gitlab.com/saguaro1/spi-images:android-6.4-latest
Fetching https://github.com/apple/swift-log.git
[1/8165] Fetching swift-log
Fetched https://github.com/apple/swift-log.git (0.52s)
Computing version for https://github.com/apple/swift-log.git
Computed https://github.com/apple/swift-log.git at 1.8.0 (0.72s)
Creating working copy for https://github.com/apple/swift-log.git
Working copy of https://github.com/apple/swift-log.git resolved at 1.8.0
Building for debugging...
[Pre-planning 1 / 96]
[30 / 45] Logging
[41 / 53] ClaudeHookKit
[41 / 53] Logging
[43 / 53] Logging
[48 / 53] Logging
error: SwiftCompile normal aarch64 /host/spi-builder-workspace/Sources/ClaudeHookKit/HookExecutor.swift failed with a nonzero exit code. Command line:     cd /host
    builtin-SwiftPerFileCompile HookExecutor.swift
/host/spi-builder-workspace/Sources/ClaudeHookKit/HookExecutor.swift:59:21: error: cannot find 'isatty' in scope
 57 |     func execute() async throws {
 58 |         let inputHandler = FileHandle.standardInput
 59 |         let isTTY = isatty(STDIN_FILENO) != 0
    |                     `- error: cannot find 'isatty' in scope
 60 |         guard !isTTY else {
 61 |             throw Error.invalidCall
/host/spi-builder-workspace/Sources/ClaudeHookKit/HookExecutor.swift:59:28: error: cannot find 'STDIN_FILENO' in scope
 57 |     func execute() async throws {
 58 |         let inputHandler = FileHandle.standardInput
 59 |         let isTTY = isatty(STDIN_FILENO) != 0
    |                            `- error: cannot find 'STDIN_FILENO' in scope
 60 |         guard !isTTY else {
 61 |             throw Error.invalidCall
Failed frontend command:
/root/.local/share/swiftly/toolchains/6.4.x-snapshot-2026-09-04/usr/bin/swift-frontend -frontend -c /host/spi-builder-workspace/Sources/ClaudeHookKit/Event.swift /host/spi-builder-workspace/Sources/ClaudeHookKit/Hook.swift -primary-file /host/spi-builder-workspace/Sources/ClaudeHookKit/HookExecutor.swift /host/spi-builder-workspace/Sources/ClaudeHookKit/Input.swift /host/spi-builder-workspace/Sources/ClaudeHookKit/LogHandler.swift /host/spi-builder-workspace/Sources/ClaudeHookKit/Output.swift -emit-dependencies-path /host/spi-builder-workspace/.build/out/Intermediates.noindex/ClaudeHookKit.build/Debug-android-aarch64/ClaudeHookKit-t.build/Objects-normal/aarch64/HookExecutor.d -emit-const-values-path /host/spi-builder-workspace/.build/out/Intermediates.noindex/ClaudeHookKit.build/Debug-android-aarch64/ClaudeHookKit-t.build/Objects-normal/aarch64/HookExecutor.swiftconstvalues -emit-reference-dependencies-path /host/spi-builder-workspace/.build/out/Intermediates.noindex/ClaudeHookKit.build/Debug-android-aarch64/ClaudeHookKit-t.build/Objects-normal/aarch64/HookExecutor.swiftdeps -serialize-diagnostics-path /host/spi-builder-workspace/.build/out/Intermediates.noindex/ClaudeHookKit.build/Debug-android-aarch64/ClaudeHookKit-t.build/Objects-normal/aarch64/HookExecutor.dia -target aarch64-unknown-linux-android28 -Xllvm -aarch64-use-tbi -disable-objc-interop -sdk /android-ndk/android-ndk-r27d/toolchains/llvm/prebuilt/linux-x86_64/sysroot -sysroot /android-ndk/android-ndk-r27d/toolchains/llvm/prebuilt/linux-x86_64/sysroot -I /host/spi-builder-workspace/.build/out/Products/Debug-android-aarch64 -module-cache-path /host/spi-builder-workspace/.build/out/ModuleCache.noindex -color-diagnostics -Xcc -fcolor-diagnostics -enable-testing -g -debug-info-format\=dwarf -dwarf-version\=4 -swift-version 6 -Onone -D SWIFT_PACKAGE -D DEBUG -D SWIFT_MODULE_RESOURCE_BUNDLE_UNAVAILABLE -D Xcode -serialize-debugging-options -enable-experimental-feature DebugDescriptionMacro -empty-abi-descriptor -external-plugin-path /root/.local/share/swiftly/toolchains/6.4.x-snapshot-2026-09-04/usr/lib/swift/host/plugins/testing\#/root/.local/share/swiftly/toolchains/6.4.x-snapshot-2026-09-04/usr/bin/swift-plugin-server -validate-clang-modules-once -clang-build-session-file /host/spi-builder-workspace/.build/out/ModuleCache.noindex/Session.modulevalidation -Xcc -working-directory -Xcc /host -resource-dir /root/.swiftpm/swift-sdks/swift-6.4.x-DEVELOPMENT-SNAPSHOT-2026-09-04-a_android.artifactbundle/swift-android/swift-resources/usr/lib/swift-aarch64 -enable-anonymous-context-mangled-names -file-compilation-dir /host -Xcc -resource-dir -Xcc /android-ndk/android-ndk-r27d/toolchains/llvm/prebuilt/linux-x86_64/lib/clang/18 -Xcc -fno-omit-frame-pointer -Xcc -D_LIBCPP_HARDENING_MODE\=_LIBCPP_HARDENING_MODE_DEBUG -Xcc -fmodules-prune-interval\=86400 -Xcc -fmodules-prune-after\=345600 -Xcc -I/host/spi-builder-workspace/.build/out/Products/Debug-android-aarch64/include -Xcc -I/host/spi-builder-workspace/.build/out/Intermediates.noindex/ClaudeHookKit.build/Debug-android-aarch64/ClaudeHookKit-t.build/DerivedSources-normal/aarch64 -Xcc -I/host/spi-builder-workspace/.build/out/Intermediates.noindex/ClaudeHookKit.build/Debug-android-aarch64/ClaudeHookKit-t.build/DerivedSources/aarch64 -Xcc -I/host/spi-builder-workspace/.build/out/Intermediates.noindex/ClaudeHookKit.build/Debug-android-aarch64/ClaudeHookKit-t.build/DerivedSources -Xcc -DSWIFT_PACKAGE -Xcc -DDEBUG\=1 -no-auto-bridging-header-chaining -module-name ClaudeHookKit -package-name spi_builder_workspace -const-gather-protocols-file /host/spi-builder-workspace/.build/out/Intermediates.noindex/ClaudeHookKit.build/Debug-android-aarch64/ClaudeHookKit-t.build/Objects-normal/aarch64/ClaudeHookKit_const_extract_protocols.json -in-process-plugin-server-path /root/.local/share/swiftly/toolchains/6.4.x-snapshot-2026-09-04/usr/lib/swift/host/libSwiftInProcPluginServer.so -plugin-path /root/.local/share/swiftly/toolchains/6.4.x-snapshot-2026-09-04/usr/lib/swift/host/plugins -plugin-path /root/.local/share/swiftly/toolchains/6.4.x-snapshot-2026-09-04/usr/local/lib/swift/host/plugins -parse-as-library -o /host/spi-builder-workspace/.build/out/Intermediates.noindex/ClaudeHookKit.build/Debug-android-aarch64/ClaudeHookKit-t.build/Objects-normal/aarch64/HookExecutor.o -index-unit-output-path /ClaudeHookKit.build/Debug-android-aarch64/ClaudeHookKit-t.build/Objects-normal/aarch64/HookExecutor.o -index-store-path /host/spi-builder-workspace/.build/out -index-system-modules
error: Build failed
BUILD FAILURE 6.4 android