Build Information
Failed to build KYImageProcessor, reference main (822c08), with Swift 6.3 for Android on 28 Sep 2026 12:48:56 UTC.
Build Command
bash -c docker run --pull=always --rm -v "checkouts-54344845-0":/host -w "$PWD" -e JAVA_HOME="/root/.sdkman/candidates/java/current" -e SPI_BUILD="1" -e SPI_PROCESSING="1" registry.gitlab.com/saguaro1/spi-images:android-6.3-latest swift build --swift-sdk aarch64-unknown-linux-android28 2>&1Build Log
========================================
RunAll
========================================
Builder version: 5.1.0
Interrupt handler set up.
========================================
Checkout
========================================
Clone URL: https://github.com/Kjuly/KYImageProcessor.git
Reference: main
Initialized empty Git repository in /host/spi-builder-workspace/.git/
hint: Using 'master' as the name for the initial branch. This default branch name
hint: is subject to change. To configure the initial branch name to use in all
hint: of your new repositories, which will suppress this warning, call:
hint:
hint: git config --global init.defaultBranch <name>
hint:
hint: Names commonly chosen instead of 'master' are 'main', 'trunk' and
hint: 'development'. The just-created branch can be renamed via this command:
hint:
hint: git branch -m <name>
From https://github.com/Kjuly/KYImageProcessor
* branch main -> FETCH_HEAD
* [new branch] main -> origin/main
HEAD is now at 822c082 build(xcode): upgrade to 2700
Cloned https://github.com/Kjuly/KYImageProcessor.git
Revision (git rev-parse @):
822c0826b086607f95554cbc46468a712783e7a5
SUCCESS checkout https://github.com/Kjuly/KYImageProcessor.git at main
========================================
Build
========================================
Selected platform: android
Swift version: 6.3
Building package at path: $PWD
https://github.com/Kjuly/KYImageProcessor.git
Running build ...
bash -c docker run --pull=always --rm -v "checkouts-54344845-0":/host -w "$PWD" -e JAVA_HOME="/root/.sdkman/candidates/java/current" -e SPI_BUILD="1" -e SPI_PROCESSING="1" registry.gitlab.com/saguaro1/spi-images:android-6.3-latest swift build --swift-sdk aarch64-unknown-linux-android28 2>&1
android-6.3-latest: Pulling from saguaro1/spi-images
Digest: sha256:8ca9e1e6d70fd53f5b05e4f64d92569d697563f7f457a1485802bc9eb2cd1382
Status: Image is up to date for registry.gitlab.com/saguaro1/spi-images:android-6.3-latest
Building for debugging...
[0/5] Copying Info.plist
[0/5] Copying KYImageProcessorLocalizations.strings
[3/5] Write sources
[4/5] Write swift-version-272D24FF697CF451.txt
[6/15] Compiling KYImageProcessor KYImageProcessorLocalizations.swift
/host/spi-builder-workspace/KYImageProcessor/Sources/KYImageConfiguration/KYImageConfiguration.swift:10:8: error: no such module 'CoreGraphics'
8 |
9 | import Foundation
10 | import CoreGraphics
| `- error: no such module 'CoreGraphics'
11 |
12 | // MARK: - Image Resolution
error: emit-module command failed with exit code 1 (use -v to see invocation)
[7/16] Emitting module KYImageProcessor
/host/spi-builder-workspace/KYImageProcessor/Sources/KYImageConfiguration/KYImageConfiguration.swift:10:8: error: no such module 'CoreGraphics'
8 |
9 | import Foundation
10 | import CoreGraphics
| `- error: no such module 'CoreGraphics'
11 |
12 | // MARK: - Image Resolution
[8/16] Compiling KYImageProcessor KYIPLogger.swift
/host/spi-builder-workspace/KYImageProcessor/Sources/KYImageConfiguration/KYImageConfiguration.swift:10:8: error: no such module 'CoreGraphics'
8 |
9 | import Foundation
10 | import CoreGraphics
| `- error: no such module 'CoreGraphics'
11 |
12 | // MARK: - Image Resolution
[9/16] Compiling KYImageProcessor KYImageConfiguration.swift
/host/spi-builder-workspace/KYImageProcessor/Sources/KYImageConfiguration/KYImageConfiguration.swift:10:8: error: no such module 'CoreGraphics'
8 |
9 | import Foundation
10 | import CoreGraphics
| `- error: no such module 'CoreGraphics'
11 |
12 | // MARK: - Image Resolution
[10/16] Compiling KYImageProcessor resource_bundle_accessor.swift
/host/spi-builder-workspace/KYImageProcessor/Sources/KYImageConfiguration/KYImageConfiguration.swift:10:8: error: no such module 'CoreGraphics'
8 |
9 | import Foundation
10 | import CoreGraphics
| `- error: no such module 'CoreGraphics'
11 |
12 | // MARK: - Image Resolution
[11/16] Compiling KYImageProcessor KYImageProcessor+Transform.swift
/host/spi-builder-workspace/KYImageProcessor/Sources/KYImageConfiguration/KYImageConfiguration.swift:10:8: error: no such module 'CoreGraphics'
8 |
9 | import Foundation
10 | import CoreGraphics
| `- error: no such module 'CoreGraphics'
11 |
12 | // MARK: - Image Resolution
[12/16] Compiling KYImageProcessor KYImageProcessor.swift
/host/spi-builder-workspace/KYImageProcessor/Sources/KYImageConfiguration/KYImageConfiguration.swift:10:8: error: no such module 'CoreGraphics'
8 |
9 | import Foundation
10 | import CoreGraphics
| `- error: no such module 'CoreGraphics'
11 |
12 | // MARK: - Image Resolution
[13/16] Compiling KYImageProcessor KYImageProcessor+Crop.swift
/host/spi-builder-workspace/KYImageProcessor/Sources/KYImageConfiguration/KYImageConfiguration.swift:10:8: error: no such module 'CoreGraphics'
8 |
9 | import Foundation
10 | import CoreGraphics
| `- error: no such module 'CoreGraphics'
11 |
12 | // MARK: - Image Resolution
[14/16] Compiling KYImageProcessor KYImagePreviewView.swift
/host/spi-builder-workspace/KYImageProcessor/Sources/KYImageConfiguration/KYImageConfiguration.swift:10:8: error: no such module 'CoreGraphics'
8 |
9 | import Foundation
10 | import CoreGraphics
| `- error: no such module 'CoreGraphics'
11 |
12 | // MARK: - Image Resolution
[15/16] Compiling KYImageProcessor KYImageThumbnail.swift
/host/spi-builder-workspace/KYImageProcessor/Sources/KYImageConfiguration/KYImageConfiguration.swift:10:8: error: no such module 'CoreGraphics'
8 |
9 | import Foundation
10 | import CoreGraphics
| `- error: no such module 'CoreGraphics'
11 |
12 | // MARK: - Image Resolution
[16/16] Compiling KYImageProcessor KYImageViewRatio.swift
/host/spi-builder-workspace/KYImageProcessor/Sources/KYImageConfiguration/KYImageConfiguration.swift:10:8: error: no such module 'CoreGraphics'
8 |
9 | import Foundation
10 | import CoreGraphics
| `- error: no such module 'CoreGraphics'
11 |
12 | // MARK: - Image Resolution
BUILD FAILURE 6.3 android