Build Information
Failed to build Song, reference main (191a94), with Swift 6.4 for macOS (Xcode) using Xcode 27.0 on 21 Sep 2026 10:39:45 UTC.
Build Command
env DEVELOPER_DIR=/Applications/Xcode-27.0.0-Release.Candidate.app xcrun xcodebuild -IDEClonedSourcePackagesDirPathOverride=$PWD/.dependencies -skipMacroValidation -skipPackagePluginValidation -derivedDataPath $PWD/.derivedData build -scheme Song-Package -destination platform=macOS,arch=arm64Build Log
/Applications/Xcode-27.0.0-Release.Candidate.app/Contents/Developer/Toolchains/XcodeDefault.xctoolchain/usr/bin/appintentsmetadataprocessor --toolchain-dir /var/run/com.apple.security.cryptexd/mnt/com.apple.MobileAsset.MetalToolchain-v27.1.266.1.JTlFqd/Metal.xctoolchain --module-name Diagnostic --sdk-root /Applications/Xcode-27.0.0-Release.Candidate.app/Contents/Developer/Platforms/MacOSX.platform/Developer/SDKs/MacOSX27.0.sdk --xcode-version 27A266a --platform-family macOS --deployment-target 12.0 --bundle-identifier swift-ast.Diagnostic --output /Users/admin/builder/spi-builder-workspace/.derivedData/Build/Products/Debug/Diagnostic.appintents --target-triple arm64-apple-macos12.0 --binary-file /Users/admin/builder/spi-builder-workspace/.derivedData/Build/Products/Debug/Diagnostic.o --dependency-file /Users/admin/builder/spi-builder-workspace/.derivedData/Build/Intermediates.noindex/swift-ast.build/Debug/Diagnostic-t.build/Objects-normal/arm64/Diagnostic_dependency_info.dat --stringsdata-file /Users/admin/builder/spi-builder-workspace/.derivedData/Build/Intermediates.noindex/swift-ast.build/Debug/Diagnostic-t.build/Objects-normal/arm64/ExtractedAppShortcutsMetadata.stringsdata --source-file-list /Users/admin/builder/spi-builder-workspace/.derivedData/Build/Intermediates.noindex/swift-ast.build/Debug/Diagnostic-t.build/Objects-normal/arm64/Diagnostic.SwiftFileList --metadata-file-list /Users/admin/builder/spi-builder-workspace/.derivedData/Build/Intermediates.noindex/swift-ast.build/Debug/Diagnostic-t.build/Diagnostic.DependencyMetadataFileList --static-metadata-file-list /Users/admin/builder/spi-builder-workspace/.derivedData/Build/Intermediates.noindex/swift-ast.build/Debug/Diagnostic-t.build/Diagnostic.DependencyStaticMetadataFileList --swift-const-vals-list /Users/admin/builder/spi-builder-workspace/.derivedData/Build/Intermediates.noindex/swift-ast.build/Debug/Diagnostic-t.build/Objects-normal/arm64/Diagnostic.SwiftConstValuesFileList --force --compile-time-extraction --deployment-aware-processing --no-app-shortcuts-localization
2026-09-21 06:39:37.407 appintentsmetadataprocessor[929:5531] Starting appintentsmetadataprocessor export
2026-09-21 06:39:37.473 appintentsmetadataprocessor[929:5531] Extracted no relevant App Intents symbols, skipping writing output
SwiftEmitModule normal arm64 Emitting\ module\ for\ Composition (in target 'Composition' from project 'Song')
SwiftCompile normal arm64 (in target 'Composition' from project 'Song')
cd /Users/admin/builder/spi-builder-workspace/.swiftpm/xcode
SwiftCompile normal arm64 Compiling\ Composition.swift /Users/admin/builder/spi-builder-workspace/Sources/Composition/Composition.swift (in target 'Composition' from project 'Song')
SwiftCompile normal arm64 /Users/admin/builder/spi-builder-workspace/Sources/Composition/Composition.swift (in target 'Composition' from project 'Song')
cd /Users/admin/builder/spi-builder-workspace/.swiftpm/xcode
builtin-SwiftPerFileCompile Composition.swift
SwiftDriverJobDiscovery normal arm64 Emitting module for Composition (in target 'Composition' from project 'Song')
SwiftDriver\ Compilation\ Requirements Composition normal arm64 com.apple.xcode.tools.swift.compiler (in target 'Composition' from project 'Song')
cd /Users/admin/builder/spi-builder-workspace/.swiftpm/xcode
builtin-Swift-Compilation-Requirements -- /Applications/Xcode-27.0.0-Release.Candidate.app/Contents/Developer/Toolchains/XcodeDefault.xctoolchain/usr/bin/swiftc -parse-as-library -module-name Composition -Onone @/Users/admin/builder/spi-builder-workspace/.derivedData/Build/Intermediates.noindex/Song.build/Debug/Composition-t.build/Objects-normal/arm64/Composition.SwiftFileList -DSWIFT_PACKAGE -DDEBUG -DSWIFT_MODULE_RESOURCE_BUNDLE_UNAVAILABLE -DXcode -plugin-path /Applications/Xcode-27.0.0-Release.Candidate.app/Contents/Developer/Toolchains/XcodeDefault.xctoolchain/usr/lib/swift/host/plugins/testing -enable-experimental-feature DebugDescriptionMacro -sdk /Applications/Xcode-27.0.0-Release.Candidate.app/Contents/Developer/Platforms/MacOSX.platform/Developer/SDKs/MacOSX27.0.sdk -target arm64-apple-macos14.0 -g -module-cache-path /Users/admin/builder/spi-builder-workspace/.derivedData/ModuleCache.noindex -Xfrontend -serialize-debugging-options -profile-coverage-mapping -profile-generate -enable-testing -index-store-path /Users/admin/builder/spi-builder-workspace/.derivedData/Index.noindex/DataStore -Xcc -D_LIBCPP_HARDENING_MODE\=_LIBCPP_HARDENING_MODE_DEBUG -swift-version 5 -I /Users/admin/builder/spi-builder-workspace/.derivedData/Build/Products/Debug -Isystem /Applications/Xcode-27.0.0-Release.Candidate.app/Contents/Developer/Platforms/MacOSX.platform/Developer/usr/lib -F /Users/admin/builder/spi-builder-workspace/.derivedData/Build/Products/Debug/PackageFrameworks -F /Users/admin/builder/spi-builder-workspace/.derivedData/Build/Products/Debug -F /Applications/Xcode-27.0.0-Release.Candidate.app/Contents/Developer/Platforms/MacOSX.platform/Developer/Library/Frameworks -c -j10 -enable-batch-mode -incremental -Xcc -ivfsstatcache -Xcc /Users/admin/builder/spi-builder-workspace/.derivedData/SDKStatCaches.noindex/macosx27.0-26A425-e829b21a6f8c9b70876ba0858053c0446a22442a12e9d48fe1a705f55a1adfc4.sdkstatcache -output-file-map /Users/admin/builder/spi-builder-workspace/.derivedData/Build/Intermediates.noindex/Song.build/Debug/Composition-t.build/Objects-normal/arm64/Composition-OutputFileMap.json -save-temps -no-color-diagnostics -explicit-module-build -module-cache-path /Users/admin/builder/spi-builder-workspace/.derivedData/Build/Intermediates.noindex/SwiftExplicitPrecompiledModules -clang-scanner-module-cache-path /Users/admin/builder/spi-builder-workspace/.derivedData/ModuleCache.noindex -sdk-module-cache-path /Users/admin/builder/spi-builder-workspace/.derivedData/SDKExplicitPrecompiledModules -emit-dependencies -emit-module -emit-module-path /Users/admin/builder/spi-builder-workspace/.derivedData/Build/Intermediates.noindex/Song.build/Debug/Composition-t.build/Objects-normal/arm64/Composition.swiftmodule -serialize-diagnostics -dependency-scan-serialize-diagnostics-path /Users/admin/builder/spi-builder-workspace/.derivedData/Build/Intermediates.noindex/Song.build/Debug/Composition-t.build/Objects-normal/arm64/Composition-dependency-scan.dia -validate-clang-modules-once -clang-build-session-file /Users/admin/builder/spi-builder-workspace/.derivedData/ModuleCache.noindex/Session.modulevalidation -Xcc -fmodules-prune-interval\=86400 -Xcc -fmodules-prune-after\=345600 -package-name spi_builder_workspace -emit-const-values -const-gather-protocols-list /Users/admin/builder/spi-builder-workspace/.derivedData/Build/Intermediates.noindex/Song.build/Debug/Composition-t.build/Objects-normal/arm64/Composition_const_extract_protocols.json -Xcc -I/Users/admin/builder/spi-builder-workspace/.derivedData/Build/Products/Debug/include -Xcc -I/Users/admin/builder/spi-builder-workspace/.derivedData/Build/Intermediates.noindex/Song.build/Debug/Composition-t.build/DerivedSources-normal/arm64 -Xcc -I/Users/admin/builder/spi-builder-workspace/.derivedData/Build/Intermediates.noindex/Song.build/Debug/Composition-t.build/DerivedSources/arm64 -Xcc -I/Users/admin/builder/spi-builder-workspace/.derivedData/Build/Intermediates.noindex/Song.build/Debug/Composition-t.build/DerivedSources -Xcc -DSWIFT_PACKAGE -Xcc -DDEBUG\=1 -emit-objc-header -emit-objc-header-path /Users/admin/builder/spi-builder-workspace/.derivedData/Build/Intermediates.noindex/Song.build/Debug/Composition-t.build/Objects-normal/arm64/Composition-Swift.h -working-directory /Users/admin/builder/spi-builder-workspace/.swiftpm/xcode -experimental-emit-module-separately -disable-cmo
SwiftMergeGeneratedHeaders /Users/admin/builder/spi-builder-workspace/.derivedData/Build/Intermediates.noindex/GeneratedModuleMaps/Composition-Swift.h /Users/admin/builder/spi-builder-workspace/.derivedData/Build/Intermediates.noindex/Song.build/Debug/Composition-t.build/Objects-normal/arm64/Composition-Swift.h (in target 'Composition' from project 'Song')
cd /Users/admin/builder/spi-builder-workspace
builtin-swiftHeaderTool -arch arm64 /Users/admin/builder/spi-builder-workspace/.derivedData/Build/Intermediates.noindex/Song.build/Debug/Composition-t.build/Objects-normal/arm64/Composition-Swift.h -o /Users/admin/builder/spi-builder-workspace/.derivedData/Build/Intermediates.noindex/GeneratedModuleMaps/Composition-Swift.h
Copy /Users/admin/builder/spi-builder-workspace/.derivedData/Build/Products/Debug/Composition.swiftmodule/arm64-apple-macos.swiftdoc /Users/admin/builder/spi-builder-workspace/.derivedData/Build/Intermediates.noindex/Song.build/Debug/Composition-t.build/Objects-normal/arm64/Composition.swiftdoc (in target 'Composition' from project 'Song')
cd /Users/admin/builder/spi-builder-workspace
builtin-copy -exclude .DS_Store -exclude CVS -exclude .svn -exclude .git -exclude .hg -resolve-src-symlinks -rename /Users/admin/builder/spi-builder-workspace/.derivedData/Build/Intermediates.noindex/Song.build/Debug/Composition-t.build/Objects-normal/arm64/Composition.swiftdoc /Users/admin/builder/spi-builder-workspace/.derivedData/Build/Products/Debug/Composition.swiftmodule/arm64-apple-macos.swiftdoc
Copy /Users/admin/builder/spi-builder-workspace/.derivedData/Build/Products/Debug/Composition.swiftmodule/arm64-apple-macos.abi.json /Users/admin/builder/spi-builder-workspace/.derivedData/Build/Intermediates.noindex/Song.build/Debug/Composition-t.build/Objects-normal/arm64/Composition.abi.json (in target 'Composition' from project 'Song')
cd /Users/admin/builder/spi-builder-workspace
builtin-copy -exclude .DS_Store -exclude CVS -exclude .svn -exclude .git -exclude .hg -resolve-src-symlinks -rename /Users/admin/builder/spi-builder-workspace/.derivedData/Build/Intermediates.noindex/Song.build/Debug/Composition-t.build/Objects-normal/arm64/Composition.abi.json /Users/admin/builder/spi-builder-workspace/.derivedData/Build/Products/Debug/Composition.swiftmodule/arm64-apple-macos.abi.json
Copy /Users/admin/builder/spi-builder-workspace/.derivedData/Build/Products/Debug/Composition.swiftmodule/arm64-apple-macos.swiftmodule /Users/admin/builder/spi-builder-workspace/.derivedData/Build/Intermediates.noindex/Song.build/Debug/Composition-t.build/Objects-normal/arm64/Composition.swiftmodule (in target 'Composition' from project 'Song')
cd /Users/admin/builder/spi-builder-workspace
builtin-copy -exclude .DS_Store -exclude CVS -exclude .svn -exclude .git -exclude .hg -resolve-src-symlinks -rename /Users/admin/builder/spi-builder-workspace/.derivedData/Build/Intermediates.noindex/Song.build/Debug/Composition-t.build/Objects-normal/arm64/Composition.swiftmodule /Users/admin/builder/spi-builder-workspace/.derivedData/Build/Products/Debug/Composition.swiftmodule/arm64-apple-macos.swiftmodule
Copy /Users/admin/builder/spi-builder-workspace/.derivedData/Build/Products/Debug/Composition.swiftmodule/Project/arm64-apple-macos.swiftsourceinfo /Users/admin/builder/spi-builder-workspace/.derivedData/Build/Intermediates.noindex/Song.build/Debug/Composition-t.build/Objects-normal/arm64/Composition.swiftsourceinfo (in target 'Composition' from project 'Song')
cd /Users/admin/builder/spi-builder-workspace
builtin-copy -exclude .DS_Store -exclude CVS -exclude .svn -exclude .git -exclude .hg -resolve-src-symlinks -rename /Users/admin/builder/spi-builder-workspace/.derivedData/Build/Intermediates.noindex/Song.build/Debug/Composition-t.build/Objects-normal/arm64/Composition.swiftsourceinfo /Users/admin/builder/spi-builder-workspace/.derivedData/Build/Products/Debug/Composition.swiftmodule/Project/arm64-apple-macos.swiftsourceinfo
SwiftCompile normal arm64 Compiling\ Lexer+Comment.swift,\ Lexer+Identifier.swift /Users/admin/builder/spi-builder-workspace/.dependencies/checkouts/swift-ast/Sources/Lexer/Lexer+Comment.swift /Users/admin/builder/spi-builder-workspace/.dependencies/checkouts/swift-ast/Sources/Lexer/Lexer+Identifier.swift (in target 'Lexer' from project 'swift-ast')
SwiftCompile normal arm64 /Users/admin/builder/spi-builder-workspace/.dependencies/checkouts/swift-ast/Sources/Lexer/Lexer+Comment.swift (in target 'Lexer' from project 'swift-ast')
cd /Users/admin/builder/spi-builder-workspace/.swiftpm/xcode
builtin-SwiftPerFileCompile Lexer+Comment.swift
SwiftCompile normal arm64 /Users/admin/builder/spi-builder-workspace/.dependencies/checkouts/swift-ast/Sources/Lexer/Lexer+Identifier.swift (in target 'Lexer' from project 'swift-ast')
cd /Users/admin/builder/spi-builder-workspace/.swiftpm/xcode
builtin-SwiftPerFileCompile Lexer+Identifier.swift
SwiftCompile normal arm64 Compiling\ Lexer+StringLiteral.swift,\ Lexer.swift /Users/admin/builder/spi-builder-workspace/.dependencies/checkouts/swift-ast/Sources/Lexer/Lexer+StringLiteral.swift /Users/admin/builder/spi-builder-workspace/.dependencies/checkouts/swift-ast/Sources/Lexer/Lexer.swift (in target 'Lexer' from project 'swift-ast')
SwiftCompile normal arm64 /Users/admin/builder/spi-builder-workspace/.dependencies/checkouts/swift-ast/Sources/Lexer/Lexer+StringLiteral.swift (in target 'Lexer' from project 'swift-ast')
cd /Users/admin/builder/spi-builder-workspace/.swiftpm/xcode
builtin-SwiftPerFileCompile Lexer+StringLiteral.swift
SwiftCompile normal arm64 /Users/admin/builder/spi-builder-workspace/.dependencies/checkouts/swift-ast/Sources/Lexer/Lexer.swift (in target 'Lexer' from project 'swift-ast')
cd /Users/admin/builder/spi-builder-workspace/.swiftpm/xcode
builtin-SwiftPerFileCompile Lexer.swift
SwiftCompile normal arm64 Compiling\ NamedIdentifier.swift,\ Role+Lexer.swift /Users/admin/builder/spi-builder-workspace/.dependencies/checkouts/swift-ast/Sources/Lexer/NamedIdentifier.swift /Users/admin/builder/spi-builder-workspace/.dependencies/checkouts/swift-ast/Sources/Lexer/Role+Lexer.swift (in target 'Lexer' from project 'swift-ast')
SwiftCompile normal arm64 /Users/admin/builder/spi-builder-workspace/.dependencies/checkouts/swift-ast/Sources/Lexer/NamedIdentifier.swift (in target 'Lexer' from project 'swift-ast')
cd /Users/admin/builder/spi-builder-workspace/.swiftpm/xcode
builtin-SwiftPerFileCompile NamedIdentifier.swift
SwiftCompile normal arm64 /Users/admin/builder/spi-builder-workspace/.dependencies/checkouts/swift-ast/Sources/Lexer/Role+Lexer.swift (in target 'Lexer' from project 'swift-ast')
cd /Users/admin/builder/spi-builder-workspace/.swiftpm/xcode
builtin-SwiftPerFileCompile Role+Lexer.swift
SwiftEmitModule normal arm64 Emitting\ module\ for\ Lexer (in target 'Lexer' from project 'swift-ast')
SwiftCompile normal arm64 (in target 'Lexer' from project 'swift-ast')
cd /Users/admin/builder/spi-builder-workspace/.swiftpm/xcode
SwiftCompile normal arm64 Compiling\ TokenKind+Modifier.swift,\ TokenKind+Naming.swift /Users/admin/builder/spi-builder-workspace/.dependencies/checkouts/swift-ast/Sources/Lexer/TokenKind+Modifier.swift /Users/admin/builder/spi-builder-workspace/.dependencies/checkouts/swift-ast/Sources/Lexer/TokenKind+Naming.swift (in target 'Lexer' from project 'swift-ast')
SwiftCompile normal arm64 /Users/admin/builder/spi-builder-workspace/.dependencies/checkouts/swift-ast/Sources/Lexer/TokenKind+Modifier.swift (in target 'Lexer' from project 'swift-ast')
cd /Users/admin/builder/spi-builder-workspace/.swiftpm/xcode
builtin-SwiftPerFileCompile TokenKind+Modifier.swift
SwiftCompile normal arm64 /Users/admin/builder/spi-builder-workspace/.dependencies/checkouts/swift-ast/Sources/Lexer/TokenKind+Naming.swift (in target 'Lexer' from project 'swift-ast')
cd /Users/admin/builder/spi-builder-workspace/.swiftpm/xcode
builtin-SwiftPerFileCompile TokenKind+Naming.swift
SwiftCompile normal arm64 Compiling\ UnicodeScalar+Lexer.swift /Users/admin/builder/spi-builder-workspace/.dependencies/checkouts/swift-ast/Sources/Lexer/UnicodeScalar+Lexer.swift (in target 'Lexer' from project 'swift-ast')
SwiftCompile normal arm64 /Users/admin/builder/spi-builder-workspace/.dependencies/checkouts/swift-ast/Sources/Lexer/UnicodeScalar+Lexer.swift (in target 'Lexer' from project 'swift-ast')
cd /Users/admin/builder/spi-builder-workspace/.swiftpm/xcode
builtin-SwiftPerFileCompile UnicodeScalar+Lexer.swift
SwiftCompile normal arm64 Compiling\ Char.swift,\ Lexer+Checkpoint.swift /Users/admin/builder/spi-builder-workspace/.dependencies/checkouts/swift-ast/Sources/Lexer/Char.swift /Users/admin/builder/spi-builder-workspace/.dependencies/checkouts/swift-ast/Sources/Lexer/Lexer+Checkpoint.swift (in target 'Lexer' from project 'swift-ast')
SwiftCompile normal arm64 /Users/admin/builder/spi-builder-workspace/.dependencies/checkouts/swift-ast/Sources/Lexer/Char.swift (in target 'Lexer' from project 'swift-ast')
cd /Users/admin/builder/spi-builder-workspace/.swiftpm/xcode
builtin-SwiftPerFileCompile Char.swift
SwiftCompile normal arm64 /Users/admin/builder/spi-builder-workspace/.dependencies/checkouts/swift-ast/Sources/Lexer/Lexer+Checkpoint.swift (in target 'Lexer' from project 'swift-ast')
cd /Users/admin/builder/spi-builder-workspace/.swiftpm/xcode
builtin-SwiftPerFileCompile Lexer+Checkpoint.swift
SwiftCompile normal arm64 Compiling\ Role.swift,\ Scanner.swift /Users/admin/builder/spi-builder-workspace/.dependencies/checkouts/swift-ast/Sources/Lexer/Role.swift /Users/admin/builder/spi-builder-workspace/.dependencies/checkouts/swift-ast/Sources/Lexer/Scanner.swift (in target 'Lexer' from project 'swift-ast')
SwiftCompile normal arm64 /Users/admin/builder/spi-builder-workspace/.dependencies/checkouts/swift-ast/Sources/Lexer/Role.swift (in target 'Lexer' from project 'swift-ast')
cd /Users/admin/builder/spi-builder-workspace/.swiftpm/xcode
builtin-SwiftPerFileCompile Role.swift
SwiftCompile normal arm64 /Users/admin/builder/spi-builder-workspace/.dependencies/checkouts/swift-ast/Sources/Lexer/Scanner.swift (in target 'Lexer' from project 'swift-ast')
cd /Users/admin/builder/spi-builder-workspace/.swiftpm/xcode
builtin-SwiftPerFileCompile Scanner.swift
SwiftCompile normal arm64 Compiling\ TokenKind+Dummy.swift,\ TokenKind+Equatable.swift /Users/admin/builder/spi-builder-workspace/.dependencies/checkouts/swift-ast/Sources/Lexer/TokenKind+Dummy.swift /Users/admin/builder/spi-builder-workspace/.dependencies/checkouts/swift-ast/Sources/Lexer/TokenKind+Equatable.swift (in target 'Lexer' from project 'swift-ast')
SwiftCompile normal arm64 /Users/admin/builder/spi-builder-workspace/.dependencies/checkouts/swift-ast/Sources/Lexer/TokenKind+Dummy.swift (in target 'Lexer' from project 'swift-ast')
cd /Users/admin/builder/spi-builder-workspace/.swiftpm/xcode
builtin-SwiftPerFileCompile TokenKind+Dummy.swift
SwiftCompile normal arm64 /Users/admin/builder/spi-builder-workspace/.dependencies/checkouts/swift-ast/Sources/Lexer/TokenKind+Equatable.swift (in target 'Lexer' from project 'swift-ast')
cd /Users/admin/builder/spi-builder-workspace/.swiftpm/xcode
builtin-SwiftPerFileCompile TokenKind+Equatable.swift
SwiftDriverJobDiscovery normal arm64 Compiling Composition.swift (in target 'Composition' from project 'Song')
SwiftCompile normal arm64 Compiling\ Token.swift,\ TokenInvalidReason.swift /Users/admin/builder/spi-builder-workspace/.dependencies/checkouts/swift-ast/Sources/Lexer/Token.swift /Users/admin/builder/spi-builder-workspace/.dependencies/checkouts/swift-ast/Sources/Lexer/TokenInvalidReason.swift (in target 'Lexer' from project 'swift-ast')
SwiftCompile normal arm64 /Users/admin/builder/spi-builder-workspace/.dependencies/checkouts/swift-ast/Sources/Lexer/Token.swift (in target 'Lexer' from project 'swift-ast')
cd /Users/admin/builder/spi-builder-workspace/.swiftpm/xcode
builtin-SwiftPerFileCompile Token.swift
SwiftCompile normal arm64 /Users/admin/builder/spi-builder-workspace/.dependencies/checkouts/swift-ast/Sources/Lexer/TokenInvalidReason.swift (in target 'Lexer' from project 'swift-ast')
cd /Users/admin/builder/spi-builder-workspace/.swiftpm/xcode
builtin-SwiftPerFileCompile TokenInvalidReason.swift
SwiftEmitModule normal arm64 Emitting\ module\ for\ AST (in target 'AST' from project 'swift-ast')
SwiftCompile normal arm64 (in target 'AST' from project 'swift-ast')
cd /Users/admin/builder/spi-builder-workspace/.swiftpm/xcode
SwiftDriverJobDiscovery normal arm64 Compiling NamedIdentifier.swift, Role+Lexer.swift (in target 'Lexer' from project 'swift-ast')
SwiftCompile normal arm64 Compiling\ Lexer+NumericLiteral.swift,\ Lexer+Operator.swift /Users/admin/builder/spi-builder-workspace/.dependencies/checkouts/swift-ast/Sources/Lexer/Lexer+NumericLiteral.swift /Users/admin/builder/spi-builder-workspace/.dependencies/checkouts/swift-ast/Sources/Lexer/Lexer+Operator.swift (in target 'Lexer' from project 'swift-ast')
SwiftCompile normal arm64 /Users/admin/builder/spi-builder-workspace/.dependencies/checkouts/swift-ast/Sources/Lexer/Lexer+NumericLiteral.swift (in target 'Lexer' from project 'swift-ast')
cd /Users/admin/builder/spi-builder-workspace/.swiftpm/xcode
builtin-SwiftPerFileCompile Lexer+NumericLiteral.swift
SwiftCompile normal arm64 /Users/admin/builder/spi-builder-workspace/.dependencies/checkouts/swift-ast/Sources/Lexer/Lexer+Operator.swift (in target 'Lexer' from project 'swift-ast')
cd /Users/admin/builder/spi-builder-workspace/.swiftpm/xcode
builtin-SwiftPerFileCompile Lexer+Operator.swift
SwiftDriverJobDiscovery normal arm64 Compiling TokenKind+Modifier.swift, TokenKind+Naming.swift (in target 'Lexer' from project 'swift-ast')
SwiftDriver\ Compilation Composition normal arm64 com.apple.xcode.tools.swift.compiler (in target 'Composition' from project 'Song')
cd /Users/admin/builder/spi-builder-workspace/.swiftpm/xcode
builtin-Swift-Compilation -- /Applications/Xcode-27.0.0-Release.Candidate.app/Contents/Developer/Toolchains/XcodeDefault.xctoolchain/usr/bin/swiftc -parse-as-library -module-name Composition -Onone @/Users/admin/builder/spi-builder-workspace/.derivedData/Build/Intermediates.noindex/Song.build/Debug/Composition-t.build/Objects-normal/arm64/Composition.SwiftFileList -DSWIFT_PACKAGE -DDEBUG -DSWIFT_MODULE_RESOURCE_BUNDLE_UNAVAILABLE -DXcode -plugin-path /Applications/Xcode-27.0.0-Release.Candidate.app/Contents/Developer/Toolchains/XcodeDefault.xctoolchain/usr/lib/swift/host/plugins/testing -enable-experimental-feature DebugDescriptionMacro -sdk /Applications/Xcode-27.0.0-Release.Candidate.app/Contents/Developer/Platforms/MacOSX.platform/Developer/SDKs/MacOSX27.0.sdk -target arm64-apple-macos14.0 -g -module-cache-path /Users/admin/builder/spi-builder-workspace/.derivedData/ModuleCache.noindex -Xfrontend -serialize-debugging-options -profile-coverage-mapping -profile-generate -enable-testing -index-store-path /Users/admin/builder/spi-builder-workspace/.derivedData/Index.noindex/DataStore -Xcc -D_LIBCPP_HARDENING_MODE\=_LIBCPP_HARDENING_MODE_DEBUG -swift-version 5 -I /Users/admin/builder/spi-builder-workspace/.derivedData/Build/Products/Debug -Isystem /Applications/Xcode-27.0.0-Release.Candidate.app/Contents/Developer/Platforms/MacOSX.platform/Developer/usr/lib -F /Users/admin/builder/spi-builder-workspace/.derivedData/Build/Products/Debug/PackageFrameworks -F /Users/admin/builder/spi-builder-workspace/.derivedData/Build/Products/Debug -F /Applications/Xcode-27.0.0-Release.Candidate.app/Contents/Developer/Platforms/MacOSX.platform/Developer/Library/Frameworks -c -j10 -enable-batch-mode -incremental -Xcc -ivfsstatcache -Xcc /Users/admin/builder/spi-builder-workspace/.derivedData/SDKStatCaches.noindex/macosx27.0-26A425-e829b21a6f8c9b70876ba0858053c0446a22442a12e9d48fe1a705f55a1adfc4.sdkstatcache -output-file-map /Users/admin/builder/spi-builder-workspace/.derivedData/Build/Intermediates.noindex/Song.build/Debug/Composition-t.build/Objects-normal/arm64/Composition-OutputFileMap.json -save-temps -no-color-diagnostics -explicit-module-build -module-cache-path /Users/admin/builder/spi-builder-workspace/.derivedData/Build/Intermediates.noindex/SwiftExplicitPrecompiledModules -clang-scanner-module-cache-path /Users/admin/builder/spi-builder-workspace/.derivedData/ModuleCache.noindex -sdk-module-cache-path /Users/admin/builder/spi-builder-workspace/.derivedData/SDKExplicitPrecompiledModules -emit-dependencies -emit-module -emit-module-path /Users/admin/builder/spi-builder-workspace/.derivedData/Build/Intermediates.noindex/Song.build/Debug/Composition-t.build/Objects-normal/arm64/Composition.swiftmodule -serialize-diagnostics -dependency-scan-serialize-diagnostics-path /Users/admin/builder/spi-builder-workspace/.derivedData/Build/Intermediates.noindex/Song.build/Debug/Composition-t.build/Objects-normal/arm64/Composition-dependency-scan.dia -validate-clang-modules-once -clang-build-session-file /Users/admin/builder/spi-builder-workspace/.derivedData/ModuleCache.noindex/Session.modulevalidation -Xcc -fmodules-prune-interval\=86400 -Xcc -fmodules-prune-after\=345600 -package-name spi_builder_workspace -emit-const-values -const-gather-protocols-list /Users/admin/builder/spi-builder-workspace/.derivedData/Build/Intermediates.noindex/Song.build/Debug/Composition-t.build/Objects-normal/arm64/Composition_const_extract_protocols.json -Xcc -I/Users/admin/builder/spi-builder-workspace/.derivedData/Build/Products/Debug/include -Xcc -I/Users/admin/builder/spi-builder-workspace/.derivedData/Build/Intermediates.noindex/Song.build/Debug/Composition-t.build/DerivedSources-normal/arm64 -Xcc -I/Users/admin/builder/spi-builder-workspace/.derivedData/Build/Intermediates.noindex/Song.build/Debug/Composition-t.build/DerivedSources/arm64 -Xcc -I/Users/admin/builder/spi-builder-workspace/.derivedData/Build/Intermediates.noindex/Song.build/Debug/Composition-t.build/DerivedSources -Xcc -DSWIFT_PACKAGE -Xcc -DDEBUG\=1 -emit-objc-header -emit-objc-header-path /Users/admin/builder/spi-builder-workspace/.derivedData/Build/Intermediates.noindex/Song.build/Debug/Composition-t.build/Objects-normal/arm64/Composition-Swift.h -working-directory /Users/admin/builder/spi-builder-workspace/.swiftpm/xcode -experimental-emit-module-separately -disable-cmo
SwiftDriverJobDiscovery normal arm64 Compiling Char.swift, Lexer+Checkpoint.swift (in target 'Lexer' from project 'swift-ast')
SwiftCompile normal arm64 Compiling\ AccessLevelModifier.swift,\ DeclarationModifier.swift,\ DeclarationModifiers.swift,\ MutationModifier.swift,\ OperatorDeclaration.swift,\ PrecedenceGroupDeclaration.swift,\ ProtocolDeclaration.swift,\ StructDeclaration.swift,\ SubscriptDeclaration.swift,\ TypealiasDeclaration.swift,\ VariableDeclaration.swift,\ Expression.swift /Users/admin/builder/spi-builder-workspace/.dependencies/checkouts/swift-ast/Sources/AST/Declaration/Modifier/AccessLevelModifier.swift /Users/admin/builder/spi-builder-workspace/.dependencies/checkouts/swift-ast/Sources/AST/Declaration/Modifier/DeclarationModifier.swift /Users/admin/builder/spi-builder-workspace/.dependencies/checkouts/swift-ast/Sources/AST/Declaration/Modifier/DeclarationModifiers.swift /Users/admin/builder/spi-builder-workspace/.dependencies/checkouts/swift-ast/Sources/AST/Declaration/Modifier/MutationModifier.swift /Users/admin/builder/spi-builder-workspace/.dependencies/checkouts/swift-ast/Sources/AST/Declaration/OperatorDeclaration.swift /Users/admin/builder/spi-builder-workspace/.dependencies/checkouts/swift-ast/Sources/AST/Declaration/PrecedenceGroupDeclaration.swift /Users/admin/builder/spi-builder-workspace/.dependencies/checkouts/swift-ast/Sources/AST/Declaration/ProtocolDeclaration.swift /Users/admin/builder/spi-builder-workspace/.dependencies/checkouts/swift-ast/Sources/AST/Declaration/StructDeclaration.swift /Users/admin/builder/spi-builder-workspace/.dependencies/checkouts/swift-ast/Sources/AST/Declaration/SubscriptDeclaration.swift /Users/admin/builder/spi-builder-workspace/.dependencies/checkouts/swift-ast/Sources/AST/Declaration/TypealiasDeclaration.swift /Users/admin/builder/spi-builder-workspace/.dependencies/checkouts/swift-ast/Sources/AST/Declaration/VariableDeclaration.swift /Users/admin/builder/spi-builder-workspace/.dependencies/checkouts/swift-ast/Sources/AST/Expression.swift (in target 'AST' from project 'swift-ast')
SwiftCompile normal arm64 /Users/admin/builder/spi-builder-workspace/.dependencies/checkouts/swift-ast/Sources/AST/Declaration/Modifier/AccessLevelModifier.swift (in target 'AST' from project 'swift-ast')
cd /Users/admin/builder/spi-builder-workspace/.swiftpm/xcode
builtin-SwiftPerFileCompile AccessLevelModifier.swift
SwiftCompile normal arm64 /Users/admin/builder/spi-builder-workspace/.dependencies/checkouts/swift-ast/Sources/AST/Declaration/Modifier/DeclarationModifier.swift (in target 'AST' from project 'swift-ast')
cd /Users/admin/builder/spi-builder-workspace/.swiftpm/xcode
builtin-SwiftPerFileCompile DeclarationModifier.swift
SwiftCompile normal arm64 /Users/admin/builder/spi-builder-workspace/.dependencies/checkouts/swift-ast/Sources/AST/Declaration/Modifier/DeclarationModifiers.swift (in target 'AST' from project 'swift-ast')
cd /Users/admin/builder/spi-builder-workspace/.swiftpm/xcode
builtin-SwiftPerFileCompile DeclarationModifiers.swift
SwiftCompile normal arm64 /Users/admin/builder/spi-builder-workspace/.dependencies/checkouts/swift-ast/Sources/AST/Declaration/Modifier/MutationModifier.swift (in target 'AST' from project 'swift-ast')
cd /Users/admin/builder/spi-builder-workspace/.swiftpm/xcode
builtin-SwiftPerFileCompile MutationModifier.swift
SwiftCompile normal arm64 /Users/admin/builder/spi-builder-workspace/.dependencies/checkouts/swift-ast/Sources/AST/Declaration/OperatorDeclaration.swift (in target 'AST' from project 'swift-ast')
cd /Users/admin/builder/spi-builder-workspace/.swiftpm/xcode
builtin-SwiftPerFileCompile OperatorDeclaration.swift
SwiftCompile normal arm64 /Users/admin/builder/spi-builder-workspace/.dependencies/checkouts/swift-ast/Sources/AST/Declaration/PrecedenceGroupDeclaration.swift (in target 'AST' from project 'swift-ast')
cd /Users/admin/builder/spi-builder-workspace/.swiftpm/xcode
builtin-SwiftPerFileCompile PrecedenceGroupDeclaration.swift
SwiftCompile normal arm64 /Users/admin/builder/spi-builder-workspace/.dependencies/checkouts/swift-ast/Sources/AST/Declaration/ProtocolDeclaration.swift (in target 'AST' from project 'swift-ast')
cd /Users/admin/builder/spi-builder-workspace/.swiftpm/xcode
builtin-SwiftPerFileCompile ProtocolDeclaration.swift
SwiftCompile normal arm64 /Users/admin/builder/spi-builder-workspace/.dependencies/checkouts/swift-ast/Sources/AST/Declaration/StructDeclaration.swift (in target 'AST' from project 'swift-ast')
cd /Users/admin/builder/spi-builder-workspace/.swiftpm/xcode
builtin-SwiftPerFileCompile StructDeclaration.swift
SwiftCompile normal arm64 /Users/admin/builder/spi-builder-workspace/.dependencies/checkouts/swift-ast/Sources/AST/Declaration/SubscriptDeclaration.swift (in target 'AST' from project 'swift-ast')
cd /Users/admin/builder/spi-builder-workspace/.swiftpm/xcode
builtin-SwiftPerFileCompile SubscriptDeclaration.swift
SwiftCompile normal arm64 /Users/admin/builder/spi-builder-workspace/.dependencies/checkouts/swift-ast/Sources/AST/Declaration/TypealiasDeclaration.swift (in target 'AST' from project 'swift-ast')
cd /Users/admin/builder/spi-builder-workspace/.swiftpm/xcode
builtin-SwiftPerFileCompile TypealiasDeclaration.swift
SwiftCompile normal arm64 /Users/admin/builder/spi-builder-workspace/.dependencies/checkouts/swift-ast/Sources/AST/Declaration/VariableDeclaration.swift (in target 'AST' from project 'swift-ast')
cd /Users/admin/builder/spi-builder-workspace/.swiftpm/xcode
builtin-SwiftPerFileCompile VariableDeclaration.swift
SwiftCompile normal arm64 /Users/admin/builder/spi-builder-workspace/.dependencies/checkouts/swift-ast/Sources/AST/Expression.swift (in target 'AST' from project 'swift-ast')
cd /Users/admin/builder/spi-builder-workspace/.swiftpm/xcode
builtin-SwiftPerFileCompile Expression.swift
Ld /Users/admin/builder/spi-builder-workspace/.derivedData/Build/Products/Debug/Composition.o normal (in target 'Composition' from project 'Song')
cd /Users/admin/builder/spi-builder-workspace
/Applications/Xcode-27.0.0-Release.Candidate.app/Contents/Developer/Toolchains/XcodeDefault.xctoolchain/usr/bin/clang -Xlinker -reproducible -target arm64-apple-macos14.0 -r -isysroot /Applications/Xcode-27.0.0-Release.Candidate.app/Contents/Developer/Platforms/MacOSX.platform/Developer/SDKs/MacOSX27.0.sdk -O0 -Xlinker -no_warn_duplicate_libraries -F/Users/admin/builder/spi-builder-workspace/.derivedData/Build/Intermediates.noindex/EagerLinkingTBDs/Debug -F/Users/admin/builder/spi-builder-workspace/.derivedData/Build/Products/Debug/PackageFrameworks -F/Users/admin/builder/spi-builder-workspace/.derivedData/Build/Products/Debug -iframework /Applications/Xcode-27.0.0-Release.Candidate.app/Contents/Developer/Platforms/MacOSX.platform/Developer/Library/Frameworks -filelist /Users/admin/builder/spi-builder-workspace/.derivedData/Build/Intermediates.noindex/Song.build/Debug/Composition-t.build/Objects-normal/arm64/Composition.LinkFileList -nostdlib -Xlinker -object_path_lto -Xlinker /Users/admin/builder/spi-builder-workspace/.derivedData/Build/Intermediates.noindex/Song.build/Debug/Composition-t.build/Objects-normal/arm64/Composition_lto.o -Xlinker -no_deduplicate -Xlinker -debug_variant -Xlinker -dependency_info -Xlinker /Users/admin/builder/spi-builder-workspace/.derivedData/Build/Intermediates.noindex/Song.build/Debug/Composition-t.build/Objects-normal/arm64/Composition_dependency_info.dat -fobjc-link-runtime -L/Applications/Xcode-27.0.0-Release.Candidate.app/Contents/Developer/Toolchains/XcodeDefault.xctoolchain/usr/lib/swift/macosx -L/usr/lib/swift -Xlinker -add_ast_path -Xlinker /Users/admin/builder/spi-builder-workspace/.derivedData/Build/Intermediates.noindex/Song.build/Debug/Composition-t.build/Objects-normal/arm64/Composition.swiftmodule -o /Users/admin/builder/spi-builder-workspace/.derivedData/Build/Products/Debug/Composition.o
SwiftDriverJobDiscovery normal arm64 Compiling UnicodeScalar+Lexer.swift (in target 'Lexer' from project 'swift-ast')
SwiftCompile normal arm64 Compiling\ WillSetDidSetBlock.swift,\ ClassDeclaration.swift,\ ConstantDeclaration.swift,\ DeinitializerDeclaration.swift,\ EnumDeclaration.swift,\ ExtensionDeclaration.swift,\ FunctionResult.swift,\ FunctionSignature.swift,\ FunctionDeclaration.swift,\ ImportDeclaration.swift,\ PatternInitializer.swift,\ InitializerDeclaration.swift /Users/admin/builder/spi-builder-workspace/.dependencies/checkouts/swift-ast/Sources/AST/Declaration/Block/WillSetDidSetBlock.swift /Users/admin/builder/spi-builder-workspace/.dependencies/checkouts/swift-ast/Sources/AST/Declaration/ClassDeclaration.swift /Users/admin/builder/spi-builder-workspace/.dependencies/checkouts/swift-ast/Sources/AST/Declaration/ConstantDeclaration.swift /Users/admin/builder/spi-builder-workspace/.dependencies/checkouts/swift-ast/Sources/AST/Declaration/DeinitializerDeclaration.swift /Users/admin/builder/spi-builder-workspace/.dependencies/checkouts/swift-ast/Sources/AST/Declaration/EnumDeclaration.swift /Users/admin/builder/spi-builder-workspace/.dependencies/checkouts/swift-ast/Sources/AST/Declaration/ExtensionDeclaration.swift /Users/admin/builder/spi-builder-workspace/.dependencies/checkouts/swift-ast/Sources/AST/Declaration/Function/FunctionResult.swift /Users/admin/builder/spi-builder-workspace/.dependencies/checkouts/swift-ast/Sources/AST/Declaration/Function/FunctionSignature.swift /Users/admin/builder/spi-builder-workspace/.dependencies/checkouts/swift-ast/Sources/AST/Declaration/FunctionDeclaration.swift /Users/admin/builder/spi-builder-workspace/.dependencies/checkouts/swift-ast/Sources/AST/Declaration/ImportDeclaration.swift /Users/admin/builder/spi-builder-workspace/.dependencies/checkouts/swift-ast/Sources/AST/Declaration/Initializer/PatternInitializer.swift /Users/admin/builder/spi-builder-workspace/.dependencies/checkouts/swift-ast/Sources/AST/Declaration/InitializerDeclaration.swift (in target 'AST' from project 'swift-ast')
SwiftCompile normal arm64 /Users/admin/builder/spi-builder-workspace/.dependencies/checkouts/swift-ast/Sources/AST/Declaration/Block/WillSetDidSetBlock.swift (in target 'AST' from project 'swift-ast')
cd /Users/admin/builder/spi-builder-workspace/.swiftpm/xcode
builtin-SwiftPerFileCompile WillSetDidSetBlock.swift
SwiftCompile normal arm64 /Users/admin/builder/spi-builder-workspace/.dependencies/checkouts/swift-ast/Sources/AST/Declaration/ClassDeclaration.swift (in target 'AST' from project 'swift-ast')
cd /Users/admin/builder/spi-builder-workspace/.swiftpm/xcode
builtin-SwiftPerFileCompile ClassDeclaration.swift
SwiftCompile normal arm64 /Users/admin/builder/spi-builder-workspace/.dependencies/checkouts/swift-ast/Sources/AST/Declaration/ConstantDeclaration.swift (in target 'AST' from project 'swift-ast')
cd /Users/admin/builder/spi-builder-workspace/.swiftpm/xcode
builtin-SwiftPerFileCompile ConstantDeclaration.swift
SwiftCompile normal arm64 /Users/admin/builder/spi-builder-workspace/.dependencies/checkouts/swift-ast/Sources/AST/Declaration/DeinitializerDeclaration.swift (in target 'AST' from project 'swift-ast')
cd /Users/admin/builder/spi-builder-workspace/.swiftpm/xcode
builtin-SwiftPerFileCompile DeinitializerDeclaration.swift
SwiftCompile normal arm64 /Users/admin/builder/spi-builder-workspace/.dependencies/checkouts/swift-ast/Sources/AST/Declaration/EnumDeclaration.swift (in target 'AST' from project 'swift-ast')
cd /Users/admin/builder/spi-builder-workspace/.swiftpm/xcode
builtin-SwiftPerFileCompile EnumDeclaration.swift
SwiftCompile normal arm64 /Users/admin/builder/spi-builder-workspace/.dependencies/checkouts/swift-ast/Sources/AST/Declaration/ExtensionDeclaration.swift (in target 'AST' from project 'swift-ast')
cd /Users/admin/builder/spi-builder-workspace/.swiftpm/xcode
builtin-SwiftPerFileCompile ExtensionDeclaration.swift
SwiftCompile normal arm64 /Users/admin/builder/spi-builder-workspace/.dependencies/checkouts/swift-ast/Sources/AST/Declaration/Function/FunctionResult.swift (in target 'AST' from project 'swift-ast')
cd /Users/admin/builder/spi-builder-workspace/.swiftpm/xcode
builtin-SwiftPerFileCompile FunctionResult.swift
SwiftCompile normal arm64 /Users/admin/builder/spi-builder-workspace/.dependencies/checkouts/swift-ast/Sources/AST/Declaration/Function/FunctionSignature.swift (in target 'AST' from project 'swift-ast')
cd /Users/admin/builder/spi-builder-workspace/.swiftpm/xcode
builtin-SwiftPerFileCompile FunctionSignature.swift
SwiftCompile normal arm64 /Users/admin/builder/spi-builder-workspace/.dependencies/checkouts/swift-ast/Sources/AST/Declaration/FunctionDeclaration.swift (in target 'AST' from project 'swift-ast')
cd /Users/admin/builder/spi-builder-workspace/.swiftpm/xcode
builtin-SwiftPerFileCompile FunctionDeclaration.swift
SwiftCompile normal arm64 /Users/admin/builder/spi-builder-workspace/.dependencies/checkouts/swift-ast/Sources/AST/Declaration/ImportDeclaration.swift (in target 'AST' from project 'swift-ast')
cd /Users/admin/builder/spi-builder-workspace/.swiftpm/xcode
builtin-SwiftPerFileCompile ImportDeclaration.swift
SwiftCompile normal arm64 /Users/admin/builder/spi-builder-workspace/.dependencies/checkouts/swift-ast/Sources/AST/Declaration/Initializer/PatternInitializer.swift (in target 'AST' from project 'swift-ast')
cd /Users/admin/builder/spi-builder-workspace/.swiftpm/xcode
builtin-SwiftPerFileCompile PatternInitializer.swift
SwiftCompile normal arm64 /Users/admin/builder/spi-builder-workspace/.dependencies/checkouts/swift-ast/Sources/AST/Declaration/InitializerDeclaration.swift (in target 'AST' from project 'swift-ast')
cd /Users/admin/builder/spi-builder-workspace/.swiftpm/xcode
builtin-SwiftPerFileCompile InitializerDeclaration.swift
SwiftDriverJobDiscovery normal arm64 Compiling Lexer+Comment.swift, Lexer+Identifier.swift (in target 'Lexer' from project 'swift-ast')
SwiftCompile normal arm64 Compiling\ TernaryConditionalOperatorExpression.swift,\ TryOperatorExpression.swift,\ TupleExpression.swift,\ TypeCastingOperatorExpression.swift,\ WildcardExpression.swift,\ ExpressionList.swift,\ GenericArgumentClause.swift,\ GenericParameterClause.swift,\ GenericWhereClause.swift,\ Identifier.swift,\ IdentifierList.swift,\ LocatableNode.swift /Users/admin/builder/spi-builder-workspace/.dependencies/checkouts/swift-ast/Sources/AST/Expression/TernaryConditionalOperatorExpression.swift /Users/admin/builder/spi-builder-workspace/.dependencies/checkouts/swift-ast/Sources/AST/Expression/TryOperatorExpression.swift /Users/admin/builder/spi-builder-workspace/.dependencies/checkouts/swift-ast/Sources/AST/Expression/TupleExpression.swift /Users/admin/builder/spi-builder-workspace/.dependencies/checkouts/swift-ast/Sources/AST/Expression/TypeCastingOperatorExpression.swift /Users/admin/builder/spi-builder-workspace/.dependencies/checkouts/swift-ast/Sources/AST/Expression/WildcardExpression.swift /Users/admin/builder/spi-builder-workspace/.dependencies/checkouts/swift-ast/Sources/AST/ExpressionList.swift /Users/admin/builder/spi-builder-workspace/.dependencies/checkouts/swift-ast/Sources/AST/Generic/GenericArgumentClause.swift /Users/admin/builder/spi-builder-workspace/.dependencies/checkouts/swift-ast/Sources/AST/Generic/GenericParameterClause.swift /Users/admin/builder/spi-builder-workspace/.dependencies/checkouts/swift-ast/Sources/AST/Generic/GenericWhereClause.swift /Users/admin/builder/spi-builder-workspace/.dependencies/checkouts/swift-ast/Sources/AST/Identifier.swift /Users/admin/builder/spi-builder-workspace/.dependencies/checkouts/swift-ast/Sources/AST/IdentifierList.swift /Users/admin/builder/spi-builder-workspace/.dependencies/checkouts/swift-ast/Sources/AST/LocatableNode.swift (in target 'AST' from project 'swift-ast')
SwiftCompile normal arm64 /Users/admin/builder/spi-builder-workspace/.dependencies/checkouts/swift-ast/Sources/AST/Expression/TernaryConditionalOperatorExpression.swift (in target 'AST' from project 'swift-ast')
cd /Users/admin/builder/spi-builder-workspace/.swiftpm/xcode
builtin-SwiftPerFileCompile TernaryConditionalOperatorExpression.swift
SwiftCompile normal arm64 /Users/admin/builder/spi-builder-workspace/.dependencies/checkouts/swift-ast/Sources/AST/Expression/TryOperatorExpression.swift (in target 'AST' from project 'swift-ast')
cd /Users/admin/builder/spi-builder-workspace/.swiftpm/xcode
builtin-SwiftPerFileCompile TryOperatorExpression.swift
SwiftCompile normal arm64 /Users/admin/builder/spi-builder-workspace/.dependencies/checkouts/swift-ast/Sources/AST/Expression/TupleExpression.swift (in target 'AST' from project 'swift-ast')
cd /Users/admin/builder/spi-builder-workspace/.swiftpm/xcode
builtin-SwiftPerFileCompile TupleExpression.swift
SwiftCompile normal arm64 /Users/admin/builder/spi-builder-workspace/.dependencies/checkouts/swift-ast/Sources/AST/Expression/TypeCastingOperatorExpression.swift (in target 'AST' from project 'swift-ast')
cd /Users/admin/builder/spi-builder-workspace/.swiftpm/xcode
builtin-SwiftPerFileCompile TypeCastingOperatorExpression.swift
SwiftCompile normal arm64 /Users/admin/builder/spi-builder-workspace/.dependencies/checkouts/swift-ast/Sources/AST/Expression/WildcardExpression.swift (in target 'AST' from project 'swift-ast')
cd /Users/admin/builder/spi-builder-workspace/.swiftpm/xcode
builtin-SwiftPerFileCompile WildcardExpression.swift
SwiftCompile normal arm64 /Users/admin/builder/spi-builder-workspace/.dependencies/checkouts/swift-ast/Sources/AST/ExpressionList.swift (in target 'AST' from project 'swift-ast')
cd /Users/admin/builder/spi-builder-workspace/.swiftpm/xcode
builtin-SwiftPerFileCompile ExpressionList.swift
SwiftCompile normal arm64 /Users/admin/builder/spi-builder-workspace/.dependencies/checkouts/swift-ast/Sources/AST/Generic/GenericArgumentClause.swift (in target 'AST' from project 'swift-ast')
cd /Users/admin/builder/spi-builder-workspace/.swiftpm/xcode
builtin-SwiftPerFileCompile GenericArgumentClause.swift
SwiftCompile normal arm64 /Users/admin/builder/spi-builder-workspace/.dependencies/checkouts/swift-ast/Sources/AST/Generic/GenericParameterClause.swift (in target 'AST' from project 'swift-ast')
cd /Users/admin/builder/spi-builder-workspace/.swiftpm/xcode
builtin-SwiftPerFileCompile GenericParameterClause.swift
SwiftCompile normal arm64 /Users/admin/builder/spi-builder-workspace/.dependencies/checkouts/swift-ast/Sources/AST/Generic/GenericWhereClause.swift (in target 'AST' from project 'swift-ast')
cd /Users/admin/builder/spi-builder-workspace/.swiftpm/xcode
builtin-SwiftPerFileCompile GenericWhereClause.swift
SwiftCompile normal arm64 /Users/admin/builder/spi-builder-workspace/.dependencies/checkouts/swift-ast/Sources/AST/Identifier.swift (in target 'AST' from project 'swift-ast')
cd /Users/admin/builder/spi-builder-workspace/.swiftpm/xcode
builtin-SwiftPerFileCompile Identifier.swift
SwiftCompile normal arm64 /Users/admin/builder/spi-builder-workspace/.dependencies/checkouts/swift-ast/Sources/AST/IdentifierList.swift (in target 'AST' from project 'swift-ast')
cd /Users/admin/builder/spi-builder-workspace/.swiftpm/xcode
builtin-SwiftPerFileCompile IdentifierList.swift
SwiftCompile normal arm64 /Users/admin/builder/spi-builder-workspace/.dependencies/checkouts/swift-ast/Sources/AST/LocatableNode.swift (in target 'AST' from project 'swift-ast')
cd /Users/admin/builder/spi-builder-workspace/.swiftpm/xcode
builtin-SwiftPerFileCompile LocatableNode.swift
SwiftDriverJobDiscovery normal arm64 Emitting module for Lexer (in target 'Lexer' from project 'swift-ast')
SwiftDriver\ Compilation\ Requirements Lexer normal arm64 com.apple.xcode.tools.swift.compiler (in target 'Lexer' from project 'swift-ast')
cd /Users/admin/builder/spi-builder-workspace/.swiftpm/xcode
builtin-Swift-Compilation-Requirements -- /Applications/Xcode-27.0.0-Release.Candidate.app/Contents/Developer/Toolchains/XcodeDefault.xctoolchain/usr/bin/swiftc -parse-as-library -module-name Lexer -Onone @/Users/admin/builder/spi-builder-workspace/.derivedData/Build/Intermediates.noindex/swift-ast.build/Debug/Lexer-t.build/Objects-normal/arm64/Lexer.SwiftFileList -DSWIFT_PACKAGE -DDEBUG -DSWIFT_MODULE_RESOURCE_BUNDLE_UNAVAILABLE -DXcode -plugin-path /Applications/Xcode-27.0.0-Release.Candidate.app/Contents/Developer/Toolchains/XcodeDefault.xctoolchain/usr/lib/swift/host/plugins/testing -enable-experimental-feature DebugDescriptionMacro -sdk /Applications/Xcode-27.0.0-Release.Candidate.app/Contents/Developer/Platforms/MacOSX.platform/Developer/SDKs/MacOSX27.0.sdk -target arm64-apple-macos12.0 -g -module-cache-path /Users/admin/builder/spi-builder-workspace/.derivedData/ModuleCache.noindex -Xfrontend -serialize-debugging-options -profile-coverage-mapping -profile-generate -enable-testing -suppress-warnings -index-store-path /Users/admin/builder/spi-builder-workspace/.derivedData/Index.noindex/DataStore -Xcc -D_LIBCPP_HARDENING_MODE\=_LIBCPP_HARDENING_MODE_DEBUG -swift-version 5 -I /Users/admin/builder/spi-builder-workspace/.derivedData/Build/Products/Debug -Isystem /Applications/Xcode-27.0.0-Release.Candidate.app/Contents/Developer/Platforms/MacOSX.platform/Developer/usr/lib -F /Users/admin/builder/spi-builder-workspace/.derivedData/Build/Products/Debug/PackageFrameworks -F /Users/admin/builder/spi-builder-workspace/.derivedData/Build/Products/Debug -F /Applications/Xcode-27.0.0-Release.Candidate.app/Contents/Developer/Platforms/MacOSX.platform/Developer/Library/Frameworks -c -j10 -enable-batch-mode -incremental -Xcc -ivfsstatcache -Xcc /Users/admin/builder/spi-builder-workspace/.derivedData/SDKStatCaches.noindex/macosx27.0-26A425-e829b21a6f8c9b70876ba0858053c0446a22442a12e9d48fe1a705f55a1adfc4.sdkstatcache -output-file-map /Users/admin/builder/spi-builder-workspace/.derivedData/Build/Intermediates.noindex/swift-ast.build/Debug/Lexer-t.build/Objects-normal/arm64/Lexer-OutputFileMap.json -save-temps -no-color-diagnostics -explicit-module-build -module-cache-path /Users/admin/builder/spi-builder-workspace/.derivedData/Build/Intermediates.noindex/SwiftExplicitPrecompiledModules -clang-scanner-module-cache-path /Users/admin/builder/spi-builder-workspace/.derivedData/ModuleCache.noindex -sdk-module-cache-path /Users/admin/builder/spi-builder-workspace/.derivedData/SDKExplicitPrecompiledModules -emit-dependencies -emit-module -emit-module-path /Users/admin/builder/spi-builder-workspace/.derivedData/Build/Intermediates.noindex/swift-ast.build/Debug/Lexer-t.build/Objects-normal/arm64/Lexer.swiftmodule -serialize-diagnostics -dependency-scan-serialize-diagnostics-path /Users/admin/builder/spi-builder-workspace/.derivedData/Build/Intermediates.noindex/swift-ast.build/Debug/Lexer-t.build/Objects-normal/arm64/Lexer-dependency-scan.dia -validate-clang-modules-once -clang-build-session-file /Users/admin/builder/spi-builder-workspace/.derivedData/ModuleCache.noindex/Session.modulevalidation -Xcc -fmodules-prune-interval\=86400 -Xcc -fmodules-prune-after\=345600 -emit-const-values -const-gather-protocols-list /Users/admin/builder/spi-builder-workspace/.derivedData/Build/Intermediates.noindex/swift-ast.build/Debug/Lexer-t.build/Objects-normal/arm64/Lexer_const_extract_protocols.json -Xcc -I/Users/admin/builder/spi-builder-workspace/.derivedData/Build/Products/Debug/include -Xcc -I/Users/admin/builder/spi-builder-workspace/.derivedData/Build/Intermediates.noindex/swift-ast.build/Debug/Lexer-t.build/DerivedSources-normal/arm64 -Xcc -I/Users/admin/builder/spi-builder-workspace/.derivedData/Build/Intermediates.noindex/swift-ast.build/Debug/Lexer-t.build/DerivedSources/arm64 -Xcc -I/Users/admin/builder/spi-builder-workspace/.derivedData/Build/Intermediates.noindex/swift-ast.build/Debug/Lexer-t.build/DerivedSources -Xcc -DSWIFT_PACKAGE -Xcc -DDEBUG\=1 -emit-objc-header -emit-objc-header-path /Users/admin/builder/spi-builder-workspace/.derivedData/Build/Intermediates.noindex/swift-ast.build/Debug/Lexer-t.build/Objects-normal/arm64/Lexer-Swift.h -working-directory /Users/admin/builder/spi-builder-workspace/.swiftpm/xcode -experimental-emit-module-separately -disable-cmo
SwiftDriverJobDiscovery normal arm64 Compiling TokenKind+Dummy.swift, TokenKind+Equatable.swift (in target 'Lexer' from project 'swift-ast')
SwiftCompile normal arm64 Compiling\ AssignmentOperatorExpression.swift,\ BinaryOperatorExpression.swift,\ ClosureExpression.swift,\ ExplicitMemberExpression.swift,\ ForcedValueExpression.swift,\ FunctionCallExpression.swift,\ IdentifierExpression.swift,\ ImplicitMemberExpression.swift,\ InOutExpression.swift,\ InitializerExpression.swift,\ KeyPathExpression.swift,\ KeyPathStringExpression.swift /Users/admin/builder/spi-builder-workspace/.dependencies/checkouts/swift-ast/Sources/AST/Expression/AssignmentOperatorExpression.swift /Users/admin/builder/spi-builder-workspace/.dependencies/checkouts/swift-ast/Sources/AST/Expression/BinaryOperatorExpression.swift /Users/admin/builder/spi-builder-workspace/.dependencies/checkouts/swift-ast/Sources/AST/Expression/ClosureExpression.swift /Users/admin/builder/spi-builder-workspace/.dependencies/checkouts/swift-ast/Sources/AST/Expression/ExplicitMemberExpression.swift /Users/admin/builder/spi-builder-workspace/.dependencies/checkouts/swift-ast/Sources/AST/Expression/ForcedValueExpression.swift /Users/admin/builder/spi-builder-workspace/.dependencies/checkouts/swift-ast/Sources/AST/Expression/FunctionCallExpression.swift /Users/admin/builder/spi-builder-workspace/.dependencies/checkouts/swift-ast/Sources/AST/Expression/IdentifierExpression.swift /Users/admin/builder/spi-builder-workspace/.dependencies/checkouts/swift-ast/Sources/AST/Expression/ImplicitMemberExpression.swift /Users/admin/builder/spi-builder-workspace/.dependencies/checkouts/swift-ast/Sources/AST/Expression/InOutExpression.swift /Users/admin/builder/spi-builder-workspace/.dependencies/checkouts/swift-ast/Sources/AST/Expression/InitializerExpression.swift /Users/admin/builder/spi-builder-workspace/.dependencies/checkouts/swift-ast/Sources/AST/Expression/KeyPathExpression.swift /Users/admin/builder/spi-builder-workspace/.dependencies/checkouts/swift-ast/Sources/AST/Expression/KeyPathStringExpression.swift (in target 'AST' from project 'swift-ast')
SwiftCompile normal arm64 /Users/admin/builder/spi-builder-workspace/.dependencies/checkouts/swift-ast/Sources/AST/Expression/AssignmentOperatorExpression.swift (in target 'AST' from project 'swift-ast')
cd /Users/admin/builder/spi-builder-workspace/.swiftpm/xcode
builtin-SwiftPerFileCompile AssignmentOperatorExpression.swift
SwiftCompile normal arm64 /Users/admin/builder/spi-builder-workspace/.dependencies/checkouts/swift-ast/Sources/AST/Expression/BinaryOperatorExpression.swift (in target 'AST' from project 'swift-ast')
cd /Users/admin/builder/spi-builder-workspace/.swiftpm/xcode
builtin-SwiftPerFileCompile BinaryOperatorExpression.swift
SwiftCompile normal arm64 /Users/admin/builder/spi-builder-workspace/.dependencies/checkouts/swift-ast/Sources/AST/Expression/ClosureExpression.swift (in target 'AST' from project 'swift-ast')
cd /Users/admin/builder/spi-builder-workspace/.swiftpm/xcode
builtin-SwiftPerFileCompile ClosureExpression.swift
SwiftCompile normal arm64 /Users/admin/builder/spi-builder-workspace/.dependencies/checkouts/swift-ast/Sources/AST/Expression/ExplicitMemberExpression.swift (in target 'AST' from project 'swift-ast')
cd /Users/admin/builder/spi-builder-workspace/.swiftpm/xcode
builtin-SwiftPerFileCompile ExplicitMemberExpression.swift
SwiftCompile normal arm64 /Users/admin/builder/spi-builder-workspace/.dependencies/checkouts/swift-ast/Sources/AST/Expression/ForcedValueExpression.swift (in target 'AST' from project 'swift-ast')
cd /Users/admin/builder/spi-builder-workspace/.swiftpm/xcode
builtin-SwiftPerFileCompile ForcedValueExpression.swift
SwiftCompile normal arm64 /Users/admin/builder/spi-builder-workspace/.dependencies/checkouts/swift-ast/Sources/AST/Expression/FunctionCallExpression.swift (in target 'AST' from project 'swift-ast')
cd /Users/admin/builder/spi-builder-workspace/.swiftpm/xcode
builtin-SwiftPerFileCompile FunctionCallExpression.swift
SwiftCompile normal arm64 /Users/admin/builder/spi-builder-workspace/.dependencies/checkouts/swift-ast/Sources/AST/Expression/IdentifierExpression.swift (in target 'AST' from project 'swift-ast')
cd /Users/admin/builder/spi-builder-workspace/.swiftpm/xcode
builtin-SwiftPerFileCompile IdentifierExpression.swift
SwiftCompile normal arm64 /Users/admin/builder/spi-builder-workspace/.dependencies/checkouts/swift-ast/Sources/AST/Expression/ImplicitMemberExpression.swift (in target 'AST' from project 'swift-ast')
cd /Users/admin/builder/spi-builder-workspace/.swiftpm/xcode
builtin-SwiftPerFileCompile ImplicitMemberExpression.swift
SwiftCompile normal arm64 /Users/admin/builder/spi-builder-workspace/.dependencies/checkouts/swift-ast/Sources/AST/Expression/InOutExpression.swift (in target 'AST' from project 'swift-ast')
cd /Users/admin/builder/spi-builder-workspace/.swiftpm/xcode
builtin-SwiftPerFileCompile InOutExpression.swift
SwiftCompile normal arm64 /Users/admin/builder/spi-builder-workspace/.dependencies/checkouts/swift-ast/Sources/AST/Expression/InitializerExpression.swift (in target 'AST' from project 'swift-ast')
cd /Users/admin/builder/spi-builder-workspace/.swiftpm/xcode
builtin-SwiftPerFileCompile InitializerExpression.swift
SwiftCompile normal arm64 /Users/admin/builder/spi-builder-workspace/.dependencies/checkouts/swift-ast/Sources/AST/Expression/KeyPathExpression.swift (in target 'AST' from project 'swift-ast')
cd /Users/admin/builder/spi-builder-workspace/.swiftpm/xcode
builtin-SwiftPerFileCompile KeyPathExpression.swift
SwiftCompile normal arm64 /Users/admin/builder/spi-builder-workspace/.dependencies/checkouts/swift-ast/Sources/AST/Expression/KeyPathStringExpression.swift (in target 'AST' from project 'swift-ast')
cd /Users/admin/builder/spi-builder-workspace/.swiftpm/xcode
builtin-SwiftPerFileCompile KeyPathStringExpression.swift
SwiftMergeGeneratedHeaders /Users/admin/builder/spi-builder-workspace/.derivedData/Build/Intermediates.noindex/GeneratedModuleMaps/Lexer-Swift.h /Users/admin/builder/spi-builder-workspace/.derivedData/Build/Intermediates.noindex/swift-ast.build/Debug/Lexer-t.build/Objects-normal/arm64/Lexer-Swift.h (in target 'Lexer' from project 'swift-ast')
cd /Users/admin/builder/spi-builder-workspace/.dependencies/checkouts/swift-ast
builtin-swiftHeaderTool -arch arm64 /Users/admin/builder/spi-builder-workspace/.derivedData/Build/Intermediates.noindex/swift-ast.build/Debug/Lexer-t.build/Objects-normal/arm64/Lexer-Swift.h -o /Users/admin/builder/spi-builder-workspace/.derivedData/Build/Intermediates.noindex/GeneratedModuleMaps/Lexer-Swift.h
Copy /Users/admin/builder/spi-builder-workspace/.derivedData/Build/Products/Debug/Lexer.swiftmodule/arm64-apple-macos.swiftmodule /Users/admin/builder/spi-builder-workspace/.derivedData/Build/Intermediates.noindex/swift-ast.build/Debug/Lexer-t.build/Objects-normal/arm64/Lexer.swiftmodule (in target 'Lexer' from project 'swift-ast')
cd /Users/admin/builder/spi-builder-workspace/.dependencies/checkouts/swift-ast
builtin-copy -exclude .DS_Store -exclude CVS -exclude .svn -exclude .git -exclude .hg -resolve-src-symlinks -rename /Users/admin/builder/spi-builder-workspace/.derivedData/Build/Intermediates.noindex/swift-ast.build/Debug/Lexer-t.build/Objects-normal/arm64/Lexer.swiftmodule /Users/admin/builder/spi-builder-workspace/.derivedData/Build/Products/Debug/Lexer.swiftmodule/arm64-apple-macos.swiftmodule
Copy /Users/admin/builder/spi-builder-workspace/.derivedData/Build/Products/Debug/Lexer.swiftmodule/arm64-apple-macos.swiftdoc /Users/admin/builder/spi-builder-workspace/.derivedData/Build/Intermediates.noindex/swift-ast.build/Debug/Lexer-t.build/Objects-normal/arm64/Lexer.swiftdoc (in target 'Lexer' from project 'swift-ast')
cd /Users/admin/builder/spi-builder-workspace/.dependencies/checkouts/swift-ast
builtin-copy -exclude .DS_Store -exclude CVS -exclude .svn -exclude .git -exclude .hg -resolve-src-symlinks -rename /Users/admin/builder/spi-builder-workspace/.derivedData/Build/Intermediates.noindex/swift-ast.build/Debug/Lexer-t.build/Objects-normal/arm64/Lexer.swiftdoc /Users/admin/builder/spi-builder-workspace/.derivedData/Build/Products/Debug/Lexer.swiftmodule/arm64-apple-macos.swiftdoc
Copy /Users/admin/builder/spi-builder-workspace/.derivedData/Build/Products/Debug/Lexer.swiftmodule/arm64-apple-macos.abi.json /Users/admin/builder/spi-builder-workspace/.derivedData/Build/Intermediates.noindex/swift-ast.build/Debug/Lexer-t.build/Objects-normal/arm64/Lexer.abi.json (in target 'Lexer' from project 'swift-ast')
cd /Users/admin/builder/spi-builder-workspace/.dependencies/checkouts/swift-ast
builtin-copy -exclude .DS_Store -exclude CVS -exclude .svn -exclude .git -exclude .hg -resolve-src-symlinks -rename /Users/admin/builder/spi-builder-workspace/.derivedData/Build/Intermediates.noindex/swift-ast.build/Debug/Lexer-t.build/Objects-normal/arm64/Lexer.abi.json /Users/admin/builder/spi-builder-workspace/.derivedData/Build/Products/Debug/Lexer.swiftmodule/arm64-apple-macos.abi.json
Copy /Users/admin/builder/spi-builder-workspace/.derivedData/Build/Products/Debug/Lexer.swiftmodule/Project/arm64-apple-macos.swiftsourceinfo /Users/admin/builder/spi-builder-workspace/.derivedData/Build/Intermediates.noindex/swift-ast.build/Debug/Lexer-t.build/Objects-normal/arm64/Lexer.swiftsourceinfo (in target 'Lexer' from project 'swift-ast')
cd /Users/admin/builder/spi-builder-workspace/.dependencies/checkouts/swift-ast
builtin-copy -exclude .DS_Store -exclude CVS -exclude .svn -exclude .git -exclude .hg -resolve-src-symlinks -rename /Users/admin/builder/spi-builder-workspace/.derivedData/Build/Intermediates.noindex/swift-ast.build/Debug/Lexer-t.build/Objects-normal/arm64/Lexer.swiftsourceinfo /Users/admin/builder/spi-builder-workspace/.derivedData/Build/Products/Debug/Lexer.swiftmodule/Project/arm64-apple-macos.swiftsourceinfo
SwiftCompile normal arm64 Compiling\ LiteralExpression.swift,\ OptionalChainingExpression.swift,\ ParenthesizedExpression.swift,\ PostfixOperatorExpression.swift,\ PostfixSelfExpression.swift,\ PrefixOperatorExpression.swift,\ SelectorExpression.swift,\ SelfExpression.swift,\ SequenceExpression.swift,\ SubscriptArgument.swift,\ SubscriptExpression.swift,\ SuperclassExpression.swift /Users/admin/builder/spi-builder-workspace/.dependencies/checkouts/swift-ast/Sources/AST/Expression/LiteralExpression.swift /Users/admin/builder/spi-builder-workspace/.dependencies/checkouts/swift-ast/Sources/AST/Expression/OptionalChainingExpression.swift /Users/admin/builder/spi-builder-workspace/.dependencies/checkouts/swift-ast/Sources/AST/Expression/ParenthesizedExpression.swift /Users/admin/builder/spi-builder-workspace/.dependencies/checkouts/swift-ast/Sources/AST/Expression/PostfixOperatorExpression.swift /Users/admin/builder/spi-builder-workspace/.dependencies/checkouts/swift-ast/Sources/AST/Expression/PostfixSelfExpression.swift /Users/admin/builder/spi-builder-workspace/.dependencies/checkouts/swift-ast/Sources/AST/Expression/PrefixOperatorExpression.swift /Users/admin/builder/spi-builder-workspace/.dependencies/checkouts/swift-ast/Sources/AST/Expression/SelectorExpression.swift /Users/admin/builder/spi-builder-workspace/.dependencies/checkouts/swift-ast/Sources/AST/Expression/SelfExpression.swift /Users/admin/builder/spi-builder-workspace/.dependencies/checkouts/swift-ast/Sources/AST/Expression/SequenceExpression.swift /Users/admin/builder/spi-builder-workspace/.dependencies/checkouts/swift-ast/Sources/AST/Expression/Subscript/SubscriptArgument.swift /Users/admin/builder/spi-builder-workspace/.dependencies/checkouts/swift-ast/Sources/AST/Expression/SubscriptExpression.swift /Users/admin/builder/spi-builder-workspace/.dependencies/checkouts/swift-ast/Sources/AST/Expression/SuperclassExpression.swift (in target 'AST' from project 'swift-ast')
SwiftCompile normal arm64 /Users/admin/builder/spi-builder-workspace/.dependencies/checkouts/swift-ast/Sources/AST/Expression/LiteralExpression.swift (in target 'AST' from project 'swift-ast')
cd /Users/admin/builder/spi-builder-workspace/.swiftpm/xcode
builtin-SwiftPerFileCompile LiteralExpression.swift
SwiftCompile normal arm64 /Users/admin/builder/spi-builder-workspace/.dependencies/checkouts/swift-ast/Sources/AST/Expression/OptionalChainingExpression.swift (in target 'AST' from project 'swift-ast')
cd /Users/admin/builder/spi-builder-workspace/.swiftpm/xcode
builtin-SwiftPerFileCompile OptionalChainingExpression.swift
SwiftCompile normal arm64 /Users/admin/builder/spi-builder-workspace/.dependencies/checkouts/swift-ast/Sources/AST/Expression/ParenthesizedExpression.swift (in target 'AST' from project 'swift-ast')
cd /Users/admin/builder/spi-builder-workspace/.swiftpm/xcode
builtin-SwiftPerFileCompile ParenthesizedExpression.swift
SwiftCompile normal arm64 /Users/admin/builder/spi-builder-workspace/.dependencies/checkouts/swift-ast/Sources/AST/Expression/PostfixOperatorExpression.swift (in target 'AST' from project 'swift-ast')
cd /Users/admin/builder/spi-builder-workspace/.swiftpm/xcode
builtin-SwiftPerFileCompile PostfixOperatorExpression.swift
SwiftCompile normal arm64 /Users/admin/builder/spi-builder-workspace/.dependencies/checkouts/swift-ast/Sources/AST/Expression/PostfixSelfExpression.swift (in target 'AST' from project 'swift-ast')
cd /Users/admin/builder/spi-builder-workspace/.swiftpm/xcode
builtin-SwiftPerFileCompile PostfixSelfExpression.swift
SwiftCompile normal arm64 /Users/admin/builder/spi-builder-workspace/.dependencies/checkouts/swift-ast/Sources/AST/Expression/PrefixOperatorExpression.swift (in target 'AST' from project 'swift-ast')
cd /Users/admin/builder/spi-builder-workspace/.swiftpm/xcode
builtin-SwiftPerFileCompile PrefixOperatorExpression.swift
SwiftCompile normal arm64 /Users/admin/builder/spi-builder-workspace/.dependencies/checkouts/swift-ast/Sources/AST/Expression/SelectorExpression.swift (in target 'AST' from project 'swift-ast')
cd /Users/admin/builder/spi-builder-workspace/.swiftpm/xcode
builtin-SwiftPerFileCompile SelectorExpression.swift
SwiftCompile normal arm64 /Users/admin/builder/spi-builder-workspace/.dependencies/checkouts/swift-ast/Sources/AST/Expression/SelfExpression.swift (in target 'AST' from project 'swift-ast')
cd /Users/admin/builder/spi-builder-workspace/.swiftpm/xcode
builtin-SwiftPerFileCompile SelfExpression.swift
SwiftCompile normal arm64 /Users/admin/builder/spi-builder-workspace/.dependencies/checkouts/swift-ast/Sources/AST/Expression/SequenceExpression.swift (in target 'AST' from project 'swift-ast')
cd /Users/admin/builder/spi-builder-workspace/.swiftpm/xcode
builtin-SwiftPerFileCompile SequenceExpression.swift
SwiftCompile normal arm64 /Users/admin/builder/spi-builder-workspace/.dependencies/checkouts/swift-ast/Sources/AST/Expression/Subscript/SubscriptArgument.swift (in target 'AST' from project 'swift-ast')
cd /Users/admin/builder/spi-builder-workspace/.swiftpm/xcode
builtin-SwiftPerFileCompile SubscriptArgument.swift
SwiftCompile normal arm64 /Users/admin/builder/spi-builder-workspace/.dependencies/checkouts/swift-ast/Sources/AST/Expression/SubscriptExpression.swift (in target 'AST' from project 'swift-ast')
cd /Users/admin/builder/spi-builder-workspace/.swiftpm/xcode
builtin-SwiftPerFileCompile SubscriptExpression.swift
SwiftCompile normal arm64 /Users/admin/builder/spi-builder-workspace/.dependencies/checkouts/swift-ast/Sources/AST/Expression/SuperclassExpression.swift (in target 'AST' from project 'swift-ast')
cd /Users/admin/builder/spi-builder-workspace/.swiftpm/xcode
builtin-SwiftPerFileCompile SuperclassExpression.swift
SwiftCompile normal arm64 Compiling\ CompilerControlStatement.swift,\ AvailabilityCondition.swift,\ Condition.swift,\ ConditionList.swift,\ ContinueStatement.swift,\ DeferStatement.swift,\ DoStatement.swift,\ FallthroughStatement.swift,\ ForInStatement.swift,\ GuardStatement.swift,\ IfStatement.swift,\ LabeledStatement.swift /Users/admin/builder/spi-builder-workspace/.dependencies/checkouts/swift-ast/Sources/AST/Statement/CompilerControlStatement.swift /Users/admin/builder/spi-builder-workspace/.dependencies/checkouts/swift-ast/Sources/AST/Statement/Condition/AvailabilityCondition.swift /Users/admin/builder/spi-builder-workspace/.dependencies/checkouts/swift-ast/Sources/AST/Statement/Condition/Condition.swift /Users/admin/builder/spi-builder-workspace/.dependencies/checkouts/swift-ast/Sources/AST/Statement/Condition/ConditionList.swift /Users/admin/builder/spi-builder-workspace/.dependencies/checkouts/swift-ast/Sources/AST/Statement/ContinueStatement.swift /Users/admin/builder/spi-builder-workspace/.dependencies/checkouts/swift-ast/Sources/AST/Statement/DeferStatement.swift /Users/admin/builder/spi-builder-workspace/.dependencies/checkouts/swift-ast/Sources/AST/Statement/DoStatement.swift /Users/admin/builder/spi-builder-workspace/.dependencies/checkouts/swift-ast/Sources/AST/Statement/FallthroughStatement.swift /Users/admin/builder/spi-builder-workspace/.dependencies/checkouts/swift-ast/Sources/AST/Statement/ForInStatement.swift /Users/admin/builder/spi-builder-workspace/.dependencies/checkouts/swift-ast/Sources/AST/Statement/GuardStatement.swift /Users/admin/builder/spi-builder-workspace/.dependencies/checkouts/swift-ast/Sources/AST/Statement/IfStatement.swift /Users/admin/builder/spi-builder-workspace/.dependencies/checkouts/swift-ast/Sources/AST/Statement/LabeledStatement.swift (in target 'AST' from project 'swift-ast')
SwiftCompile normal arm64 /Users/admin/builder/spi-builder-workspace/.dependencies/checkouts/swift-ast/Sources/AST/Statement/CompilerControlStatement.swift (in target 'AST' from project 'swift-ast')
cd /Users/admin/builder/spi-builder-workspace/.swiftpm/xcode
builtin-SwiftPerFileCompile CompilerControlStatement.swift
SwiftCompile normal arm64 /Users/admin/builder/spi-builder-workspace/.dependencies/checkouts/swift-ast/Sources/AST/Statement/Condition/AvailabilityCondition.swift (in target 'AST' from project 'swift-ast')
cd /Users/admin/builder/spi-builder-workspace/.swiftpm/xcode
builtin-SwiftPerFileCompile AvailabilityCondition.swift
SwiftCompile normal arm64 /Users/admin/builder/spi-builder-workspace/.dependencies/checkouts/swift-ast/Sources/AST/Statement/Condition/Condition.swift (in target 'AST' from project 'swift-ast')
cd /Users/admin/builder/spi-builder-workspace/.swiftpm/xcode
builtin-SwiftPerFileCompile Condition.swift
SwiftCompile normal arm64 /Users/admin/builder/spi-builder-workspace/.dependencies/checkouts/swift-ast/Sources/AST/Statement/Condition/ConditionList.swift (in target 'AST' from project 'swift-ast')
cd /Users/admin/builder/spi-builder-workspace/.swiftpm/xcode
builtin-SwiftPerFileCompile ConditionList.swift
SwiftCompile normal arm64 /Users/admin/builder/spi-builder-workspace/.dependencies/checkouts/swift-ast/Sources/AST/Statement/ContinueStatement.swift (in target 'AST' from project 'swift-ast')
cd /Users/admin/builder/spi-builder-workspace/.swiftpm/xcode
builtin-SwiftPerFileCompile ContinueStatement.swift
SwiftCompile normal arm64 /Users/admin/builder/spi-builder-workspace/.dependencies/checkouts/swift-ast/Sources/AST/Statement/DeferStatement.swift (in target 'AST' from project 'swift-ast')
cd /Users/admin/builder/spi-builder-workspace/.swiftpm/xcode
builtin-SwiftPerFileCompile DeferStatement.swift
SwiftCompile normal arm64 /Users/admin/builder/spi-builder-workspace/.dependencies/checkouts/swift-ast/Sources/AST/Statement/DoStatement.swift (in target 'AST' from project 'swift-ast')
cd /Users/admin/builder/spi-builder-workspace/.swiftpm/xcode
builtin-SwiftPerFileCompile DoStatement.swift
SwiftCompile normal arm64 /Users/admin/builder/spi-builder-workspace/.dependencies/checkouts/swift-ast/Sources/AST/Statement/FallthroughStatement.swift (in target 'AST' from project 'swift-ast')
cd /Users/admin/builder/spi-builder-workspace/.swiftpm/xcode
builtin-SwiftPerFileCompile FallthroughStatement.swift
SwiftCompile normal arm64 /Users/admin/builder/spi-builder-workspace/.dependencies/checkouts/swift-ast/Sources/AST/Statement/ForInStatement.swift (in target 'AST' from project 'swift-ast')
cd /Users/admin/builder/spi-builder-workspace/.swiftpm/xcode
builtin-SwiftPerFileCompile ForInStatement.swift
SwiftCompile normal arm64 /Users/admin/builder/spi-builder-workspace/.dependencies/checkouts/swift-ast/Sources/AST/Statement/GuardStatement.swift (in target 'AST' from project 'swift-ast')
cd /Users/admin/builder/spi-builder-workspace/.swiftpm/xcode
builtin-SwiftPerFileCompile GuardStatement.swift
SwiftCompile normal arm64 /Users/admin/builder/spi-builder-workspace/.dependencies/checkouts/swift-ast/Sources/AST/Statement/IfStatement.swift (in target 'AST' from project 'swift-ast')
cd /Users/admin/builder/spi-builder-workspace/.swiftpm/xcode
builtin-SwiftPerFileCompile IfStatement.swift
SwiftCompile normal arm64 /Users/admin/builder/spi-builder-workspace/.dependencies/checkouts/swift-ast/Sources/AST/Statement/LabeledStatement.swift (in target 'AST' from project 'swift-ast')
cd /Users/admin/builder/spi-builder-workspace/.swiftpm/xcode
builtin-SwiftPerFileCompile LabeledStatement.swift
SwiftDriverJobDiscovery normal arm64 Compiling Role.swift, Scanner.swift (in target 'Lexer' from project 'swift-ast')
SwiftCompile normal arm64 Compiling\ RepeatWhileStatement.swift,\ ReturnStatement.swift,\ SwitchStatement.swift,\ ThrowStatement.swift,\ WhileStatement.swift,\ Statements.swift,\ ThrowsKind.swift,\ TopLevelDeclaration.swift,\ Type.swift,\ AnyType.swift,\ ArrayType.swift,\ DictionaryType.swift /Users/admin/builder/spi-builder-workspace/.dependencies/checkouts/swift-ast/Sources/AST/Statement/RepeatWhileStatement.swift /Users/admin/builder/spi-builder-workspace/.dependencies/checkouts/swift-ast/Sources/AST/Statement/ReturnStatement.swift /Users/admin/builder/spi-builder-workspace/.dependencies/checkouts/swift-ast/Sources/AST/Statement/SwitchStatement.swift /Users/admin/builder/spi-builder-workspace/.dependencies/checkouts/swift-ast/Sources/AST/Statement/ThrowStatement.swift /Users/admin/builder/spi-builder-workspace/.dependencies/checkouts/swift-ast/Sources/AST/Statement/WhileStatement.swift /Users/admin/builder/spi-builder-workspace/.dependencies/checkouts/swift-ast/Sources/AST/Statements.swift /Users/admin/builder/spi-builder-workspace/.dependencies/checkouts/swift-ast/Sources/AST/ThrowsKind.swift /Users/admin/builder/spi-builder-workspace/.dependencies/checkouts/swift-ast/Sources/AST/TopLevelDeclaration.swift /Users/admin/builder/spi-builder-workspace/.dependencies/checkouts/swift-ast/Sources/AST/Type.swift /Users/admin/builder/spi-builder-workspace/.dependencies/checkouts/swift-ast/Sources/AST/Type/AnyType.swift /Users/admin/builder/spi-builder-workspace/.dependencies/checkouts/swift-ast/Sources/AST/Type/ArrayType.swift /Users/admin/builder/spi-builder-workspace/.dependencies/checkouts/swift-ast/Sources/AST/Type/DictionaryType.swift (in target 'AST' from project 'swift-ast')
SwiftCompile normal arm64 /Users/admin/builder/spi-builder-workspace/.dependencies/checkouts/swift-ast/Sources/AST/Statement/RepeatWhileStatement.swift (in target 'AST' from project 'swift-ast')
cd /Users/admin/builder/spi-builder-workspace/.swiftpm/xcode
builtin-SwiftPerFileCompile RepeatWhileStatement.swift
SwiftCompile normal arm64 /Users/admin/builder/spi-builder-workspace/.dependencies/checkouts/swift-ast/Sources/AST/Statement/ReturnStatement.swift (in target 'AST' from project 'swift-ast')
cd /Users/admin/builder/spi-builder-workspace/.swiftpm/xcode
builtin-SwiftPerFileCompile ReturnStatement.swift
SwiftCompile normal arm64 /Users/admin/builder/spi-builder-workspace/.dependencies/checkouts/swift-ast/Sources/AST/Statement/SwitchStatement.swift (in target 'AST' from project 'swift-ast')
cd /Users/admin/builder/spi-builder-workspace/.swiftpm/xcode
builtin-SwiftPerFileCompile SwitchStatement.swift
SwiftCompile normal arm64 /Users/admin/builder/spi-builder-workspace/.dependencies/checkouts/swift-ast/Sources/AST/Statement/ThrowStatement.swift (in target 'AST' from project 'swift-ast')
cd /Users/admin/builder/spi-builder-workspace/.swiftpm/xcode
builtin-SwiftPerFileCompile ThrowStatement.swift
SwiftCompile normal arm64 /Users/admin/builder/spi-builder-workspace/.dependencies/checkouts/swift-ast/Sources/AST/Statement/WhileStatement.swift (in target 'AST' from project 'swift-ast')
cd /Users/admin/builder/spi-builder-workspace/.swiftpm/xcode
builtin-SwiftPerFileCompile WhileStatement.swift
SwiftCompile normal arm64 /Users/admin/builder/spi-builder-workspace/.dependencies/checkouts/swift-ast/Sources/AST/Statements.swift (in target 'AST' from project 'swift-ast')
cd /Users/admin/builder/spi-builder-workspace/.swiftpm/xcode
builtin-SwiftPerFileCompile Statements.swift
SwiftCompile normal arm64 /Users/admin/builder/spi-builder-workspace/.dependencies/checkouts/swift-ast/Sources/AST/ThrowsKind.swift (in target 'AST' from project 'swift-ast')
cd /Users/admin/builder/spi-builder-workspace/.swiftpm/xcode
builtin-SwiftPerFileCompile ThrowsKind.swift
SwiftCompile normal arm64 /Users/admin/builder/spi-builder-workspace/.dependencies/checkouts/swift-ast/Sources/AST/TopLevelDeclaration.swift (in target 'AST' from project 'swift-ast')
cd /Users/admin/builder/spi-builder-workspace/.swiftpm/xcode
builtin-SwiftPerFileCompile TopLevelDeclaration.swift
SwiftCompile normal arm64 /Users/admin/builder/spi-builder-workspace/.dependencies/checkouts/swift-ast/Sources/AST/Type.swift (in target 'AST' from project 'swift-ast')
cd /Users/admin/builder/spi-builder-workspace/.swiftpm/xcode
builtin-SwiftPerFileCompile Type.swift
SwiftCompile normal arm64 /Users/admin/builder/spi-builder-workspace/.dependencies/checkouts/swift-ast/Sources/AST/Type/AnyType.swift (in target 'AST' from project 'swift-ast')
cd /Users/admin/builder/spi-builder-workspace/.swiftpm/xcode
builtin-SwiftPerFileCompile AnyType.swift
SwiftCompile normal arm64 /Users/admin/builder/spi-builder-workspace/.dependencies/checkouts/swift-ast/Sources/AST/Type/ArrayType.swift (in target 'AST' from project 'swift-ast')
cd /Users/admin/builder/spi-builder-workspace/.swiftpm/xcode
builtin-SwiftPerFileCompile ArrayType.swift
SwiftCompile normal arm64 /Users/admin/builder/spi-builder-workspace/.dependencies/checkouts/swift-ast/Sources/AST/Type/DictionaryType.swift (in target 'AST' from project 'swift-ast')
cd /Users/admin/builder/spi-builder-workspace/.swiftpm/xcode
builtin-SwiftPerFileCompile DictionaryType.swift
SwiftDriverJobDiscovery normal arm64 Compiling Token.swift, TokenInvalidReason.swift (in target 'Lexer' from project 'swift-ast')
SwiftCompile normal arm64 Compiling\ FunctionType.swift,\ ImplicitlyUnwrappedOptionalType.swift,\ MetatypeType.swift,\ OpaqueType.swift,\ OptionalType.swift,\ ProtocolCompositionType.swift,\ SelfType.swift,\ TupleType.swift,\ TypeAnnotation.swift,\ TypeIdentifier.swift,\ TypeInheritanceClause.swift,\ Version.swift /Users/admin/builder/spi-builder-workspace/.dependencies/checkouts/swift-ast/Sources/AST/Type/FunctionType.swift /Users/admin/builder/spi-builder-workspace/.dependencies/checkouts/swift-ast/Sources/AST/Type/ImplicitlyUnwrappedOptionalType.swift /Users/admin/builder/spi-builder-workspace/.dependencies/checkouts/swift-ast/Sources/AST/Type/MetatypeType.swift /Users/admin/builder/spi-builder-workspace/.dependencies/checkouts/swift-ast/Sources/AST/Type/OpaqueType.swift /Users/admin/builder/spi-builder-workspace/.dependencies/checkouts/swift-ast/Sources/AST/Type/OptionalType.swift /Users/admin/builder/spi-builder-workspace/.dependencies/checkouts/swift-ast/Sources/AST/Type/ProtocolCompositionType.swift /Users/admin/builder/spi-builder-workspace/.dependencies/checkouts/swift-ast/Sources/AST/Type/SelfType.swift /Users/admin/builder/spi-builder-workspace/.dependencies/checkouts/swift-ast/Sources/AST/Type/TupleType.swift /Users/admin/builder/spi-builder-workspace/.dependencies/checkouts/swift-ast/Sources/AST/Type/TypeAnnotation.swift /Users/admin/builder/spi-builder-workspace/.dependencies/checkouts/swift-ast/Sources/AST/Type/TypeIdentifier.swift /Users/admin/builder/spi-builder-workspace/.dependencies/checkouts/swift-ast/Sources/AST/Type/TypeInheritanceClause.swift /Users/admin/builder/spi-builder-workspace/.dependencies/checkouts/swift-ast/Sources/AST/Version.swift (in target 'AST' from project 'swift-ast')
SwiftCompile normal arm64 /Users/admin/builder/spi-builder-workspace/.dependencies/checkouts/swift-ast/Sources/AST/Type/FunctionType.swift (in target 'AST' from project 'swift-ast')
cd /Users/admin/builder/spi-builder-workspace/.swiftpm/xcode
builtin-SwiftPerFileCompile FunctionType.swift
SwiftCompile normal arm64 /Users/admin/builder/spi-builder-workspace/.dependencies/checkouts/swift-ast/Sources/AST/Type/ImplicitlyUnwrappedOptionalType.swift (in target 'AST' from project 'swift-ast')
cd /Users/admin/builder/spi-builder-workspace/.swiftpm/xcode
builtin-SwiftPerFileCompile ImplicitlyUnwrappedOptionalType.swift
SwiftCompile normal arm64 /Users/admin/builder/spi-builder-workspace/.dependencies/checkouts/swift-ast/Sources/AST/Type/MetatypeType.swift (in target 'AST' from project 'swift-ast')
cd /Users/admin/builder/spi-builder-workspace/.swiftpm/xcode
builtin-SwiftPerFileCompile MetatypeType.swift
SwiftCompile normal arm64 /Users/admin/builder/spi-builder-workspace/.dependencies/checkouts/swift-ast/Sources/AST/Type/OpaqueType.swift (in target 'AST' from project 'swift-ast')
cd /Users/admin/builder/spi-builder-workspace/.swiftpm/xcode
builtin-SwiftPerFileCompile OpaqueType.swift
SwiftCompile normal arm64 /Users/admin/builder/spi-builder-workspace/.dependencies/checkouts/swift-ast/Sources/AST/Type/OptionalType.swift (in target 'AST' from project 'swift-ast')
cd /Users/admin/builder/spi-builder-workspace/.swiftpm/xcode
builtin-SwiftPerFileCompile OptionalType.swift
SwiftCompile normal arm64 /Users/admin/builder/spi-builder-workspace/.dependencies/checkouts/swift-ast/Sources/AST/Type/ProtocolCompositionType.swift (in target 'AST' from project 'swift-ast')
cd /Users/admin/builder/spi-builder-workspace/.swiftpm/xcode
builtin-SwiftPerFileCompile ProtocolCompositionType.swift
SwiftCompile normal arm64 /Users/admin/builder/spi-builder-workspace/.dependencies/checkouts/swift-ast/Sources/AST/Type/SelfType.swift (in target 'AST' from project 'swift-ast')
cd /Users/admin/builder/spi-builder-workspace/.swiftpm/xcode
builtin-SwiftPerFileCompile SelfType.swift
SwiftCompile normal arm64 /Users/admin/builder/spi-builder-workspace/.dependencies/checkouts/swift-ast/Sources/AST/Type/TupleType.swift (in target 'AST' from project 'swift-ast')
cd /Users/admin/builder/spi-builder-workspace/.swiftpm/xcode
builtin-SwiftPerFileCompile TupleType.swift
SwiftCompile normal arm64 /Users/admin/builder/spi-builder-workspace/.dependencies/checkouts/swift-ast/Sources/AST/Type/TypeAnnotation.swift (in target 'AST' from project 'swift-ast')
cd /Users/admin/builder/spi-builder-workspace/.swiftpm/xcode
builtin-SwiftPerFileCompile TypeAnnotation.swift
SwiftCompile normal arm64 /Users/admin/builder/spi-builder-workspace/.dependencies/checkouts/swift-ast/Sources/AST/Type/TypeIdentifier.swift (in target 'AST' from project 'swift-ast')
cd /Users/admin/builder/spi-builder-workspace/.swiftpm/xcode
builtin-SwiftPerFileCompile TypeIdentifier.swift
SwiftCompile normal arm64 /Users/admin/builder/spi-builder-workspace/.dependencies/checkouts/swift-ast/Sources/AST/Type/TypeInheritanceClause.swift (in target 'AST' from project 'swift-ast')
cd /Users/admin/builder/spi-builder-workspace/.swiftpm/xcode
builtin-SwiftPerFileCompile TypeInheritanceClause.swift
SwiftCompile normal arm64 /Users/admin/builder/spi-builder-workspace/.dependencies/checkouts/swift-ast/Sources/AST/Version.swift (in target 'AST' from project 'swift-ast')
cd /Users/admin/builder/spi-builder-workspace/.swiftpm/xcode
builtin-SwiftPerFileCompile Version.swift
SwiftDriverJobDiscovery normal arm64 Compiling Lexer+StringLiteral.swift, Lexer.swift (in target 'Lexer' from project 'swift-ast')
SwiftCompile normal arm64 Compiling\ ASTNode.swift,\ ASTNodeContext.swift,\ ASTTextRepresentable.swift,\ ASTUnit.swift,\ ASTUnitCollection.swift,\ ASTVisitor+Traversal.swift,\ ASTVisitor.swift,\ Attribute.swift,\ Attributes.swift,\ CodeBlock.swift,\ Declaration.swift,\ GetterSetterBlock.swift,\ GetterSetterKeywordBlock.swift /Users/admin/builder/spi-builder-workspace/.dependencies/checkouts/swift-ast/Sources/AST/ASTNode.swift /Users/admin/builder/spi-builder-workspace/.dependencies/checkouts/swift-ast/Sources/AST/ASTNodeContext.swift /Users/admin/builder/spi-builder-workspace/.dependencies/checkouts/swift-ast/Sources/AST/ASTTextRepresentable.swift /Users/admin/builder/spi-builder-workspace/.dependencies/checkouts/swift-ast/Sources/AST/ASTUnit.swift /Users/admin/builder/spi-builder-workspace/.dependencies/checkouts/swift-ast/Sources/AST/ASTUnitCollection.swift /Users/admin/builder/spi-builder-workspace/.dependencies/checkouts/swift-ast/Sources/AST/ASTVisitor+Traversal.swift /Users/admin/builder/spi-builder-workspace/.dependencies/checkouts/swift-ast/Sources/AST/ASTVisitor.swift /Users/admin/builder/spi-builder-workspace/.dependencies/checkouts/swift-ast/Sources/AST/Attribute.swift /Users/admin/builder/spi-builder-workspace/.dependencies/checkouts/swift-ast/Sources/AST/Attributes.swift /Users/admin/builder/spi-builder-workspace/.dependencies/checkouts/swift-ast/Sources/AST/CodeBlock.swift /Users/admin/builder/spi-builder-workspace/.dependencies/checkouts/swift-ast/Sources/AST/Declaration.swift /Users/admin/builder/spi-builder-workspace/.dependencies/checkouts/swift-ast/Sources/AST/Declaration/Block/GetterSetterBlock.swift /Users/admin/builder/spi-builder-workspace/.dependencies/checkouts/swift-ast/Sources/AST/Declaration/Block/GetterSetterKeywordBlock.swift (in target 'AST' from project 'swift-ast')
SwiftCompile normal arm64 /Users/admin/builder/spi-builder-workspace/.dependencies/checkouts/swift-ast/Sources/AST/ASTNode.swift (in target 'AST' from project 'swift-ast')
cd /Users/admin/builder/spi-builder-workspace/.swiftpm/xcode
builtin-SwiftPerFileCompile ASTNode.swift
SwiftCompile normal arm64 /Users/admin/builder/spi-builder-workspace/.dependencies/checkouts/swift-ast/Sources/AST/ASTNodeContext.swift (in target 'AST' from project 'swift-ast')
cd /Users/admin/builder/spi-builder-workspace/.swiftpm/xcode
builtin-SwiftPerFileCompile ASTNodeContext.swift
SwiftCompile normal arm64 /Users/admin/builder/spi-builder-workspace/.dependencies/checkouts/swift-ast/Sources/AST/ASTTextRepresentable.swift (in target 'AST' from project 'swift-ast')
cd /Users/admin/builder/spi-builder-workspace/.swiftpm/xcode
builtin-SwiftPerFileCompile ASTTextRepresentable.swift
SwiftCompile normal arm64 /Users/admin/builder/spi-builder-workspace/.dependencies/checkouts/swift-ast/Sources/AST/ASTUnit.swift (in target 'AST' from project 'swift-ast')
cd /Users/admin/builder/spi-builder-workspace/.swiftpm/xcode
builtin-SwiftPerFileCompile ASTUnit.swift
SwiftCompile normal arm64 /Users/admin/builder/spi-builder-workspace/.dependencies/checkouts/swift-ast/Sources/AST/ASTUnitCollection.swift (in target 'AST' from project 'swift-ast')
cd /Users/admin/builder/spi-builder-workspace/.swiftpm/xcode
builtin-SwiftPerFileCompile ASTUnitCollection.swift
SwiftCompile normal arm64 /Users/admin/builder/spi-builder-workspace/.dependencies/checkouts/swift-ast/Sources/AST/ASTVisitor+Traversal.swift (in target 'AST' from project 'swift-ast')
cd /Users/admin/builder/spi-builder-workspace/.swiftpm/xcode
builtin-SwiftPerFileCompile ASTVisitor+Traversal.swift
SwiftCompile normal arm64 /Users/admin/builder/spi-builder-workspace/.dependencies/checkouts/swift-ast/Sources/AST/ASTVisitor.swift (in target 'AST' from project 'swift-ast')
cd /Users/admin/builder/spi-builder-workspace/.swiftpm/xcode
builtin-SwiftPerFileCompile ASTVisitor.swift
SwiftCompile normal arm64 /Users/admin/builder/spi-builder-workspace/.dependencies/checkouts/swift-ast/Sources/AST/Attribute.swift (in target 'AST' from project 'swift-ast')
cd /Users/admin/builder/spi-builder-workspace/.swiftpm/xcode
builtin-SwiftPerFileCompile Attribute.swift
SwiftCompile normal arm64 /Users/admin/builder/spi-builder-workspace/.dependencies/checkouts/swift-ast/Sources/AST/Attributes.swift (in target 'AST' from project 'swift-ast')
cd /Users/admin/builder/spi-builder-workspace/.swiftpm/xcode
builtin-SwiftPerFileCompile Attributes.swift
SwiftCompile normal arm64 /Users/admin/builder/spi-builder-workspace/.dependencies/checkouts/swift-ast/Sources/AST/CodeBlock.swift (in target 'AST' from project 'swift-ast')
cd /Users/admin/builder/spi-builder-workspace/.swiftpm/xcode
builtin-SwiftPerFileCompile CodeBlock.swift
SwiftCompile normal arm64 /Users/admin/builder/spi-builder-workspace/.dependencies/checkouts/swift-ast/Sources/AST/Declaration.swift (in target 'AST' from project 'swift-ast')
cd /Users/admin/builder/spi-builder-workspace/.swiftpm/xcode
builtin-SwiftPerFileCompile Declaration.swift
SwiftCompile normal arm64 /Users/admin/builder/spi-builder-workspace/.dependencies/checkouts/swift-ast/Sources/AST/Declaration/Block/GetterSetterBlock.swift (in target 'AST' from project 'swift-ast')
cd /Users/admin/builder/spi-builder-workspace/.swiftpm/xcode
builtin-SwiftPerFileCompile GetterSetterBlock.swift
SwiftCompile normal arm64 /Users/admin/builder/spi-builder-workspace/.dependencies/checkouts/swift-ast/Sources/AST/Declaration/Block/GetterSetterKeywordBlock.swift (in target 'AST' from project 'swift-ast')
cd /Users/admin/builder/spi-builder-workspace/.swiftpm/xcode
builtin-SwiftPerFileCompile GetterSetterKeywordBlock.swift
SwiftDriverJobDiscovery normal arm64 Compiling Lexer+NumericLiteral.swift, Lexer+Operator.swift (in target 'Lexer' from project 'swift-ast')
SwiftDriver\ Compilation Lexer normal arm64 com.apple.xcode.tools.swift.compiler (in target 'Lexer' from project 'swift-ast')
cd /Users/admin/builder/spi-builder-workspace/.swiftpm/xcode
builtin-Swift-Compilation -- /Applications/Xcode-27.0.0-Release.Candidate.app/Contents/Developer/Toolchains/XcodeDefault.xctoolchain/usr/bin/swiftc -parse-as-library -module-name Lexer -Onone @/Users/admin/builder/spi-builder-workspace/.derivedData/Build/Intermediates.noindex/swift-ast.build/Debug/Lexer-t.build/Objects-normal/arm64/Lexer.SwiftFileList -DSWIFT_PACKAGE -DDEBUG -DSWIFT_MODULE_RESOURCE_BUNDLE_UNAVAILABLE -DXcode -plugin-path /Applications/Xcode-27.0.0-Release.Candidate.app/Contents/Developer/Toolchains/XcodeDefault.xctoolchain/usr/lib/swift/host/plugins/testing -enable-experimental-feature DebugDescriptionMacro -sdk /Applications/Xcode-27.0.0-Release.Candidate.app/Contents/Developer/Platforms/MacOSX.platform/Developer/SDKs/MacOSX27.0.sdk -target arm64-apple-macos12.0 -g -module-cache-path /Users/admin/builder/spi-builder-workspace/.derivedData/ModuleCache.noindex -Xfrontend -serialize-debugging-options -profile-coverage-mapping -profile-generate -enable-testing -suppress-warnings -index-store-path /Users/admin/builder/spi-builder-workspace/.derivedData/Index.noindex/DataStore -Xcc -D_LIBCPP_HARDENING_MODE\=_LIBCPP_HARDENING_MODE_DEBUG -swift-version 5 -I /Users/admin/builder/spi-builder-workspace/.derivedData/Build/Products/Debug -Isystem /Applications/Xcode-27.0.0-Release.Candidate.app/Contents/Developer/Platforms/MacOSX.platform/Developer/usr/lib -F /Users/admin/builder/spi-builder-workspace/.derivedData/Build/Products/Debug/PackageFrameworks -F /Users/admin/builder/spi-builder-workspace/.derivedData/Build/Products/Debug -F /Applications/Xcode-27.0.0-Release.Candidate.app/Contents/Developer/Platforms/MacOSX.platform/Developer/Library/Frameworks -c -j10 -enable-batch-mode -incremental -Xcc -ivfsstatcache -Xcc /Users/admin/builder/spi-builder-workspace/.derivedData/SDKStatCaches.noindex/macosx27.0-26A425-e829b21a6f8c9b70876ba0858053c0446a22442a12e9d48fe1a705f55a1adfc4.sdkstatcache -output-file-map /Users/admin/builder/spi-builder-workspace/.derivedData/Build/Intermediates.noindex/swift-ast.build/Debug/Lexer-t.build/Objects-normal/arm64/Lexer-OutputFileMap.json -save-temps -no-color-diagnostics -explicit-module-build -module-cache-path /Users/admin/builder/spi-builder-workspace/.derivedData/Build/Intermediates.noindex/SwiftExplicitPrecompiledModules -clang-scanner-module-cache-path /Users/admin/builder/spi-builder-workspace/.derivedData/ModuleCache.noindex -sdk-module-cache-path /Users/admin/builder/spi-builder-workspace/.derivedData/SDKExplicitPrecompiledModules -emit-dependencies -emit-module -emit-module-path /Users/admin/builder/spi-builder-workspace/.derivedData/Build/Intermediates.noindex/swift-ast.build/Debug/Lexer-t.build/Objects-normal/arm64/Lexer.swiftmodule -serialize-diagnostics -dependency-scan-serialize-diagnostics-path /Users/admin/builder/spi-builder-workspace/.derivedData/Build/Intermediates.noindex/swift-ast.build/Debug/Lexer-t.build/Objects-normal/arm64/Lexer-dependency-scan.dia -validate-clang-modules-once -clang-build-session-file /Users/admin/builder/spi-builder-workspace/.derivedData/ModuleCache.noindex/Session.modulevalidation -Xcc -fmodules-prune-interval\=86400 -Xcc -fmodules-prune-after\=345600 -emit-const-values -const-gather-protocols-list /Users/admin/builder/spi-builder-workspace/.derivedData/Build/Intermediates.noindex/swift-ast.build/Debug/Lexer-t.build/Objects-normal/arm64/Lexer_const_extract_protocols.json -Xcc -I/Users/admin/builder/spi-builder-workspace/.derivedData/Build/Products/Debug/include -Xcc -I/Users/admin/builder/spi-builder-workspace/.derivedData/Build/Intermediates.noindex/swift-ast.build/Debug/Lexer-t.build/DerivedSources-normal/arm64 -Xcc -I/Users/admin/builder/spi-builder-workspace/.derivedData/Build/Intermediates.noindex/swift-ast.build/Debug/Lexer-t.build/DerivedSources/arm64 -Xcc -I/Users/admin/builder/spi-builder-workspace/.derivedData/Build/Intermediates.noindex/swift-ast.build/Debug/Lexer-t.build/DerivedSources -Xcc -DSWIFT_PACKAGE -Xcc -DDEBUG\=1 -emit-objc-header -emit-objc-header-path /Users/admin/builder/spi-builder-workspace/.derivedData/Build/Intermediates.noindex/swift-ast.build/Debug/Lexer-t.build/Objects-normal/arm64/Lexer-Swift.h -working-directory /Users/admin/builder/spi-builder-workspace/.swiftpm/xcode -experimental-emit-module-separately -disable-cmo
SwiftDriverJobDiscovery normal arm64 Emitting module for AST (in target 'AST' from project 'swift-ast')
SwiftDriver\ Compilation\ Requirements AST normal arm64 com.apple.xcode.tools.swift.compiler (in target 'AST' from project 'swift-ast')
cd /Users/admin/builder/spi-builder-workspace/.swiftpm/xcode
builtin-Swift-Compilation-Requirements -- /Applications/Xcode-27.0.0-Release.Candidate.app/Contents/Developer/Toolchains/XcodeDefault.xctoolchain/usr/bin/swiftc -parse-as-library -module-name AST -Onone @/Users/admin/builder/spi-builder-workspace/.derivedData/Build/Intermediates.noindex/swift-ast.build/Debug/AST-t.build/Objects-normal/arm64/AST.SwiftFileList -DSWIFT_PACKAGE -DDEBUG -DSWIFT_MODULE_RESOURCE_BUNDLE_UNAVAILABLE -DXcode -plugin-path /Applications/Xcode-27.0.0-Release.Candidate.app/Contents/Developer/Toolchains/XcodeDefault.xctoolchain/usr/lib/swift/host/plugins/testing -enable-experimental-feature DebugDescriptionMacro -sdk /Applications/Xcode-27.0.0-Release.Candidate.app/Contents/Developer/Platforms/MacOSX.platform/Developer/SDKs/MacOSX27.0.sdk -target arm64-apple-macos12.0 -g -module-cache-path /Users/admin/builder/spi-builder-workspace/.derivedData/ModuleCache.noindex -Xfrontend -serialize-debugging-options -profile-coverage-mapping -profile-generate -enable-testing -suppress-warnings -index-store-path /Users/admin/builder/spi-builder-workspace/.derivedData/Index.noindex/DataStore -Xcc -D_LIBCPP_HARDENING_MODE\=_LIBCPP_HARDENING_MODE_DEBUG -swift-version 5 -I /Users/admin/builder/spi-builder-workspace/.derivedData/Build/Products/Debug -Isystem /Applications/Xcode-27.0.0-Release.Candidate.app/Contents/Developer/Platforms/MacOSX.platform/Developer/usr/lib -F /Users/admin/builder/spi-builder-workspace/.derivedData/Build/Products/Debug/PackageFrameworks -F /Users/admin/builder/spi-builder-workspace/.derivedData/Build/Products/Debug -F /Applications/Xcode-27.0.0-Release.Candidate.app/Contents/Developer/Platforms/MacOSX.platform/Developer/Library/Frameworks -c -j10 -enable-batch-mode -incremental -Xcc -ivfsstatcache -Xcc /Users/admin/builder/spi-builder-workspace/.derivedData/SDKStatCaches.noindex/macosx27.0-26A425-e829b21a6f8c9b70876ba0858053c0446a22442a12e9d48fe1a705f55a1adfc4.sdkstatcache -output-file-map /Users/admin/builder/spi-builder-workspace/.derivedData/Build/Intermediates.noindex/swift-ast.build/Debug/AST-t.build/Objects-normal/arm64/AST-OutputFileMap.json -save-temps -no-color-diagnostics -explicit-module-build -module-cache-path /Users/admin/builder/spi-builder-workspace/.derivedData/Build/Intermediates.noindex/SwiftExplicitPrecompiledModules -clang-scanner-module-cache-path /Users/admin/builder/spi-builder-workspace/.derivedData/ModuleCache.noindex -sdk-module-cache-path /Users/admin/builder/spi-builder-workspace/.derivedData/SDKExplicitPrecompiledModules -emit-dependencies -emit-module -emit-module-path /Users/admin/builder/spi-builder-workspace/.derivedData/Build/Intermediates.noindex/swift-ast.build/Debug/AST-t.build/Objects-normal/arm64/AST.swiftmodule -serialize-diagnostics -dependency-scan-serialize-diagnostics-path /Users/admin/builder/spi-builder-workspace/.derivedData/Build/Intermediates.noindex/swift-ast.build/Debug/AST-t.build/Objects-normal/arm64/AST-dependency-scan.dia -validate-clang-modules-once -clang-build-session-file /Users/admin/builder/spi-builder-workspace/.derivedData/ModuleCache.noindex/Session.modulevalidation -Xcc -fmodules-prune-interval\=86400 -Xcc -fmodules-prune-after\=345600 -emit-const-values -const-gather-protocols-list /Users/admin/builder/spi-builder-workspace/.derivedData/Build/Intermediates.noindex/swift-ast.build/Debug/AST-t.build/Objects-normal/arm64/AST_const_extract_protocols.json -Xcc -I/Users/admin/builder/spi-builder-workspace/.derivedData/Build/Products/Debug/include -Xcc -I/Users/admin/builder/spi-builder-workspace/.derivedData/Build/Intermediates.noindex/swift-ast.build/Debug/AST-t.build/DerivedSources-normal/arm64 -Xcc -I/Users/admin/builder/spi-builder-workspace/.derivedData/Build/Intermediates.noindex/swift-ast.build/Debug/AST-t.build/DerivedSources/arm64 -Xcc -I/Users/admin/builder/spi-builder-workspace/.derivedData/Build/Intermediates.noindex/swift-ast.build/Debug/AST-t.build/DerivedSources -Xcc -DSWIFT_PACKAGE -Xcc -DDEBUG\=1 -emit-objc-header -emit-objc-header-path /Users/admin/builder/spi-builder-workspace/.derivedData/Build/Intermediates.noindex/swift-ast.build/Debug/AST-t.build/Objects-normal/arm64/AST-Swift.h -working-directory /Users/admin/builder/spi-builder-workspace/.swiftpm/xcode -experimental-emit-module-separately -disable-cmo
SwiftCompile normal arm64 Compiling\ Operator.swift,\ Pattern.swift,\ EnumCasePattern.swift,\ ExpressionPattern.swift,\ IdentifierPattern.swift,\ OptionalPattern.swift,\ TuplePattern.swift,\ TypeCastingPattern.swift,\ ValueBindingPattern.swift,\ WildcardPattern.swift,\ Statement.swift,\ BreakStatement.swift /Users/admin/builder/spi-builder-workspace/.dependencies/checkouts/swift-ast/Sources/AST/Operator.swift /Users/admin/builder/spi-builder-workspace/.dependencies/checkouts/swift-ast/Sources/AST/Pattern.swift /Users/admin/builder/spi-builder-workspace/.dependencies/checkouts/swift-ast/Sources/AST/Pattern/EnumCasePattern.swift /Users/admin/builder/spi-builder-workspace/.dependencies/checkouts/swift-ast/Sources/AST/Pattern/ExpressionPattern.swift /Users/admin/builder/spi-builder-workspace/.dependencies/checkouts/swift-ast/Sources/AST/Pattern/IdentifierPattern.swift /Users/admin/builder/spi-builder-workspace/.dependencies/checkouts/swift-ast/Sources/AST/Pattern/OptionalPattern.swift /Users/admin/builder/spi-builder-workspace/.dependencies/checkouts/swift-ast/Sources/AST/Pattern/TuplePattern.swift /Users/admin/builder/spi-builder-workspace/.dependencies/checkouts/swift-ast/Sources/AST/Pattern/TypeCastingPattern.swift /Users/admin/builder/spi-builder-workspace/.dependencies/checkouts/swift-ast/Sources/AST/Pattern/ValueBindingPattern.swift /Users/admin/builder/spi-builder-workspace/.dependencies/checkouts/swift-ast/Sources/AST/Pattern/WildcardPattern.swift /Users/admin/builder/spi-builder-workspace/.dependencies/checkouts/swift-ast/Sources/AST/Statement.swift /Users/admin/builder/spi-builder-workspace/.dependencies/checkouts/swift-ast/Sources/AST/Statement/BreakStatement.swift (in target 'AST' from project 'swift-ast')
SwiftCompile normal arm64 /Users/admin/builder/spi-builder-workspace/.dependencies/checkouts/swift-ast/Sources/AST/Operator.swift (in target 'AST' from project 'swift-ast')
cd /Users/admin/builder/spi-builder-workspace/.swiftpm/xcode
builtin-SwiftPerFileCompile Operator.swift
SwiftCompile normal arm64 /Users/admin/builder/spi-builder-workspace/.dependencies/checkouts/swift-ast/Sources/AST/Pattern.swift (in target 'AST' from project 'swift-ast')
cd /Users/admin/builder/spi-builder-workspace/.swiftpm/xcode
builtin-SwiftPerFileCompile Pattern.swift
SwiftCompile normal arm64 /Users/admin/builder/spi-builder-workspace/.dependencies/checkouts/swift-ast/Sources/AST/Pattern/EnumCasePattern.swift (in target 'AST' from project 'swift-ast')
cd /Users/admin/builder/spi-builder-workspace/.swiftpm/xcode
builtin-SwiftPerFileCompile EnumCasePattern.swift
SwiftCompile normal arm64 /Users/admin/builder/spi-builder-workspace/.dependencies/checkouts/swift-ast/Sources/AST/Pattern/ExpressionPattern.swift (in target 'AST' from project 'swift-ast')
cd /Users/admin/builder/spi-builder-workspace/.swiftpm/xcode
builtin-SwiftPerFileCompile ExpressionPattern.swift
SwiftCompile normal arm64 /Users/admin/builder/spi-builder-workspace/.dependencies/checkouts/swift-ast/Sources/AST/Pattern/IdentifierPattern.swift (in target 'AST' from project 'swift-ast')
cd /Users/admin/builder/spi-builder-workspace/.swiftpm/xcode
builtin-SwiftPerFileCompile IdentifierPattern.swift
SwiftCompile normal arm64 /Users/admin/builder/spi-builder-workspace/.dependencies/checkouts/swift-ast/Sources/AST/Pattern/OptionalPattern.swift (in target 'AST' from project 'swift-ast')
cd /Users/admin/builder/spi-builder-workspace/.swiftpm/xcode
builtin-SwiftPerFileCompile OptionalPattern.swift
SwiftCompile normal arm64 /Users/admin/builder/spi-builder-workspace/.dependencies/checkouts/swift-ast/Sources/AST/Pattern/TuplePattern.swift (in target 'AST' from project 'swift-ast')
cd /Users/admin/builder/spi-builder-workspace/.swiftpm/xcode
builtin-SwiftPerFileCompile TuplePattern.swift
SwiftCompile normal arm64 /Users/admin/builder/spi-builder-workspace/.dependencies/checkouts/swift-ast/Sources/AST/Pattern/TypeCastingPattern.swift (in target 'AST' from project 'swift-ast')
cd /Users/admin/builder/spi-builder-workspace/.swiftpm/xcode
builtin-SwiftPerFileCompile TypeCastingPattern.swift
SwiftCompile normal arm64 /Users/admin/builder/spi-builder-workspace/.dependencies/checkouts/swift-ast/Sources/AST/Pattern/ValueBindingPattern.swift (in target 'AST' from project 'swift-ast')
cd /Users/admin/builder/spi-builder-workspace/.swiftpm/xcode
builtin-SwiftPerFileCompile ValueBindingPattern.swift
SwiftCompile normal arm64 /Users/admin/builder/spi-builder-workspace/.dependencies/checkouts/swift-ast/Sources/AST/Pattern/WildcardPattern.swift (in target 'AST' from project 'swift-ast')
cd /Users/admin/builder/spi-builder-workspace/.swiftpm/xcode
builtin-SwiftPerFileCompile WildcardPattern.swift
SwiftCompile normal arm64 /Users/admin/builder/spi-builder-workspace/.dependencies/checkouts/swift-ast/Sources/AST/Statement.swift (in target 'AST' from project 'swift-ast')
cd /Users/admin/builder/spi-builder-workspace/.swiftpm/xcode
builtin-SwiftPerFileCompile Statement.swift
SwiftCompile normal arm64 /Users/admin/builder/spi-builder-workspace/.dependencies/checkouts/swift-ast/Sources/AST/Statement/BreakStatement.swift (in target 'AST' from project 'swift-ast')
cd /Users/admin/builder/spi-builder-workspace/.swiftpm/xcode
builtin-SwiftPerFileCompile BreakStatement.swift
SwiftMergeGeneratedHeaders /Users/admin/builder/spi-builder-workspace/.derivedData/Build/Intermediates.noindex/GeneratedModuleMaps/AST-Swift.h /Users/admin/builder/spi-builder-workspace/.derivedData/Build/Intermediates.noindex/swift-ast.build/Debug/AST-t.build/Objects-normal/arm64/AST-Swift.h (in target 'AST' from project 'swift-ast')
cd /Users/admin/builder/spi-builder-workspace/.dependencies/checkouts/swift-ast
builtin-swiftHeaderTool -arch arm64 /Users/admin/builder/spi-builder-workspace/.derivedData/Build/Intermediates.noindex/swift-ast.build/Debug/AST-t.build/Objects-normal/arm64/AST-Swift.h -o /Users/admin/builder/spi-builder-workspace/.derivedData/Build/Intermediates.noindex/GeneratedModuleMaps/AST-Swift.h
SwiftDriverJobDiscovery normal arm64 Compiling TernaryConditionalOperatorExpression.swift, TryOperatorExpression.swift, TupleExpression.swift, TypeCastingOperatorExpression.swift, WildcardExpression.swift, ExpressionList.swift, GenericArgumentClause.swift, GenericParameterClause.swift, GenericWhereClause.swift, Identifier.swift, IdentifierList.swift, LocatableNode.swift (in target 'AST' from project 'swift-ast')
Copy /Users/admin/builder/spi-builder-workspace/.derivedData/Build/Products/Debug/AST.swiftmodule/arm64-apple-macos.swiftmodule /Users/admin/builder/spi-builder-workspace/.derivedData/Build/Intermediates.noindex/swift-ast.build/Debug/AST-t.build/Objects-normal/arm64/AST.swiftmodule (in target 'AST' from project 'swift-ast')
cd /Users/admin/builder/spi-builder-workspace/.dependencies/checkouts/swift-ast
builtin-copy -exclude .DS_Store -exclude CVS -exclude .svn -exclude .git -exclude .hg -resolve-src-symlinks -rename /Users/admin/builder/spi-builder-workspace/.derivedData/Build/Intermediates.noindex/swift-ast.build/Debug/AST-t.build/Objects-normal/arm64/AST.swiftmodule /Users/admin/builder/spi-builder-workspace/.derivedData/Build/Products/Debug/AST.swiftmodule/arm64-apple-macos.swiftmodule
Copy /Users/admin/builder/spi-builder-workspace/.derivedData/Build/Products/Debug/AST.swiftmodule/arm64-apple-macos.swiftdoc /Users/admin/builder/spi-builder-workspace/.derivedData/Build/Intermediates.noindex/swift-ast.build/Debug/AST-t.build/Objects-normal/arm64/AST.swiftdoc (in target 'AST' from project 'swift-ast')
cd /Users/admin/builder/spi-builder-workspace/.dependencies/checkouts/swift-ast
builtin-copy -exclude .DS_Store -exclude CVS -exclude .svn -exclude .git -exclude .hg -resolve-src-symlinks -rename /Users/admin/builder/spi-builder-workspace/.derivedData/Build/Intermediates.noindex/swift-ast.build/Debug/AST-t.build/Objects-normal/arm64/AST.swiftdoc /Users/admin/builder/spi-builder-workspace/.derivedData/Build/Products/Debug/AST.swiftmodule/arm64-apple-macos.swiftdoc
Copy /Users/admin/builder/spi-builder-workspace/.derivedData/Build/Products/Debug/AST.swiftmodule/arm64-apple-macos.abi.json /Users/admin/builder/spi-builder-workspace/.derivedData/Build/Intermediates.noindex/swift-ast.build/Debug/AST-t.build/Objects-normal/arm64/AST.abi.json (in target 'AST' from project 'swift-ast')
cd /Users/admin/builder/spi-builder-workspace/.dependencies/checkouts/swift-ast
builtin-copy -exclude .DS_Store -exclude CVS -exclude .svn -exclude .git -exclude .hg -resolve-src-symlinks -rename /Users/admin/builder/spi-builder-workspace/.derivedData/Build/Intermediates.noindex/swift-ast.build/Debug/AST-t.build/Objects-normal/arm64/AST.abi.json /Users/admin/builder/spi-builder-workspace/.derivedData/Build/Products/Debug/AST.swiftmodule/arm64-apple-macos.abi.json
Copy /Users/admin/builder/spi-builder-workspace/.derivedData/Build/Products/Debug/AST.swiftmodule/Project/arm64-apple-macos.swiftsourceinfo /Users/admin/builder/spi-builder-workspace/.derivedData/Build/Intermediates.noindex/swift-ast.build/Debug/AST-t.build/Objects-normal/arm64/AST.swiftsourceinfo (in target 'AST' from project 'swift-ast')
cd /Users/admin/builder/spi-builder-workspace/.dependencies/checkouts/swift-ast
builtin-copy -exclude .DS_Store -exclude CVS -exclude .svn -exclude .git -exclude .hg -resolve-src-symlinks -rename /Users/admin/builder/spi-builder-workspace/.derivedData/Build/Intermediates.noindex/swift-ast.build/Debug/AST-t.build/Objects-normal/arm64/AST.swiftsourceinfo /Users/admin/builder/spi-builder-workspace/.derivedData/Build/Products/Debug/AST.swiftmodule/Project/arm64-apple-macos.swiftsourceinfo
Ld /Users/admin/builder/spi-builder-workspace/.derivedData/Build/Products/Debug/Lexer.o normal (in target 'Lexer' from project 'swift-ast')
cd /Users/admin/builder/spi-builder-workspace/.dependencies/checkouts/swift-ast
/Applications/Xcode-27.0.0-Release.Candidate.app/Contents/Developer/Toolchains/XcodeDefault.xctoolchain/usr/bin/clang -Xlinker -reproducible -target arm64-apple-macos12.0 -r -isysroot /Applications/Xcode-27.0.0-Release.Candidate.app/Contents/Developer/Platforms/MacOSX.platform/Developer/SDKs/MacOSX27.0.sdk -O0 -w -Xlinker -no_warn_duplicate_libraries -F/Users/admin/builder/spi-builder-workspace/.derivedData/Build/Intermediates.noindex/EagerLinkingTBDs/Debug -F/Users/admin/builder/spi-builder-workspace/.derivedData/Build/Products/Debug/PackageFrameworks -F/Users/admin/builder/spi-builder-workspace/.derivedData/Build/Products/Debug -iframework /Applications/Xcode-27.0.0-Release.Candidate.app/Contents/Developer/Platforms/MacOSX.platform/Developer/Library/Frameworks -filelist /Users/admin/builder/spi-builder-workspace/.derivedData/Build/Intermediates.noindex/swift-ast.build/Debug/Lexer-t.build/Objects-normal/arm64/Lexer.LinkFileList -nostdlib -Xlinker -object_path_lto -Xlinker /Users/admin/builder/spi-builder-workspace/.derivedData/Build/Intermediates.noindex/swift-ast.build/Debug/Lexer-t.build/Objects-normal/arm64/Lexer_lto.o -Xlinker -no_deduplicate -Xlinker -debug_variant -Xlinker -dependency_info -Xlinker /Users/admin/builder/spi-builder-workspace/.derivedData/Build/Intermediates.noindex/swift-ast.build/Debug/Lexer-t.build/Objects-normal/arm64/Lexer_dependency_info.dat -fobjc-link-runtime -L/Applications/Xcode-27.0.0-Release.Candidate.app/Contents/Developer/Toolchains/XcodeDefault.xctoolchain/usr/lib/swift/macosx -L/usr/lib/swift -Xlinker -add_ast_path -Xlinker /Users/admin/builder/spi-builder-workspace/.derivedData/Build/Intermediates.noindex/swift-ast.build/Debug/Lexer-t.build/Objects-normal/arm64/Lexer.swiftmodule -o /Users/admin/builder/spi-builder-workspace/.derivedData/Build/Products/Debug/Lexer.o
SwiftDriver Sema normal arm64 com.apple.xcode.tools.swift.compiler (in target 'Sema' from project 'swift-ast')
cd /Users/admin/builder/spi-builder-workspace/.swiftpm/xcode
builtin-SwiftDriver -- /Applications/Xcode-27.0.0-Release.Candidate.app/Contents/Developer/Toolchains/XcodeDefault.xctoolchain/usr/bin/swiftc -parse-as-library -module-name Sema -Onone @/Users/admin/builder/spi-builder-workspace/.derivedData/Build/Intermediates.noindex/swift-ast.build/Debug/Sema-t.build/Objects-normal/arm64/Sema.SwiftFileList -DSWIFT_PACKAGE -DDEBUG -DSWIFT_MODULE_RESOURCE_BUNDLE_UNAVAILABLE -DXcode -plugin-path /Applications/Xcode-27.0.0-Release.Candidate.app/Contents/Developer/Toolchains/XcodeDefault.xctoolchain/usr/lib/swift/host/plugins/testing -enable-experimental-feature DebugDescriptionMacro -sdk /Applications/Xcode-27.0.0-Release.Candidate.app/Contents/Developer/Platforms/MacOSX.platform/Developer/SDKs/MacOSX27.0.sdk -target arm64-apple-macos12.0 -g -module-cache-path /Users/admin/builder/spi-builder-workspace/.derivedData/ModuleCache.noindex -Xfrontend -serialize-debugging-options -profile-coverage-mapping -profile-generate -enable-testing -suppress-warnings -index-store-path /Users/admin/builder/spi-builder-workspace/.derivedData/Index.noindex/DataStore -Xcc -D_LIBCPP_HARDENING_MODE\=_LIBCPP_HARDENING_MODE_DEBUG -swift-version 5 -I /Users/admin/builder/spi-builder-workspace/.derivedData/Build/Products/Debug -Isystem /Applications/Xcode-27.0.0-Release.Candidate.app/Contents/Developer/Platforms/MacOSX.platform/Developer/usr/lib -F /Users/admin/builder/spi-builder-workspace/.derivedData/Build/Products/Debug/PackageFrameworks -F /Users/admin/builder/spi-builder-workspace/.derivedData/Build/Products/Debug -F /Applications/Xcode-27.0.0-Release.Candidate.app/Contents/Developer/Platforms/MacOSX.platform/Developer/Library/Frameworks -c -j10 -enable-batch-mode -incremental -Xcc -ivfsstatcache -Xcc /Users/admin/builder/spi-builder-workspace/.derivedData/SDKStatCaches.noindex/macosx27.0-26A425-e829b21a6f8c9b70876ba0858053c0446a22442a12e9d48fe1a705f55a1adfc4.sdkstatcache -output-file-map /Users/admin/builder/spi-builder-workspace/.derivedData/Build/Intermediates.noindex/swift-ast.build/Debug/Sema-t.build/Objects-normal/arm64/Sema-OutputFileMap.json -save-temps -no-color-diagnostics -explicit-module-build -module-cache-path /Users/admin/builder/spi-builder-workspace/.derivedData/Build/Intermediates.noindex/SwiftExplicitPrecompiledModules -clang-scanner-module-cache-path /Users/admin/builder/spi-builder-workspace/.derivedData/ModuleCache.noindex -sdk-module-cache-path /Users/admin/builder/spi-builder-workspace/.derivedData/SDKExplicitPrecompiledModules -emit-dependencies -emit-module -emit-module-path /Users/admin/builder/spi-builder-workspace/.derivedData/Build/Intermediates.noindex/swift-ast.build/Debug/Sema-t.build/Objects-normal/arm64/Sema.swiftmodule -serialize-diagnostics -dependency-scan-serialize-diagnostics-path /Users/admin/builder/spi-builder-workspace/.derivedData/Build/Intermediates.noindex/swift-ast.build/Debug/Sema-t.build/Objects-normal/arm64/Sema-dependency-scan.dia -validate-clang-modules-once -clang-build-session-file /Users/admin/builder/spi-builder-workspace/.derivedData/ModuleCache.noindex/Session.modulevalidation -Xcc -fmodules-prune-interval\=86400 -Xcc -fmodules-prune-after\=345600 -emit-const-values -const-gather-protocols-list /Users/admin/builder/spi-builder-workspace/.derivedData/Build/Intermediates.noindex/swift-ast.build/Debug/Sema-t.build/Objects-normal/arm64/Sema_const_extract_protocols.json -Xcc -I/Users/admin/builder/spi-builder-workspace/.derivedData/Build/Products/Debug/include -Xcc -I/Users/admin/builder/spi-builder-workspace/.derivedData/Build/Intermediates.noindex/swift-ast.build/Debug/Sema-t.build/DerivedSources-normal/arm64 -Xcc -I/Users/admin/builder/spi-builder-workspace/.derivedData/Build/Intermediates.noindex/swift-ast.build/Debug/Sema-t.build/DerivedSources/arm64 -Xcc -I/Users/admin/builder/spi-builder-workspace/.derivedData/Build/Intermediates.noindex/swift-ast.build/Debug/Sema-t.build/DerivedSources -Xcc -DSWIFT_PACKAGE -Xcc -DDEBUG\=1 -emit-objc-header -emit-objc-header-path /Users/admin/builder/spi-builder-workspace/.derivedData/Build/Intermediates.noindex/swift-ast.build/Debug/Sema-t.build/Objects-normal/arm64/Sema-Swift.h -working-directory /Users/admin/builder/spi-builder-workspace/.swiftpm/xcode -experimental-emit-module-separately -disable-cmo
SwiftDriverJobDiscovery normal arm64 Compiling RepeatWhileStatement.swift, ReturnStatement.swift, SwitchStatement.swift, ThrowStatement.swift, WhileStatement.swift, Statements.swift, ThrowsKind.swift, TopLevelDeclaration.swift, Type.swift, AnyType.swift, ArrayType.swift, DictionaryType.swift (in target 'AST' from project 'swift-ast')
ExtractAppIntentsMetadata (in target 'Lexer' from project 'swift-ast')
cd /Users/admin/builder/spi-builder-workspace/.dependencies/checkouts/swift-ast
/Applications/Xcode-27.0.0-Release.Candidate.app/Contents/Developer/Toolchains/XcodeDefault.xctoolchain/usr/bin/appintentsmetadataprocessor --toolchain-dir /var/run/com.apple.security.cryptexd/mnt/com.apple.MobileAsset.MetalToolchain-v27.1.266.1.JTlFqd/Metal.xctoolchain --module-name Lexer --sdk-root /Applications/Xcode-27.0.0-Release.Candidate.app/Contents/Developer/Platforms/MacOSX.platform/Developer/SDKs/MacOSX27.0.sdk --xcode-version 27A266a --platform-family macOS --deployment-target 12.0 --bundle-identifier swift-ast.Lexer --output /Users/admin/builder/spi-builder-workspace/.derivedData/Build/Products/Debug/Lexer.appintents --target-triple arm64-apple-macos12.0 --binary-file /Users/admin/builder/spi-builder-workspace/.derivedData/Build/Products/Debug/Lexer.o --dependency-file /Users/admin/builder/spi-builder-workspace/.derivedData/Build/Intermediates.noindex/swift-ast.build/Debug/Lexer-t.build/Objects-normal/arm64/Lexer_dependency_info.dat --stringsdata-file /Users/admin/builder/spi-builder-workspace/.derivedData/Build/Intermediates.noindex/swift-ast.build/Debug/Lexer-t.build/Objects-normal/arm64/ExtractedAppShortcutsMetadata.stringsdata --source-file-list /Users/admin/builder/spi-builder-workspace/.derivedData/Build/Intermediates.noindex/swift-ast.build/Debug/Lexer-t.build/Objects-normal/arm64/Lexer.SwiftFileList --metadata-file-list /Users/admin/builder/spi-builder-workspace/.derivedData/Build/Intermediates.noindex/swift-ast.build/Debug/Lexer-t.build/Lexer.DependencyMetadataFileList --static-metadata-file-list /Users/admin/builder/spi-builder-workspace/.derivedData/Build/Intermediates.noindex/swift-ast.build/Debug/Lexer-t.build/Lexer.DependencyStaticMetadataFileList --swift-const-vals-list /Users/admin/builder/spi-builder-workspace/.derivedData/Build/Intermediates.noindex/swift-ast.build/Debug/Lexer-t.build/Objects-normal/arm64/Lexer.SwiftConstValuesFileList --force --compile-time-extraction --deployment-aware-processing --no-app-shortcuts-localization
2026-09-21 06:39:38.557 appintentsmetadataprocessor[958:5793] Starting appintentsmetadataprocessor export
2026-09-21 06:39:38.632 appintentsmetadataprocessor[958:5793] Extracted no relevant App Intents symbols, skipping writing output
SwiftDriverJobDiscovery normal arm64 Compiling LiteralExpression.swift, OptionalChainingExpression.swift, ParenthesizedExpression.swift, PostfixOperatorExpression.swift, PostfixSelfExpression.swift, PrefixOperatorExpression.swift, SelectorExpression.swift, SelfExpression.swift, SequenceExpression.swift, SubscriptArgument.swift, SubscriptExpression.swift, SuperclassExpression.swift (in target 'AST' from project 'swift-ast')
SwiftDriverJobDiscovery normal arm64 Compiling CompilerControlStatement.swift, AvailabilityCondition.swift, Condition.swift, ConditionList.swift, ContinueStatement.swift, DeferStatement.swift, DoStatement.swift, FallthroughStatement.swift, ForInStatement.swift, GuardStatement.swift, IfStatement.swift, LabeledStatement.swift (in target 'AST' from project 'swift-ast')
ExtractAppIntentsMetadata (in target 'Composition' from project 'Song')
cd /Users/admin/builder/spi-builder-workspace
/Applications/Xcode-27.0.0-Release.Candidate.app/Contents/Developer/Toolchains/XcodeDefault.xctoolchain/usr/bin/appintentsmetadataprocessor --toolchain-dir /var/run/com.apple.security.cryptexd/mnt/com.apple.MobileAsset.MetalToolchain-v27.1.266.1.JTlFqd/Metal.xctoolchain --module-name Composition --sdk-root /Applications/Xcode-27.0.0-Release.Candidate.app/Contents/Developer/Platforms/MacOSX.platform/Developer/SDKs/MacOSX27.0.sdk --xcode-version 27A266a --platform-family macOS --deployment-target 14.0 --bundle-identifier spi-builder-workspace.Composition --output /Users/admin/builder/spi-builder-workspace/.derivedData/Build/Products/Debug/Composition.appintents --target-triple arm64-apple-macos14.0 --binary-file /Users/admin/builder/spi-builder-workspace/.derivedData/Build/Products/Debug/Composition.o --dependency-file /Users/admin/builder/spi-builder-workspace/.derivedData/Build/Intermediates.noindex/Song.build/Debug/Composition-t.build/Objects-normal/arm64/Composition_dependency_info.dat --stringsdata-file /Users/admin/builder/spi-builder-workspace/.derivedData/Build/Intermediates.noindex/Song.build/Debug/Composition-t.build/Objects-normal/arm64/ExtractedAppShortcutsMetadata.stringsdata --source-file-list /Users/admin/builder/spi-builder-workspace/.derivedData/Build/Intermediates.noindex/Song.build/Debug/Composition-t.build/Objects-normal/arm64/Composition.SwiftFileList --metadata-file-list /Users/admin/builder/spi-builder-workspace/.derivedData/Build/Intermediates.noindex/Song.build/Debug/Composition-t.build/Composition.DependencyMetadataFileList --static-metadata-file-list /Users/admin/builder/spi-builder-workspace/.derivedData/Build/Intermediates.noindex/Song.build/Debug/Composition-t.build/Composition.DependencyStaticMetadataFileList --swift-const-vals-list /Users/admin/builder/spi-builder-workspace/.derivedData/Build/Intermediates.noindex/Song.build/Debug/Composition-t.build/Objects-normal/arm64/Composition.SwiftConstValuesFileList --force --compile-time-extraction --deployment-aware-processing --no-app-shortcuts-localization
2026-09-21 06:39:38.609 appintentsmetadataprocessor[959:5806] Starting appintentsmetadataprocessor export
2026-09-21 06:39:38.711 appintentsmetadataprocessor[959:5806] Extracted no relevant App Intents symbols, skipping writing output
SwiftDriver Parser normal arm64 com.apple.xcode.tools.swift.compiler (in target 'Parser' from project 'swift-ast')
cd /Users/admin/builder/spi-builder-workspace/.swiftpm/xcode
builtin-SwiftDriver -- /Applications/Xcode-27.0.0-Release.Candidate.app/Contents/Developer/Toolchains/XcodeDefault.xctoolchain/usr/bin/swiftc -parse-as-library -module-name Parser -Onone @/Users/admin/builder/spi-builder-workspace/.derivedData/Build/Intermediates.noindex/swift-ast.build/Debug/Parser-t.build/Objects-normal/arm64/Parser.SwiftFileList -DSWIFT_PACKAGE -DDEBUG -DSWIFT_MODULE_RESOURCE_BUNDLE_UNAVAILABLE -DXcode -plugin-path /Applications/Xcode-27.0.0-Release.Candidate.app/Contents/Developer/Toolchains/XcodeDefault.xctoolchain/usr/lib/swift/host/plugins/testing -enable-experimental-feature DebugDescriptionMacro -sdk /Applications/Xcode-27.0.0-Release.Candidate.app/Contents/Developer/Platforms/MacOSX.platform/Developer/SDKs/MacOSX27.0.sdk -target arm64-apple-macos12.0 -g -module-cache-path /Users/admin/builder/spi-builder-workspace/.derivedData/ModuleCache.noindex -Xfrontend -serialize-debugging-options -profile-coverage-mapping -profile-generate -enable-testing -suppress-warnings -index-store-path /Users/admin/builder/spi-builder-workspace/.derivedData/Index.noindex/DataStore -Xcc -D_LIBCPP_HARDENING_MODE\=_LIBCPP_HARDENING_MODE_DEBUG -swift-version 5 -I /Users/admin/builder/spi-builder-workspace/.derivedData/Build/Products/Debug -Isystem /Applications/Xcode-27.0.0-Release.Candidate.app/Contents/Developer/Platforms/MacOSX.platform/Developer/usr/lib -F /Users/admin/builder/spi-builder-workspace/.derivedData/Build/Products/Debug/PackageFrameworks -F /Users/admin/builder/spi-builder-workspace/.derivedData/Build/Products/Debug -F /Applications/Xcode-27.0.0-Release.Candidate.app/Contents/Developer/Platforms/MacOSX.platform/Developer/Library/Frameworks -c -j10 -enable-batch-mode -incremental -Xcc -ivfsstatcache -Xcc /Users/admin/builder/spi-builder-workspace/.derivedData/SDKStatCaches.noindex/macosx27.0-26A425-e829b21a6f8c9b70876ba0858053c0446a22442a12e9d48fe1a705f55a1adfc4.sdkstatcache -output-file-map /Users/admin/builder/spi-builder-workspace/.derivedData/Build/Intermediates.noindex/swift-ast.build/Debug/Parser-t.build/Objects-normal/arm64/Parser-OutputFileMap.json -save-temps -no-color-diagnostics -explicit-module-build -module-cache-path /Users/admin/builder/spi-builder-workspace/.derivedData/Build/Intermediates.noindex/SwiftExplicitPrecompiledModules -clang-scanner-module-cache-path /Users/admin/builder/spi-builder-workspace/.derivedData/ModuleCache.noindex -sdk-module-cache-path /Users/admin/builder/spi-builder-workspace/.derivedData/SDKExplicitPrecompiledModules -emit-dependencies -emit-module -emit-module-path /Users/admin/builder/spi-builder-workspace/.derivedData/Build/Intermediates.noindex/swift-ast.build/Debug/Parser-t.build/Objects-normal/arm64/Parser.swiftmodule -serialize-diagnostics -dependency-scan-serialize-diagnostics-path /Users/admin/builder/spi-builder-workspace/.derivedData/Build/Intermediates.noindex/swift-ast.build/Debug/Parser-t.build/Objects-normal/arm64/Parser-dependency-scan.dia -validate-clang-modules-once -clang-build-session-file /Users/admin/builder/spi-builder-workspace/.derivedData/ModuleCache.noindex/Session.modulevalidation -Xcc -fmodules-prune-interval\=86400 -Xcc -fmodules-prune-after\=345600 -emit-const-values -const-gather-protocols-list /Users/admin/builder/spi-builder-workspace/.derivedData/Build/Intermediates.noindex/swift-ast.build/Debug/Parser-t.build/Objects-normal/arm64/Parser_const_extract_protocols.json -Xcc -I/Users/admin/builder/spi-builder-workspace/.derivedData/Build/Products/Debug/include -Xcc -I/Users/admin/builder/spi-builder-workspace/.derivedData/Build/Intermediates.noindex/swift-ast.build/Debug/Parser-t.build/DerivedSources-normal/arm64 -Xcc -I/Users/admin/builder/spi-builder-workspace/.derivedData/Build/Intermediates.noindex/swift-ast.build/Debug/Parser-t.build/DerivedSources/arm64 -Xcc -I/Users/admin/builder/spi-builder-workspace/.derivedData/Build/Intermediates.noindex/swift-ast.build/Debug/Parser-t.build/DerivedSources -Xcc -DSWIFT_PACKAGE -Xcc -DDEBUG\=1 -emit-objc-header -emit-objc-header-path /Users/admin/builder/spi-builder-workspace/.derivedData/Build/Intermediates.noindex/swift-ast.build/Debug/Parser-t.build/Objects-normal/arm64/Parser-Swift.h -working-directory /Users/admin/builder/spi-builder-workspace/.swiftpm/xcode -experimental-emit-module-separately -disable-cmo
SwiftDriverJobDiscovery normal arm64 Compiling AssignmentOperatorExpression.swift, BinaryOperatorExpression.swift, ClosureExpression.swift, ExplicitMemberExpression.swift, ForcedValueExpression.swift, FunctionCallExpression.swift, IdentifierExpression.swift, ImplicitMemberExpression.swift, InOutExpression.swift, InitializerExpression.swift, KeyPathExpression.swift, KeyPathStringExpression.swift (in target 'AST' from project 'swift-ast')
SwiftDriverJobDiscovery normal arm64 Compiling Operator.swift, Pattern.swift, EnumCasePattern.swift, ExpressionPattern.swift, IdentifierPattern.swift, OptionalPattern.swift, TuplePattern.swift, TypeCastingPattern.swift, ValueBindingPattern.swift, WildcardPattern.swift, Statement.swift, BreakStatement.swift (in target 'AST' from project 'swift-ast')
SwiftDriverJobDiscovery normal arm64 Compiling FunctionType.swift, ImplicitlyUnwrappedOptionalType.swift, MetatypeType.swift, OpaqueType.swift, OptionalType.swift, ProtocolCompositionType.swift, SelfType.swift, TupleType.swift, TypeAnnotation.swift, TypeIdentifier.swift, TypeInheritanceClause.swift, Version.swift (in target 'AST' from project 'swift-ast')
SwiftDriverJobDiscovery normal arm64 Compiling AccessLevelModifier.swift, DeclarationModifier.swift, DeclarationModifiers.swift, MutationModifier.swift, OperatorDeclaration.swift, PrecedenceGroupDeclaration.swift, ProtocolDeclaration.swift, StructDeclaration.swift, SubscriptDeclaration.swift, TypealiasDeclaration.swift, VariableDeclaration.swift, Expression.swift (in target 'AST' from project 'swift-ast')
SwiftDriverJobDiscovery normal arm64 Compiling WillSetDidSetBlock.swift, ClassDeclaration.swift, ConstantDeclaration.swift, DeinitializerDeclaration.swift, EnumDeclaration.swift, ExtensionDeclaration.swift, FunctionResult.swift, FunctionSignature.swift, FunctionDeclaration.swift, ImportDeclaration.swift, PatternInitializer.swift, InitializerDeclaration.swift (in target 'AST' from project 'swift-ast')
SwiftEmitModule normal arm64 Emitting\ module\ for\ Sema (in target 'Sema' from project 'swift-ast')
SwiftCompile normal arm64 (in target 'Sema' from project 'swift-ast')
cd /Users/admin/builder/spi-builder-workspace/.swiftpm/xcode
SwiftCompile normal arm64 Compiling\ LexicalParentAssignment.swift /Users/admin/builder/spi-builder-workspace/.dependencies/checkouts/swift-ast/Sources/Sema/LexicalParentAssignment.swift (in target 'Sema' from project 'swift-ast')
SwiftCompile normal arm64 /Users/admin/builder/spi-builder-workspace/.dependencies/checkouts/swift-ast/Sources/Sema/LexicalParentAssignment.swift (in target 'Sema' from project 'swift-ast')
cd /Users/admin/builder/spi-builder-workspace/.swiftpm/xcode
builtin-SwiftPerFileCompile LexicalParentAssignment.swift
SwiftCompile normal arm64 Compiling\ SequenceExpressionFolding.swift /Users/admin/builder/spi-builder-workspace/.dependencies/checkouts/swift-ast/Sources/Sema/SequenceExpressionFolding.swift (in target 'Sema' from project 'swift-ast')
SwiftCompile normal arm64 /Users/admin/builder/spi-builder-workspace/.dependencies/checkouts/swift-ast/Sources/Sema/SequenceExpressionFolding.swift (in target 'Sema' from project 'swift-ast')
cd /Users/admin/builder/spi-builder-workspace/.swiftpm/xcode
builtin-SwiftPerFileCompile SequenceExpressionFolding.swift
SwiftCompile normal arm64 Compiling\ Parser+Declaration.swift,\ Parser+Diagnostic.swift /Users/admin/builder/spi-builder-workspace/.dependencies/checkouts/swift-ast/Sources/Parser/Parser+Declaration.swift /Users/admin/builder/spi-builder-workspace/.dependencies/checkouts/swift-ast/Sources/Parser/Parser+Diagnostic.swift (in target 'Parser' from project 'swift-ast')
SwiftCompile normal arm64 /Users/admin/builder/spi-builder-workspace/.dependencies/checkouts/swift-ast/Sources/Parser/Parser+Declaration.swift (in target 'Parser' from project 'swift-ast')
cd /Users/admin/builder/spi-builder-workspace/.swiftpm/xcode
builtin-SwiftPerFileCompile Parser+Declaration.swift
SwiftCompile normal arm64 /Users/admin/builder/spi-builder-workspace/.dependencies/checkouts/swift-ast/Sources/Parser/Parser+Diagnostic.swift (in target 'Parser' from project 'swift-ast')
cd /Users/admin/builder/spi-builder-workspace/.swiftpm/xcode
builtin-SwiftPerFileCompile Parser+Diagnostic.swift
SwiftCompile normal arm64 Compiling\ Parser+Pattern.swift /Users/admin/builder/spi-builder-workspace/.dependencies/checkouts/swift-ast/Sources/Parser/Parser+Pattern.swift (in target 'Parser' from project 'swift-ast')
/Users/admin/builder/spi-builder-workspace/.dependencies/checkouts/swift-ast/Sources/Parser/Parser+Expression.swift:40:93: error: 'Expression' is ambiguous for type lookup in this context
38 | }
39 |
40 | func parseExpression(config: ParserExpressionConfig = ParserExpressionConfig()) throws -> Expression {
| `- error: 'Expression' is ambiguous for type lookup in this context
41 | let tryKind = parseTryKind()
42 | let prefixExpr = try parsePrefixExpression(config: config)
Foundation.Expression:2:15: note: found this candidate
1 | @available(macOS 15, iOS 18, tvOS 18, watchOS 11, *)
2 | public struct Expression<each Input, Output> : Sendable {
| `- note: found this candidate
3 | public let expression: any StandardPredicateExpression<Output>
4 | public let variable: (repeat PredicateExpressions.Variable<each Input>)
AST.Expression:1:17: note: found this candidate
1 | public protocol Expression : AST.Statement {
| `- note: found this candidate
2 | }
Failed frontend command:
/Applications/Xcode-27.0.0-Release.Candidate.app/Contents/Developer/Toolchains/XcodeDefault.xctoolchain/usr/bin/swift-frontend -frontend -c /Users/admin/builder/spi-builder-workspace/.dependencies/checkouts/swift-ast/Sources/Parser/Parser+Attribute.swift /Users/admin/builder/spi-builder-workspace/.dependencies/checkouts/swift-ast/Sources/Parser/Parser+Common.swift /Users/admin/builder/spi-builder-workspace/.dependencies/checkouts/swift-ast/Sources/Parser/Parser+Declaration.swift /Users/admin/builder/spi-builder-workspace/.dependencies/checkouts/swift-ast/Sources/Parser/Parser+Diagnostic.swift /Users/admin/builder/spi-builder-workspace/.dependencies/checkouts/swift-ast/Sources/Parser/Parser+Expression.swift /Users/admin/builder/spi-builder-workspace/.dependencies/checkouts/swift-ast/Sources/Parser/Parser+Generic.swift /Users/admin/builder/spi-builder-workspace/.dependencies/checkouts/swift-ast/Sources/Parser/Parser+Lexing.swift /Users/admin/builder/spi-builder-workspace/.dependencies/checkouts/swift-ast/Sources/Parser/Parser+Modifier.swift -primary-file /Users/admin/builder/spi-builder-workspace/.dependencies/checkouts/swift-ast/Sources/Parser/Parser+Pattern.swift /Users/admin/builder/spi-builder-workspace/.dependencies/checkouts/swift-ast/Sources/Parser/Parser+Statement.swift /Users/admin/builder/spi-builder-workspace/.dependencies/checkouts/swift-ast/Sources/Parser/Parser+Type.swift /Users/admin/builder/spi-builder-workspace/.dependencies/checkouts/swift-ast/Sources/Parser/Parser+Util.swift /Users/admin/builder/spi-builder-workspace/.dependencies/checkouts/swift-ast/Sources/Parser/Parser.swift -emit-dependencies-path /Users/admin/builder/spi-builder-workspace/.derivedData/Build/Intermediates.noindex/swift-ast.build/Debug/Parser-t.build/Objects-normal/arm64/Parser+Pattern.d -emit-const-values-path /Users/admin/builder/spi-builder-workspace/.derivedData/Build/Intermediates.noindex/swift-ast.build/Debug/Parser-t.build/Objects-normal/arm64/Parser+Pattern.swiftconstvalues -emit-reference-dependencies-path /Users/admin/builder/spi-builder-workspace/.derivedData/Build/Intermediates.noindex/swift-ast.build/Debug/Parser-t.build/Objects-normal/arm64/Parser+Pattern.swiftdeps -serialize-diagnostics-path /Users/admin/builder/spi-builder-workspace/.derivedData/Build/Intermediates.noindex/swift-ast.build/Debug/Parser-t.build/Objects-normal/arm64/Parser+Pattern.dia -target arm64-apple-macos12.0 -disable-cross-import-overlay-search -load-resolved-plugin /Applications/Xcode-27.0.0-Release.Candidate.app/Contents/Developer/Platforms/MacOSX.platform/Developer/usr/lib/swift/host/plugins/libFoundationMacros.dylib\#/Applications/Xcode-27.0.0-Release.Candidate.app/Contents/Developer/Platforms/MacOSX.platform/Developer/usr/bin/swift-plugin-server\#FoundationMacros -load-resolved-plugin /Applications/Xcode-27.0.0-Release.Candidate.app/Contents/Developer/Platforms/MacOSX.platform/Developer/usr/lib/swift/host/plugins/libObservationMacros.dylib\#/Applications/Xcode-27.0.0-Release.Candidate.app/Contents/Developer/Platforms/MacOSX.platform/Developer/usr/bin/swift-plugin-server\#ObservationMacros -load-resolved-plugin /Applications/Xcode-27.0.0-Release.Candidate.app/Contents/Developer/Platforms/MacOSX.platform/Developer/usr/lib/swift/host/plugins/libSwiftMacros.dylib\#/Applications/Xcode-27.0.0-Release.Candidate.app/Contents/Developer/Platforms/MacOSX.platform/Developer/usr/bin/swift-plugin-server\#SwiftMacros -disable-implicit-swift-modules -Xcc -fno-implicit-modules -Xcc -fno-implicit-module-maps -explicit-swift-module-map-file /Users/admin/builder/spi-builder-workspace/.derivedData/Build/Intermediates.noindex/swift-ast.build/Debug/Parser-t.build/Objects-normal/arm64/Parser-dependencies-1.json -Xllvm -aarch64-use-tbi -enable-objc-interop -stack-check -sdk /Applications/Xcode-27.0.0-Release.Candidate.app/Contents/Developer/Platforms/MacOSX.platform/Developer/SDKs/MacOSX27.0.sdk -I /Users/admin/builder/spi-builder-workspace/.derivedData/Build/Products/Debug -Isystem /Applications/Xcode-27.0.0-Release.Candidate.app/Contents/Developer/Platforms/MacOSX.platform/Developer/usr/lib -F /Users/admin/builder/spi-builder-workspace/.derivedData/Build/Products/Debug/PackageFrameworks -F /Users/admin/builder/spi-builder-workspace/.derivedData/Build/Products/Debug -F /Applications/Xcode-27.0.0-Release.Candidate.app/Contents/Developer/Platforms/MacOSX.platform/Developer/Library/Frameworks -module-cache-path /Users/admin/builder/spi-builder-workspace/.derivedData/Build/Intermediates.noindex/SwiftExplicitPrecompiledModules -no-color-diagnostics -Xcc -fno-color-diagnostics -enable-testing -g -debug-info-format\=dwarf -dwarf-version\=4 -suppress-warnings -profile-generate -profile-coverage-mapping -swift-version 5 -Onone -D SWIFT_PACKAGE -D DEBUG -D SWIFT_MODULE_RESOURCE_BUNDLE_UNAVAILABLE -D Xcode -serialize-debugging-options -enable-experimental-feature DebugDescriptionMacro -empty-abi-descriptor -validate-clang-modules-once -clang-build-session-file /Users/admin/builder/spi-builder-workspace/.derivedData/ModuleCache.noindex/Session.modulevalidation -Xcc -working-directory -Xcc /Users/admin/builder/spi-builder-workspace/.swiftpm/xcode -enable-anonymous-context-mangled-names -file-compilation-dir /Users/admin/builder/spi-builder-workspace/.swiftpm/xcode -Xcc -D_LIBCPP_HARDENING_MODE\=_LIBCPP_HARDENING_MODE_DEBUG -Xcc -ivfsstatcache -Xcc /Users/admin/builder/spi-builder-workspace/.derivedData/SDKStatCaches.noindex/macosx27.0-26A425-e829b21a6f8c9b70876ba0858053c0446a22442a12e9d48fe1a705f55a1adfc4.sdkstatcache -Xcc -fmodules-prune-interval\=86400 -Xcc -fmodules-prune-after\=345600 -Xcc -I/Users/admin/builder/spi-builder-workspace/.derivedData/Build/Products/Debug/include -Xcc -I/Users/admin/builder/spi-builder-workspace/.derivedData/Build/Intermediates.noindex/swift-ast.build/Debug/Parser-t.build/DerivedSources-normal/arm64 -Xcc -I/Users/admin/builder/spi-builder-workspace/.derivedData/Build/Intermediates.noindex/swift-ast.build/Debug/Parser-t.build/DerivedSources/arm64 -Xcc -I/Users/admin/builder/spi-builder-workspace/.derivedData/Build/Intermediates.noindex/swift-ast.build/Debug/Parser-t.build/DerivedSources -Xcc -DSWIFT_PACKAGE -Xcc -DDEBUG\=1 -no-auto-bridging-header-chaining -module-name Parser -const-gather-protocols-file /Users/admin/builder/spi-builder-workspace/.derivedData/Build/Intermediates.noindex/swift-ast.build/Debug/Parser-t.build/Objects-normal/arm64/Parser_const_extract_protocols.json -disable-clang-spi -clang-target arm64-apple-macos27.0 -target-sdk-version 27.0 -target-sdk-name macosx27.0 -in-process-plugin-server-path /Applications/Xcode-27.0.0-Release.Candidate.app/Contents/Developer/Toolchains/XcodeDefault.xctoolchain/usr/lib/swift/host/libSwiftInProcPluginServer.dylib -parse-as-library -o /Users/admin/builder/spi-builder-workspace/.derivedData/Build/Intermediates.noindex/swift-ast.build/Debug/Parser-t.build/Objects-normal/arm64/Parser+Pattern.o -debug-module-path /Users/admin/builder/spi-builder-workspace/.derivedData/Build/Intermediates.noindex/swift-ast.build/Debug/Parser-t.build/Objects-normal/arm64/Parser.swiftmodule -index-unit-output-path /swift-ast.build/Debug/Parser-t.build/Objects-normal/arm64/Parser+Pattern.o -index-store-path /Users/admin/builder/spi-builder-workspace/.derivedData/Index.noindex/DataStore -index-system-modules
SwiftCompile normal arm64 /Users/admin/builder/spi-builder-workspace/.dependencies/checkouts/swift-ast/Sources/Parser/Parser+Pattern.swift (in target 'Parser' from project 'swift-ast')
cd /Users/admin/builder/spi-builder-workspace/.swiftpm/xcode
builtin-SwiftPerFileCompile Parser+Pattern.swift
SwiftCompile normal arm64 Compiling\ Parser+Lexing.swift /Users/admin/builder/spi-builder-workspace/.dependencies/checkouts/swift-ast/Sources/Parser/Parser+Lexing.swift (in target 'Parser' from project 'swift-ast')
SwiftCompile normal arm64 /Users/admin/builder/spi-builder-workspace/.dependencies/checkouts/swift-ast/Sources/Parser/Parser+Lexing.swift (in target 'Parser' from project 'swift-ast')
cd /Users/admin/builder/spi-builder-workspace/.swiftpm/xcode
builtin-SwiftPerFileCompile Parser+Lexing.swift
SwiftCompile normal arm64 Compiling\ Parser+Modifier.swift /Users/admin/builder/spi-builder-workspace/.dependencies/checkouts/swift-ast/Sources/Parser/Parser+Modifier.swift (in target 'Parser' from project 'swift-ast')
SwiftCompile normal arm64 /Users/admin/builder/spi-builder-workspace/.dependencies/checkouts/swift-ast/Sources/Parser/Parser+Modifier.swift (in target 'Parser' from project 'swift-ast')
cd /Users/admin/builder/spi-builder-workspace/.swiftpm/xcode
builtin-SwiftPerFileCompile Parser+Modifier.swift
SwiftEmitModule normal arm64 Emitting\ module\ for\ Parser (in target 'Parser' from project 'swift-ast')
SwiftCompile normal arm64 (in target 'Parser' from project 'swift-ast')
cd /Users/admin/builder/spi-builder-workspace/.swiftpm/xcode
SwiftCompile normal arm64 Compiling\ Parser+Statement.swift /Users/admin/builder/spi-builder-workspace/.dependencies/checkouts/swift-ast/Sources/Parser/Parser+Statement.swift (in target 'Parser' from project 'swift-ast')
SwiftCompile normal arm64 /Users/admin/builder/spi-builder-workspace/.dependencies/checkouts/swift-ast/Sources/Parser/Parser+Statement.swift (in target 'Parser' from project 'swift-ast')
cd /Users/admin/builder/spi-builder-workspace/.swiftpm/xcode
builtin-SwiftPerFileCompile Parser+Statement.swift
SwiftCompile normal arm64 Compiling\ Parser.swift /Users/admin/builder/spi-builder-workspace/.dependencies/checkouts/swift-ast/Sources/Parser/Parser.swift (in target 'Parser' from project 'swift-ast')
SwiftCompile normal arm64 /Users/admin/builder/spi-builder-workspace/.dependencies/checkouts/swift-ast/Sources/Parser/Parser.swift (in target 'Parser' from project 'swift-ast')
cd /Users/admin/builder/spi-builder-workspace/.swiftpm/xcode
builtin-SwiftPerFileCompile Parser.swift
SwiftDriverJobDiscovery normal arm64 Emitting module for Sema (in target 'Sema' from project 'swift-ast')
SwiftDriver\ Compilation\ Requirements Sema normal arm64 com.apple.xcode.tools.swift.compiler (in target 'Sema' from project 'swift-ast')
cd /Users/admin/builder/spi-builder-workspace/.swiftpm/xcode
builtin-Swift-Compilation-Requirements -- /Applications/Xcode-27.0.0-Release.Candidate.app/Contents/Developer/Toolchains/XcodeDefault.xctoolchain/usr/bin/swiftc -parse-as-library -module-name Sema -Onone @/Users/admin/builder/spi-builder-workspace/.derivedData/Build/Intermediates.noindex/swift-ast.build/Debug/Sema-t.build/Objects-normal/arm64/Sema.SwiftFileList -DSWIFT_PACKAGE -DDEBUG -DSWIFT_MODULE_RESOURCE_BUNDLE_UNAVAILABLE -DXcode -plugin-path /Applications/Xcode-27.0.0-Release.Candidate.app/Contents/Developer/Toolchains/XcodeDefault.xctoolchain/usr/lib/swift/host/plugins/testing -enable-experimental-feature DebugDescriptionMacro -sdk /Applications/Xcode-27.0.0-Release.Candidate.app/Contents/Developer/Platforms/MacOSX.platform/Developer/SDKs/MacOSX27.0.sdk -target arm64-apple-macos12.0 -g -module-cache-path /Users/admin/builder/spi-builder-workspace/.derivedData/ModuleCache.noindex -Xfrontend -serialize-debugging-options -profile-coverage-mapping -profile-generate -enable-testing -suppress-warnings -index-store-path /Users/admin/builder/spi-builder-workspace/.derivedData/Index.noindex/DataStore -Xcc -D_LIBCPP_HARDENING_MODE\=_LIBCPP_HARDENING_MODE_DEBUG -swift-version 5 -I /Users/admin/builder/spi-builder-workspace/.derivedData/Build/Products/Debug -Isystem /Applications/Xcode-27.0.0-Release.Candidate.app/Contents/Developer/Platforms/MacOSX.platform/Developer/usr/lib -F /Users/admin/builder/spi-builder-workspace/.derivedData/Build/Products/Debug/PackageFrameworks -F /Users/admin/builder/spi-builder-workspace/.derivedData/Build/Products/Debug -F /Applications/Xcode-27.0.0-Release.Candidate.app/Contents/Developer/Platforms/MacOSX.platform/Developer/Library/Frameworks -c -j10 -enable-batch-mode -incremental -Xcc -ivfsstatcache -Xcc /Users/admin/builder/spi-builder-workspace/.derivedData/SDKStatCaches.noindex/macosx27.0-26A425-e829b21a6f8c9b70876ba0858053c0446a22442a12e9d48fe1a705f55a1adfc4.sdkstatcache -output-file-map /Users/admin/builder/spi-builder-workspace/.derivedData/Build/Intermediates.noindex/swift-ast.build/Debug/Sema-t.build/Objects-normal/arm64/Sema-OutputFileMap.json -save-temps -no-color-diagnostics -explicit-module-build -module-cache-path /Users/admin/builder/spi-builder-workspace/.derivedData/Build/Intermediates.noindex/SwiftExplicitPrecompiledModules -clang-scanner-module-cache-path /Users/admin/builder/spi-builder-workspace/.derivedData/ModuleCache.noindex -sdk-module-cache-path /Users/admin/builder/spi-builder-workspace/.derivedData/SDKExplicitPrecompiledModules -emit-dependencies -emit-module -emit-module-path /Users/admin/builder/spi-builder-workspace/.derivedData/Build/Intermediates.noindex/swift-ast.build/Debug/Sema-t.build/Objects-normal/arm64/Sema.swiftmodule -serialize-diagnostics -dependency-scan-serialize-diagnostics-path /Users/admin/builder/spi-builder-workspace/.derivedData/Build/Intermediates.noindex/swift-ast.build/Debug/Sema-t.build/Objects-normal/arm64/Sema-dependency-scan.dia -validate-clang-modules-once -clang-build-session-file /Users/admin/builder/spi-builder-workspace/.derivedData/ModuleCache.noindex/Session.modulevalidation -Xcc -fmodules-prune-interval\=86400 -Xcc -fmodules-prune-after\=345600 -emit-const-values -const-gather-protocols-list /Users/admin/builder/spi-builder-workspace/.derivedData/Build/Intermediates.noindex/swift-ast.build/Debug/Sema-t.build/Objects-normal/arm64/Sema_const_extract_protocols.json -Xcc -I/Users/admin/builder/spi-builder-workspace/.derivedData/Build/Products/Debug/include -Xcc -I/Users/admin/builder/spi-builder-workspace/.derivedData/Build/Intermediates.noindex/swift-ast.build/Debug/Sema-t.build/DerivedSources-normal/arm64 -Xcc -I/Users/admin/builder/spi-builder-workspace/.derivedData/Build/Intermediates.noindex/swift-ast.build/Debug/Sema-t.build/DerivedSources/arm64 -Xcc -I/Users/admin/builder/spi-builder-workspace/.derivedData/Build/Intermediates.noindex/swift-ast.build/Debug/Sema-t.build/DerivedSources -Xcc -DSWIFT_PACKAGE -Xcc -DDEBUG\=1 -emit-objc-header -emit-objc-header-path /Users/admin/builder/spi-builder-workspace/.derivedData/Build/Intermediates.noindex/swift-ast.build/Debug/Sema-t.build/Objects-normal/arm64/Sema-Swift.h -working-directory /Users/admin/builder/spi-builder-workspace/.swiftpm/xcode -experimental-emit-module-separately -disable-cmo
SwiftDriverJobDiscovery normal arm64 Compiling Parser+Modifier.swift (in target 'Parser' from project 'swift-ast')
SwiftCompile normal arm64 Compiling\ Parser+Util.swift /Users/admin/builder/spi-builder-workspace/.dependencies/checkouts/swift-ast/Sources/Parser/Parser+Util.swift (in target 'Parser' from project 'swift-ast')
SwiftCompile normal arm64 /Users/admin/builder/spi-builder-workspace/.dependencies/checkouts/swift-ast/Sources/Parser/Parser+Util.swift (in target 'Parser' from project 'swift-ast')
cd /Users/admin/builder/spi-builder-workspace/.swiftpm/xcode
builtin-SwiftPerFileCompile Parser+Util.swift
SwiftCompile normal arm64 Compiling\ Parser+Expression.swift,\ Parser+Generic.swift /Users/admin/builder/spi-builder-workspace/.dependencies/checkouts/swift-ast/Sources/Parser/Parser+Expression.swift /Users/admin/builder/spi-builder-workspace/.dependencies/checkouts/swift-ast/Sources/Parser/Parser+Generic.swift (in target 'Parser' from project 'swift-ast')
SwiftCompile normal arm64 /Users/admin/builder/spi-builder-workspace/.dependencies/checkouts/swift-ast/Sources/Parser/Parser+Expression.swift (in target 'Parser' from project 'swift-ast')
cd /Users/admin/builder/spi-builder-workspace/.swiftpm/xcode
builtin-SwiftPerFileCompile Parser+Expression.swift
SwiftCompile normal arm64 /Users/admin/builder/spi-builder-workspace/.dependencies/checkouts/swift-ast/Sources/Parser/Parser+Generic.swift (in target 'Parser' from project 'swift-ast')
cd /Users/admin/builder/spi-builder-workspace/.swiftpm/xcode
builtin-SwiftPerFileCompile Parser+Generic.swift
PruneExplicitPrecompiledModules /Users/admin/builder/spi-builder-workspace/.derivedData/Build/Intermediates.noindex/ExplicitPrecompiledModules
PruneExplicitPrecompiledModules /Users/admin/builder/spi-builder-workspace/.derivedData/SDKExplicitPrecompiledModules
PruneExplicitPrecompiledModules /Users/admin/builder/spi-builder-workspace/.derivedData/Build/Intermediates.noindex/SwiftExplicitPrecompiledModules
2026-09-21 06:39:24.512 xcodebuild[753:4515] [MT] IDERunDestination: Supported platforms for the buildables in the current scheme is empty.
--- xcodebuild: WARNING: Using the first of multiple matching destinations:
{ platform:macOS, arch:arm64, id:27451c8d55f6e38a55b0f3fc09e32276d0370b69, name:My Mac }
{ platform:macOS, arch:arm64, variant:Mac Catalyst, id:27451c8d55f6e38a55b0f3fc09e32276d0370b69, name:My Mac }
{ platform:macOS, arch:arm64, variant:DriverKit, id:27451c8d55f6e38a55b0f3fc09e32276d0370b69, name:My Mac }
{ platform:macOS, arch:arm64, variant:Designed for [iPad,iPhone], id:27451c8d55f6e38a55b0f3fc09e32276d0370b69, name:My Mac }
** BUILD FAILED **
The following build commands failed:
SwiftCompile normal arm64 Compiling\ Parser+Pattern.swift /Users/admin/builder/spi-builder-workspace/.dependencies/checkouts/swift-ast/Sources/Parser/Parser+Pattern.swift (in target 'Parser' from project 'swift-ast')
SwiftCompile normal arm64 /Users/admin/builder/spi-builder-workspace/.dependencies/checkouts/swift-ast/Sources/Parser/Parser+Pattern.swift (in target 'Parser' from project 'swift-ast')
Building workspace Song with scheme Song-Package
(3 failures)
Command line invocation:
/Applications/Xcode-27.0.0-Release.Candidate.app/Contents/Developer/usr/bin/xcodebuild -IDEClonedSourcePackagesDirPathOverride=/Users/admin/builder/spi-builder-workspace/.dependencies -resolvePackageDependencies
Resolve Package Graph
Resolved source packages:
swift-ast: https://github.com/OperatorFoundation/swift-ast @ main (d7e0cf0)
Song: /Users/admin/builder/spi-builder-workspace
Datable: https://github.com/OperatorFoundation/Datable @ main (1186348)
Net: https://github.com/OperatorFoundation/Net @ main (e49f54a)
resolved source packages: swift-ast, Song, Datable, Net
2026-09-21 06:39:40.391 xcodebuild[971:5953] [MT] IDERunDestination: Supported platforms for the buildables in the current scheme is empty.
{
"dependencies" : [
{
"identity" : "swift-ast",
"requirement" : {
"branch" : [
"main"
]
},
"type" : "sourceControl",
"url" : "https://github.com/OperatorFoundation/swift-ast"
},
{
"identity" : "datable",
"requirement" : {
"branch" : [
"main"
]
},
"type" : "sourceControl",
"url" : "https://github.com/OperatorFoundation/Datable"
},
{
"identity" : "net",
"requirement" : {
"branch" : [
"main"
]
},
"type" : "sourceControl",
"url" : "https://github.com/OperatorFoundation/Net"
}
],
"manifest_display_name" : "Song",
"name" : "Song",
"path" : "/Users/admin/builder/spi-builder-workspace",
"platforms" : [
{
"name" : "macos",
"version" : "14.0"
},
{
"name" : "ios",
"version" : "15.0"
}
],
"products" : [
{
"name" : "Song",
"targets" : [
"Song"
],
"type" : {
"library" : [
"automatic"
]
}
},
{
"name" : "Composition",
"targets" : [
"Composition"
],
"type" : {
"library" : [
"automatic"
]
}
},
{
"name" : "Chorus",
"targets" : [
"Chorus"
],
"type" : {
"library" : [
"automatic"
]
}
},
{
"name" : "Symphony",
"targets" : [
"Symphony"
],
"type" : {
"library" : [
"automatic"
]
}
},
{
"name" : "Package",
"targets" : [
"Package"
],
"type" : {
"library" : [
"automatic"
]
}
},
{
"name" : "Expressible",
"targets" : [
"Expressible"
],
"type" : {
"library" : [
"automatic"
]
}
},
{
"name" : "SongExpressible",
"targets" : [
"SongExpressible"
],
"type" : {
"library" : [
"automatic"
]
}
},
{
"name" : "compose",
"targets" : [
"compose"
],
"type" : {
"executable" : null
}
},
{
"name" : "choir",
"targets" : [
"choir"
],
"type" : {
"executable" : null
}
}
],
"swift_languages_versions" : [
"5"
],
"targets" : [
{
"c99name" : "compose",
"module_type" : "SwiftTarget",
"name" : "compose",
"path" : "Sources/compose",
"product_dependencies" : [
"SwiftAST"
],
"product_memberships" : [
"compose"
],
"sources" : [
"main.swift"
],
"target_dependencies" : [
"Composition"
],
"type" : "executable"
},
{
"c99name" : "choir",
"module_type" : "SwiftTarget",
"name" : "choir",
"path" : "Sources/choir",
"product_dependencies" : [
"Datable",
"SwiftAST"
],
"product_memberships" : [
"choir"
],
"sources" : [
"main.swift"
],
"target_dependencies" : [
"Chorus",
"Package"
],
"type" : "executable"
},
{
"c99name" : "SymphonyTests",
"module_type" : "SwiftTarget",
"name" : "SymphonyTests",
"path" : "Tests/SymphonyTests",
"product_dependencies" : [
"Datable"
],
"sources" : [
"SymphonyTests.swift"
],
"target_dependencies" : [
"Song",
"Symphony"
],
"type" : "test"
},
{
"c99name" : "Symphony",
"module_type" : "SwiftTarget",
"name" : "Symphony",
"path" : "Sources/Symphony",
"product_memberships" : [
"Symphony"
],
"sources" : [
"Dictionary.swift",
"ReadOnlySubkeySequence.swift",
"Sequence.swift",
"SubkeySequence.swift",
"Symphony.swift",
"Value.swift",
"ValueDictionary.swift",
"ValueSequence.swift"
],
"target_dependencies" : [
"Song"
],
"type" : "library"
},
{
"c99name" : "SongTests",
"module_type" : "SwiftTarget",
"name" : "SongTests",
"path" : "Tests/SongTests",
"product_dependencies" : [
"Datable"
],
"sources" : [
"SongTests.swift"
],
"target_dependencies" : [
"Song",
"Composition"
],
"type" : "test"
},
{
"c99name" : "SongExpressible",
"module_type" : "SwiftTarget",
"name" : "SongExpressible",
"path" : "Sources/SongExpressible",
"product_memberships" : [
"SongExpressible"
],
"sources" : [
"SongExpressible.swift"
],
"target_dependencies" : [
"Song",
"Expressible"
],
"type" : "library"
},
{
"c99name" : "Song",
"module_type" : "SwiftTarget",
"name" : "Song",
"path" : "Sources/Song",
"product_dependencies" : [
"SwiftAST",
"Datable"
],
"product_memberships" : [
"Song",
"Symphony",
"SongExpressible"
],
"sources" : [
"Decoding/SongDecoder.swift",
"Decoding/SongKeyedDecodingContainer.swift",
"Decoding/SongSingleValueDecodingContainer.swift",
"Decoding/SongUnkeyedDecodingContainer.swift",
"Encoding/SongEncoder.swift",
"Encoding/SongKeyedEncodingContainer.swift",
"Encoding/SongSingleValueEncodingContainer.swift",
"Encoding/SongUnkeyedEncodingContainer.swift"
],
"target_dependencies" : [
"Expressible"
],
"type" : "library"
},
{
"c99name" : "Package",
"module_type" : "SwiftTarget",
"name" : "Package",
"path" : "Sources/Package",
"product_memberships" : [
"Package",
"choir"
],
"sources" : [
"Package.swift"
],
"type" : "library"
},
{
"c99name" : "ExpressibleTests",
"module_type" : "SwiftTarget",
"name" : "ExpressibleTests",
"path" : "Tests/ExpressibleTests",
"product_dependencies" : [
"Net"
],
"sources" : [
"ExpressibleTests.swift"
],
"target_dependencies" : [
"Song",
"Expressible",
"SongExpressible"
],
"type" : "test"
},
{
"c99name" : "Expressible",
"module_type" : "SwiftTarget",
"name" : "Expressible",
"path" : "Sources/Expressible",
"product_dependencies" : [
"Net",
"SwiftAST"
],
"product_memberships" : [
"Song",
"Symphony",
"Expressible",
"SongExpressible"
],
"sources" : [
"Expressible.swift",
"IPv4Address+Expressible.swift",
"NWInterface_InterfaceType+Expressible.swift"
],
"type" : "library"
},
{
"c99name" : "Composition",
"module_type" : "SwiftTarget",
"name" : "Composition",
"path" : "Sources/Composition",
"product_dependencies" : [
"Datable",
"Net"
],
"product_memberships" : [
"Composition",
"compose"
],
"sources" : [
"Composition.swift"
],
"type" : "library"
},
{
"c99name" : "Chorus",
"module_type" : "SwiftTarget",
"name" : "Chorus",
"path" : "Sources/Chorus",
"product_memberships" : [
"Chorus",
"choir"
],
"sources" : [
"Chorus.swift"
],
"type" : "library"
}
],
"tools_version" : "5.9"
}
{
"workspace" : {
"name" : "Song",
"schemes" : [
"choir",
"Chorus",
"compose",
"Composition",
"Expressible",
"Package",
"Song",
"Song-Package",
"SongExpressible",
"Symphony"
]
}
}
2026-09-21 06:39:41.843 xcodebuild[979:6023] [MT] IDERunDestination: Supported platforms for the buildables in the current scheme is empty.
Running build ...
env DEVELOPER_DIR=/Applications/Xcode-27.0.0-Release.Candidate.app xcrun xcodebuild -IDEClonedSourcePackagesDirPathOverride=$PWD/.dependencies -skipMacroValidation -skipPackagePluginValidation -derivedDataPath $PWD/.derivedData build -scheme Song-Package -destination platform=macOS,arch=arm64
Command line invocation:
/Applications/Xcode-27.0.0-Release.Candidate.app/Contents/Developer/usr/bin/xcodebuild -IDEClonedSourcePackagesDirPathOverride=/Users/admin/builder/spi-builder-workspace/.dependencies -skipMacroValidation -skipPackagePluginValidation -derivedDataPath /Users/admin/builder/spi-builder-workspace/.derivedData build -scheme Song-Package -destination platform=macOS,arch=arm64
Resolve Package Graph
Resolved source packages:
Song: /Users/admin/builder/spi-builder-workspace
Datable: https://github.com/OperatorFoundation/Datable @ main (1186348)
swift-ast: https://github.com/OperatorFoundation/swift-ast @ main (d7e0cf0)
Net: https://github.com/OperatorFoundation/Net @ main (e49f54a)
ComputePackagePrebuildTargetDependencyGraph
Prepare packages
CreateBuildRequest
SendProjectDescription
CreateBuildOperation
ComputeTargetDependencyGraph
note: Building targets in dependency order
note: Target dependency graph (28 targets)
Target 'choir-product' in project 'Song'
➜ Explicit dependency on target 'Chorus' in project 'Song'
➜ Explicit dependency on target 'Package' in project 'Song'
➜ Explicit dependency on target 'Datable-product' in project 'Datable'
➜ Explicit dependency on target 'SwiftAST-product' in project 'swift-ast'
Target 'compose-product' in project 'Song'
➜ Explicit dependency on target 'Composition' in project 'Song'
➜ Explicit dependency on target 'Datable-product' in project 'Datable'
➜ Explicit dependency on target 'Net-product' in project 'Net'
➜ Explicit dependency on target 'SwiftAST-product' in project 'swift-ast'
Target 'SongExpressible-product' in project 'Song'
➜ Explicit dependency on target 'SongExpressible' in project 'Song'
➜ Explicit dependency on target 'Expressible' in project 'Song'
➜ Explicit dependency on target 'Song' in project 'Song'
➜ Explicit dependency on target 'Net-product' in project 'Net'
➜ Explicit dependency on target 'SwiftAST-product' in project 'swift-ast'
➜ Explicit dependency on target 'Datable-product' in project 'Datable'
Target 'SongExpressible' in project 'Song'
➜ Explicit dependency on target 'Expressible' in project 'Song'
➜ Explicit dependency on target 'Song' in project 'Song'
➜ Explicit dependency on target 'Net-product' in project 'Net'
➜ Explicit dependency on target 'SwiftAST-product' in project 'swift-ast'
➜ Explicit dependency on target 'Datable-product' in project 'Datable'
Target 'Expressible-product' in project 'Song'
➜ Explicit dependency on target 'Expressible' in project 'Song'
➜ Explicit dependency on target 'Net-product' in project 'Net'
➜ Explicit dependency on target 'SwiftAST-product' in project 'swift-ast'
Target 'Package-product' in project 'Song'
➜ Explicit dependency on target 'Package' in project 'Song'
Target 'Package' in project 'Song' (no dependencies)
Target 'Symphony-product' in project 'Song'
➜ Explicit dependency on target 'Symphony' in project 'Song'
➜ Explicit dependency on target 'Expressible' in project 'Song'
➜ Explicit dependency on target 'Song' in project 'Song'
➜ Explicit dependency on target 'Net-product' in project 'Net'
➜ Explicit dependency on target 'SwiftAST-product' in project 'swift-ast'
➜ Explicit dependency on target 'Datable-product' in project 'Datable'
Target 'Symphony' in project 'Song'
➜ Explicit dependency on target 'Expressible' in project 'Song'
➜ Explicit dependency on target 'Song' in project 'Song'
➜ Explicit dependency on target 'Net-product' in project 'Net'
➜ Explicit dependency on target 'SwiftAST-product' in project 'swift-ast'
➜ Explicit dependency on target 'Datable-product' in project 'Datable'
Target 'Chorus-product' in project 'Song'
➜ Explicit dependency on target 'Chorus' in project 'Song'
Target 'Chorus' in project 'Song' (no dependencies)
Target 'Composition-product' in project 'Song'
➜ Explicit dependency on target 'Composition' in project 'Song'
➜ Explicit dependency on target 'Datable-product' in project 'Datable'
➜ Explicit dependency on target 'Net-product' in project 'Net'
Target 'Composition' in project 'Song'
➜ Explicit dependency on target 'Datable-product' in project 'Datable'
➜ Explicit dependency on target 'Net-product' in project 'Net'
Target 'Song-product' in project 'Song'
➜ Explicit dependency on target 'Song' in project 'Song'
➜ Explicit dependency on target 'Expressible' in project 'Song'
➜ Explicit dependency on target 'Net-product' in project 'Net'
➜ Explicit dependency on target 'SwiftAST-product' in project 'swift-ast'
➜ Explicit dependency on target 'Datable-product' in project 'Datable'
Target 'Song' in project 'Song'
➜ Explicit dependency on target 'Expressible' in project 'Song'
➜ Explicit dependency on target 'Net-product' in project 'Net'
➜ Explicit dependency on target 'SwiftAST-product' in project 'swift-ast'
➜ Explicit dependency on target 'Datable-product' in project 'Datable'
Target 'Expressible' in project 'Song'
➜ Explicit dependency on target 'Net-product' in project 'Net'
➜ Explicit dependency on target 'SwiftAST-product' in project 'swift-ast'
Target 'SwiftAST-product' in project 'swift-ast'
➜ Explicit dependency on target 'Bocho' in project 'swift-ast'
➜ Explicit dependency on target 'Source' in project 'swift-ast'
➜ Explicit dependency on target 'Diagnostic' in project 'swift-ast'
➜ Explicit dependency on target 'AST' in project 'swift-ast'
➜ Explicit dependency on target 'Lexer' in project 'swift-ast'
➜ Explicit dependency on target 'Parser' in project 'swift-ast'
➜ Explicit dependency on target 'Sema' in project 'swift-ast'
Target 'Sema' in project 'swift-ast'
➜ Explicit dependency on target 'Bocho' in project 'swift-ast'
➜ Explicit dependency on target 'Source' in project 'swift-ast'
➜ Explicit dependency on target 'Diagnostic' in project 'swift-ast'
➜ Explicit dependency on target 'AST' in project 'swift-ast'
Target 'Parser' in project 'swift-ast'
➜ Explicit dependency on target 'Bocho' in project 'swift-ast'
➜ Explicit dependency on target 'Source' in project 'swift-ast'
➜ Explicit dependency on target 'Diagnostic' in project 'swift-ast'
➜ Explicit dependency on target 'AST' in project 'swift-ast'
➜ Explicit dependency on target 'Lexer' in project 'swift-ast'
Target 'Lexer' in project 'swift-ast'
➜ Explicit dependency on target 'Bocho' in project 'swift-ast'
➜ Explicit dependency on target 'Source' in project 'swift-ast'
➜ Explicit dependency on target 'Diagnostic' in project 'swift-ast'
Target 'AST' in project 'swift-ast'
➜ Explicit dependency on target 'Bocho' in project 'swift-ast'
➜ Explicit dependency on target 'Source' in project 'swift-ast'
➜ Explicit dependency on target 'Diagnostic' in project 'swift-ast'
Target 'Diagnostic' in project 'swift-ast'
➜ Explicit dependency on target 'Bocho' in project 'swift-ast'
➜ Explicit dependency on target 'Source' in project 'swift-ast'
Target 'Source' in project 'swift-ast'
➜ Explicit dependency on target 'Bocho' in project 'swift-ast'
Target 'Bocho' in project 'swift-ast' (no dependencies)
Target 'Net-product' in project 'Net'
➜ Explicit dependency on target 'Net' in project 'Net'
➜ Explicit dependency on target 'Datable-product' in project 'Datable'
Target 'Net' in project 'Net'
➜ Explicit dependency on target 'Datable-product' in project 'Datable'
Target 'Datable-product' in project 'Datable'
➜ Explicit dependency on target 'Datable' in project 'Datable'
Target 'Datable' in project 'Datable' (no dependencies)
GatherProvisioningInputs
CreateBuildDescription
ClangStatCache /Applications/Xcode-27.0.0-Release.Candidate.app/Contents/Developer/Toolchains/XcodeDefault.xctoolchain/usr/bin/clang-stat-cache /Applications/Xcode-27.0.0-Release.Candidate.app/Contents/Developer/Platforms/MacOSX.platform/Developer/SDKs/MacOSX27.0.sdk /Users/admin/builder/spi-builder-workspace/.derivedData/SDKStatCaches.noindex/macosx27.0-26A425-e829b21a6f8c9b70876ba0858053c0446a22442a12e9d48fe1a705f55a1adfc4.sdkstatcache
cd /Users/admin/builder/spi-builder-workspace/.swiftpm/xcode
/Applications/Xcode-27.0.0-Release.Candidate.app/Contents/Developer/Toolchains/XcodeDefault.xctoolchain/usr/bin/clang-stat-cache /Applications/Xcode-27.0.0-Release.Candidate.app/Contents/Developer/Platforms/MacOSX.platform/Developer/SDKs/MacOSX27.0.sdk -o /Users/admin/builder/spi-builder-workspace/.derivedData/SDKStatCaches.noindex/macosx27.0-26A425-e829b21a6f8c9b70876ba0858053c0446a22442a12e9d48fe1a705f55a1adfc4.sdkstatcache
SwiftDriver Sema normal arm64 com.apple.xcode.tools.swift.compiler (in target 'Sema' from project 'swift-ast')
cd /Users/admin/builder/spi-builder-workspace/.swiftpm/xcode
builtin-SwiftDriver -- /Applications/Xcode-27.0.0-Release.Candidate.app/Contents/Developer/Toolchains/XcodeDefault.xctoolchain/usr/bin/swiftc -parse-as-library -module-name Sema -Onone @/Users/admin/builder/spi-builder-workspace/.derivedData/Build/Intermediates.noindex/swift-ast.build/Debug/Sema-t.build/Objects-normal/arm64/Sema.SwiftFileList -DSWIFT_PACKAGE -DDEBUG -DSWIFT_MODULE_RESOURCE_BUNDLE_UNAVAILABLE -DXcode -plugin-path /Applications/Xcode-27.0.0-Release.Candidate.app/Contents/Developer/Toolchains/XcodeDefault.xctoolchain/usr/lib/swift/host/plugins/testing -enable-experimental-feature DebugDescriptionMacro -sdk /Applications/Xcode-27.0.0-Release.Candidate.app/Contents/Developer/Platforms/MacOSX.platform/Developer/SDKs/MacOSX27.0.sdk -target arm64-apple-macos12.0 -g -module-cache-path /Users/admin/builder/spi-builder-workspace/.derivedData/ModuleCache.noindex -Xfrontend -serialize-debugging-options -profile-coverage-mapping -profile-generate -enable-testing -suppress-warnings -index-store-path /Users/admin/builder/spi-builder-workspace/.derivedData/Index.noindex/DataStore -Xcc -D_LIBCPP_HARDENING_MODE\=_LIBCPP_HARDENING_MODE_DEBUG -swift-version 5 -I /Users/admin/builder/spi-builder-workspace/.derivedData/Build/Products/Debug -Isystem /Applications/Xcode-27.0.0-Release.Candidate.app/Contents/Developer/Platforms/MacOSX.platform/Developer/usr/lib -F /Users/admin/builder/spi-builder-workspace/.derivedData/Build/Products/Debug/PackageFrameworks -F /Users/admin/builder/spi-builder-workspace/.derivedData/Build/Products/Debug -F /Applications/Xcode-27.0.0-Release.Candidate.app/Contents/Developer/Platforms/MacOSX.platform/Developer/Library/Frameworks -c -j10 -enable-batch-mode -incremental -Xcc -ivfsstatcache -Xcc /Users/admin/builder/spi-builder-workspace/.derivedData/SDKStatCaches.noindex/macosx27.0-26A425-e829b21a6f8c9b70876ba0858053c0446a22442a12e9d48fe1a705f55a1adfc4.sdkstatcache -output-file-map /Users/admin/builder/spi-builder-workspace/.derivedData/Build/Intermediates.noindex/swift-ast.build/Debug/Sema-t.build/Objects-normal/arm64/Sema-OutputFileMap.json -save-temps -no-color-diagnostics -explicit-module-build -module-cache-path /Users/admin/builder/spi-builder-workspace/.derivedData/Build/Intermediates.noindex/SwiftExplicitPrecompiledModules -clang-scanner-module-cache-path /Users/admin/builder/spi-builder-workspace/.derivedData/ModuleCache.noindex -sdk-module-cache-path /Users/admin/builder/spi-builder-workspace/.derivedData/SDKExplicitPrecompiledModules -emit-dependencies -emit-module -emit-module-path /Users/admin/builder/spi-builder-workspace/.derivedData/Build/Intermediates.noindex/swift-ast.build/Debug/Sema-t.build/Objects-normal/arm64/Sema.swiftmodule -serialize-diagnostics -dependency-scan-serialize-diagnostics-path /Users/admin/builder/spi-builder-workspace/.derivedData/Build/Intermediates.noindex/swift-ast.build/Debug/Sema-t.build/Objects-normal/arm64/Sema-dependency-scan.dia -validate-clang-modules-once -clang-build-session-file /Users/admin/builder/spi-builder-workspace/.derivedData/ModuleCache.noindex/Session.modulevalidation -Xcc -fmodules-prune-interval\=86400 -Xcc -fmodules-prune-after\=345600 -emit-const-values -const-gather-protocols-list /Users/admin/builder/spi-builder-workspace/.derivedData/Build/Intermediates.noindex/swift-ast.build/Debug/Sema-t.build/Objects-normal/arm64/Sema_const_extract_protocols.json -Xcc -I/Users/admin/builder/spi-builder-workspace/.derivedData/Build/Products/Debug/include -Xcc -I/Users/admin/builder/spi-builder-workspace/.derivedData/Build/Intermediates.noindex/swift-ast.build/Debug/Sema-t.build/DerivedSources-normal/arm64 -Xcc -I/Users/admin/builder/spi-builder-workspace/.derivedData/Build/Intermediates.noindex/swift-ast.build/Debug/Sema-t.build/DerivedSources/arm64 -Xcc -I/Users/admin/builder/spi-builder-workspace/.derivedData/Build/Intermediates.noindex/swift-ast.build/Debug/Sema-t.build/DerivedSources -Xcc -DSWIFT_PACKAGE -Xcc -DDEBUG\=1 -emit-objc-header -emit-objc-header-path /Users/admin/builder/spi-builder-workspace/.derivedData/Build/Intermediates.noindex/swift-ast.build/Debug/Sema-t.build/Objects-normal/arm64/Sema-Swift.h -working-directory /Users/admin/builder/spi-builder-workspace/.swiftpm/xcode -experimental-emit-module-separately -disable-cmo
SwiftDriver Parser normal arm64 com.apple.xcode.tools.swift.compiler (in target 'Parser' from project 'swift-ast')
cd /Users/admin/builder/spi-builder-workspace/.swiftpm/xcode
builtin-SwiftDriver -- /Applications/Xcode-27.0.0-Release.Candidate.app/Contents/Developer/Toolchains/XcodeDefault.xctoolchain/usr/bin/swiftc -parse-as-library -module-name Parser -Onone @/Users/admin/builder/spi-builder-workspace/.derivedData/Build/Intermediates.noindex/swift-ast.build/Debug/Parser-t.build/Objects-normal/arm64/Parser.SwiftFileList -DSWIFT_PACKAGE -DDEBUG -DSWIFT_MODULE_RESOURCE_BUNDLE_UNAVAILABLE -DXcode -plugin-path /Applications/Xcode-27.0.0-Release.Candidate.app/Contents/Developer/Toolchains/XcodeDefault.xctoolchain/usr/lib/swift/host/plugins/testing -enable-experimental-feature DebugDescriptionMacro -sdk /Applications/Xcode-27.0.0-Release.Candidate.app/Contents/Developer/Platforms/MacOSX.platform/Developer/SDKs/MacOSX27.0.sdk -target arm64-apple-macos12.0 -g -module-cache-path /Users/admin/builder/spi-builder-workspace/.derivedData/ModuleCache.noindex -Xfrontend -serialize-debugging-options -profile-coverage-mapping -profile-generate -enable-testing -suppress-warnings -index-store-path /Users/admin/builder/spi-builder-workspace/.derivedData/Index.noindex/DataStore -Xcc -D_LIBCPP_HARDENING_MODE\=_LIBCPP_HARDENING_MODE_DEBUG -swift-version 5 -I /Users/admin/builder/spi-builder-workspace/.derivedData/Build/Products/Debug -Isystem /Applications/Xcode-27.0.0-Release.Candidate.app/Contents/Developer/Platforms/MacOSX.platform/Developer/usr/lib -F /Users/admin/builder/spi-builder-workspace/.derivedData/Build/Products/Debug/PackageFrameworks -F /Users/admin/builder/spi-builder-workspace/.derivedData/Build/Products/Debug -F /Applications/Xcode-27.0.0-Release.Candidate.app/Contents/Developer/Platforms/MacOSX.platform/Developer/Library/Frameworks -c -j10 -enable-batch-mode -incremental -Xcc -ivfsstatcache -Xcc /Users/admin/builder/spi-builder-workspace/.derivedData/SDKStatCaches.noindex/macosx27.0-26A425-e829b21a6f8c9b70876ba0858053c0446a22442a12e9d48fe1a705f55a1adfc4.sdkstatcache -output-file-map /Users/admin/builder/spi-builder-workspace/.derivedData/Build/Intermediates.noindex/swift-ast.build/Debug/Parser-t.build/Objects-normal/arm64/Parser-OutputFileMap.json -save-temps -no-color-diagnostics -explicit-module-build -module-cache-path /Users/admin/builder/spi-builder-workspace/.derivedData/Build/Intermediates.noindex/SwiftExplicitPrecompiledModules -clang-scanner-module-cache-path /Users/admin/builder/spi-builder-workspace/.derivedData/ModuleCache.noindex -sdk-module-cache-path /Users/admin/builder/spi-builder-workspace/.derivedData/SDKExplicitPrecompiledModules -emit-dependencies -emit-module -emit-module-path /Users/admin/builder/spi-builder-workspace/.derivedData/Build/Intermediates.noindex/swift-ast.build/Debug/Parser-t.build/Objects-normal/arm64/Parser.swiftmodule -serialize-diagnostics -dependency-scan-serialize-diagnostics-path /Users/admin/builder/spi-builder-workspace/.derivedData/Build/Intermediates.noindex/swift-ast.build/Debug/Parser-t.build/Objects-normal/arm64/Parser-dependency-scan.dia -validate-clang-modules-once -clang-build-session-file /Users/admin/builder/spi-builder-workspace/.derivedData/ModuleCache.noindex/Session.modulevalidation -Xcc -fmodules-prune-interval\=86400 -Xcc -fmodules-prune-after\=345600 -emit-const-values -const-gather-protocols-list /Users/admin/builder/spi-builder-workspace/.derivedData/Build/Intermediates.noindex/swift-ast.build/Debug/Parser-t.build/Objects-normal/arm64/Parser_const_extract_protocols.json -Xcc -I/Users/admin/builder/spi-builder-workspace/.derivedData/Build/Products/Debug/include -Xcc -I/Users/admin/builder/spi-builder-workspace/.derivedData/Build/Intermediates.noindex/swift-ast.build/Debug/Parser-t.build/DerivedSources-normal/arm64 -Xcc -I/Users/admin/builder/spi-builder-workspace/.derivedData/Build/Intermediates.noindex/swift-ast.build/Debug/Parser-t.build/DerivedSources/arm64 -Xcc -I/Users/admin/builder/spi-builder-workspace/.derivedData/Build/Intermediates.noindex/swift-ast.build/Debug/Parser-t.build/DerivedSources -Xcc -DSWIFT_PACKAGE -Xcc -DDEBUG\=1 -emit-objc-header -emit-objc-header-path /Users/admin/builder/spi-builder-workspace/.derivedData/Build/Intermediates.noindex/swift-ast.build/Debug/Parser-t.build/Objects-normal/arm64/Parser-Swift.h -working-directory /Users/admin/builder/spi-builder-workspace/.swiftpm/xcode -experimental-emit-module-separately -disable-cmo
SwiftDriver AST normal arm64 com.apple.xcode.tools.swift.compiler (in target 'AST' from project 'swift-ast')
cd /Users/admin/builder/spi-builder-workspace/.swiftpm/xcode
builtin-SwiftDriver -- /Applications/Xcode-27.0.0-Release.Candidate.app/Contents/Developer/Toolchains/XcodeDefault.xctoolchain/usr/bin/swiftc -parse-as-library -module-name AST -Onone @/Users/admin/builder/spi-builder-workspace/.derivedData/Build/Intermediates.noindex/swift-ast.build/Debug/AST-t.build/Objects-normal/arm64/AST.SwiftFileList -DSWIFT_PACKAGE -DDEBUG -DSWIFT_MODULE_RESOURCE_BUNDLE_UNAVAILABLE -DXcode -plugin-path /Applications/Xcode-27.0.0-Release.Candidate.app/Contents/Developer/Toolchains/XcodeDefault.xctoolchain/usr/lib/swift/host/plugins/testing -enable-experimental-feature DebugDescriptionMacro -sdk /Applications/Xcode-27.0.0-Release.Candidate.app/Contents/Developer/Platforms/MacOSX.platform/Developer/SDKs/MacOSX27.0.sdk -target arm64-apple-macos12.0 -g -module-cache-path /Users/admin/builder/spi-builder-workspace/.derivedData/ModuleCache.noindex -Xfrontend -serialize-debugging-options -profile-coverage-mapping -profile-generate -enable-testing -suppress-warnings -index-store-path /Users/admin/builder/spi-builder-workspace/.derivedData/Index.noindex/DataStore -Xcc -D_LIBCPP_HARDENING_MODE\=_LIBCPP_HARDENING_MODE_DEBUG -swift-version 5 -I /Users/admin/builder/spi-builder-workspace/.derivedData/Build/Products/Debug -Isystem /Applications/Xcode-27.0.0-Release.Candidate.app/Contents/Developer/Platforms/MacOSX.platform/Developer/usr/lib -F /Users/admin/builder/spi-builder-workspace/.derivedData/Build/Products/Debug/PackageFrameworks -F /Users/admin/builder/spi-builder-workspace/.derivedData/Build/Products/Debug -F /Applications/Xcode-27.0.0-Release.Candidate.app/Contents/Developer/Platforms/MacOSX.platform/Developer/Library/Frameworks -c -j10 -enable-batch-mode -incremental -Xcc -ivfsstatcache -Xcc /Users/admin/builder/spi-builder-workspace/.derivedData/SDKStatCaches.noindex/macosx27.0-26A425-e829b21a6f8c9b70876ba0858053c0446a22442a12e9d48fe1a705f55a1adfc4.sdkstatcache -output-file-map /Users/admin/builder/spi-builder-workspace/.derivedData/Build/Intermediates.noindex/swift-ast.build/Debug/AST-t.build/Objects-normal/arm64/AST-OutputFileMap.json -save-temps -no-color-diagnostics -explicit-module-build -module-cache-path /Users/admin/builder/spi-builder-workspace/.derivedData/Build/Intermediates.noindex/SwiftExplicitPrecompiledModules -clang-scanner-module-cache-path /Users/admin/builder/spi-builder-workspace/.derivedData/ModuleCache.noindex -sdk-module-cache-path /Users/admin/builder/spi-builder-workspace/.derivedData/SDKExplicitPrecompiledModules -emit-dependencies -emit-module -emit-module-path /Users/admin/builder/spi-builder-workspace/.derivedData/Build/Intermediates.noindex/swift-ast.build/Debug/AST-t.build/Objects-normal/arm64/AST.swiftmodule -serialize-diagnostics -dependency-scan-serialize-diagnostics-path /Users/admin/builder/spi-builder-workspace/.derivedData/Build/Intermediates.noindex/swift-ast.build/Debug/AST-t.build/Objects-normal/arm64/AST-dependency-scan.dia -validate-clang-modules-once -clang-build-session-file /Users/admin/builder/spi-builder-workspace/.derivedData/ModuleCache.noindex/Session.modulevalidation -Xcc -fmodules-prune-interval\=86400 -Xcc -fmodules-prune-after\=345600 -emit-const-values -const-gather-protocols-list /Users/admin/builder/spi-builder-workspace/.derivedData/Build/Intermediates.noindex/swift-ast.build/Debug/AST-t.build/Objects-normal/arm64/AST_const_extract_protocols.json -Xcc -I/Users/admin/builder/spi-builder-workspace/.derivedData/Build/Products/Debug/include -Xcc -I/Users/admin/builder/spi-builder-workspace/.derivedData/Build/Intermediates.noindex/swift-ast.build/Debug/AST-t.build/DerivedSources-normal/arm64 -Xcc -I/Users/admin/builder/spi-builder-workspace/.derivedData/Build/Intermediates.noindex/swift-ast.build/Debug/AST-t.build/DerivedSources/arm64 -Xcc -I/Users/admin/builder/spi-builder-workspace/.derivedData/Build/Intermediates.noindex/swift-ast.build/Debug/AST-t.build/DerivedSources -Xcc -DSWIFT_PACKAGE -Xcc -DDEBUG\=1 -emit-objc-header -emit-objc-header-path /Users/admin/builder/spi-builder-workspace/.derivedData/Build/Intermediates.noindex/swift-ast.build/Debug/AST-t.build/Objects-normal/arm64/AST-Swift.h -working-directory /Users/admin/builder/spi-builder-workspace/.swiftpm/xcode -experimental-emit-module-separately -disable-cmo
SwiftMergeGeneratedHeaders /Users/admin/builder/spi-builder-workspace/.derivedData/Build/Intermediates.noindex/GeneratedModuleMaps/Sema-Swift.h /Users/admin/builder/spi-builder-workspace/.derivedData/Build/Intermediates.noindex/swift-ast.build/Debug/Sema-t.build/Objects-normal/arm64/Sema-Swift.h (in target 'Sema' from project 'swift-ast')
cd /Users/admin/builder/spi-builder-workspace/.dependencies/checkouts/swift-ast
builtin-swiftHeaderTool -arch arm64 /Users/admin/builder/spi-builder-workspace/.derivedData/Build/Intermediates.noindex/swift-ast.build/Debug/Sema-t.build/Objects-normal/arm64/Sema-Swift.h -o /Users/admin/builder/spi-builder-workspace/.derivedData/Build/Intermediates.noindex/GeneratedModuleMaps/Sema-Swift.h
Copy /Users/admin/builder/spi-builder-workspace/.derivedData/Build/Products/Debug/Sema.swiftmodule/arm64-apple-macos.swiftdoc /Users/admin/builder/spi-builder-workspace/.derivedData/Build/Intermediates.noindex/swift-ast.build/Debug/Sema-t.build/Objects-normal/arm64/Sema.swiftdoc (in target 'Sema' from project 'swift-ast')
cd /Users/admin/builder/spi-builder-workspace/.dependencies/checkouts/swift-ast
builtin-copy -exclude .DS_Store -exclude CVS -exclude .svn -exclude .git -exclude .hg -resolve-src-symlinks -rename /Users/admin/builder/spi-builder-workspace/.derivedData/Build/Intermediates.noindex/swift-ast.build/Debug/Sema-t.build/Objects-normal/arm64/Sema.swiftdoc /Users/admin/builder/spi-builder-workspace/.derivedData/Build/Products/Debug/Sema.swiftmodule/arm64-apple-macos.swiftdoc
Copy /Users/admin/builder/spi-builder-workspace/.derivedData/Build/Products/Debug/Sema.swiftmodule/arm64-apple-macos.abi.json /Users/admin/builder/spi-builder-workspace/.derivedData/Build/Intermediates.noindex/swift-ast.build/Debug/Sema-t.build/Objects-normal/arm64/Sema.abi.json (in target 'Sema' from project 'swift-ast')
cd /Users/admin/builder/spi-builder-workspace/.dependencies/checkouts/swift-ast
builtin-copy -exclude .DS_Store -exclude CVS -exclude .svn -exclude .git -exclude .hg -resolve-src-symlinks -rename /Users/admin/builder/spi-builder-workspace/.derivedData/Build/Intermediates.noindex/swift-ast.build/Debug/Sema-t.build/Objects-normal/arm64/Sema.abi.json /Users/admin/builder/spi-builder-workspace/.derivedData/Build/Products/Debug/Sema.swiftmodule/arm64-apple-macos.abi.json
Copy /Users/admin/builder/spi-builder-workspace/.derivedData/Build/Products/Debug/Sema.swiftmodule/arm64-apple-macos.swiftmodule /Users/admin/builder/spi-builder-workspace/.derivedData/Build/Intermediates.noindex/swift-ast.build/Debug/Sema-t.build/Objects-normal/arm64/Sema.swiftmodule (in target 'Sema' from project 'swift-ast')
cd /Users/admin/builder/spi-builder-workspace/.dependencies/checkouts/swift-ast
builtin-copy -exclude .DS_Store -exclude CVS -exclude .svn -exclude .git -exclude .hg -resolve-src-symlinks -rename /Users/admin/builder/spi-builder-workspace/.derivedData/Build/Intermediates.noindex/swift-ast.build/Debug/Sema-t.build/Objects-normal/arm64/Sema.swiftmodule /Users/admin/builder/spi-builder-workspace/.derivedData/Build/Products/Debug/Sema.swiftmodule/arm64-apple-macos.swiftmodule
Copy /Users/admin/builder/spi-builder-workspace/.derivedData/Build/Products/Debug/Sema.swiftmodule/Project/arm64-apple-macos.swiftsourceinfo /Users/admin/builder/spi-builder-workspace/.derivedData/Build/Intermediates.noindex/swift-ast.build/Debug/Sema-t.build/Objects-normal/arm64/Sema.swiftsourceinfo (in target 'Sema' from project 'swift-ast')
cd /Users/admin/builder/spi-builder-workspace/.dependencies/checkouts/swift-ast
builtin-copy -exclude .DS_Store -exclude CVS -exclude .svn -exclude .git -exclude .hg -resolve-src-symlinks -rename /Users/admin/builder/spi-builder-workspace/.derivedData/Build/Intermediates.noindex/swift-ast.build/Debug/Sema-t.build/Objects-normal/arm64/Sema.swiftsourceinfo /Users/admin/builder/spi-builder-workspace/.derivedData/Build/Products/Debug/Sema.swiftmodule/Project/arm64-apple-macos.swiftsourceinfo
SwiftEmitModule normal arm64 Emitting\ module\ for\ Sema (in target 'Sema' from project 'swift-ast')
SwiftCompile normal arm64 (in target 'Sema' from project 'swift-ast')
cd /Users/admin/builder/spi-builder-workspace/.swiftpm/xcode
SwiftCompile normal arm64 Compiling\ SequenceExpressionFolding.swift /Users/admin/builder/spi-builder-workspace/.dependencies/checkouts/swift-ast/Sources/Sema/SequenceExpressionFolding.swift (in target 'Sema' from project 'swift-ast')
SwiftCompile normal arm64 /Users/admin/builder/spi-builder-workspace/.dependencies/checkouts/swift-ast/Sources/Sema/SequenceExpressionFolding.swift (in target 'Sema' from project 'swift-ast')
cd /Users/admin/builder/spi-builder-workspace/.swiftpm/xcode
builtin-SwiftPerFileCompile SequenceExpressionFolding.swift
SwiftCompile normal arm64 Compiling\ LexicalParentAssignment.swift /Users/admin/builder/spi-builder-workspace/.dependencies/checkouts/swift-ast/Sources/Sema/LexicalParentAssignment.swift (in target 'Sema' from project 'swift-ast')
SwiftCompile normal arm64 /Users/admin/builder/spi-builder-workspace/.dependencies/checkouts/swift-ast/Sources/Sema/LexicalParentAssignment.swift (in target 'Sema' from project 'swift-ast')
cd /Users/admin/builder/spi-builder-workspace/.swiftpm/xcode
builtin-SwiftPerFileCompile LexicalParentAssignment.swift
SwiftCompile normal arm64 Compiling\ Parser+Declaration.swift,\ Parser+Diagnostic.swift /Users/admin/builder/spi-builder-workspace/.dependencies/checkouts/swift-ast/Sources/Parser/Parser+Declaration.swift /Users/admin/builder/spi-builder-workspace/.dependencies/checkouts/swift-ast/Sources/Parser/Parser+Diagnostic.swift (in target 'Parser' from project 'swift-ast')
SwiftCompile normal arm64 /Users/admin/builder/spi-builder-workspace/.dependencies/checkouts/swift-ast/Sources/Parser/Parser+Declaration.swift (in target 'Parser' from project 'swift-ast')
cd /Users/admin/builder/spi-builder-workspace/.swiftpm/xcode
builtin-SwiftPerFileCompile Parser+Declaration.swift
SwiftCompile normal arm64 /Users/admin/builder/spi-builder-workspace/.dependencies/checkouts/swift-ast/Sources/Parser/Parser+Diagnostic.swift (in target 'Parser' from project 'swift-ast')
cd /Users/admin/builder/spi-builder-workspace/.swiftpm/xcode
builtin-SwiftPerFileCompile Parser+Diagnostic.swift
SwiftEmitModule normal arm64 Emitting\ module\ for\ Parser (in target 'Parser' from project 'swift-ast')
SwiftCompile normal arm64 (in target 'Parser' from project 'swift-ast')
cd /Users/admin/builder/spi-builder-workspace/.swiftpm/xcode
SwiftCompile normal arm64 Compiling\ Parser+Statement.swift /Users/admin/builder/spi-builder-workspace/.dependencies/checkouts/swift-ast/Sources/Parser/Parser+Statement.swift (in target 'Parser' from project 'swift-ast')
SwiftCompile normal arm64 /Users/admin/builder/spi-builder-workspace/.dependencies/checkouts/swift-ast/Sources/Parser/Parser+Statement.swift (in target 'Parser' from project 'swift-ast')
cd /Users/admin/builder/spi-builder-workspace/.swiftpm/xcode
builtin-SwiftPerFileCompile Parser+Statement.swift
SwiftCompile normal arm64 Compiling\ Parser+Lexing.swift /Users/admin/builder/spi-builder-workspace/.dependencies/checkouts/swift-ast/Sources/Parser/Parser+Lexing.swift (in target 'Parser' from project 'swift-ast')
SwiftCompile normal arm64 /Users/admin/builder/spi-builder-workspace/.dependencies/checkouts/swift-ast/Sources/Parser/Parser+Lexing.swift (in target 'Parser' from project 'swift-ast')
cd /Users/admin/builder/spi-builder-workspace/.swiftpm/xcode
builtin-SwiftPerFileCompile Parser+Lexing.swift
SwiftCompile normal arm64 Compiling\ Parser+Pattern.swift /Users/admin/builder/spi-builder-workspace/.dependencies/checkouts/swift-ast/Sources/Parser/Parser+Pattern.swift (in target 'Parser' from project 'swift-ast')
/Users/admin/builder/spi-builder-workspace/.dependencies/checkouts/swift-ast/Sources/Parser/Parser+Expression.swift:40:93: error: 'Expression' is ambiguous for type lookup in this context
38 | }
39 |
40 | func parseExpression(config: ParserExpressionConfig = ParserExpressionConfig()) throws -> Expression {
| `- error: 'Expression' is ambiguous for type lookup in this context
41 | let tryKind = parseTryKind()
42 | let prefixExpr = try parsePrefixExpression(config: config)
Foundation.Expression:2:15: note: found this candidate
1 | @available(macOS 15, iOS 18, tvOS 18, watchOS 11, *)
2 | public struct Expression<each Input, Output> : Sendable {
| `- note: found this candidate
3 | public let expression: any StandardPredicateExpression<Output>
4 | public let variable: (repeat PredicateExpressions.Variable<each Input>)
AST.Expression:1:17: note: found this candidate
1 | public protocol Expression : AST.Statement {
| `- note: found this candidate
2 | }
Failed frontend command:
/Applications/Xcode-27.0.0-Release.Candidate.app/Contents/Developer/Toolchains/XcodeDefault.xctoolchain/usr/bin/swift-frontend -frontend -c /Users/admin/builder/spi-builder-workspace/.dependencies/checkouts/swift-ast/Sources/Parser/Parser+Attribute.swift /Users/admin/builder/spi-builder-workspace/.dependencies/checkouts/swift-ast/Sources/Parser/Parser+Common.swift /Users/admin/builder/spi-builder-workspace/.dependencies/checkouts/swift-ast/Sources/Parser/Parser+Declaration.swift /Users/admin/builder/spi-builder-workspace/.dependencies/checkouts/swift-ast/Sources/Parser/Parser+Diagnostic.swift /Users/admin/builder/spi-builder-workspace/.dependencies/checkouts/swift-ast/Sources/Parser/Parser+Expression.swift /Users/admin/builder/spi-builder-workspace/.dependencies/checkouts/swift-ast/Sources/Parser/Parser+Generic.swift /Users/admin/builder/spi-builder-workspace/.dependencies/checkouts/swift-ast/Sources/Parser/Parser+Lexing.swift /Users/admin/builder/spi-builder-workspace/.dependencies/checkouts/swift-ast/Sources/Parser/Parser+Modifier.swift -primary-file /Users/admin/builder/spi-builder-workspace/.dependencies/checkouts/swift-ast/Sources/Parser/Parser+Pattern.swift /Users/admin/builder/spi-builder-workspace/.dependencies/checkouts/swift-ast/Sources/Parser/Parser+Statement.swift /Users/admin/builder/spi-builder-workspace/.dependencies/checkouts/swift-ast/Sources/Parser/Parser+Type.swift /Users/admin/builder/spi-builder-workspace/.dependencies/checkouts/swift-ast/Sources/Parser/Parser+Util.swift /Users/admin/builder/spi-builder-workspace/.dependencies/checkouts/swift-ast/Sources/Parser/Parser.swift -emit-dependencies-path /Users/admin/builder/spi-builder-workspace/.derivedData/Build/Intermediates.noindex/swift-ast.build/Debug/Parser-t.build/Objects-normal/arm64/Parser+Pattern.d -emit-const-values-path /Users/admin/builder/spi-builder-workspace/.derivedData/Build/Intermediates.noindex/swift-ast.build/Debug/Parser-t.build/Objects-normal/arm64/Parser+Pattern.swiftconstvalues -emit-reference-dependencies-path /Users/admin/builder/spi-builder-workspace/.derivedData/Build/Intermediates.noindex/swift-ast.build/Debug/Parser-t.build/Objects-normal/arm64/Parser+Pattern.swiftdeps -serialize-diagnostics-path /Users/admin/builder/spi-builder-workspace/.derivedData/Build/Intermediates.noindex/swift-ast.build/Debug/Parser-t.build/Objects-normal/arm64/Parser+Pattern.dia -target arm64-apple-macos12.0 -disable-cross-import-overlay-search -load-resolved-plugin /Applications/Xcode-27.0.0-Release.Candidate.app/Contents/Developer/Platforms/MacOSX.platform/Developer/usr/lib/swift/host/plugins/libFoundationMacros.dylib\#/Applications/Xcode-27.0.0-Release.Candidate.app/Contents/Developer/Platforms/MacOSX.platform/Developer/usr/bin/swift-plugin-server\#FoundationMacros -load-resolved-plugin /Applications/Xcode-27.0.0-Release.Candidate.app/Contents/Developer/Platforms/MacOSX.platform/Developer/usr/lib/swift/host/plugins/libObservationMacros.dylib\#/Applications/Xcode-27.0.0-Release.Candidate.app/Contents/Developer/Platforms/MacOSX.platform/Developer/usr/bin/swift-plugin-server\#ObservationMacros -load-resolved-plugin /Applications/Xcode-27.0.0-Release.Candidate.app/Contents/Developer/Platforms/MacOSX.platform/Developer/usr/lib/swift/host/plugins/libSwiftMacros.dylib\#/Applications/Xcode-27.0.0-Release.Candidate.app/Contents/Developer/Platforms/MacOSX.platform/Developer/usr/bin/swift-plugin-server\#SwiftMacros -disable-implicit-swift-modules -Xcc -fno-implicit-modules -Xcc -fno-implicit-module-maps -explicit-swift-module-map-file /Users/admin/builder/spi-builder-workspace/.derivedData/Build/Intermediates.noindex/swift-ast.build/Debug/Parser-t.build/Objects-normal/arm64/Parser-dependencies-1.json -Xllvm -aarch64-use-tbi -enable-objc-interop -stack-check -sdk /Applications/Xcode-27.0.0-Release.Candidate.app/Contents/Developer/Platforms/MacOSX.platform/Developer/SDKs/MacOSX27.0.sdk -I /Users/admin/builder/spi-builder-workspace/.derivedData/Build/Products/Debug -Isystem /Applications/Xcode-27.0.0-Release.Candidate.app/Contents/Developer/Platforms/MacOSX.platform/Developer/usr/lib -F /Users/admin/builder/spi-builder-workspace/.derivedData/Build/Products/Debug/PackageFrameworks -F /Users/admin/builder/spi-builder-workspace/.derivedData/Build/Products/Debug -F /Applications/Xcode-27.0.0-Release.Candidate.app/Contents/Developer/Platforms/MacOSX.platform/Developer/Library/Frameworks -module-cache-path /Users/admin/builder/spi-builder-workspace/.derivedData/Build/Intermediates.noindex/SwiftExplicitPrecompiledModules -no-color-diagnostics -Xcc -fno-color-diagnostics -enable-testing -g -debug-info-format\=dwarf -dwarf-version\=4 -suppress-warnings -profile-generate -profile-coverage-mapping -swift-version 5 -Onone -D SWIFT_PACKAGE -D DEBUG -D SWIFT_MODULE_RESOURCE_BUNDLE_UNAVAILABLE -D Xcode -serialize-debugging-options -enable-experimental-feature DebugDescriptionMacro -empty-abi-descriptor -validate-clang-modules-once -clang-build-session-file /Users/admin/builder/spi-builder-workspace/.derivedData/ModuleCache.noindex/Session.modulevalidation -Xcc -working-directory -Xcc /Users/admin/builder/spi-builder-workspace/.swiftpm/xcode -enable-anonymous-context-mangled-names -file-compilation-dir /Users/admin/builder/spi-builder-workspace/.swiftpm/xcode -Xcc -D_LIBCPP_HARDENING_MODE\=_LIBCPP_HARDENING_MODE_DEBUG -Xcc -ivfsstatcache -Xcc /Users/admin/builder/spi-builder-workspace/.derivedData/SDKStatCaches.noindex/macosx27.0-26A425-e829b21a6f8c9b70876ba0858053c0446a22442a12e9d48fe1a705f55a1adfc4.sdkstatcache -Xcc -fmodules-prune-interval\=86400 -Xcc -fmodules-prune-after\=345600 -Xcc -I/Users/admin/builder/spi-builder-workspace/.derivedData/Build/Products/Debug/include -Xcc -I/Users/admin/builder/spi-builder-workspace/.derivedData/Build/Intermediates.noindex/swift-ast.build/Debug/Parser-t.build/DerivedSources-normal/arm64 -Xcc -I/Users/admin/builder/spi-builder-workspace/.derivedData/Build/Intermediates.noindex/swift-ast.build/Debug/Parser-t.build/DerivedSources/arm64 -Xcc -I/Users/admin/builder/spi-builder-workspace/.derivedData/Build/Intermediates.noindex/swift-ast.build/Debug/Parser-t.build/DerivedSources -Xcc -DSWIFT_PACKAGE -Xcc -DDEBUG\=1 -no-auto-bridging-header-chaining -module-name Parser -const-gather-protocols-file /Users/admin/builder/spi-builder-workspace/.derivedData/Build/Intermediates.noindex/swift-ast.build/Debug/Parser-t.build/Objects-normal/arm64/Parser_const_extract_protocols.json -disable-clang-spi -clang-target arm64-apple-macos27.0 -target-sdk-version 27.0 -target-sdk-name macosx27.0 -in-process-plugin-server-path /Applications/Xcode-27.0.0-Release.Candidate.app/Contents/Developer/Toolchains/XcodeDefault.xctoolchain/usr/lib/swift/host/libSwiftInProcPluginServer.dylib -parse-as-library -o /Users/admin/builder/spi-builder-workspace/.derivedData/Build/Intermediates.noindex/swift-ast.build/Debug/Parser-t.build/Objects-normal/arm64/Parser+Pattern.o -debug-module-path /Users/admin/builder/spi-builder-workspace/.derivedData/Build/Intermediates.noindex/swift-ast.build/Debug/Parser-t.build/Objects-normal/arm64/Parser.swiftmodule -index-unit-output-path /swift-ast.build/Debug/Parser-t.build/Objects-normal/arm64/Parser+Pattern.o -index-store-path /Users/admin/builder/spi-builder-workspace/.derivedData/Index.noindex/DataStore -index-system-modules
SwiftCompile normal arm64 /Users/admin/builder/spi-builder-workspace/.dependencies/checkouts/swift-ast/Sources/Parser/Parser+Pattern.swift (in target 'Parser' from project 'swift-ast')
cd /Users/admin/builder/spi-builder-workspace/.swiftpm/xcode
builtin-SwiftPerFileCompile Parser+Pattern.swift
SwiftCompile normal arm64 Compiling\ Parser+Util.swift /Users/admin/builder/spi-builder-workspace/.dependencies/checkouts/swift-ast/Sources/Parser/Parser+Util.swift (in target 'Parser' from project 'swift-ast')
SwiftCompile normal arm64 /Users/admin/builder/spi-builder-workspace/.dependencies/checkouts/swift-ast/Sources/Parser/Parser+Util.swift (in target 'Parser' from project 'swift-ast')
cd /Users/admin/builder/spi-builder-workspace/.swiftpm/xcode
builtin-SwiftPerFileCompile Parser+Util.swift
SwiftCompile normal arm64 Compiling\ Parser+Type.swift /Users/admin/builder/spi-builder-workspace/.dependencies/checkouts/swift-ast/Sources/Parser/Parser+Type.swift (in target 'Parser' from project 'swift-ast')
SwiftCompile normal arm64 /Users/admin/builder/spi-builder-workspace/.dependencies/checkouts/swift-ast/Sources/Parser/Parser+Type.swift (in target 'Parser' from project 'swift-ast')
cd /Users/admin/builder/spi-builder-workspace/.swiftpm/xcode
builtin-SwiftPerFileCompile Parser+Type.swift
SwiftEmitModule normal arm64 Emitting\ module\ for\ AST (in target 'AST' from project 'swift-ast')
SwiftCompile normal arm64 (in target 'AST' from project 'swift-ast')
cd /Users/admin/builder/spi-builder-workspace/.swiftpm/xcode
SwiftCompile normal arm64 Compiling\ Parser+Generic.swift /Users/admin/builder/spi-builder-workspace/.dependencies/checkouts/swift-ast/Sources/Parser/Parser+Generic.swift (in target 'Parser' from project 'swift-ast')
SwiftCompile normal arm64 /Users/admin/builder/spi-builder-workspace/.dependencies/checkouts/swift-ast/Sources/Parser/Parser+Generic.swift (in target 'Parser' from project 'swift-ast')
cd /Users/admin/builder/spi-builder-workspace/.swiftpm/xcode
builtin-SwiftPerFileCompile Parser+Generic.swift
PruneExplicitPrecompiledModules /Users/admin/builder/spi-builder-workspace/.derivedData/Build/Intermediates.noindex/SwiftExplicitPrecompiledModules
PruneExplicitPrecompiledModules /Users/admin/builder/spi-builder-workspace/.derivedData/SDKExplicitPrecompiledModules
PruneExplicitPrecompiledModules /Users/admin/builder/spi-builder-workspace/.derivedData/Build/Intermediates.noindex/ExplicitPrecompiledModules
2026-09-21 06:39:43.008 xcodebuild[980:6049] [MT] IDERunDestination: Supported platforms for the buildables in the current scheme is empty.
--- xcodebuild: WARNING: Using the first of multiple matching destinations:
{ platform:macOS, arch:arm64, id:27451c8d55f6e38a55b0f3fc09e32276d0370b69, name:My Mac }
{ platform:macOS, arch:arm64, variant:Mac Catalyst, id:27451c8d55f6e38a55b0f3fc09e32276d0370b69, name:My Mac }
{ platform:macOS, arch:arm64, variant:DriverKit, id:27451c8d55f6e38a55b0f3fc09e32276d0370b69, name:My Mac }
{ platform:macOS, arch:arm64, variant:Designed for [iPad,iPhone], id:27451c8d55f6e38a55b0f3fc09e32276d0370b69, name:My Mac }
** BUILD FAILED **
The following build commands failed:
SwiftCompile normal arm64 Compiling\ Parser+Pattern.swift /Users/admin/builder/spi-builder-workspace/.dependencies/checkouts/swift-ast/Sources/Parser/Parser+Pattern.swift (in target 'Parser' from project 'swift-ast')
SwiftCompile normal arm64 /Users/admin/builder/spi-builder-workspace/.dependencies/checkouts/swift-ast/Sources/Parser/Parser+Pattern.swift (in target 'Parser' from project 'swift-ast')
Building workspace Song with scheme Song-Package
(3 failures)
BUILD FAILURE 6.4 macosXcodebuild