The Swift Package Index logo.Swift Package Index

Build Information

Failed to build SBObjectiveCWrapper, reference master (4fcdab), with Swift 6.4 for Android on 16 Sep 2026 14:01:56 UTC.

Build Command

bash -c docker run --pull=always --rm -v "checkouts-53886770-0":/host -w "$PWD" -e JAVA_HOME="/root/.sdkman/candidates/java/current" -e SPI_BUILD="1" -e SPI_PROCESSING="1" registry.gitlab.com/saguaro1/spi-images:android-6.4-latest swift build --swift-sdk aarch64-unknown-linux-android28 2>&1

Build Log

========================================
RunAll
========================================
Builder version: 5.1.0
Interrupt handler set up.
========================================
Checkout
========================================
Clone URL: https://github.com/SwiftyBeaver/SBObjectiveCWrapper.git
Reference: master
Initialized empty Git repository in /host/spi-builder-workspace/.git/
hint: Using 'master' as the name for the initial branch. This default branch name
hint: is subject to change. To configure the initial branch name to use in all
hint: of your new repositories, which will suppress this warning, call:
hint:
hint: 	git config --global init.defaultBranch <name>
hint:
hint: Names commonly chosen instead of 'master' are 'main', 'trunk' and
hint: 'development'. The just-created branch can be renamed via this command:
hint:
hint: 	git branch -m <name>
From https://github.com/SwiftyBeaver/SBObjectiveCWrapper
 * branch            master     -> FETCH_HEAD
 * [new branch]      master     -> origin/master
HEAD is now at 4fcdab9 new 1.5.0 release
Submodule path 'lib/SwiftyBeaver': checked out 'ad66cc41c5d8acbd63d9dcdc9d3609f152e08ed1'
Submodule 'lib/SwiftyBeaver' (https://github.com/SwiftyBeaver/SwiftyBeaver.git) registered for path 'lib/SwiftyBeaver'
Cloning into '/host/spi-builder-workspace/lib/SwiftyBeaver'...
Cloned https://github.com/SwiftyBeaver/SBObjectiveCWrapper.git
Revision (git rev-parse @):
4fcdab9198d5ee513b082d59d7b24651b5ae0977
SUCCESS checkout https://github.com/SwiftyBeaver/SBObjectiveCWrapper.git at master
========================================
Build
========================================
Selected platform:         android
Swift version:             6.4
Building package at path:  $PWD
https://github.com/SwiftyBeaver/SBObjectiveCWrapper.git
Running build ...
bash -c docker run --pull=always --rm -v "checkouts-53886770-0":/host -w "$PWD" -e JAVA_HOME="/root/.sdkman/candidates/java/current" -e SPI_BUILD="1" -e SPI_PROCESSING="1" registry.gitlab.com/saguaro1/spi-images:android-6.4-latest swift build --swift-sdk aarch64-unknown-linux-android28 2>&1
android-6.4-latest: Pulling from saguaro1/spi-images
Digest: sha256:abadcff584c273feba50641b454858d377ba30b35ea7287a94f45ebd8afd0ea0
Status: Image is up to date for registry.gitlab.com/saguaro1/spi-images:android-6.4-latest
Fetching https://github.com/SwiftyBeaver/SwiftyBeaver.git
[1/4084] Fetching swiftybeaver
Fetched https://github.com/SwiftyBeaver/SwiftyBeaver.git (0.58s)
Computing version for https://github.com/SwiftyBeaver/SwiftyBeaver.git
Computed https://github.com/SwiftyBeaver/SwiftyBeaver.git at 1.9.6 (1.63s)
Creating working copy for https://github.com/SwiftyBeaver/SwiftyBeaver.git
Working copy of https://github.com/SwiftyBeaver/SwiftyBeaver.git resolved at 1.9.6
Building for debugging...
[Pre-planning 1 / 96]
[6 / 39] AllExcludingTests
[34 / 49] SwiftyBeaver
error: SwiftCompile normal aarch64 /host/spi-builder-workspace/.build/checkouts/SwiftyBeaver/Sources/FileDestination.swift failed with a nonzero exit code. Command line:     cd /host
    builtin-SwiftPerFileCompile FileDestination.swift
/host/spi-builder-workspace/.build/checkouts/SwiftyBeaver/Sources/FileDestination.swift:171:27: error: cannot find 'NSFileCoordinator' in scope
169 |         #else
170 |         var success = false
171 |         let coordinator = NSFileCoordinator(filePresenter: nil)
    |                           `- error: cannot find 'NSFileCoordinator' in scope
172 |         var error: NSError?
173 |         coordinator.coordinate(writingItemAt: url, error: &error) { url in
Failed frontend command:
/root/.local/share/swiftly/toolchains/6.4.x-snapshot-2026-09-04/usr/bin/swift-frontend -frontend -c /host/spi-builder-workspace/.build/checkouts/SwiftyBeaver/Sources/AES256CBC.swift /host/spi-builder-workspace/.build/checkouts/SwiftyBeaver/Sources/Base64.swift /host/spi-builder-workspace/.build/checkouts/SwiftyBeaver/Sources/BaseDestination.swift /host/spi-builder-workspace/.build/checkouts/SwiftyBeaver/Sources/ConsoleDestination.swift -primary-file /host/spi-builder-workspace/.build/checkouts/SwiftyBeaver/Sources/Extensions.swift -primary-file /host/spi-builder-workspace/.build/checkouts/SwiftyBeaver/Sources/FileDestination.swift /host/spi-builder-workspace/.build/checkouts/SwiftyBeaver/Sources/Filter.swift /host/spi-builder-workspace/.build/checkouts/SwiftyBeaver/Sources/FilterValidator.swift /host/spi-builder-workspace/.build/checkouts/SwiftyBeaver/Sources/GoogleCloudDestination.swift /host/spi-builder-workspace/.build/checkouts/SwiftyBeaver/Sources/SBPlatformDestination.swift /host/spi-builder-workspace/.build/checkouts/SwiftyBeaver/Sources/SwiftyBeaver.swift -emit-dependencies-path /host/spi-builder-workspace/.build/out/Intermediates.noindex/SwiftyBeaver.build/Debug-android-aarch64/SwiftyBeaver-t.build/Objects-normal/aarch64/Extensions.d -emit-const-values-path /host/spi-builder-workspace/.build/out/Intermediates.noindex/SwiftyBeaver.build/Debug-android-aarch64/SwiftyBeaver-t.build/Objects-normal/aarch64/Extensions.swiftconstvalues -emit-reference-dependencies-path /host/spi-builder-workspace/.build/out/Intermediates.noindex/SwiftyBeaver.build/Debug-android-aarch64/SwiftyBeaver-t.build/Objects-normal/aarch64/Extensions.swiftdeps -serialize-diagnostics-path /host/spi-builder-workspace/.build/out/Intermediates.noindex/SwiftyBeaver.build/Debug-android-aarch64/SwiftyBeaver-t.build/Objects-normal/aarch64/Extensions.dia -emit-dependencies-path /host/spi-builder-workspace/.build/out/Intermediates.noindex/SwiftyBeaver.build/Debug-android-aarch64/SwiftyBeaver-t.build/Objects-normal/aarch64/FileDestination.d -emit-const-values-path /host/spi-builder-workspace/.build/out/Intermediates.noindex/SwiftyBeaver.build/Debug-android-aarch64/SwiftyBeaver-t.build/Objects-normal/aarch64/FileDestination.swiftconstvalues -emit-reference-dependencies-path /host/spi-builder-workspace/.build/out/Intermediates.noindex/SwiftyBeaver.build/Debug-android-aarch64/SwiftyBeaver-t.build/Objects-normal/aarch64/FileDestination.swiftdeps -serialize-diagnostics-path /host/spi-builder-workspace/.build/out/Intermediates.noindex/SwiftyBeaver.build/Debug-android-aarch64/SwiftyBeaver-t.build/Objects-normal/aarch64/FileDestination.dia -target aarch64-unknown-linux-android28 -Xllvm -aarch64-use-tbi -disable-objc-interop -sdk /android-ndk/android-ndk-r27d/toolchains/llvm/prebuilt/linux-x86_64/sysroot -sysroot /android-ndk/android-ndk-r27d/toolchains/llvm/prebuilt/linux-x86_64/sysroot -I /host/spi-builder-workspace/.build/out/Products/Debug-android-aarch64 -module-cache-path /host/spi-builder-workspace/.build/out/ModuleCache.noindex -color-diagnostics -Xcc -fcolor-diagnostics -enable-testing -g -debug-info-format\=dwarf -dwarf-version\=4 -suppress-warnings -swift-version 5 -Onone -D SWIFT_PACKAGE -D DEBUG -D SWIFT_MODULE_RESOURCE_BUNDLE_UNAVAILABLE -D Xcode -serialize-debugging-options -enable-experimental-feature DebugDescriptionMacro -empty-abi-descriptor -external-plugin-path /root/.local/share/swiftly/toolchains/6.4.x-snapshot-2026-09-04/usr/lib/swift/host/plugins/testing\#/root/.local/share/swiftly/toolchains/6.4.x-snapshot-2026-09-04/usr/bin/swift-plugin-server -validate-clang-modules-once -clang-build-session-file /host/spi-builder-workspace/.build/out/ModuleCache.noindex/Session.modulevalidation -Xcc -working-directory -Xcc /host -resource-dir /root/.swiftpm/swift-sdks/swift-6.4.x-DEVELOPMENT-SNAPSHOT-2026-09-04-a_android.artifactbundle/swift-android/swift-resources/usr/lib/swift-aarch64 -enable-anonymous-context-mangled-names -file-compilation-dir /host -Xcc -resource-dir -Xcc /android-ndk/android-ndk-r27d/toolchains/llvm/prebuilt/linux-x86_64/lib/clang/18 -Xcc -fno-omit-frame-pointer -Xcc -D_LIBCPP_HARDENING_MODE\=_LIBCPP_HARDENING_MODE_DEBUG -Xcc -fmodules-prune-interval\=86400 -Xcc -fmodules-prune-after\=345600 -Xcc -I/host/spi-builder-workspace/.build/out/Products/Debug-android-aarch64/include -Xcc -I/host/spi-builder-workspace/.build/out/Intermediates.noindex/SwiftyBeaver.build/Debug-android-aarch64/SwiftyBeaver-t.build/DerivedSources-normal/aarch64 -Xcc -I/host/spi-builder-workspace/.build/out/Intermediates.noindex/SwiftyBeaver.build/Debug-android-aarch64/SwiftyBeaver-t.build/DerivedSources/aarch64 -Xcc -I/host/spi-builder-workspace/.build/out/Intermediates.noindex/SwiftyBeaver.build/Debug-android-aarch64/SwiftyBeaver-t.build/DerivedSources -Xcc -DSWIFT_PACKAGE -Xcc -DDEBUG\=1 -no-auto-bridging-header-chaining -module-name SwiftyBeaver -const-gather-protocols-file /host/spi-builder-workspace/.build/out/Intermediates.noindex/SwiftyBeaver.build/Debug-android-aarch64/SwiftyBeaver-t.build/Objects-normal/aarch64/SwiftyBeaver_const_extract_protocols.json -in-process-plugin-server-path /root/.local/share/swiftly/toolchains/6.4.x-snapshot-2026-09-04/usr/lib/swift/host/libSwiftInProcPluginServer.so -plugin-path /root/.local/share/swiftly/toolchains/6.4.x-snapshot-2026-09-04/usr/lib/swift/host/plugins -plugin-path /root/.local/share/swiftly/toolchains/6.4.x-snapshot-2026-09-04/usr/local/lib/swift/host/plugins -parse-as-library -o /host/spi-builder-workspace/.build/out/Intermediates.noindex/SwiftyBeaver.build/Debug-android-aarch64/SwiftyBeaver-t.build/Objects-normal/aarch64/Extensions.o -o /host/spi-builder-workspace/.build/out/Intermediates.noindex/SwiftyBeaver.build/Debug-android-aarch64/SwiftyBeaver-t.build/Objects-normal/aarch64/FileDestination.o -index-unit-output-path /SwiftyBeaver.build/Debug-android-aarch64/SwiftyBeaver-t.build/Objects-normal/aarch64/Extensions.o -index-unit-output-path /SwiftyBeaver.build/Debug-android-aarch64/SwiftyBeaver-t.build/Objects-normal/aarch64/FileDestination.o -index-store-path /host/spi-builder-workspace/.build/out -index-system-modules
error: SwiftCompile normal aarch64 /host/spi-builder-workspace/.build/checkouts/SwiftyBeaver/Sources/SwiftyBeaver.swift failed with a nonzero exit code. Command line:     cd /host
    builtin-SwiftPerFileCompile SwiftyBeaver.swift
/host/spi-builder-workspace/.build/checkouts/SwiftyBeaver/Sources/SwiftyBeaver.swift:74:28: error: cannot find '__dispatch_queue_get_label' in scope
 72 |                 return ""
 73 |             } else {
 74 |                 let name = __dispatch_queue_get_label(nil)
    |                            `- error: cannot find '__dispatch_queue_get_label' in scope
 75 |                 return String(cString: name, encoding: .utf8) ?? Thread.current.description
 76 |             }
Failed frontend command:
/root/.local/share/swiftly/toolchains/6.4.x-snapshot-2026-09-04/usr/bin/swift-frontend -frontend -c /host/spi-builder-workspace/.build/checkouts/SwiftyBeaver/Sources/AES256CBC.swift /host/spi-builder-workspace/.build/checkouts/SwiftyBeaver/Sources/Base64.swift /host/spi-builder-workspace/.build/checkouts/SwiftyBeaver/Sources/BaseDestination.swift /host/spi-builder-workspace/.build/checkouts/SwiftyBeaver/Sources/ConsoleDestination.swift /host/spi-builder-workspace/.build/checkouts/SwiftyBeaver/Sources/Extensions.swift /host/spi-builder-workspace/.build/checkouts/SwiftyBeaver/Sources/FileDestination.swift /host/spi-builder-workspace/.build/checkouts/SwiftyBeaver/Sources/Filter.swift /host/spi-builder-workspace/.build/checkouts/SwiftyBeaver/Sources/FilterValidator.swift /host/spi-builder-workspace/.build/checkouts/SwiftyBeaver/Sources/GoogleCloudDestination.swift /host/spi-builder-workspace/.build/checkouts/SwiftyBeaver/Sources/SBPlatformDestination.swift -primary-file /host/spi-builder-workspace/.build/checkouts/SwiftyBeaver/Sources/SwiftyBeaver.swift -emit-dependencies-path /host/spi-builder-workspace/.build/out/Intermediates.noindex/SwiftyBeaver.build/Debug-android-aarch64/SwiftyBeaver-t.build/Objects-normal/aarch64/SwiftyBeaver.d -emit-const-values-path /host/spi-builder-workspace/.build/out/Intermediates.noindex/SwiftyBeaver.build/Debug-android-aarch64/SwiftyBeaver-t.build/Objects-normal/aarch64/SwiftyBeaver.swiftconstvalues -emit-reference-dependencies-path /host/spi-builder-workspace/.build/out/Intermediates.noindex/SwiftyBeaver.build/Debug-android-aarch64/SwiftyBeaver-t.build/Objects-normal/aarch64/SwiftyBeaver.swiftdeps -serialize-diagnostics-path /host/spi-builder-workspace/.build/out/Intermediates.noindex/SwiftyBeaver.build/Debug-android-aarch64/SwiftyBeaver-t.build/Objects-normal/aarch64/SwiftyBeaver.dia -target aarch64-unknown-linux-android28 -Xllvm -aarch64-use-tbi -disable-objc-interop -sdk /android-ndk/android-ndk-r27d/toolchains/llvm/prebuilt/linux-x86_64/sysroot -sysroot /android-ndk/android-ndk-r27d/toolchains/llvm/prebuilt/linux-x86_64/sysroot -I /host/spi-builder-workspace/.build/out/Products/Debug-android-aarch64 -module-cache-path /host/spi-builder-workspace/.build/out/ModuleCache.noindex -color-diagnostics -Xcc -fcolor-diagnostics -enable-testing -g -debug-info-format\=dwarf -dwarf-version\=4 -suppress-warnings -swift-version 5 -Onone -D SWIFT_PACKAGE -D DEBUG -D SWIFT_MODULE_RESOURCE_BUNDLE_UNAVAILABLE -D Xcode -serialize-debugging-options -enable-experimental-feature DebugDescriptionMacro -empty-abi-descriptor -external-plugin-path /root/.local/share/swiftly/toolchains/6.4.x-snapshot-2026-09-04/usr/lib/swift/host/plugins/testing\#/root/.local/share/swiftly/toolchains/6.4.x-snapshot-2026-09-04/usr/bin/swift-plugin-server -validate-clang-modules-once -clang-build-session-file /host/spi-builder-workspace/.build/out/ModuleCache.noindex/Session.modulevalidation -Xcc -working-directory -Xcc /host -resource-dir /root/.swiftpm/swift-sdks/swift-6.4.x-DEVELOPMENT-SNAPSHOT-2026-09-04-a_android.artifactbundle/swift-android/swift-resources/usr/lib/swift-aarch64 -enable-anonymous-context-mangled-names -file-compilation-dir /host -Xcc -resource-dir -Xcc /android-ndk/android-ndk-r27d/toolchains/llvm/prebuilt/linux-x86_64/lib/clang/18 -Xcc -fno-omit-frame-pointer -Xcc -D_LIBCPP_HARDENING_MODE\=_LIBCPP_HARDENING_MODE_DEBUG -Xcc -fmodules-prune-interval\=86400 -Xcc -fmodules-prune-after\=345600 -Xcc -I/host/spi-builder-workspace/.build/out/Products/Debug-android-aarch64/include -Xcc -I/host/spi-builder-workspace/.build/out/Intermediates.noindex/SwiftyBeaver.build/Debug-android-aarch64/SwiftyBeaver-t.build/DerivedSources-normal/aarch64 -Xcc -I/host/spi-builder-workspace/.build/out/Intermediates.noindex/SwiftyBeaver.build/Debug-android-aarch64/SwiftyBeaver-t.build/DerivedSources/aarch64 -Xcc -I/host/spi-builder-workspace/.build/out/Intermediates.noindex/SwiftyBeaver.build/Debug-android-aarch64/SwiftyBeaver-t.build/DerivedSources -Xcc -DSWIFT_PACKAGE -Xcc -DDEBUG\=1 -no-auto-bridging-header-chaining -module-name SwiftyBeaver -const-gather-protocols-file /host/spi-builder-workspace/.build/out/Intermediates.noindex/SwiftyBeaver.build/Debug-android-aarch64/SwiftyBeaver-t.build/Objects-normal/aarch64/SwiftyBeaver_const_extract_protocols.json -in-process-plugin-server-path /root/.local/share/swiftly/toolchains/6.4.x-snapshot-2026-09-04/usr/lib/swift/host/libSwiftInProcPluginServer.so -plugin-path /root/.local/share/swiftly/toolchains/6.4.x-snapshot-2026-09-04/usr/lib/swift/host/plugins -plugin-path /root/.local/share/swiftly/toolchains/6.4.x-snapshot-2026-09-04/usr/local/lib/swift/host/plugins -parse-as-library -o /host/spi-builder-workspace/.build/out/Intermediates.noindex/SwiftyBeaver.build/Debug-android-aarch64/SwiftyBeaver-t.build/Objects-normal/aarch64/SwiftyBeaver.o -index-unit-output-path /SwiftyBeaver.build/Debug-android-aarch64/SwiftyBeaver-t.build/Objects-normal/aarch64/SwiftyBeaver.o -index-store-path /host/spi-builder-workspace/.build/out -index-system-modules
error: Build failed
BUILD FAILURE 6.4 android