The Swift Package Index logo.Swift Package Index

Build Information

Failed to build spfk-classification, reference 1.2.2 (41367a), with Swift 6.4 for tvOS using Xcode 27.0 on 5 Oct 2026 11:35:17 UTC.

Build Command

env DEVELOPER_DIR=/Applications/Xcode-27.0.0-Release.Candidate.app xcrun xcodebuild -IDEClonedSourcePackagesDirPathOverride=$PWD/.dependencies -skipMacroValidation -skipPackagePluginValidation -derivedDataPath $PWD/.derivedData build -scheme spfk-classification -destination generic/platform=tvOS

Build Log

    cd /Users/admin/builder/spi-builder-workspace/.swiftpm/xcode
    builtin-SwiftPerFileCompile AsyncSyncSequence.swift
SwiftCompile normal arm64 /Users/admin/builder/spi-builder-workspace/.dependencies/checkouts/swift-async-algorithms/Sources/AsyncAlgorithms/AsyncThrottleSequence.swift (in target 'AsyncAlgorithms' from project 'swift-async-algorithms')
    cd /Users/admin/builder/spi-builder-workspace/.swiftpm/xcode
    builtin-SwiftPerFileCompile AsyncThrottleSequence.swift
SwiftDriverJobDiscovery normal arm64 Compiling TimecodeField Paste Policy.swift, TimecodeField Previews.swift, TimecodeField Types.swift (in target 'SwiftTimecodeUI' from project 'swift-timecode')
SwiftCompile normal arm64 Compiling\ MergeStorage.swift,\ MultiProducerSingleConsumerAsyncChannel+Internal.swift,\ MultiProducerSingleConsumerAsyncChannel.swift,\ RangeReplaceableCollection.swift,\ Rethrow.swift,\ SetAlgebra.swift /Users/admin/builder/spi-builder-workspace/.dependencies/checkouts/swift-async-algorithms/Sources/AsyncAlgorithms/Merge/MergeStorage.swift /Users/admin/builder/spi-builder-workspace/.dependencies/checkouts/swift-async-algorithms/Sources/AsyncAlgorithms/MultiProducerSingleConsumerChannel/MultiProducerSingleConsumerAsyncChannel+Internal.swift /Users/admin/builder/spi-builder-workspace/.dependencies/checkouts/swift-async-algorithms/Sources/AsyncAlgorithms/MultiProducerSingleConsumerChannel/MultiProducerSingleConsumerAsyncChannel.swift /Users/admin/builder/spi-builder-workspace/.dependencies/checkouts/swift-async-algorithms/Sources/AsyncAlgorithms/RangeReplaceableCollection.swift /Users/admin/builder/spi-builder-workspace/.dependencies/checkouts/swift-async-algorithms/Sources/AsyncAlgorithms/Rethrow.swift /Users/admin/builder/spi-builder-workspace/.dependencies/checkouts/swift-async-algorithms/Sources/AsyncAlgorithms/SetAlgebra.swift (in target 'AsyncAlgorithms' from project 'swift-async-algorithms')
SwiftCompile normal arm64 /Users/admin/builder/spi-builder-workspace/.dependencies/checkouts/swift-async-algorithms/Sources/AsyncAlgorithms/Merge/MergeStorage.swift (in target 'AsyncAlgorithms' from project 'swift-async-algorithms')
    cd /Users/admin/builder/spi-builder-workspace/.swiftpm/xcode
    builtin-SwiftPerFileCompile MergeStorage.swift
SwiftCompile normal arm64 /Users/admin/builder/spi-builder-workspace/.dependencies/checkouts/swift-async-algorithms/Sources/AsyncAlgorithms/MultiProducerSingleConsumerChannel/MultiProducerSingleConsumerAsyncChannel+Internal.swift (in target 'AsyncAlgorithms' from project 'swift-async-algorithms')
    cd /Users/admin/builder/spi-builder-workspace/.swiftpm/xcode
    builtin-SwiftPerFileCompile MultiProducerSingleConsumerAsyncChannel+Internal.swift
SwiftCompile normal arm64 /Users/admin/builder/spi-builder-workspace/.dependencies/checkouts/swift-async-algorithms/Sources/AsyncAlgorithms/MultiProducerSingleConsumerChannel/MultiProducerSingleConsumerAsyncChannel.swift (in target 'AsyncAlgorithms' from project 'swift-async-algorithms')
    cd /Users/admin/builder/spi-builder-workspace/.swiftpm/xcode
    builtin-SwiftPerFileCompile MultiProducerSingleConsumerAsyncChannel.swift
SwiftCompile normal arm64 /Users/admin/builder/spi-builder-workspace/.dependencies/checkouts/swift-async-algorithms/Sources/AsyncAlgorithms/RangeReplaceableCollection.swift (in target 'AsyncAlgorithms' from project 'swift-async-algorithms')
    cd /Users/admin/builder/spi-builder-workspace/.swiftpm/xcode
    builtin-SwiftPerFileCompile RangeReplaceableCollection.swift
SwiftCompile normal arm64 /Users/admin/builder/spi-builder-workspace/.dependencies/checkouts/swift-async-algorithms/Sources/AsyncAlgorithms/Rethrow.swift (in target 'AsyncAlgorithms' from project 'swift-async-algorithms')
    cd /Users/admin/builder/spi-builder-workspace/.swiftpm/xcode
    builtin-SwiftPerFileCompile Rethrow.swift
SwiftCompile normal arm64 /Users/admin/builder/spi-builder-workspace/.dependencies/checkouts/swift-async-algorithms/Sources/AsyncAlgorithms/SetAlgebra.swift (in target 'AsyncAlgorithms' from project 'swift-async-algorithms')
    cd /Users/admin/builder/spi-builder-workspace/.swiftpm/xcode
    builtin-SwiftPerFileCompile SetAlgebra.swift
SwiftCompile normal arm64 Compiling\ AsyncCombineLatest2Sequence.swift,\ AsyncCombineLatest3Sequence.swift,\ CombineLatestStateMachine.swift,\ CombineLatestStorage.swift,\ AsyncDebounceSequence.swift,\ DebounceStateMachine.swift /Users/admin/builder/spi-builder-workspace/.dependencies/checkouts/swift-async-algorithms/Sources/AsyncAlgorithms/CombineLatest/AsyncCombineLatest2Sequence.swift /Users/admin/builder/spi-builder-workspace/.dependencies/checkouts/swift-async-algorithms/Sources/AsyncAlgorithms/CombineLatest/AsyncCombineLatest3Sequence.swift /Users/admin/builder/spi-builder-workspace/.dependencies/checkouts/swift-async-algorithms/Sources/AsyncAlgorithms/CombineLatest/CombineLatestStateMachine.swift /Users/admin/builder/spi-builder-workspace/.dependencies/checkouts/swift-async-algorithms/Sources/AsyncAlgorithms/CombineLatest/CombineLatestStorage.swift /Users/admin/builder/spi-builder-workspace/.dependencies/checkouts/swift-async-algorithms/Sources/AsyncAlgorithms/Debounce/AsyncDebounceSequence.swift /Users/admin/builder/spi-builder-workspace/.dependencies/checkouts/swift-async-algorithms/Sources/AsyncAlgorithms/Debounce/DebounceStateMachine.swift (in target 'AsyncAlgorithms' from project 'swift-async-algorithms')
SwiftCompile normal arm64 /Users/admin/builder/spi-builder-workspace/.dependencies/checkouts/swift-async-algorithms/Sources/AsyncAlgorithms/CombineLatest/AsyncCombineLatest2Sequence.swift (in target 'AsyncAlgorithms' from project 'swift-async-algorithms')
    cd /Users/admin/builder/spi-builder-workspace/.swiftpm/xcode
    builtin-SwiftPerFileCompile AsyncCombineLatest2Sequence.swift
SwiftCompile normal arm64 /Users/admin/builder/spi-builder-workspace/.dependencies/checkouts/swift-async-algorithms/Sources/AsyncAlgorithms/CombineLatest/AsyncCombineLatest3Sequence.swift (in target 'AsyncAlgorithms' from project 'swift-async-algorithms')
    cd /Users/admin/builder/spi-builder-workspace/.swiftpm/xcode
    builtin-SwiftPerFileCompile AsyncCombineLatest3Sequence.swift
SwiftCompile normal arm64 /Users/admin/builder/spi-builder-workspace/.dependencies/checkouts/swift-async-algorithms/Sources/AsyncAlgorithms/CombineLatest/CombineLatestStateMachine.swift (in target 'AsyncAlgorithms' from project 'swift-async-algorithms')
    cd /Users/admin/builder/spi-builder-workspace/.swiftpm/xcode
    builtin-SwiftPerFileCompile CombineLatestStateMachine.swift
SwiftCompile normal arm64 /Users/admin/builder/spi-builder-workspace/.dependencies/checkouts/swift-async-algorithms/Sources/AsyncAlgorithms/CombineLatest/CombineLatestStorage.swift (in target 'AsyncAlgorithms' from project 'swift-async-algorithms')
    cd /Users/admin/builder/spi-builder-workspace/.swiftpm/xcode
    builtin-SwiftPerFileCompile CombineLatestStorage.swift
SwiftCompile normal arm64 /Users/admin/builder/spi-builder-workspace/.dependencies/checkouts/swift-async-algorithms/Sources/AsyncAlgorithms/Debounce/AsyncDebounceSequence.swift (in target 'AsyncAlgorithms' from project 'swift-async-algorithms')
    cd /Users/admin/builder/spi-builder-workspace/.swiftpm/xcode
    builtin-SwiftPerFileCompile AsyncDebounceSequence.swift
SwiftCompile normal arm64 /Users/admin/builder/spi-builder-workspace/.dependencies/checkouts/swift-async-algorithms/Sources/AsyncAlgorithms/Debounce/DebounceStateMachine.swift (in target 'AsyncAlgorithms' from project 'swift-async-algorithms')
    cd /Users/admin/builder/spi-builder-workspace/.swiftpm/xcode
    builtin-SwiftPerFileCompile DebounceStateMachine.swift
SwiftDriverJobDiscovery normal arm64 Compiling TimecodeField KeyResult.swift, TimecodeField StateModelProtocol.swift, TimecodeField Environment.swift (in target 'SwiftTimecodeUI' from project 'swift-timecode')
SwiftDriverJobDiscovery normal arm64 Compiling TimecodeText Previews.swift, TimecodeText.swift, KeyboardInputView.swift (in target 'SwiftTimecodeUI' from project 'swift-timecode')
SwiftEmitModule normal arm64 Emitting\ module\ for\ SwiftTimecodeAV (in target 'SwiftTimecodeAV' from project 'swift-timecode')
SwiftCompile normal arm64 (in target 'SwiftTimecodeAV' from project 'swift-timecode')
    cd /Users/admin/builder/spi-builder-workspace/.swiftpm/xcode

SwiftCompile normal arm64 Compiling\ AVAsset\ Timecode\ Read.swift /Users/admin/builder/spi-builder-workspace/.dependencies/checkouts/swift-timecode/Sources/SwiftTimecodeAV/AVFoundation\ Extensions/AVAsset\ Timecode\ Read.swift (in target 'SwiftTimecodeAV' from project 'swift-timecode')
SwiftCompile normal arm64 /Users/admin/builder/spi-builder-workspace/.dependencies/checkouts/swift-timecode/Sources/SwiftTimecodeAV/AVFoundation\ Extensions/AVAsset\ Timecode\ Read.swift (in target 'SwiftTimecodeAV' from project 'swift-timecode')
    cd /Users/admin/builder/spi-builder-workspace/.swiftpm/xcode
    builtin-SwiftPerFileCompile AVAsset\ Timecode\ Read.swift
SwiftCompile normal arm64 Compiling\ Timecode\ Errors.swift /Users/admin/builder/spi-builder-workspace/.dependencies/checkouts/swift-timecode/Sources/SwiftTimecodeAV/Timecode\ Extensions/Errors/Timecode\ Errors.swift (in target 'SwiftTimecodeAV' from project 'swift-timecode')
SwiftCompile normal arm64 /Users/admin/builder/spi-builder-workspace/.dependencies/checkouts/swift-timecode/Sources/SwiftTimecodeAV/Timecode\ Extensions/Errors/Timecode\ Errors.swift (in target 'SwiftTimecodeAV' from project 'swift-timecode')
    cd /Users/admin/builder/spi-builder-workspace/.swiftpm/xcode
    builtin-SwiftPerFileCompile Timecode\ Errors.swift
SwiftDriverJobDiscovery normal arm64 Compiling AttributedString.swift, NSAttributedString.swift, TextFormatter.swift (in target 'SwiftTimecodeUI' from project 'swift-timecode')
SwiftCompile normal arm64 Compiling\ CMTimeCode.swift /Users/admin/builder/spi-builder-workspace/.dependencies/checkouts/swift-timecode/Sources/SwiftTimecodeAV/AVFoundation\ Extensions/CMTimeCode.swift (in target 'SwiftTimecodeAV' from project 'swift-timecode')
SwiftCompile normal arm64 /Users/admin/builder/spi-builder-workspace/.dependencies/checkouts/swift-timecode/Sources/SwiftTimecodeAV/AVFoundation\ Extensions/CMTimeCode.swift (in target 'SwiftTimecodeAV' from project 'swift-timecode')
    cd /Users/admin/builder/spi-builder-workspace/.swiftpm/xcode
    builtin-SwiftPerFileCompile CMTimeCode.swift
SwiftDriverJobDiscovery normal arm64 Compiling TimecodeField View Modifiers.swift, TimecodeField.swift, TimecodeState.swift (in target 'SwiftTimecodeUI' from project 'swift-timecode')
SwiftCompile normal arm64 Compiling\ AVFoundation\ Utils.swift /Users/admin/builder/spi-builder-workspace/.dependencies/checkouts/swift-timecode/Sources/SwiftTimecodeAV/AVFoundation\ Extensions/AVFoundation\ Utils.swift (in target 'SwiftTimecodeAV' from project 'swift-timecode')
SwiftCompile normal arm64 /Users/admin/builder/spi-builder-workspace/.dependencies/checkouts/swift-timecode/Sources/SwiftTimecodeAV/AVFoundation\ Extensions/AVFoundation\ Utils.swift (in target 'SwiftTimecodeAV' from project 'swift-timecode')
    cd /Users/admin/builder/spi-builder-workspace/.swiftpm/xcode
    builtin-SwiftPerFileCompile AVFoundation\ Utils.swift
SwiftDriverJobDiscovery normal arm64 Compiling SwiftTimecodeUI.swift, Shared Environment.swift, Shared View Modifiers.swift (in target 'SwiftTimecodeUI' from project 'swift-timecode')
SwiftCompile normal arm64 Compiling\ SwiftTimecodeAV.swift /Users/admin/builder/spi-builder-workspace/.dependencies/checkouts/swift-timecode/Sources/SwiftTimecodeAV/SwiftTimecodeAV.swift (in target 'SwiftTimecodeAV' from project 'swift-timecode')
SwiftCompile normal arm64 /Users/admin/builder/spi-builder-workspace/.dependencies/checkouts/swift-timecode/Sources/SwiftTimecodeAV/SwiftTimecodeAV.swift (in target 'SwiftTimecodeAV' from project 'swift-timecode')
    cd /Users/admin/builder/spi-builder-workspace/.swiftpm/xcode
    builtin-SwiftPerFileCompile SwiftTimecodeAV.swift
SwiftDriverJobDiscovery normal arm64 Emitting module for SwiftTimecodeAV (in target 'SwiftTimecodeAV' from project 'swift-timecode')
SwiftDriver\ Compilation\ Requirements SwiftTimecodeAV normal arm64 com.apple.xcode.tools.swift.compiler (in target 'SwiftTimecodeAV' from project 'swift-timecode')
    cd /Users/admin/builder/spi-builder-workspace/.swiftpm/xcode
    builtin-Swift-Compilation-Requirements -- /Applications/Xcode-27.0.0.app/Contents/Developer/Toolchains/XcodeDefault.xctoolchain/usr/bin/swiftc -parse-as-library -module-name SwiftTimecodeAV -Onone @/Users/admin/builder/spi-builder-workspace/.derivedData/Build/Intermediates.noindex/swift-timecode.build/Debug-appletvos/SwiftTimecodeAV-t.build/Objects-normal/arm64/SwiftTimecodeAV.SwiftFileList -DSWIFT_PACKAGE -DDEBUG -DSWIFT_MODULE_RESOURCE_BUNDLE_UNAVAILABLE -DXcode -plugin-path /Applications/Xcode-27.0.0.app/Contents/Developer/Toolchains/XcodeDefault.xctoolchain/usr/lib/swift/host/plugins/testing -enable-experimental-feature DebugDescriptionMacro -sdk /Applications/Xcode-27.0.0.app/Contents/Developer/Platforms/AppleTVOS.platform/Developer/SDKs/AppleTVOS27.0.sdk -target arm64-apple-tvos15.0 -g -module-cache-path /Users/admin/builder/spi-builder-workspace/.derivedData/ModuleCache.noindex -Xfrontend -serialize-debugging-options -profile-coverage-mapping -profile-generate -enable-testing -suppress-warnings -index-store-path /Users/admin/builder/spi-builder-workspace/.derivedData/Index.noindex/DataStore -Xcc -D_LIBCPP_HARDENING_MODE\=_LIBCPP_HARDENING_MODE_DEBUG -swift-version 5 -I /Users/admin/builder/spi-builder-workspace/.derivedData/Build/Products/Debug-appletvos -Isystem /Applications/Xcode-27.0.0.app/Contents/Developer/Platforms/AppleTVOS.platform/Developer/usr/lib -F /Users/admin/builder/spi-builder-workspace/.derivedData/Build/Products/Debug-appletvos/PackageFrameworks -F /Users/admin/builder/spi-builder-workspace/.derivedData/Build/Products/Debug-appletvos -F /Applications/Xcode-27.0.0.app/Contents/Developer/Platforms/AppleTVOS.platform/Developer/Library/Frameworks -F /Applications/Xcode-27.0.0.app/Contents/Developer/Platforms/AppleTVOS.platform/Developer/SDKs/AppleTVOS27.0.sdk/Developer/Library/Frameworks -emit-localized-strings -emit-localized-strings-path /Users/admin/builder/spi-builder-workspace/.derivedData/Build/Intermediates.noindex/swift-timecode.build/Debug-appletvos/SwiftTimecodeAV-t.build/Objects-normal/arm64 -c -j10 -enable-batch-mode -incremental -Xcc -ivfsstatcache -Xcc /Users/admin/builder/spi-builder-workspace/.derivedData/SDKStatCaches.noindex/appletvos27.0-24J360-e829b21a6f8c9b70876ba0858053c044509235ffd515576fb835ffc8f67461e5.sdkstatcache -output-file-map /Users/admin/builder/spi-builder-workspace/.derivedData/Build/Intermediates.noindex/swift-timecode.build/Debug-appletvos/SwiftTimecodeAV-t.build/Objects-normal/arm64/SwiftTimecodeAV-OutputFileMap.json -save-temps -no-color-diagnostics -explicit-module-build -module-cache-path /Users/admin/builder/spi-builder-workspace/.derivedData/Build/Intermediates.noindex/SwiftExplicitPrecompiledModules -clang-scanner-module-cache-path /Users/admin/builder/spi-builder-workspace/.derivedData/ModuleCache.noindex -sdk-module-cache-path /Users/admin/builder/spi-builder-workspace/.derivedData/SDKExplicitPrecompiledModules -emit-dependencies -emit-module -emit-module-path /Users/admin/builder/spi-builder-workspace/.derivedData/Build/Intermediates.noindex/swift-timecode.build/Debug-appletvos/SwiftTimecodeAV-t.build/Objects-normal/arm64/SwiftTimecodeAV.swiftmodule -serialize-diagnostics -dependency-scan-serialize-diagnostics-path /Users/admin/builder/spi-builder-workspace/.derivedData/Build/Intermediates.noindex/swift-timecode.build/Debug-appletvos/SwiftTimecodeAV-t.build/Objects-normal/arm64/SwiftTimecodeAV-dependency-scan.dia -validate-clang-modules-once -clang-build-session-file /Users/admin/builder/spi-builder-workspace/.derivedData/ModuleCache.noindex/Session.modulevalidation -Xcc -fmodules-prune-interval\=86400 -Xcc -fmodules-prune-after\=345600 -package-name swift_timecode -emit-const-values -const-gather-protocols-list /Users/admin/builder/spi-builder-workspace/.derivedData/Build/Intermediates.noindex/swift-timecode.build/Debug-appletvos/SwiftTimecodeAV-t.build/Objects-normal/arm64/SwiftTimecodeAV_const_extract_protocols.json -Xcc -I/Users/admin/builder/spi-builder-workspace/.derivedData/Build/Products/Debug-appletvos/include -Xcc -I/Users/admin/builder/spi-builder-workspace/.derivedData/Build/Intermediates.noindex/swift-timecode.build/Debug-appletvos/SwiftTimecodeAV-t.build/DerivedSources-normal/arm64 -Xcc -I/Users/admin/builder/spi-builder-workspace/.derivedData/Build/Intermediates.noindex/swift-timecode.build/Debug-appletvos/SwiftTimecodeAV-t.build/DerivedSources/arm64 -Xcc -I/Users/admin/builder/spi-builder-workspace/.derivedData/Build/Intermediates.noindex/swift-timecode.build/Debug-appletvos/SwiftTimecodeAV-t.build/DerivedSources -Xcc -DSWIFT_PACKAGE -Xcc -DDEBUG\=1 -emit-objc-header -emit-objc-header-path /Users/admin/builder/spi-builder-workspace/.derivedData/Build/Intermediates.noindex/swift-timecode.build/Debug-appletvos/SwiftTimecodeAV-t.build/Objects-normal/arm64/SwiftTimecodeAV-Swift.h -working-directory /Users/admin/builder/spi-builder-workspace/.swiftpm/xcode -experimental-emit-module-separately -disable-cmo
SwiftDriverJobDiscovery normal arm64 Compiling Timecode Errors.swift (in target 'SwiftTimecodeAV' from project 'swift-timecode')
SwiftCompile normal arm64 Compiling\ AVAsset\ Timecode\ Write.swift /Users/admin/builder/spi-builder-workspace/.dependencies/checkouts/swift-timecode/Sources/SwiftTimecodeAV/AVFoundation\ Extensions/AVAsset\ Timecode\ Write.swift (in target 'SwiftTimecodeAV' from project 'swift-timecode')
SwiftCompile normal arm64 /Users/admin/builder/spi-builder-workspace/.dependencies/checkouts/swift-timecode/Sources/SwiftTimecodeAV/AVFoundation\ Extensions/AVAsset\ Timecode\ Write.swift (in target 'SwiftTimecodeAV' from project 'swift-timecode')
    cd /Users/admin/builder/spi-builder-workspace/.swiftpm/xcode
    builtin-SwiftPerFileCompile AVAsset\ Timecode\ Write.swift
SwiftMergeGeneratedHeaders /Users/admin/builder/spi-builder-workspace/.derivedData/Build/Intermediates.noindex/GeneratedModuleMaps-appletvos/SwiftTimecodeAV-Swift.h /Users/admin/builder/spi-builder-workspace/.derivedData/Build/Intermediates.noindex/swift-timecode.build/Debug-appletvos/SwiftTimecodeAV-t.build/Objects-normal/arm64/SwiftTimecodeAV-Swift.h (in target 'SwiftTimecodeAV' from project 'swift-timecode')
    cd /Users/admin/builder/spi-builder-workspace/.dependencies/checkouts/swift-timecode
    builtin-swiftHeaderTool -arch arm64 /Users/admin/builder/spi-builder-workspace/.derivedData/Build/Intermediates.noindex/swift-timecode.build/Debug-appletvos/SwiftTimecodeAV-t.build/Objects-normal/arm64/SwiftTimecodeAV-Swift.h -o /Users/admin/builder/spi-builder-workspace/.derivedData/Build/Intermediates.noindex/GeneratedModuleMaps-appletvos/SwiftTimecodeAV-Swift.h
SwiftDriverJobDiscovery normal arm64 Compiling SwiftTimecodeAV.swift (in target 'SwiftTimecodeAV' from project 'swift-timecode')
Copy /Users/admin/builder/spi-builder-workspace/.derivedData/Build/Products/Debug-appletvos/SwiftTimecodeAV.swiftmodule/arm64-apple-tvos.swiftmodule /Users/admin/builder/spi-builder-workspace/.derivedData/Build/Intermediates.noindex/swift-timecode.build/Debug-appletvos/SwiftTimecodeAV-t.build/Objects-normal/arm64/SwiftTimecodeAV.swiftmodule (in target 'SwiftTimecodeAV' from project 'swift-timecode')
    cd /Users/admin/builder/spi-builder-workspace/.dependencies/checkouts/swift-timecode
    builtin-copy -exclude .DS_Store -exclude CVS -exclude .svn -exclude .git -exclude .hg -resolve-src-symlinks -rename /Users/admin/builder/spi-builder-workspace/.derivedData/Build/Intermediates.noindex/swift-timecode.build/Debug-appletvos/SwiftTimecodeAV-t.build/Objects-normal/arm64/SwiftTimecodeAV.swiftmodule /Users/admin/builder/spi-builder-workspace/.derivedData/Build/Products/Debug-appletvos/SwiftTimecodeAV.swiftmodule/arm64-apple-tvos.swiftmodule
Copy /Users/admin/builder/spi-builder-workspace/.derivedData/Build/Products/Debug-appletvos/SwiftTimecodeAV.swiftmodule/arm64-apple-tvos.swiftdoc /Users/admin/builder/spi-builder-workspace/.derivedData/Build/Intermediates.noindex/swift-timecode.build/Debug-appletvos/SwiftTimecodeAV-t.build/Objects-normal/arm64/SwiftTimecodeAV.swiftdoc (in target 'SwiftTimecodeAV' from project 'swift-timecode')
    cd /Users/admin/builder/spi-builder-workspace/.dependencies/checkouts/swift-timecode
    builtin-copy -exclude .DS_Store -exclude CVS -exclude .svn -exclude .git -exclude .hg -resolve-src-symlinks -rename /Users/admin/builder/spi-builder-workspace/.derivedData/Build/Intermediates.noindex/swift-timecode.build/Debug-appletvos/SwiftTimecodeAV-t.build/Objects-normal/arm64/SwiftTimecodeAV.swiftdoc /Users/admin/builder/spi-builder-workspace/.derivedData/Build/Products/Debug-appletvos/SwiftTimecodeAV.swiftmodule/arm64-apple-tvos.swiftdoc
Copy /Users/admin/builder/spi-builder-workspace/.derivedData/Build/Products/Debug-appletvos/SwiftTimecodeAV.swiftmodule/arm64-apple-tvos.abi.json /Users/admin/builder/spi-builder-workspace/.derivedData/Build/Intermediates.noindex/swift-timecode.build/Debug-appletvos/SwiftTimecodeAV-t.build/Objects-normal/arm64/SwiftTimecodeAV.abi.json (in target 'SwiftTimecodeAV' from project 'swift-timecode')
    cd /Users/admin/builder/spi-builder-workspace/.dependencies/checkouts/swift-timecode
    builtin-copy -exclude .DS_Store -exclude CVS -exclude .svn -exclude .git -exclude .hg -resolve-src-symlinks -rename /Users/admin/builder/spi-builder-workspace/.derivedData/Build/Intermediates.noindex/swift-timecode.build/Debug-appletvos/SwiftTimecodeAV-t.build/Objects-normal/arm64/SwiftTimecodeAV.abi.json /Users/admin/builder/spi-builder-workspace/.derivedData/Build/Products/Debug-appletvos/SwiftTimecodeAV.swiftmodule/arm64-apple-tvos.abi.json
Copy /Users/admin/builder/spi-builder-workspace/.derivedData/Build/Products/Debug-appletvos/SwiftTimecodeAV.swiftmodule/Project/arm64-apple-tvos.swiftsourceinfo /Users/admin/builder/spi-builder-workspace/.derivedData/Build/Intermediates.noindex/swift-timecode.build/Debug-appletvos/SwiftTimecodeAV-t.build/Objects-normal/arm64/SwiftTimecodeAV.swiftsourceinfo (in target 'SwiftTimecodeAV' from project 'swift-timecode')
    cd /Users/admin/builder/spi-builder-workspace/.dependencies/checkouts/swift-timecode
    builtin-copy -exclude .DS_Store -exclude CVS -exclude .svn -exclude .git -exclude .hg -resolve-src-symlinks -rename /Users/admin/builder/spi-builder-workspace/.derivedData/Build/Intermediates.noindex/swift-timecode.build/Debug-appletvos/SwiftTimecodeAV-t.build/Objects-normal/arm64/SwiftTimecodeAV.swiftsourceinfo /Users/admin/builder/spi-builder-workspace/.derivedData/Build/Products/Debug-appletvos/SwiftTimecodeAV.swiftmodule/Project/arm64-apple-tvos.swiftsourceinfo
SwiftCompile normal arm64 Compiling\ VideoFrameRate\ Conversions.swift /Users/admin/builder/spi-builder-workspace/.dependencies/checkouts/swift-timecode/Sources/SwiftTimecodeAV/VideoFrameRate\ Extensions/VideoFrameRate\ Conversions.swift (in target 'SwiftTimecodeAV' from project 'swift-timecode')
SwiftCompile normal arm64 /Users/admin/builder/spi-builder-workspace/.dependencies/checkouts/swift-timecode/Sources/SwiftTimecodeAV/VideoFrameRate\ Extensions/VideoFrameRate\ Conversions.swift (in target 'SwiftTimecodeAV' from project 'swift-timecode')
    cd /Users/admin/builder/spi-builder-workspace/.swiftpm/xcode
    builtin-SwiftPerFileCompile VideoFrameRate\ Conversions.swift
SwiftDriverJobDiscovery normal arm64 Compiling UnsafeTransfer.swift, AsyncZip2Sequence.swift, AsyncZip3Sequence.swift, ZipStateMachine.swift, ZipStorage.swift (in target 'AsyncAlgorithms' from project 'swift-async-algorithms')
SwiftCompile normal arm64 Compiling\ AVAssetTrack\ Timecode\ Read.swift /Users/admin/builder/spi-builder-workspace/.dependencies/checkouts/swift-timecode/Sources/SwiftTimecodeAV/AVFoundation\ Extensions/AVAssetTrack\ Timecode\ Read.swift (in target 'SwiftTimecodeAV' from project 'swift-timecode')
SwiftCompile normal arm64 /Users/admin/builder/spi-builder-workspace/.dependencies/checkouts/swift-timecode/Sources/SwiftTimecodeAV/AVFoundation\ Extensions/AVAssetTrack\ Timecode\ Read.swift (in target 'SwiftTimecodeAV' from project 'swift-timecode')
    cd /Users/admin/builder/spi-builder-workspace/.swiftpm/xcode
    builtin-SwiftPerFileCompile AVAssetTrack\ Timecode\ Read.swift
SwiftCompile normal arm64 Compiling\ Timecode\ AVAsset.swift /Users/admin/builder/spi-builder-workspace/.dependencies/checkouts/swift-timecode/Sources/SwiftTimecodeAV/Timecode\ Extensions/Source/Timecode\ AVAsset.swift (in target 'SwiftTimecodeAV' from project 'swift-timecode')
SwiftCompile normal arm64 /Users/admin/builder/spi-builder-workspace/.dependencies/checkouts/swift-timecode/Sources/SwiftTimecodeAV/Timecode\ Extensions/Source/Timecode\ AVAsset.swift (in target 'SwiftTimecodeAV' from project 'swift-timecode')
    cd /Users/admin/builder/spi-builder-workspace/.swiftpm/xcode
    builtin-SwiftPerFileCompile Timecode\ AVAsset.swift
SwiftDriverJobDiscovery normal arm64 Compiling TimecodeField ComponentView.swift, RejectedInputFeedbackable.swift, TimecodeField SeparatorView.swift (in target 'SwiftTimecodeUI' from project 'swift-timecode')
SwiftCompile normal arm64 Compiling\ AVAsset\ Frame\ Rate\ Read.swift /Users/admin/builder/spi-builder-workspace/.dependencies/checkouts/swift-timecode/Sources/SwiftTimecodeAV/AVFoundation\ Extensions/AVAsset\ Frame\ Rate\ Read.swift (in target 'SwiftTimecodeAV' from project 'swift-timecode')
SwiftCompile normal arm64 /Users/admin/builder/spi-builder-workspace/.dependencies/checkouts/swift-timecode/Sources/SwiftTimecodeAV/AVFoundation\ Extensions/AVAsset\ Frame\ Rate\ Read.swift (in target 'SwiftTimecodeAV' from project 'swift-timecode')
    cd /Users/admin/builder/spi-builder-workspace/.swiftpm/xcode
    builtin-SwiftPerFileCompile AVAsset\ Frame\ Rate\ Read.swift
SwiftDriverJobDiscovery normal arm64 Compiling AVFoundation Utils.swift (in target 'SwiftTimecodeAV' from project 'swift-timecode')
SwiftDriver\ Compilation SwiftTimecodeUI normal arm64 com.apple.xcode.tools.swift.compiler (in target 'SwiftTimecodeUI' from project 'swift-timecode')
    cd /Users/admin/builder/spi-builder-workspace/.swiftpm/xcode
    builtin-Swift-Compilation -- /Applications/Xcode-27.0.0.app/Contents/Developer/Toolchains/XcodeDefault.xctoolchain/usr/bin/swiftc -parse-as-library -module-name SwiftTimecodeUI -Onone @/Users/admin/builder/spi-builder-workspace/.derivedData/Build/Intermediates.noindex/swift-timecode.build/Debug-appletvos/SwiftTimecodeUI-t.build/Objects-normal/arm64/SwiftTimecodeUI.SwiftFileList -DSWIFT_PACKAGE -DDEBUG -DSWIFT_MODULE_RESOURCE_BUNDLE_UNAVAILABLE -DXcode -plugin-path /Applications/Xcode-27.0.0.app/Contents/Developer/Toolchains/XcodeDefault.xctoolchain/usr/lib/swift/host/plugins/testing -enable-experimental-feature DebugDescriptionMacro -sdk /Applications/Xcode-27.0.0.app/Contents/Developer/Platforms/AppleTVOS.platform/Developer/SDKs/AppleTVOS27.0.sdk -target arm64-apple-tvos15.0 -g -module-cache-path /Users/admin/builder/spi-builder-workspace/.derivedData/ModuleCache.noindex -Xfrontend -serialize-debugging-options -profile-coverage-mapping -profile-generate -enable-testing -suppress-warnings -index-store-path /Users/admin/builder/spi-builder-workspace/.derivedData/Index.noindex/DataStore -Xcc -D_LIBCPP_HARDENING_MODE\=_LIBCPP_HARDENING_MODE_DEBUG -swift-version 5 -I /Users/admin/builder/spi-builder-workspace/.derivedData/Build/Products/Debug-appletvos -Isystem /Applications/Xcode-27.0.0.app/Contents/Developer/Platforms/AppleTVOS.platform/Developer/usr/lib -F /Users/admin/builder/spi-builder-workspace/.derivedData/Build/Products/Debug-appletvos/PackageFrameworks -F /Users/admin/builder/spi-builder-workspace/.derivedData/Build/Products/Debug-appletvos -F /Applications/Xcode-27.0.0.app/Contents/Developer/Platforms/AppleTVOS.platform/Developer/Library/Frameworks -F /Applications/Xcode-27.0.0.app/Contents/Developer/Platforms/AppleTVOS.platform/Developer/SDKs/AppleTVOS27.0.sdk/Developer/Library/Frameworks -emit-localized-strings -emit-localized-strings-path /Users/admin/builder/spi-builder-workspace/.derivedData/Build/Intermediates.noindex/swift-timecode.build/Debug-appletvos/SwiftTimecodeUI-t.build/Objects-normal/arm64 -c -j10 -enable-batch-mode -incremental -Xcc -ivfsstatcache -Xcc /Users/admin/builder/spi-builder-workspace/.derivedData/SDKStatCaches.noindex/appletvos27.0-24J360-e829b21a6f8c9b70876ba0858053c044509235ffd515576fb835ffc8f67461e5.sdkstatcache -output-file-map /Users/admin/builder/spi-builder-workspace/.derivedData/Build/Intermediates.noindex/swift-timecode.build/Debug-appletvos/SwiftTimecodeUI-t.build/Objects-normal/arm64/SwiftTimecodeUI-OutputFileMap.json -save-temps -no-color-diagnostics -explicit-module-build -module-cache-path /Users/admin/builder/spi-builder-workspace/.derivedData/Build/Intermediates.noindex/SwiftExplicitPrecompiledModules -clang-scanner-module-cache-path /Users/admin/builder/spi-builder-workspace/.derivedData/ModuleCache.noindex -sdk-module-cache-path /Users/admin/builder/spi-builder-workspace/.derivedData/SDKExplicitPrecompiledModules -emit-dependencies -emit-module -emit-module-path /Users/admin/builder/spi-builder-workspace/.derivedData/Build/Intermediates.noindex/swift-timecode.build/Debug-appletvos/SwiftTimecodeUI-t.build/Objects-normal/arm64/SwiftTimecodeUI.swiftmodule -serialize-diagnostics -dependency-scan-serialize-diagnostics-path /Users/admin/builder/spi-builder-workspace/.derivedData/Build/Intermediates.noindex/swift-timecode.build/Debug-appletvos/SwiftTimecodeUI-t.build/Objects-normal/arm64/SwiftTimecodeUI-dependency-scan.dia -validate-clang-modules-once -clang-build-session-file /Users/admin/builder/spi-builder-workspace/.derivedData/ModuleCache.noindex/Session.modulevalidation -Xcc -fmodules-prune-interval\=86400 -Xcc -fmodules-prune-after\=345600 -package-name swift_timecode -emit-const-values -const-gather-protocols-list /Users/admin/builder/spi-builder-workspace/.derivedData/Build/Intermediates.noindex/swift-timecode.build/Debug-appletvos/SwiftTimecodeUI-t.build/Objects-normal/arm64/SwiftTimecodeUI_const_extract_protocols.json -Xcc -I/Users/admin/builder/spi-builder-workspace/.derivedData/Build/Products/Debug-appletvos/include -Xcc -I/Users/admin/builder/spi-builder-workspace/.derivedData/Build/Intermediates.noindex/swift-timecode.build/Debug-appletvos/SwiftTimecodeUI-t.build/DerivedSources-normal/arm64 -Xcc -I/Users/admin/builder/spi-builder-workspace/.derivedData/Build/Intermediates.noindex/swift-timecode.build/Debug-appletvos/SwiftTimecodeUI-t.build/DerivedSources/arm64 -Xcc -I/Users/admin/builder/spi-builder-workspace/.derivedData/Build/Intermediates.noindex/swift-timecode.build/Debug-appletvos/SwiftTimecodeUI-t.build/DerivedSources -Xcc -DSWIFT_PACKAGE -Xcc -DDEBUG\=1 -emit-objc-header -emit-objc-header-path /Users/admin/builder/spi-builder-workspace/.derivedData/Build/Intermediates.noindex/swift-timecode.build/Debug-appletvos/SwiftTimecodeUI-t.build/Objects-normal/arm64/SwiftTimecodeUI-Swift.h -working-directory /Users/admin/builder/spi-builder-workspace/.swiftpm/xcode -experimental-emit-module-separately -disable-cmo
SwiftDriverJobDiscovery normal arm64 Compiling AVAsset Timecode Read.swift (in target 'SwiftTimecodeAV' from project 'swift-timecode')
ExtractAppIntentsMetadata (in target 'DequeModule' from project 'swift-collections')
    cd /Users/admin/builder/spi-builder-workspace/.dependencies/checkouts/swift-collections
    /Applications/Xcode-27.0.0.app/Contents/Developer/Toolchains/XcodeDefault.xctoolchain/usr/bin/appintentsmetadataprocessor --toolchain-dir /var/run/com.apple.security.cryptexd/mnt/com.apple.MobileAsset.MetalToolchain-v27.1.266.1.cisd1v/Metal.xctoolchain --module-name DequeModule --sdk-root /Applications/Xcode-27.0.0.app/Contents/Developer/Platforms/AppleTVOS.platform/Developer/SDKs/AppleTVOS27.0.sdk --xcode-version 27A266a --platform-family tvOS --deployment-target 15.0 --bundle-identifier swift-collections.DequeModule --output /Users/admin/builder/spi-builder-workspace/.derivedData/Build/Products/Debug-appletvos/DequeModule.appintents --target-triple arm64-apple-tvos15.0 --binary-file /Users/admin/builder/spi-builder-workspace/.derivedData/Build/Products/Debug-appletvos/DequeModule.o --dependency-file /Users/admin/builder/spi-builder-workspace/.derivedData/Build/Intermediates.noindex/swift-collections.build/Debug-appletvos/DequeModule-t.build/Objects-normal/arm64/DequeModule_dependency_info.dat --stringsdata-file /Users/admin/builder/spi-builder-workspace/.derivedData/Build/Intermediates.noindex/swift-collections.build/Debug-appletvos/DequeModule-t.build/Objects-normal/arm64/ExtractedAppShortcutsMetadata.stringsdata --source-file-list /Users/admin/builder/spi-builder-workspace/.derivedData/Build/Intermediates.noindex/swift-collections.build/Debug-appletvos/DequeModule-t.build/Objects-normal/arm64/DequeModule.SwiftFileList --metadata-file-list /Users/admin/builder/spi-builder-workspace/.derivedData/Build/Intermediates.noindex/swift-collections.build/Debug-appletvos/DequeModule-t.build/DequeModule.DependencyMetadataFileList --static-metadata-file-list /Users/admin/builder/spi-builder-workspace/.derivedData/Build/Intermediates.noindex/swift-collections.build/Debug-appletvos/DequeModule-t.build/DequeModule.DependencyStaticMetadataFileList --swift-const-vals-list /Users/admin/builder/spi-builder-workspace/.derivedData/Build/Intermediates.noindex/swift-collections.build/Debug-appletvos/DequeModule-t.build/Objects-normal/arm64/DequeModule.SwiftConstValuesFileList --force --compile-time-extraction --deployment-aware-processing --no-app-shortcuts-localization
2026-10-05 07:35:06.441 appintentsmetadataprocessor[1583:8667] Starting appintentsmetadataprocessor export
2026-10-05 07:35:06.578 appintentsmetadataprocessor[1583:8667] Extracted no relevant App Intents symbols, skipping writing output
Ld /Users/admin/builder/spi-builder-workspace/.derivedData/Build/Products/Debug-appletvos/SwiftTimecodeUI.o normal (in target 'SwiftTimecodeUI' from project 'swift-timecode')
    cd /Users/admin/builder/spi-builder-workspace/.dependencies/checkouts/swift-timecode
    /Applications/Xcode-27.0.0.app/Contents/Developer/Toolchains/XcodeDefault.xctoolchain/usr/bin/clang -Xlinker -reproducible -target arm64-apple-tvos15.0 -r -isysroot /Applications/Xcode-27.0.0.app/Contents/Developer/Platforms/AppleTVOS.platform/Developer/SDKs/AppleTVOS27.0.sdk -O0 -w -Xlinker -no_warn_duplicate_libraries -F/Users/admin/builder/spi-builder-workspace/.derivedData/Build/Intermediates.noindex/EagerLinkingTBDs/Debug-appletvos -F/Users/admin/builder/spi-builder-workspace/.derivedData/Build/Products/Debug-appletvos/PackageFrameworks -F/Users/admin/builder/spi-builder-workspace/.derivedData/Build/Products/Debug-appletvos -iframework /Applications/Xcode-27.0.0.app/Contents/Developer/Platforms/AppleTVOS.platform/Developer/Library/Frameworks -iframework /Applications/Xcode-27.0.0.app/Contents/Developer/Platforms/AppleTVOS.platform/Developer/SDKs/AppleTVOS27.0.sdk/Developer/Library/Frameworks -filelist /Users/admin/builder/spi-builder-workspace/.derivedData/Build/Intermediates.noindex/swift-timecode.build/Debug-appletvos/SwiftTimecodeUI-t.build/Objects-normal/arm64/SwiftTimecodeUI.LinkFileList -nostdlib -Xlinker -object_path_lto -Xlinker /Users/admin/builder/spi-builder-workspace/.derivedData/Build/Intermediates.noindex/swift-timecode.build/Debug-appletvos/SwiftTimecodeUI-t.build/Objects-normal/arm64/SwiftTimecodeUI_lto.o -Xlinker -no_deduplicate -Xlinker -debug_variant -Xlinker -dependency_info -Xlinker /Users/admin/builder/spi-builder-workspace/.derivedData/Build/Intermediates.noindex/swift-timecode.build/Debug-appletvos/SwiftTimecodeUI-t.build/Objects-normal/arm64/SwiftTimecodeUI_dependency_info.dat -fobjc-link-runtime -L/Applications/Xcode-27.0.0.app/Contents/Developer/Toolchains/XcodeDefault.xctoolchain/usr/lib/swift/appletvos -L/usr/lib/swift -Xlinker -add_ast_path -Xlinker /Users/admin/builder/spi-builder-workspace/.derivedData/Build/Intermediates.noindex/swift-timecode.build/Debug-appletvos/SwiftTimecodeUI-t.build/Objects-normal/arm64/SwiftTimecodeUI.swiftmodule -o /Users/admin/builder/spi-builder-workspace/.derivedData/Build/Products/Debug-appletvos/SwiftTimecodeUI.o
SwiftDriverJobDiscovery normal arm64 Compiling AVAsset Timecode Write.swift (in target 'SwiftTimecodeAV' from project 'swift-timecode')
SwiftDriverJobDiscovery normal arm64 Compiling VideoFrameRate Conversions.swift (in target 'SwiftTimecodeAV' from project 'swift-timecode')
ExtractAppIntentsMetadata (in target 'BitCollections' from project 'swift-collections')
    cd /Users/admin/builder/spi-builder-workspace/.dependencies/checkouts/swift-collections
    /Applications/Xcode-27.0.0.app/Contents/Developer/Toolchains/XcodeDefault.xctoolchain/usr/bin/appintentsmetadataprocessor --toolchain-dir /var/run/com.apple.security.cryptexd/mnt/com.apple.MobileAsset.MetalToolchain-v27.1.266.1.cisd1v/Metal.xctoolchain --module-name BitCollections --sdk-root /Applications/Xcode-27.0.0.app/Contents/Developer/Platforms/AppleTVOS.platform/Developer/SDKs/AppleTVOS27.0.sdk --xcode-version 27A266a --platform-family tvOS --deployment-target 15.0 --bundle-identifier swift-collections.BitCollections --output /Users/admin/builder/spi-builder-workspace/.derivedData/Build/Products/Debug-appletvos/BitCollections.appintents --target-triple arm64-apple-tvos15.0 --binary-file /Users/admin/builder/spi-builder-workspace/.derivedData/Build/Products/Debug-appletvos/BitCollections.o --dependency-file /Users/admin/builder/spi-builder-workspace/.derivedData/Build/Intermediates.noindex/swift-collections.build/Debug-appletvos/BitCollections-t.build/Objects-normal/arm64/BitCollections_dependency_info.dat --stringsdata-file /Users/admin/builder/spi-builder-workspace/.derivedData/Build/Intermediates.noindex/swift-collections.build/Debug-appletvos/BitCollections-t.build/Objects-normal/arm64/ExtractedAppShortcutsMetadata.stringsdata --source-file-list /Users/admin/builder/spi-builder-workspace/.derivedData/Build/Intermediates.noindex/swift-collections.build/Debug-appletvos/BitCollections-t.build/Objects-normal/arm64/BitCollections.SwiftFileList --metadata-file-list /Users/admin/builder/spi-builder-workspace/.derivedData/Build/Intermediates.noindex/swift-collections.build/Debug-appletvos/BitCollections-t.build/BitCollections.DependencyMetadataFileList --static-metadata-file-list /Users/admin/builder/spi-builder-workspace/.derivedData/Build/Intermediates.noindex/swift-collections.build/Debug-appletvos/BitCollections-t.build/BitCollections.DependencyStaticMetadataFileList --swift-const-vals-list /Users/admin/builder/spi-builder-workspace/.derivedData/Build/Intermediates.noindex/swift-collections.build/Debug-appletvos/BitCollections-t.build/Objects-normal/arm64/BitCollections.SwiftConstValuesFileList --force --compile-time-extraction --deployment-aware-processing --no-app-shortcuts-localization
2026-10-05 07:35:06.516 appintentsmetadataprocessor[1586:8672] Starting appintentsmetadataprocessor export
2026-10-05 07:35:06.610 appintentsmetadataprocessor[1586:8672] Extracted no relevant App Intents symbols, skipping writing output
SwiftDriverJobDiscovery normal arm64 Compiling AsyncJoinedSequence.swift, AsyncMapErrorSequence.swift, AsyncRemoveDuplicatesSequence.swift, AsyncShareSequence.swift, AsyncSyncSequence.swift, AsyncThrottleSequence.swift (in target 'AsyncAlgorithms' from project 'swift-async-algorithms')
SwiftDriver SwiftTimecode normal arm64 com.apple.xcode.tools.swift.compiler (in target 'SwiftTimecode' from project 'swift-timecode')
    cd /Users/admin/builder/spi-builder-workspace/.swiftpm/xcode
    builtin-SwiftDriver -- /Applications/Xcode-27.0.0.app/Contents/Developer/Toolchains/XcodeDefault.xctoolchain/usr/bin/swiftc -parse-as-library -module-name SwiftTimecode -Onone @/Users/admin/builder/spi-builder-workspace/.derivedData/Build/Intermediates.noindex/swift-timecode.build/Debug-appletvos/SwiftTimecode-t.build/Objects-normal/arm64/SwiftTimecode.SwiftFileList -DSWIFT_PACKAGE -DDEBUG -DSWIFT_MODULE_RESOURCE_BUNDLE_UNAVAILABLE -DXcode -plugin-path /Applications/Xcode-27.0.0.app/Contents/Developer/Toolchains/XcodeDefault.xctoolchain/usr/lib/swift/host/plugins/testing -enable-experimental-feature DebugDescriptionMacro -sdk /Applications/Xcode-27.0.0.app/Contents/Developer/Platforms/AppleTVOS.platform/Developer/SDKs/AppleTVOS27.0.sdk -target arm64-apple-tvos15.0 -g -module-cache-path /Users/admin/builder/spi-builder-workspace/.derivedData/ModuleCache.noindex -Xfrontend -serialize-debugging-options -profile-coverage-mapping -profile-generate -enable-testing -suppress-warnings -index-store-path /Users/admin/builder/spi-builder-workspace/.derivedData/Index.noindex/DataStore -Xcc -D_LIBCPP_HARDENING_MODE\=_LIBCPP_HARDENING_MODE_DEBUG -swift-version 5 -I /Users/admin/builder/spi-builder-workspace/.derivedData/Build/Products/Debug-appletvos -Isystem /Applications/Xcode-27.0.0.app/Contents/Developer/Platforms/AppleTVOS.platform/Developer/usr/lib -F /Users/admin/builder/spi-builder-workspace/.derivedData/Build/Products/Debug-appletvos/PackageFrameworks -F /Users/admin/builder/spi-builder-workspace/.derivedData/Build/Products/Debug-appletvos -F /Applications/Xcode-27.0.0.app/Contents/Developer/Platforms/AppleTVOS.platform/Developer/Library/Frameworks -F /Applications/Xcode-27.0.0.app/Contents/Developer/Platforms/AppleTVOS.platform/Developer/SDKs/AppleTVOS27.0.sdk/Developer/Library/Frameworks -emit-localized-strings -emit-localized-strings-path /Users/admin/builder/spi-builder-workspace/.derivedData/Build/Intermediates.noindex/swift-timecode.build/Debug-appletvos/SwiftTimecode-t.build/Objects-normal/arm64 -c -j10 -enable-batch-mode -incremental -Xcc -ivfsstatcache -Xcc /Users/admin/builder/spi-builder-workspace/.derivedData/SDKStatCaches.noindex/appletvos27.0-24J360-e829b21a6f8c9b70876ba0858053c044509235ffd515576fb835ffc8f67461e5.sdkstatcache -output-file-map /Users/admin/builder/spi-builder-workspace/.derivedData/Build/Intermediates.noindex/swift-timecode.build/Debug-appletvos/SwiftTimecode-t.build/Objects-normal/arm64/SwiftTimecode-OutputFileMap.json -save-temps -no-color-diagnostics -explicit-module-build -module-cache-path /Users/admin/builder/spi-builder-workspace/.derivedData/Build/Intermediates.noindex/SwiftExplicitPrecompiledModules -clang-scanner-module-cache-path /Users/admin/builder/spi-builder-workspace/.derivedData/ModuleCache.noindex -sdk-module-cache-path /Users/admin/builder/spi-builder-workspace/.derivedData/SDKExplicitPrecompiledModules -emit-dependencies -emit-module -emit-module-path /Users/admin/builder/spi-builder-workspace/.derivedData/Build/Intermediates.noindex/swift-timecode.build/Debug-appletvos/SwiftTimecode-t.build/Objects-normal/arm64/SwiftTimecode.swiftmodule -serialize-diagnostics -dependency-scan-serialize-diagnostics-path /Users/admin/builder/spi-builder-workspace/.derivedData/Build/Intermediates.noindex/swift-timecode.build/Debug-appletvos/SwiftTimecode-t.build/Objects-normal/arm64/SwiftTimecode-dependency-scan.dia -validate-clang-modules-once -clang-build-session-file /Users/admin/builder/spi-builder-workspace/.derivedData/ModuleCache.noindex/Session.modulevalidation -Xcc -fmodules-prune-interval\=86400 -Xcc -fmodules-prune-after\=345600 -package-name swift_timecode -emit-const-values -const-gather-protocols-list /Users/admin/builder/spi-builder-workspace/.derivedData/Build/Intermediates.noindex/swift-timecode.build/Debug-appletvos/SwiftTimecode-t.build/Objects-normal/arm64/SwiftTimecode_const_extract_protocols.json -Xcc -I/Users/admin/builder/spi-builder-workspace/.derivedData/Build/Products/Debug-appletvos/include -Xcc -I/Users/admin/builder/spi-builder-workspace/.derivedData/Build/Intermediates.noindex/swift-timecode.build/Debug-appletvos/SwiftTimecode-t.build/DerivedSources-normal/arm64 -Xcc -I/Users/admin/builder/spi-builder-workspace/.derivedData/Build/Intermediates.noindex/swift-timecode.build/Debug-appletvos/SwiftTimecode-t.build/DerivedSources/arm64 -Xcc -I/Users/admin/builder/spi-builder-workspace/.derivedData/Build/Intermediates.noindex/swift-timecode.build/Debug-appletvos/SwiftTimecode-t.build/DerivedSources -Xcc -DSWIFT_PACKAGE -Xcc -DDEBUG\=1 -emit-objc-header -emit-objc-header-path /Users/admin/builder/spi-builder-workspace/.derivedData/Build/Intermediates.noindex/swift-timecode.build/Debug-appletvos/SwiftTimecode-t.build/Objects-normal/arm64/SwiftTimecode-Swift.h -working-directory /Users/admin/builder/spi-builder-workspace/.swiftpm/xcode -experimental-emit-module-separately -disable-cmo
SwiftDriverJobDiscovery normal arm64 Compiling CMTimeCode.swift (in target 'SwiftTimecodeAV' from project 'swift-timecode')
SwiftDriver SPFKBase normal arm64 com.apple.xcode.tools.swift.compiler (in target 'SPFKBase' from project 'spfk-base')
    cd /Users/admin/builder/spi-builder-workspace/.swiftpm/xcode
    builtin-SwiftDriver -- /Applications/Xcode-27.0.0.app/Contents/Developer/Toolchains/XcodeDefault.xctoolchain/usr/bin/swiftc -parse-as-library -module-name SPFKBase -Onone @/Users/admin/builder/spi-builder-workspace/.derivedData/Build/Intermediates.noindex/spfk-base.build/Debug-appletvos/SPFKBase-t.build/Objects-normal/arm64/SPFKBase.SwiftFileList -DSWIFT_PACKAGE -DDEBUG -DSWIFT_MODULE_RESOURCE_BUNDLE_UNAVAILABLE -Xcc -fmodule-map-file\=/Users/admin/builder/spi-builder-workspace/.dependencies/checkouts/swift-numerics/Sources/_NumericsShims/include/module.modulemap -Xcc -fmodule-map-file\=/Users/admin/builder/spi-builder-workspace/.derivedData/Build/Intermediates.noindex/GeneratedModuleMaps-appletvos/SPFKBaseC.modulemap -DXcode -plugin-path /Applications/Xcode-27.0.0.app/Contents/Developer/Toolchains/XcodeDefault.xctoolchain/usr/lib/swift/host/plugins/testing -enable-experimental-feature DebugDescriptionMacro -sdk /Applications/Xcode-27.0.0.app/Contents/Developer/Platforms/AppleTVOS.platform/Developer/SDKs/AppleTVOS27.0.sdk -target arm64-apple-tvos16.0 -g -module-cache-path /Users/admin/builder/spi-builder-workspace/.derivedData/ModuleCache.noindex -Xfrontend -serialize-debugging-options -profile-coverage-mapping -profile-generate -enable-testing -suppress-warnings -index-store-path /Users/admin/builder/spi-builder-workspace/.derivedData/Index.noindex/DataStore -Xcc -D_LIBCPP_HARDENING_MODE\=_LIBCPP_HARDENING_MODE_DEBUG -swift-version 6 -I /Users/admin/builder/spi-builder-workspace/.derivedData/Build/Products/Debug-appletvos -Isystem /Applications/Xcode-27.0.0.app/Contents/Developer/Platforms/AppleTVOS.platform/Developer/usr/lib -F /Users/admin/builder/spi-builder-workspace/.derivedData/Build/Products/Debug-appletvos/PackageFrameworks -F /Users/admin/builder/spi-builder-workspace/.derivedData/Build/Products/Debug-appletvos -F /Applications/Xcode-27.0.0.app/Contents/Developer/Platforms/AppleTVOS.platform/Developer/Library/Frameworks -F /Applications/Xcode-27.0.0.app/Contents/Developer/Platforms/AppleTVOS.platform/Developer/SDKs/AppleTVOS27.0.sdk/Developer/Library/Frameworks -emit-localized-strings -emit-localized-strings-path /Users/admin/builder/spi-builder-workspace/.derivedData/Build/Intermediates.noindex/spfk-base.build/Debug-appletvos/SPFKBase-t.build/Objects-normal/arm64 -c -j10 -enable-batch-mode -incremental -Xcc -ivfsstatcache -Xcc /Users/admin/builder/spi-builder-workspace/.derivedData/SDKStatCaches.noindex/appletvos27.0-24J360-e829b21a6f8c9b70876ba0858053c044509235ffd515576fb835ffc8f67461e5.sdkstatcache -output-file-map /Users/admin/builder/spi-builder-workspace/.derivedData/Build/Intermediates.noindex/spfk-base.build/Debug-appletvos/SPFKBase-t.build/Objects-normal/arm64/SPFKBase-OutputFileMap.json -save-temps -no-color-diagnostics -explicit-module-build -module-cache-path /Users/admin/builder/spi-builder-workspace/.derivedData/Build/Intermediates.noindex/SwiftExplicitPrecompiledModules -clang-scanner-module-cache-path /Users/admin/builder/spi-builder-workspace/.derivedData/ModuleCache.noindex -sdk-module-cache-path /Users/admin/builder/spi-builder-workspace/.derivedData/SDKExplicitPrecompiledModules -emit-dependencies -emit-module -emit-module-path /Users/admin/builder/spi-builder-workspace/.derivedData/Build/Intermediates.noindex/spfk-base.build/Debug-appletvos/SPFKBase-t.build/Objects-normal/arm64/SPFKBase.swiftmodule -serialize-diagnostics -dependency-scan-serialize-diagnostics-path /Users/admin/builder/spi-builder-workspace/.derivedData/Build/Intermediates.noindex/spfk-base.build/Debug-appletvos/SPFKBase-t.build/Objects-normal/arm64/SPFKBase-dependency-scan.dia -user-module-version 1.11.1 -validate-clang-modules-once -clang-build-session-file /Users/admin/builder/spi-builder-workspace/.derivedData/ModuleCache.noindex/Session.modulevalidation -Xcc -fmodules-prune-interval\=86400 -Xcc -fmodules-prune-after\=345600 -package-name spfk_base -emit-const-values -const-gather-protocols-list /Users/admin/builder/spi-builder-workspace/.derivedData/Build/Intermediates.noindex/spfk-base.build/Debug-appletvos/SPFKBase-t.build/Objects-normal/arm64/SPFKBase_const_extract_protocols.json -Xcc -I/Users/admin/builder/spi-builder-workspace/.dependencies/checkouts/swift-numerics/Sources/_NumericsShims/include -Xcc -I/Users/admin/builder/spi-builder-workspace/.dependencies/checkouts/spfk-base/Sources/SPFKBaseC/include -Xcc -I/Users/admin/builder/spi-builder-workspace/.derivedData/Build/Products/Debug-appletvos/include -Xcc -I/Users/admin/builder/spi-builder-workspace/.derivedData/Build/Intermediates.noindex/spfk-base.build/Debug-appletvos/SPFKBase-t.build/DerivedSources-normal/arm64 -Xcc -I/Users/admin/builder/spi-builder-workspace/.derivedData/Build/Intermediates.noindex/spfk-base.build/Debug-appletvos/SPFKBase-t.build/DerivedSources/arm64 -Xcc -I/Users/admin/builder/spi-builder-workspace/.derivedData/Build/Intermediates.noindex/spfk-base.build/Debug-appletvos/SPFKBase-t.build/DerivedSources -Xcc -DSWIFT_PACKAGE -Xcc -DDEBUG\=1 -emit-objc-header -emit-objc-header-path /Users/admin/builder/spi-builder-workspace/.derivedData/Build/Intermediates.noindex/spfk-base.build/Debug-appletvos/SPFKBase-t.build/Objects-normal/arm64/SPFKBase-Swift.h -working-directory /Users/admin/builder/spi-builder-workspace/.swiftpm/xcode -experimental-emit-module-separately -disable-cmo
ExtractAppIntentsMetadata (in target 'SwiftTimecodeUI' from project 'swift-timecode')
    cd /Users/admin/builder/spi-builder-workspace/.dependencies/checkouts/swift-timecode
    /Applications/Xcode-27.0.0.app/Contents/Developer/Toolchains/XcodeDefault.xctoolchain/usr/bin/appintentsmetadataprocessor --toolchain-dir /var/run/com.apple.security.cryptexd/mnt/com.apple.MobileAsset.MetalToolchain-v27.1.266.1.cisd1v/Metal.xctoolchain --module-name SwiftTimecodeUI --sdk-root /Applications/Xcode-27.0.0.app/Contents/Developer/Platforms/AppleTVOS.platform/Developer/SDKs/AppleTVOS27.0.sdk --xcode-version 27A266a --platform-family tvOS --deployment-target 15.0 --bundle-identifier swift-timecode.SwiftTimecodeUI --output /Users/admin/builder/spi-builder-workspace/.derivedData/Build/Products/Debug-appletvos/SwiftTimecodeUI.appintents --target-triple arm64-apple-tvos15.0 --binary-file /Users/admin/builder/spi-builder-workspace/.derivedData/Build/Products/Debug-appletvos/SwiftTimecodeUI.o --dependency-file /Users/admin/builder/spi-builder-workspace/.derivedData/Build/Intermediates.noindex/swift-timecode.build/Debug-appletvos/SwiftTimecodeUI-t.build/Objects-normal/arm64/SwiftTimecodeUI_dependency_info.dat --stringsdata-file /Users/admin/builder/spi-builder-workspace/.derivedData/Build/Intermediates.noindex/swift-timecode.build/Debug-appletvos/SwiftTimecodeUI-t.build/Objects-normal/arm64/ExtractedAppShortcutsMetadata.stringsdata --source-file-list /Users/admin/builder/spi-builder-workspace/.derivedData/Build/Intermediates.noindex/swift-timecode.build/Debug-appletvos/SwiftTimecodeUI-t.build/Objects-normal/arm64/SwiftTimecodeUI.SwiftFileList --metadata-file-list /Users/admin/builder/spi-builder-workspace/.derivedData/Build/Intermediates.noindex/swift-timecode.build/Debug-appletvos/SwiftTimecodeUI-t.build/SwiftTimecodeUI.DependencyMetadataFileList --static-metadata-file-list /Users/admin/builder/spi-builder-workspace/.derivedData/Build/Intermediates.noindex/swift-timecode.build/Debug-appletvos/SwiftTimecodeUI-t.build/SwiftTimecodeUI.DependencyStaticMetadataFileList --swift-const-vals-list /Users/admin/builder/spi-builder-workspace/.derivedData/Build/Intermediates.noindex/swift-timecode.build/Debug-appletvos/SwiftTimecodeUI-t.build/Objects-normal/arm64/SwiftTimecodeUI.SwiftConstValuesFileList --force --compile-time-extraction --deployment-aware-processing --no-app-shortcuts-localization
2026-10-05 07:35:06.540 appintentsmetadataprocessor[1587:8682] Starting appintentsmetadataprocessor export
2026-10-05 07:35:06.644 appintentsmetadataprocessor[1587:8682] Extracted no relevant App Intents symbols, skipping writing output
Ld /Users/admin/builder/spi-builder-workspace/.derivedData/Build/Products/Debug-appletvos/Collections.o normal (in target 'Collections' from project 'swift-collections')
    cd /Users/admin/builder/spi-builder-workspace/.dependencies/checkouts/swift-collections
    /Applications/Xcode-27.0.0.app/Contents/Developer/Toolchains/XcodeDefault.xctoolchain/usr/bin/clang -Xlinker -reproducible -target arm64-apple-tvos15.0 -r -isysroot /Applications/Xcode-27.0.0.app/Contents/Developer/Platforms/AppleTVOS.platform/Developer/SDKs/AppleTVOS27.0.sdk -O0 -w -Xlinker -no_warn_duplicate_libraries -F/Users/admin/builder/spi-builder-workspace/.derivedData/Build/Intermediates.noindex/EagerLinkingTBDs/Debug-appletvos -F/Users/admin/builder/spi-builder-workspace/.derivedData/Build/Products/Debug-appletvos/PackageFrameworks -F/Users/admin/builder/spi-builder-workspace/.derivedData/Build/Products/Debug-appletvos -iframework /Applications/Xcode-27.0.0.app/Contents/Developer/Platforms/AppleTVOS.platform/Developer/Library/Frameworks -iframework /Applications/Xcode-27.0.0.app/Contents/Developer/Platforms/AppleTVOS.platform/Developer/SDKs/AppleTVOS27.0.sdk/Developer/Library/Frameworks -filelist /Users/admin/builder/spi-builder-workspace/.derivedData/Build/Intermediates.noindex/swift-collections.build/Debug-appletvos/Collections-t.build/Objects-normal/arm64/Collections.LinkFileList -nostdlib -Xlinker -object_path_lto -Xlinker /Users/admin/builder/spi-builder-workspace/.derivedData/Build/Intermediates.noindex/swift-collections.build/Debug-appletvos/Collections-t.build/Objects-normal/arm64/Collections_lto.o -Xlinker -no_deduplicate -Xlinker -debug_variant -Xlinker -dependency_info -Xlinker /Users/admin/builder/spi-builder-workspace/.derivedData/Build/Intermediates.noindex/swift-collections.build/Debug-appletvos/Collections-t.build/Objects-normal/arm64/Collections_dependency_info.dat -fobjc-link-runtime -L/Applications/Xcode-27.0.0.app/Contents/Developer/Toolchains/XcodeDefault.xctoolchain/usr/lib/swift/appletvos -L/usr/lib/swift -Xlinker -add_ast_path -Xlinker /Users/admin/builder/spi-builder-workspace/.derivedData/Build/Intermediates.noindex/swift-collections.build/Debug-appletvos/Collections-t.build/Objects-normal/arm64/Collections.swiftmodule -o /Users/admin/builder/spi-builder-workspace/.derivedData/Build/Products/Debug-appletvos/Collections.o
ExtractAppIntentsMetadata (in target 'Collections' from project 'swift-collections')
    cd /Users/admin/builder/spi-builder-workspace/.dependencies/checkouts/swift-collections
    /Applications/Xcode-27.0.0.app/Contents/Developer/Toolchains/XcodeDefault.xctoolchain/usr/bin/appintentsmetadataprocessor --toolchain-dir /var/run/com.apple.security.cryptexd/mnt/com.apple.MobileAsset.MetalToolchain-v27.1.266.1.cisd1v/Metal.xctoolchain --module-name Collections --sdk-root /Applications/Xcode-27.0.0.app/Contents/Developer/Platforms/AppleTVOS.platform/Developer/SDKs/AppleTVOS27.0.sdk --xcode-version 27A266a --platform-family tvOS --deployment-target 15.0 --bundle-identifier swift-collections.Collections --output /Users/admin/builder/spi-builder-workspace/.derivedData/Build/Products/Debug-appletvos/Collections.appintents --target-triple arm64-apple-tvos15.0 --binary-file /Users/admin/builder/spi-builder-workspace/.derivedData/Build/Products/Debug-appletvos/Collections.o --dependency-file /Users/admin/builder/spi-builder-workspace/.derivedData/Build/Intermediates.noindex/swift-collections.build/Debug-appletvos/Collections-t.build/Objects-normal/arm64/Collections_dependency_info.dat --stringsdata-file /Users/admin/builder/spi-builder-workspace/.derivedData/Build/Intermediates.noindex/swift-collections.build/Debug-appletvos/Collections-t.build/Objects-normal/arm64/ExtractedAppShortcutsMetadata.stringsdata --source-file-list /Users/admin/builder/spi-builder-workspace/.derivedData/Build/Intermediates.noindex/swift-collections.build/Debug-appletvos/Collections-t.build/Objects-normal/arm64/Collections.SwiftFileList --metadata-file-list /Users/admin/builder/spi-builder-workspace/.derivedData/Build/Intermediates.noindex/swift-collections.build/Debug-appletvos/Collections-t.build/Collections.DependencyMetadataFileList --static-metadata-file-list /Users/admin/builder/spi-builder-workspace/.derivedData/Build/Intermediates.noindex/swift-collections.build/Debug-appletvos/Collections-t.build/Collections.DependencyStaticMetadataFileList --swift-const-vals-list /Users/admin/builder/spi-builder-workspace/.derivedData/Build/Intermediates.noindex/swift-collections.build/Debug-appletvos/Collections-t.build/Objects-normal/arm64/Collections.SwiftConstValuesFileList --force --compile-time-extraction --deployment-aware-processing --no-app-shortcuts-localization
2026-10-05 07:35:06.721 appintentsmetadataprocessor[1590:8766] Starting appintentsmetadataprocessor export
2026-10-05 07:35:06.794 appintentsmetadataprocessor[1590:8766] Extracted no relevant App Intents symbols, skipping writing output
SwiftDriverJobDiscovery normal arm64 Compiling Timecode AVAsset.swift (in target 'SwiftTimecodeAV' from project 'swift-timecode')
SwiftDriverJobDiscovery normal arm64 Compiling AVAssetTrack Timecode Read.swift (in target 'SwiftTimecodeAV' from project 'swift-timecode')
SwiftDriverJobDiscovery normal arm64 Compiling AsyncCombineLatest2Sequence.swift, AsyncCombineLatest3Sequence.swift, CombineLatestStateMachine.swift, CombineLatestStorage.swift, AsyncDebounceSequence.swift, DebounceStateMachine.swift (in target 'AsyncAlgorithms' from project 'swift-async-algorithms')
SwiftDriverJobDiscovery normal arm64 Compiling AVAsset Frame Rate Read.swift (in target 'SwiftTimecodeAV' from project 'swift-timecode')
SwiftDriver\ Compilation SwiftTimecodeAV normal arm64 com.apple.xcode.tools.swift.compiler (in target 'SwiftTimecodeAV' from project 'swift-timecode')
    cd /Users/admin/builder/spi-builder-workspace/.swiftpm/xcode
    builtin-Swift-Compilation -- /Applications/Xcode-27.0.0.app/Contents/Developer/Toolchains/XcodeDefault.xctoolchain/usr/bin/swiftc -parse-as-library -module-name SwiftTimecodeAV -Onone @/Users/admin/builder/spi-builder-workspace/.derivedData/Build/Intermediates.noindex/swift-timecode.build/Debug-appletvos/SwiftTimecodeAV-t.build/Objects-normal/arm64/SwiftTimecodeAV.SwiftFileList -DSWIFT_PACKAGE -DDEBUG -DSWIFT_MODULE_RESOURCE_BUNDLE_UNAVAILABLE -DXcode -plugin-path /Applications/Xcode-27.0.0.app/Contents/Developer/Toolchains/XcodeDefault.xctoolchain/usr/lib/swift/host/plugins/testing -enable-experimental-feature DebugDescriptionMacro -sdk /Applications/Xcode-27.0.0.app/Contents/Developer/Platforms/AppleTVOS.platform/Developer/SDKs/AppleTVOS27.0.sdk -target arm64-apple-tvos15.0 -g -module-cache-path /Users/admin/builder/spi-builder-workspace/.derivedData/ModuleCache.noindex -Xfrontend -serialize-debugging-options -profile-coverage-mapping -profile-generate -enable-testing -suppress-warnings -index-store-path /Users/admin/builder/spi-builder-workspace/.derivedData/Index.noindex/DataStore -Xcc -D_LIBCPP_HARDENING_MODE\=_LIBCPP_HARDENING_MODE_DEBUG -swift-version 5 -I /Users/admin/builder/spi-builder-workspace/.derivedData/Build/Products/Debug-appletvos -Isystem /Applications/Xcode-27.0.0.app/Contents/Developer/Platforms/AppleTVOS.platform/Developer/usr/lib -F /Users/admin/builder/spi-builder-workspace/.derivedData/Build/Products/Debug-appletvos/PackageFrameworks -F /Users/admin/builder/spi-builder-workspace/.derivedData/Build/Products/Debug-appletvos -F /Applications/Xcode-27.0.0.app/Contents/Developer/Platforms/AppleTVOS.platform/Developer/Library/Frameworks -F /Applications/Xcode-27.0.0.app/Contents/Developer/Platforms/AppleTVOS.platform/Developer/SDKs/AppleTVOS27.0.sdk/Developer/Library/Frameworks -emit-localized-strings -emit-localized-strings-path /Users/admin/builder/spi-builder-workspace/.derivedData/Build/Intermediates.noindex/swift-timecode.build/Debug-appletvos/SwiftTimecodeAV-t.build/Objects-normal/arm64 -c -j10 -enable-batch-mode -incremental -Xcc -ivfsstatcache -Xcc /Users/admin/builder/spi-builder-workspace/.derivedData/SDKStatCaches.noindex/appletvos27.0-24J360-e829b21a6f8c9b70876ba0858053c044509235ffd515576fb835ffc8f67461e5.sdkstatcache -output-file-map /Users/admin/builder/spi-builder-workspace/.derivedData/Build/Intermediates.noindex/swift-timecode.build/Debug-appletvos/SwiftTimecodeAV-t.build/Objects-normal/arm64/SwiftTimecodeAV-OutputFileMap.json -save-temps -no-color-diagnostics -explicit-module-build -module-cache-path /Users/admin/builder/spi-builder-workspace/.derivedData/Build/Intermediates.noindex/SwiftExplicitPrecompiledModules -clang-scanner-module-cache-path /Users/admin/builder/spi-builder-workspace/.derivedData/ModuleCache.noindex -sdk-module-cache-path /Users/admin/builder/spi-builder-workspace/.derivedData/SDKExplicitPrecompiledModules -emit-dependencies -emit-module -emit-module-path /Users/admin/builder/spi-builder-workspace/.derivedData/Build/Intermediates.noindex/swift-timecode.build/Debug-appletvos/SwiftTimecodeAV-t.build/Objects-normal/arm64/SwiftTimecodeAV.swiftmodule -serialize-diagnostics -dependency-scan-serialize-diagnostics-path /Users/admin/builder/spi-builder-workspace/.derivedData/Build/Intermediates.noindex/swift-timecode.build/Debug-appletvos/SwiftTimecodeAV-t.build/Objects-normal/arm64/SwiftTimecodeAV-dependency-scan.dia -validate-clang-modules-once -clang-build-session-file /Users/admin/builder/spi-builder-workspace/.derivedData/ModuleCache.noindex/Session.modulevalidation -Xcc -fmodules-prune-interval\=86400 -Xcc -fmodules-prune-after\=345600 -package-name swift_timecode -emit-const-values -const-gather-protocols-list /Users/admin/builder/spi-builder-workspace/.derivedData/Build/Intermediates.noindex/swift-timecode.build/Debug-appletvos/SwiftTimecodeAV-t.build/Objects-normal/arm64/SwiftTimecodeAV_const_extract_protocols.json -Xcc -I/Users/admin/builder/spi-builder-workspace/.derivedData/Build/Products/Debug-appletvos/include -Xcc -I/Users/admin/builder/spi-builder-workspace/.derivedData/Build/Intermediates.noindex/swift-timecode.build/Debug-appletvos/SwiftTimecodeAV-t.build/DerivedSources-normal/arm64 -Xcc -I/Users/admin/builder/spi-builder-workspace/.derivedData/Build/Intermediates.noindex/swift-timecode.build/Debug-appletvos/SwiftTimecodeAV-t.build/DerivedSources/arm64 -Xcc -I/Users/admin/builder/spi-builder-workspace/.derivedData/Build/Intermediates.noindex/swift-timecode.build/Debug-appletvos/SwiftTimecodeAV-t.build/DerivedSources -Xcc -DSWIFT_PACKAGE -Xcc -DDEBUG\=1 -emit-objc-header -emit-objc-header-path /Users/admin/builder/spi-builder-workspace/.derivedData/Build/Intermediates.noindex/swift-timecode.build/Debug-appletvos/SwiftTimecodeAV-t.build/Objects-normal/arm64/SwiftTimecodeAV-Swift.h -working-directory /Users/admin/builder/spi-builder-workspace/.swiftpm/xcode -experimental-emit-module-separately -disable-cmo
Ld /Users/admin/builder/spi-builder-workspace/.derivedData/Build/Products/Debug-appletvos/SwiftTimecodeAV.o normal (in target 'SwiftTimecodeAV' from project 'swift-timecode')
    cd /Users/admin/builder/spi-builder-workspace/.dependencies/checkouts/swift-timecode
    /Applications/Xcode-27.0.0.app/Contents/Developer/Toolchains/XcodeDefault.xctoolchain/usr/bin/clang -Xlinker -reproducible -target arm64-apple-tvos15.0 -r -isysroot /Applications/Xcode-27.0.0.app/Contents/Developer/Platforms/AppleTVOS.platform/Developer/SDKs/AppleTVOS27.0.sdk -O0 -w -Xlinker -no_warn_duplicate_libraries -F/Users/admin/builder/spi-builder-workspace/.derivedData/Build/Intermediates.noindex/EagerLinkingTBDs/Debug-appletvos -F/Users/admin/builder/spi-builder-workspace/.derivedData/Build/Products/Debug-appletvos/PackageFrameworks -F/Users/admin/builder/spi-builder-workspace/.derivedData/Build/Products/Debug-appletvos -iframework /Applications/Xcode-27.0.0.app/Contents/Developer/Platforms/AppleTVOS.platform/Developer/Library/Frameworks -iframework /Applications/Xcode-27.0.0.app/Contents/Developer/Platforms/AppleTVOS.platform/Developer/SDKs/AppleTVOS27.0.sdk/Developer/Library/Frameworks -filelist /Users/admin/builder/spi-builder-workspace/.derivedData/Build/Intermediates.noindex/swift-timecode.build/Debug-appletvos/SwiftTimecodeAV-t.build/Objects-normal/arm64/SwiftTimecodeAV.LinkFileList -nostdlib -Xlinker -object_path_lto -Xlinker /Users/admin/builder/spi-builder-workspace/.derivedData/Build/Intermediates.noindex/swift-timecode.build/Debug-appletvos/SwiftTimecodeAV-t.build/Objects-normal/arm64/SwiftTimecodeAV_lto.o -Xlinker -no_deduplicate -Xlinker -debug_variant -Xlinker -dependency_info -Xlinker /Users/admin/builder/spi-builder-workspace/.derivedData/Build/Intermediates.noindex/swift-timecode.build/Debug-appletvos/SwiftTimecodeAV-t.build/Objects-normal/arm64/SwiftTimecodeAV_dependency_info.dat -fobjc-link-runtime -L/Applications/Xcode-27.0.0.app/Contents/Developer/Toolchains/XcodeDefault.xctoolchain/usr/lib/swift/appletvos -L/usr/lib/swift -Xlinker -add_ast_path -Xlinker /Users/admin/builder/spi-builder-workspace/.derivedData/Build/Intermediates.noindex/swift-timecode.build/Debug-appletvos/SwiftTimecodeAV-t.build/Objects-normal/arm64/SwiftTimecodeAV.swiftmodule -o /Users/admin/builder/spi-builder-workspace/.derivedData/Build/Products/Debug-appletvos/SwiftTimecodeAV.o
ExtractAppIntentsMetadata (in target 'SwiftTimecodeAV' from project 'swift-timecode')
    cd /Users/admin/builder/spi-builder-workspace/.dependencies/checkouts/swift-timecode
    /Applications/Xcode-27.0.0.app/Contents/Developer/Toolchains/XcodeDefault.xctoolchain/usr/bin/appintentsmetadataprocessor --toolchain-dir /var/run/com.apple.security.cryptexd/mnt/com.apple.MobileAsset.MetalToolchain-v27.1.266.1.cisd1v/Metal.xctoolchain --module-name SwiftTimecodeAV --sdk-root /Applications/Xcode-27.0.0.app/Contents/Developer/Platforms/AppleTVOS.platform/Developer/SDKs/AppleTVOS27.0.sdk --xcode-version 27A266a --platform-family tvOS --deployment-target 15.0 --bundle-identifier swift-timecode.SwiftTimecodeAV --output /Users/admin/builder/spi-builder-workspace/.derivedData/Build/Products/Debug-appletvos/SwiftTimecodeAV.appintents --target-triple arm64-apple-tvos15.0 --binary-file /Users/admin/builder/spi-builder-workspace/.derivedData/Build/Products/Debug-appletvos/SwiftTimecodeAV.o --dependency-file /Users/admin/builder/spi-builder-workspace/.derivedData/Build/Intermediates.noindex/swift-timecode.build/Debug-appletvos/SwiftTimecodeAV-t.build/Objects-normal/arm64/SwiftTimecodeAV_dependency_info.dat --stringsdata-file /Users/admin/builder/spi-builder-workspace/.derivedData/Build/Intermediates.noindex/swift-timecode.build/Debug-appletvos/SwiftTimecodeAV-t.build/Objects-normal/arm64/ExtractedAppShortcutsMetadata.stringsdata --source-file-list /Users/admin/builder/spi-builder-workspace/.derivedData/Build/Intermediates.noindex/swift-timecode.build/Debug-appletvos/SwiftTimecodeAV-t.build/Objects-normal/arm64/SwiftTimecodeAV.SwiftFileList --metadata-file-list /Users/admin/builder/spi-builder-workspace/.derivedData/Build/Intermediates.noindex/swift-timecode.build/Debug-appletvos/SwiftTimecodeAV-t.build/SwiftTimecodeAV.DependencyMetadataFileList --static-metadata-file-list /Users/admin/builder/spi-builder-workspace/.derivedData/Build/Intermediates.noindex/swift-timecode.build/Debug-appletvos/SwiftTimecodeAV-t.build/SwiftTimecodeAV.DependencyStaticMetadataFileList --swift-const-vals-list /Users/admin/builder/spi-builder-workspace/.derivedData/Build/Intermediates.noindex/swift-timecode.build/Debug-appletvos/SwiftTimecodeAV-t.build/Objects-normal/arm64/SwiftTimecodeAV.SwiftConstValuesFileList --force --compile-time-extraction --deployment-aware-processing --no-app-shortcuts-localization
2026-10-05 07:35:06.955 appintentsmetadataprocessor[1593:8867] Starting appintentsmetadataprocessor export
2026-10-05 07:35:07.021 appintentsmetadataprocessor[1593:8867] Extracted no relevant App Intents symbols, skipping writing output
SwiftDriverJobDiscovery normal arm64 Compiling MergeStorage.swift, MultiProducerSingleConsumerAsyncChannel+Internal.swift, MultiProducerSingleConsumerAsyncChannel.swift, RangeReplaceableCollection.swift, Rethrow.swift, SetAlgebra.swift (in target 'AsyncAlgorithms' from project 'swift-async-algorithms')
SwiftDriver\ Compilation AsyncAlgorithms normal arm64 com.apple.xcode.tools.swift.compiler (in target 'AsyncAlgorithms' from project 'swift-async-algorithms')
    cd /Users/admin/builder/spi-builder-workspace/.swiftpm/xcode
    builtin-Swift-Compilation -- /Applications/Xcode-27.0.0.app/Contents/Developer/Toolchains/XcodeDefault.xctoolchain/usr/bin/swiftc -parse-as-library -module-name AsyncAlgorithms -Onone @/Users/admin/builder/spi-builder-workspace/.derivedData/Build/Intermediates.noindex/swift-async-algorithms.build/Debug-appletvos/AsyncAlgorithms-t.build/Objects-normal/arm64/AsyncAlgorithms.SwiftFileList -DSWIFT_PACKAGE -DDEBUG -DSWIFT_MODULE_RESOURCE_BUNDLE_UNAVAILABLE -DXcode -enable-experimental-feature AvailabilityMacro\=AsyncAlgorithms\ 1.0:macOS\ 10.15,\ iOS\ 13.0,\ tvOS\ 13.0,\ watchOS\ 6.0 -enable-experimental-feature AvailabilityMacro\=AsyncAlgorithms\ 1.1:macOS\ 15.0,\ iOS\ 18.0,\ tvOS\ 18.0,\ watchOS\ 11.0,\ visionOS\ 2.0 -enable-experimental-feature AvailabilityMacro\=AsyncAlgorithms\ 1.2:macOS\ 15.0,\ iOS\ 18.0,\ tvOS\ 18.0,\ watchOS\ 11.0,\ visionOS\ 2.0 -enable-experimental-feature AvailabilityMacro\=AsyncAlgorithms\ 1.3:macOS\ 15.0,\ iOS\ 18.0,\ tvOS\ 18.0,\ watchOS\ 11.0,\ visionOS\ 2.0 -enable-experimental-feature StrictConcurrency\=complete -plugin-path /Applications/Xcode-27.0.0.app/Contents/Developer/Toolchains/XcodeDefault.xctoolchain/usr/lib/swift/host/plugins/testing -enable-experimental-feature DebugDescriptionMacro -sdk /Applications/Xcode-27.0.0.app/Contents/Developer/Platforms/AppleTVOS.platform/Developer/SDKs/AppleTVOS27.0.sdk -target arm64-apple-tvos15.0 -g -module-cache-path /Users/admin/builder/spi-builder-workspace/.derivedData/ModuleCache.noindex -Xfrontend -serialize-debugging-options -profile-coverage-mapping -profile-generate -enable-testing -suppress-warnings -index-store-path /Users/admin/builder/spi-builder-workspace/.derivedData/Index.noindex/DataStore -Xcc -D_LIBCPP_HARDENING_MODE\=_LIBCPP_HARDENING_MODE_DEBUG -swift-version 6 -I /Users/admin/builder/spi-builder-workspace/.derivedData/Build/Products/Debug-appletvos -Isystem /Applications/Xcode-27.0.0.app/Contents/Developer/Platforms/AppleTVOS.platform/Developer/usr/lib -F /Users/admin/builder/spi-builder-workspace/.derivedData/Build/Products/Debug-appletvos/PackageFrameworks -F /Users/admin/builder/spi-builder-workspace/.derivedData/Build/Products/Debug-appletvos -F /Applications/Xcode-27.0.0.app/Contents/Developer/Platforms/AppleTVOS.platform/Developer/Library/Frameworks -F /Applications/Xcode-27.0.0.app/Contents/Developer/Platforms/AppleTVOS.platform/Developer/SDKs/AppleTVOS27.0.sdk/Developer/Library/Frameworks -c -j10 -enable-batch-mode -incremental -Xcc -ivfsstatcache -Xcc /Users/admin/builder/spi-builder-workspace/.derivedData/SDKStatCaches.noindex/appletvos27.0-24J360-e829b21a6f8c9b70876ba0858053c044509235ffd515576fb835ffc8f67461e5.sdkstatcache -output-file-map /Users/admin/builder/spi-builder-workspace/.derivedData/Build/Intermediates.noindex/swift-async-algorithms.build/Debug-appletvos/AsyncAlgorithms-t.build/Objects-normal/arm64/AsyncAlgorithms-OutputFileMap.json -save-temps -no-color-diagnostics -explicit-module-build -module-cache-path /Users/admin/builder/spi-builder-workspace/.derivedData/Build/Intermediates.noindex/SwiftExplicitPrecompiledModules -clang-scanner-module-cache-path /Users/admin/builder/spi-builder-workspace/.derivedData/ModuleCache.noindex -sdk-module-cache-path /Users/admin/builder/spi-builder-workspace/.derivedData/SDKExplicitPrecompiledModules -emit-dependencies -emit-module -emit-module-path /Users/admin/builder/spi-builder-workspace/.derivedData/Build/Intermediates.noindex/swift-async-algorithms.build/Debug-appletvos/AsyncAlgorithms-t.build/Objects-normal/arm64/AsyncAlgorithms.swiftmodule -serialize-diagnostics -dependency-scan-serialize-diagnostics-path /Users/admin/builder/spi-builder-workspace/.derivedData/Build/Intermediates.noindex/swift-async-algorithms.build/Debug-appletvos/AsyncAlgorithms-t.build/Objects-normal/arm64/AsyncAlgorithms-dependency-scan.dia -user-module-version 1.1.7 -validate-clang-modules-once -clang-build-session-file /Users/admin/builder/spi-builder-workspace/.derivedData/ModuleCache.noindex/Session.modulevalidation -Xcc -fmodules-prune-interval\=86400 -Xcc -fmodules-prune-after\=345600 -package-name swift_async_algorithms -emit-const-values -const-gather-protocols-list /Users/admin/builder/spi-builder-workspace/.derivedData/Build/Intermediates.noindex/swift-async-algorithms.build/Debug-appletvos/AsyncAlgorithms-t.build/Objects-normal/arm64/AsyncAlgorithms_const_extract_protocols.json -Xcc -I/Users/admin/builder/spi-builder-workspace/.derivedData/Build/Products/Debug-appletvos/include -Xcc -I/Users/admin/builder/spi-builder-workspace/.derivedData/Build/Intermediates.noindex/swift-async-algorithms.build/Debug-appletvos/AsyncAlgorithms-t.build/DerivedSources-normal/arm64 -Xcc -I/Users/admin/builder/spi-builder-workspace/.derivedData/Build/Intermediates.noindex/swift-async-algorithms.build/Debug-appletvos/AsyncAlgorithms-t.build/DerivedSources/arm64 -Xcc -I/Users/admin/builder/spi-builder-workspace/.derivedData/Build/Intermediates.noindex/swift-async-algorithms.build/Debug-appletvos/AsyncAlgorithms-t.build/DerivedSources -Xcc -DSWIFT_PACKAGE -Xcc -DDEBUG\=1 -emit-objc-header -emit-objc-header-path /Users/admin/builder/spi-builder-workspace/.derivedData/Build/Intermediates.noindex/swift-async-algorithms.build/Debug-appletvos/AsyncAlgorithms-t.build/Objects-normal/arm64/AsyncAlgorithms-Swift.h -working-directory /Users/admin/builder/spi-builder-workspace/.swiftpm/xcode -experimental-emit-module-separately -disable-cmo
Ld /Users/admin/builder/spi-builder-workspace/.derivedData/Build/Products/Debug-appletvos/AsyncAlgorithms.o normal (in target 'AsyncAlgorithms' from project 'swift-async-algorithms')
    cd /Users/admin/builder/spi-builder-workspace/.dependencies/checkouts/swift-async-algorithms
    /Applications/Xcode-27.0.0.app/Contents/Developer/Toolchains/XcodeDefault.xctoolchain/usr/bin/clang -Xlinker -reproducible -target arm64-apple-tvos15.0 -r -isysroot /Applications/Xcode-27.0.0.app/Contents/Developer/Platforms/AppleTVOS.platform/Developer/SDKs/AppleTVOS27.0.sdk -O0 -w -Xlinker -no_warn_duplicate_libraries -F/Users/admin/builder/spi-builder-workspace/.derivedData/Build/Intermediates.noindex/EagerLinkingTBDs/Debug-appletvos -F/Users/admin/builder/spi-builder-workspace/.derivedData/Build/Products/Debug-appletvos/PackageFrameworks -F/Users/admin/builder/spi-builder-workspace/.derivedData/Build/Products/Debug-appletvos -iframework /Applications/Xcode-27.0.0.app/Contents/Developer/Platforms/AppleTVOS.platform/Developer/Library/Frameworks -iframework /Applications/Xcode-27.0.0.app/Contents/Developer/Platforms/AppleTVOS.platform/Developer/SDKs/AppleTVOS27.0.sdk/Developer/Library/Frameworks -filelist /Users/admin/builder/spi-builder-workspace/.derivedData/Build/Intermediates.noindex/swift-async-algorithms.build/Debug-appletvos/AsyncAlgorithms-t.build/Objects-normal/arm64/AsyncAlgorithms.LinkFileList -nostdlib -Xlinker -object_path_lto -Xlinker /Users/admin/builder/spi-builder-workspace/.derivedData/Build/Intermediates.noindex/swift-async-algorithms.build/Debug-appletvos/AsyncAlgorithms-t.build/Objects-normal/arm64/AsyncAlgorithms_lto.o -Xlinker -no_deduplicate -Xlinker -debug_variant -Xlinker -dependency_info -Xlinker /Users/admin/builder/spi-builder-workspace/.derivedData/Build/Intermediates.noindex/swift-async-algorithms.build/Debug-appletvos/AsyncAlgorithms-t.build/Objects-normal/arm64/AsyncAlgorithms_dependency_info.dat -fobjc-link-runtime -L/Applications/Xcode-27.0.0.app/Contents/Developer/Toolchains/XcodeDefault.xctoolchain/usr/lib/swift/appletvos -L/usr/lib/swift -Xlinker -add_ast_path -Xlinker /Users/admin/builder/spi-builder-workspace/.derivedData/Build/Intermediates.noindex/swift-async-algorithms.build/Debug-appletvos/AsyncAlgorithms-t.build/Objects-normal/arm64/AsyncAlgorithms.swiftmodule -o /Users/admin/builder/spi-builder-workspace/.derivedData/Build/Products/Debug-appletvos/AsyncAlgorithms.o
SwiftExplicitDependencyGeneratePcm arm64 /Users/admin/builder/spi-builder-workspace/.derivedData/SDKExplicitPrecompiledModules/CoreAudioTypes-7E2UGLP3GXIEWDHB3Y32ARILO.pcm
SwiftExplicitDependencyGeneratePcm arm64 /Users/admin/builder/spi-builder-workspace/.derivedData/SDKExplicitPrecompiledModules/CoreMIDI-XX17NUOWWNFP2CLQT3OI4FL8.pcm
SwiftExplicitDependencyGeneratePcm arm64 /Users/admin/builder/spi-builder-workspace/.derivedData/Build/Intermediates.noindex/SwiftExplicitPrecompiledModules/SPFKBaseC-8C8UDXLUTU9MWUPQ2OXA7636P.pcm
ExtractAppIntentsMetadata (in target 'AsyncAlgorithms' from project 'swift-async-algorithms')
    cd /Users/admin/builder/spi-builder-workspace/.dependencies/checkouts/swift-async-algorithms
    /Applications/Xcode-27.0.0.app/Contents/Developer/Toolchains/XcodeDefault.xctoolchain/usr/bin/appintentsmetadataprocessor --toolchain-dir /var/run/com.apple.security.cryptexd/mnt/com.apple.MobileAsset.MetalToolchain-v27.1.266.1.cisd1v/Metal.xctoolchain --module-name AsyncAlgorithms --sdk-root /Applications/Xcode-27.0.0.app/Contents/Developer/Platforms/AppleTVOS.platform/Developer/SDKs/AppleTVOS27.0.sdk --xcode-version 27A266a --platform-family tvOS --deployment-target 15.0 --bundle-identifier swift-async-algorithms.AsyncAlgorithms --output /Users/admin/builder/spi-builder-workspace/.derivedData/Build/Products/Debug-appletvos/AsyncAlgorithms.appintents --target-triple arm64-apple-tvos15.0 --binary-file /Users/admin/builder/spi-builder-workspace/.derivedData/Build/Products/Debug-appletvos/AsyncAlgorithms.o --dependency-file /Users/admin/builder/spi-builder-workspace/.derivedData/Build/Intermediates.noindex/swift-async-algorithms.build/Debug-appletvos/AsyncAlgorithms-t.build/Objects-normal/arm64/AsyncAlgorithms_dependency_info.dat --stringsdata-file /Users/admin/builder/spi-builder-workspace/.derivedData/Build/Intermediates.noindex/swift-async-algorithms.build/Debug-appletvos/AsyncAlgorithms-t.build/Objects-normal/arm64/ExtractedAppShortcutsMetadata.stringsdata --source-file-list /Users/admin/builder/spi-builder-workspace/.derivedData/Build/Intermediates.noindex/swift-async-algorithms.build/Debug-appletvos/AsyncAlgorithms-t.build/Objects-normal/arm64/AsyncAlgorithms.SwiftFileList --metadata-file-list /Users/admin/builder/spi-builder-workspace/.derivedData/Build/Intermediates.noindex/swift-async-algorithms.build/Debug-appletvos/AsyncAlgorithms-t.build/AsyncAlgorithms.DependencyMetadataFileList --static-metadata-file-list /Users/admin/builder/spi-builder-workspace/.derivedData/Build/Intermediates.noindex/swift-async-algorithms.build/Debug-appletvos/AsyncAlgorithms-t.build/AsyncAlgorithms.DependencyStaticMetadataFileList --swift-const-vals-list /Users/admin/builder/spi-builder-workspace/.derivedData/Build/Intermediates.noindex/swift-async-algorithms.build/Debug-appletvos/AsyncAlgorithms-t.build/Objects-normal/arm64/AsyncAlgorithms.SwiftConstValuesFileList --force --compile-time-extraction --deployment-aware-processing --no-app-shortcuts-localization
2026-10-05 07:35:07.108 appintentsmetadataprocessor[1596:8891] Starting appintentsmetadataprocessor export
2026-10-05 07:35:07.185 appintentsmetadataprocessor[1596:8891] Extracted no relevant App Intents symbols, skipping writing output
SwiftEmitModule normal arm64 Emitting\ module\ for\ SwiftTimecode (in target 'SwiftTimecode' from project 'swift-timecode')
SwiftCompile normal arm64 (in target 'SwiftTimecode' from project 'swift-timecode')
    cd /Users/admin/builder/spi-builder-workspace/.swiftpm/xcode

SwiftCompile normal arm64 Compiling\ SwiftTimecode.swift /Users/admin/builder/spi-builder-workspace/.dependencies/checkouts/swift-timecode/Sources/SwiftTimecode/SwiftTimecode.swift (in target 'SwiftTimecode' from project 'swift-timecode')
SwiftCompile normal arm64 /Users/admin/builder/spi-builder-workspace/.dependencies/checkouts/swift-timecode/Sources/SwiftTimecode/SwiftTimecode.swift (in target 'SwiftTimecode' from project 'swift-timecode')
    cd /Users/admin/builder/spi-builder-workspace/.swiftpm/xcode
    builtin-SwiftPerFileCompile SwiftTimecode.swift
SwiftExplicitDependencyGeneratePcm arm64 /Users/admin/builder/spi-builder-workspace/.derivedData/SDKExplicitPrecompiledModules/CoreAudio-94WIMYFWQLLIWXJ0OFTPEWEK.pcm
SwiftExplicitDependencyGeneratePcm arm64 /Users/admin/builder/spi-builder-workspace/.derivedData/SDKExplicitPrecompiledModules/AudioToolbox-25SIMDC5N0RSA9CUZ3W44PW6Z.pcm
SwiftDriverJobDiscovery normal arm64 Emitting module for SwiftTimecode (in target 'SwiftTimecode' from project 'swift-timecode')
SwiftDriver\ Compilation\ Requirements SwiftTimecode normal arm64 com.apple.xcode.tools.swift.compiler (in target 'SwiftTimecode' from project 'swift-timecode')
    cd /Users/admin/builder/spi-builder-workspace/.swiftpm/xcode
    builtin-Swift-Compilation-Requirements -- /Applications/Xcode-27.0.0.app/Contents/Developer/Toolchains/XcodeDefault.xctoolchain/usr/bin/swiftc -parse-as-library -module-name SwiftTimecode -Onone @/Users/admin/builder/spi-builder-workspace/.derivedData/Build/Intermediates.noindex/swift-timecode.build/Debug-appletvos/SwiftTimecode-t.build/Objects-normal/arm64/SwiftTimecode.SwiftFileList -DSWIFT_PACKAGE -DDEBUG -DSWIFT_MODULE_RESOURCE_BUNDLE_UNAVAILABLE -DXcode -plugin-path /Applications/Xcode-27.0.0.app/Contents/Developer/Toolchains/XcodeDefault.xctoolchain/usr/lib/swift/host/plugins/testing -enable-experimental-feature DebugDescriptionMacro -sdk /Applications/Xcode-27.0.0.app/Contents/Developer/Platforms/AppleTVOS.platform/Developer/SDKs/AppleTVOS27.0.sdk -target arm64-apple-tvos15.0 -g -module-cache-path /Users/admin/builder/spi-builder-workspace/.derivedData/ModuleCache.noindex -Xfrontend -serialize-debugging-options -profile-coverage-mapping -profile-generate -enable-testing -suppress-warnings -index-store-path /Users/admin/builder/spi-builder-workspace/.derivedData/Index.noindex/DataStore -Xcc -D_LIBCPP_HARDENING_MODE\=_LIBCPP_HARDENING_MODE_DEBUG -swift-version 5 -I /Users/admin/builder/spi-builder-workspace/.derivedData/Build/Products/Debug-appletvos -Isystem /Applications/Xcode-27.0.0.app/Contents/Developer/Platforms/AppleTVOS.platform/Developer/usr/lib -F /Users/admin/builder/spi-builder-workspace/.derivedData/Build/Products/Debug-appletvos/PackageFrameworks -F /Users/admin/builder/spi-builder-workspace/.derivedData/Build/Products/Debug-appletvos -F /Applications/Xcode-27.0.0.app/Contents/Developer/Platforms/AppleTVOS.platform/Developer/Library/Frameworks -F /Applications/Xcode-27.0.0.app/Contents/Developer/Platforms/AppleTVOS.platform/Developer/SDKs/AppleTVOS27.0.sdk/Developer/Library/Frameworks -emit-localized-strings -emit-localized-strings-path /Users/admin/builder/spi-builder-workspace/.derivedData/Build/Intermediates.noindex/swift-timecode.build/Debug-appletvos/SwiftTimecode-t.build/Objects-normal/arm64 -c -j10 -enable-batch-mode -incremental -Xcc -ivfsstatcache -Xcc /Users/admin/builder/spi-builder-workspace/.derivedData/SDKStatCaches.noindex/appletvos27.0-24J360-e829b21a6f8c9b70876ba0858053c044509235ffd515576fb835ffc8f67461e5.sdkstatcache -output-file-map /Users/admin/builder/spi-builder-workspace/.derivedData/Build/Intermediates.noindex/swift-timecode.build/Debug-appletvos/SwiftTimecode-t.build/Objects-normal/arm64/SwiftTimecode-OutputFileMap.json -save-temps -no-color-diagnostics -explicit-module-build -module-cache-path /Users/admin/builder/spi-builder-workspace/.derivedData/Build/Intermediates.noindex/SwiftExplicitPrecompiledModules -clang-scanner-module-cache-path /Users/admin/builder/spi-builder-workspace/.derivedData/ModuleCache.noindex -sdk-module-cache-path /Users/admin/builder/spi-builder-workspace/.derivedData/SDKExplicitPrecompiledModules -emit-dependencies -emit-module -emit-module-path /Users/admin/builder/spi-builder-workspace/.derivedData/Build/Intermediates.noindex/swift-timecode.build/Debug-appletvos/SwiftTimecode-t.build/Objects-normal/arm64/SwiftTimecode.swiftmodule -serialize-diagnostics -dependency-scan-serialize-diagnostics-path /Users/admin/builder/spi-builder-workspace/.derivedData/Build/Intermediates.noindex/swift-timecode.build/Debug-appletvos/SwiftTimecode-t.build/Objects-normal/arm64/SwiftTimecode-dependency-scan.dia -validate-clang-modules-once -clang-build-session-file /Users/admin/builder/spi-builder-workspace/.derivedData/ModuleCache.noindex/Session.modulevalidation -Xcc -fmodules-prune-interval\=86400 -Xcc -fmodules-prune-after\=345600 -package-name swift_timecode -emit-const-values -const-gather-protocols-list /Users/admin/builder/spi-builder-workspace/.derivedData/Build/Intermediates.noindex/swift-timecode.build/Debug-appletvos/SwiftTimecode-t.build/Objects-normal/arm64/SwiftTimecode_const_extract_protocols.json -Xcc -I/Users/admin/builder/spi-builder-workspace/.derivedData/Build/Products/Debug-appletvos/include -Xcc -I/Users/admin/builder/spi-builder-workspace/.derivedData/Build/Intermediates.noindex/swift-timecode.build/Debug-appletvos/SwiftTimecode-t.build/DerivedSources-normal/arm64 -Xcc -I/Users/admin/builder/spi-builder-workspace/.derivedData/Build/Intermediates.noindex/swift-timecode.build/Debug-appletvos/SwiftTimecode-t.build/DerivedSources/arm64 -Xcc -I/Users/admin/builder/spi-builder-workspace/.derivedData/Build/Intermediates.noindex/swift-timecode.build/Debug-appletvos/SwiftTimecode-t.build/DerivedSources -Xcc -DSWIFT_PACKAGE -Xcc -DDEBUG\=1 -emit-objc-header -emit-objc-header-path /Users/admin/builder/spi-builder-workspace/.derivedData/Build/Intermediates.noindex/swift-timecode.build/Debug-appletvos/SwiftTimecode-t.build/Objects-normal/arm64/SwiftTimecode-Swift.h -working-directory /Users/admin/builder/spi-builder-workspace/.swiftpm/xcode -experimental-emit-module-separately -disable-cmo
SwiftMergeGeneratedHeaders /Users/admin/builder/spi-builder-workspace/.derivedData/Build/Intermediates.noindex/GeneratedModuleMaps-appletvos/SwiftTimecode-Swift.h /Users/admin/builder/spi-builder-workspace/.derivedData/Build/Intermediates.noindex/swift-timecode.build/Debug-appletvos/SwiftTimecode-t.build/Objects-normal/arm64/SwiftTimecode-Swift.h (in target 'SwiftTimecode' from project 'swift-timecode')
    cd /Users/admin/builder/spi-builder-workspace/.dependencies/checkouts/swift-timecode
    builtin-swiftHeaderTool -arch arm64 /Users/admin/builder/spi-builder-workspace/.derivedData/Build/Intermediates.noindex/swift-timecode.build/Debug-appletvos/SwiftTimecode-t.build/Objects-normal/arm64/SwiftTimecode-Swift.h -o /Users/admin/builder/spi-builder-workspace/.derivedData/Build/Intermediates.noindex/GeneratedModuleMaps-appletvos/SwiftTimecode-Swift.h
Copy /Users/admin/builder/spi-builder-workspace/.derivedData/Build/Products/Debug-appletvos/SwiftTimecode.swiftmodule/arm64-apple-tvos.swiftmodule /Users/admin/builder/spi-builder-workspace/.derivedData/Build/Intermediates.noindex/swift-timecode.build/Debug-appletvos/SwiftTimecode-t.build/Objects-normal/arm64/SwiftTimecode.swiftmodule (in target 'SwiftTimecode' from project 'swift-timecode')
    cd /Users/admin/builder/spi-builder-workspace/.dependencies/checkouts/swift-timecode
    builtin-copy -exclude .DS_Store -exclude CVS -exclude .svn -exclude .git -exclude .hg -resolve-src-symlinks -rename /Users/admin/builder/spi-builder-workspace/.derivedData/Build/Intermediates.noindex/swift-timecode.build/Debug-appletvos/SwiftTimecode-t.build/Objects-normal/arm64/SwiftTimecode.swiftmodule /Users/admin/builder/spi-builder-workspace/.derivedData/Build/Products/Debug-appletvos/SwiftTimecode.swiftmodule/arm64-apple-tvos.swiftmodule
Copy /Users/admin/builder/spi-builder-workspace/.derivedData/Build/Products/Debug-appletvos/SwiftTimecode.swiftmodule/arm64-apple-tvos.swiftdoc /Users/admin/builder/spi-builder-workspace/.derivedData/Build/Intermediates.noindex/swift-timecode.build/Debug-appletvos/SwiftTimecode-t.build/Objects-normal/arm64/SwiftTimecode.swiftdoc (in target 'SwiftTimecode' from project 'swift-timecode')
    cd /Users/admin/builder/spi-builder-workspace/.dependencies/checkouts/swift-timecode
    builtin-copy -exclude .DS_Store -exclude CVS -exclude .svn -exclude .git -exclude .hg -resolve-src-symlinks -rename /Users/admin/builder/spi-builder-workspace/.derivedData/Build/Intermediates.noindex/swift-timecode.build/Debug-appletvos/SwiftTimecode-t.build/Objects-normal/arm64/SwiftTimecode.swiftdoc /Users/admin/builder/spi-builder-workspace/.derivedData/Build/Products/Debug-appletvos/SwiftTimecode.swiftmodule/arm64-apple-tvos.swiftdoc
Copy /Users/admin/builder/spi-builder-workspace/.derivedData/Build/Products/Debug-appletvos/SwiftTimecode.swiftmodule/arm64-apple-tvos.abi.json /Users/admin/builder/spi-builder-workspace/.derivedData/Build/Intermediates.noindex/swift-timecode.build/Debug-appletvos/SwiftTimecode-t.build/Objects-normal/arm64/SwiftTimecode.abi.json (in target 'SwiftTimecode' from project 'swift-timecode')
    cd /Users/admin/builder/spi-builder-workspace/.dependencies/checkouts/swift-timecode
    builtin-copy -exclude .DS_Store -exclude CVS -exclude .svn -exclude .git -exclude .hg -resolve-src-symlinks -rename /Users/admin/builder/spi-builder-workspace/.derivedData/Build/Intermediates.noindex/swift-timecode.build/Debug-appletvos/SwiftTimecode-t.build/Objects-normal/arm64/SwiftTimecode.abi.json /Users/admin/builder/spi-builder-workspace/.derivedData/Build/Products/Debug-appletvos/SwiftTimecode.swiftmodule/arm64-apple-tvos.abi.json
Copy /Users/admin/builder/spi-builder-workspace/.derivedData/Build/Products/Debug-appletvos/SwiftTimecode.swiftmodule/Project/arm64-apple-tvos.swiftsourceinfo /Users/admin/builder/spi-builder-workspace/.derivedData/Build/Intermediates.noindex/swift-timecode.build/Debug-appletvos/SwiftTimecode-t.build/Objects-normal/arm64/SwiftTimecode.swiftsourceinfo (in target 'SwiftTimecode' from project 'swift-timecode')
    cd /Users/admin/builder/spi-builder-workspace/.dependencies/checkouts/swift-timecode
    builtin-copy -exclude .DS_Store -exclude CVS -exclude .svn -exclude .git -exclude .hg -resolve-src-symlinks -rename /Users/admin/builder/spi-builder-workspace/.derivedData/Build/Intermediates.noindex/swift-timecode.build/Debug-appletvos/SwiftTimecode-t.build/Objects-normal/arm64/SwiftTimecode.swiftsourceinfo /Users/admin/builder/spi-builder-workspace/.derivedData/Build/Products/Debug-appletvos/SwiftTimecode.swiftmodule/Project/arm64-apple-tvos.swiftsourceinfo
SwiftDriverJobDiscovery normal arm64 Compiling SwiftTimecode.swift (in target 'SwiftTimecode' from project 'swift-timecode')
SwiftDriver\ Compilation SwiftTimecode normal arm64 com.apple.xcode.tools.swift.compiler (in target 'SwiftTimecode' from project 'swift-timecode')
    cd /Users/admin/builder/spi-builder-workspace/.swiftpm/xcode
    builtin-Swift-Compilation -- /Applications/Xcode-27.0.0.app/Contents/Developer/Toolchains/XcodeDefault.xctoolchain/usr/bin/swiftc -parse-as-library -module-name SwiftTimecode -Onone @/Users/admin/builder/spi-builder-workspace/.derivedData/Build/Intermediates.noindex/swift-timecode.build/Debug-appletvos/SwiftTimecode-t.build/Objects-normal/arm64/SwiftTimecode.SwiftFileList -DSWIFT_PACKAGE -DDEBUG -DSWIFT_MODULE_RESOURCE_BUNDLE_UNAVAILABLE -DXcode -plugin-path /Applications/Xcode-27.0.0.app/Contents/Developer/Toolchains/XcodeDefault.xctoolchain/usr/lib/swift/host/plugins/testing -enable-experimental-feature DebugDescriptionMacro -sdk /Applications/Xcode-27.0.0.app/Contents/Developer/Platforms/AppleTVOS.platform/Developer/SDKs/AppleTVOS27.0.sdk -target arm64-apple-tvos15.0 -g -module-cache-path /Users/admin/builder/spi-builder-workspace/.derivedData/ModuleCache.noindex -Xfrontend -serialize-debugging-options -profile-coverage-mapping -profile-generate -enable-testing -suppress-warnings -index-store-path /Users/admin/builder/spi-builder-workspace/.derivedData/Index.noindex/DataStore -Xcc -D_LIBCPP_HARDENING_MODE\=_LIBCPP_HARDENING_MODE_DEBUG -swift-version 5 -I /Users/admin/builder/spi-builder-workspace/.derivedData/Build/Products/Debug-appletvos -Isystem /Applications/Xcode-27.0.0.app/Contents/Developer/Platforms/AppleTVOS.platform/Developer/usr/lib -F /Users/admin/builder/spi-builder-workspace/.derivedData/Build/Products/Debug-appletvos/PackageFrameworks -F /Users/admin/builder/spi-builder-workspace/.derivedData/Build/Products/Debug-appletvos -F /Applications/Xcode-27.0.0.app/Contents/Developer/Platforms/AppleTVOS.platform/Developer/Library/Frameworks -F /Applications/Xcode-27.0.0.app/Contents/Developer/Platforms/AppleTVOS.platform/Developer/SDKs/AppleTVOS27.0.sdk/Developer/Library/Frameworks -emit-localized-strings -emit-localized-strings-path /Users/admin/builder/spi-builder-workspace/.derivedData/Build/Intermediates.noindex/swift-timecode.build/Debug-appletvos/SwiftTimecode-t.build/Objects-normal/arm64 -c -j10 -enable-batch-mode -incremental -Xcc -ivfsstatcache -Xcc /Users/admin/builder/spi-builder-workspace/.derivedData/SDKStatCaches.noindex/appletvos27.0-24J360-e829b21a6f8c9b70876ba0858053c044509235ffd515576fb835ffc8f67461e5.sdkstatcache -output-file-map /Users/admin/builder/spi-builder-workspace/.derivedData/Build/Intermediates.noindex/swift-timecode.build/Debug-appletvos/SwiftTimecode-t.build/Objects-normal/arm64/SwiftTimecode-OutputFileMap.json -save-temps -no-color-diagnostics -explicit-module-build -module-cache-path /Users/admin/builder/spi-builder-workspace/.derivedData/Build/Intermediates.noindex/SwiftExplicitPrecompiledModules -clang-scanner-module-cache-path /Users/admin/builder/spi-builder-workspace/.derivedData/ModuleCache.noindex -sdk-module-cache-path /Users/admin/builder/spi-builder-workspace/.derivedData/SDKExplicitPrecompiledModules -emit-dependencies -emit-module -emit-module-path /Users/admin/builder/spi-builder-workspace/.derivedData/Build/Intermediates.noindex/swift-timecode.build/Debug-appletvos/SwiftTimecode-t.build/Objects-normal/arm64/SwiftTimecode.swiftmodule -serialize-diagnostics -dependency-scan-serialize-diagnostics-path /Users/admin/builder/spi-builder-workspace/.derivedData/Build/Intermediates.noindex/swift-timecode.build/Debug-appletvos/SwiftTimecode-t.build/Objects-normal/arm64/SwiftTimecode-dependency-scan.dia -validate-clang-modules-once -clang-build-session-file /Users/admin/builder/spi-builder-workspace/.derivedData/ModuleCache.noindex/Session.modulevalidation -Xcc -fmodules-prune-interval\=86400 -Xcc -fmodules-prune-after\=345600 -package-name swift_timecode -emit-const-values -const-gather-protocols-list /Users/admin/builder/spi-builder-workspace/.derivedData/Build/Intermediates.noindex/swift-timecode.build/Debug-appletvos/SwiftTimecode-t.build/Objects-normal/arm64/SwiftTimecode_const_extract_protocols.json -Xcc -I/Users/admin/builder/spi-builder-workspace/.derivedData/Build/Products/Debug-appletvos/include -Xcc -I/Users/admin/builder/spi-builder-workspace/.derivedData/Build/Intermediates.noindex/swift-timecode.build/Debug-appletvos/SwiftTimecode-t.build/DerivedSources-normal/arm64 -Xcc -I/Users/admin/builder/spi-builder-workspace/.derivedData/Build/Intermediates.noindex/swift-timecode.build/Debug-appletvos/SwiftTimecode-t.build/DerivedSources/arm64 -Xcc -I/Users/admin/builder/spi-builder-workspace/.derivedData/Build/Intermediates.noindex/swift-timecode.build/Debug-appletvos/SwiftTimecode-t.build/DerivedSources -Xcc -DSWIFT_PACKAGE -Xcc -DDEBUG\=1 -emit-objc-header -emit-objc-header-path /Users/admin/builder/spi-builder-workspace/.derivedData/Build/Intermediates.noindex/swift-timecode.build/Debug-appletvos/SwiftTimecode-t.build/Objects-normal/arm64/SwiftTimecode-Swift.h -working-directory /Users/admin/builder/spi-builder-workspace/.swiftpm/xcode -experimental-emit-module-separately -disable-cmo
SwiftExplicitDependencyGeneratePcm arm64 /Users/admin/builder/spi-builder-workspace/.derivedData/SDKExplicitPrecompiledModules/CoreMedia-7NXN4HU24BK91ZKD19DDAGDRK.pcm
Ld /Users/admin/builder/spi-builder-workspace/.derivedData/Build/Products/Debug-appletvos/SwiftTimecode.o normal (in target 'SwiftTimecode' from project 'swift-timecode')
    cd /Users/admin/builder/spi-builder-workspace/.dependencies/checkouts/swift-timecode
    /Applications/Xcode-27.0.0.app/Contents/Developer/Toolchains/XcodeDefault.xctoolchain/usr/bin/clang -Xlinker -reproducible -target arm64-apple-tvos15.0 -r -isysroot /Applications/Xcode-27.0.0.app/Contents/Developer/Platforms/AppleTVOS.platform/Developer/SDKs/AppleTVOS27.0.sdk -O0 -w -Xlinker -no_warn_duplicate_libraries -F/Users/admin/builder/spi-builder-workspace/.derivedData/Build/Intermediates.noindex/EagerLinkingTBDs/Debug-appletvos -F/Users/admin/builder/spi-builder-workspace/.derivedData/Build/Products/Debug-appletvos/PackageFrameworks -F/Users/admin/builder/spi-builder-workspace/.derivedData/Build/Products/Debug-appletvos -iframework /Applications/Xcode-27.0.0.app/Contents/Developer/Platforms/AppleTVOS.platform/Developer/Library/Frameworks -iframework /Applications/Xcode-27.0.0.app/Contents/Developer/Platforms/AppleTVOS.platform/Developer/SDKs/AppleTVOS27.0.sdk/Developer/Library/Frameworks -filelist /Users/admin/builder/spi-builder-workspace/.derivedData/Build/Intermediates.noindex/swift-timecode.build/Debug-appletvos/SwiftTimecode-t.build/Objects-normal/arm64/SwiftTimecode.LinkFileList -nostdlib -Xlinker -object_path_lto -Xlinker /Users/admin/builder/spi-builder-workspace/.derivedData/Build/Intermediates.noindex/swift-timecode.build/Debug-appletvos/SwiftTimecode-t.build/Objects-normal/arm64/SwiftTimecode_lto.o -Xlinker -no_deduplicate -Xlinker -debug_variant -Xlinker -dependency_info -Xlinker /Users/admin/builder/spi-builder-workspace/.derivedData/Build/Intermediates.noindex/swift-timecode.build/Debug-appletvos/SwiftTimecode-t.build/Objects-normal/arm64/SwiftTimecode_dependency_info.dat -fobjc-link-runtime -L/Applications/Xcode-27.0.0.app/Contents/Developer/Toolchains/XcodeDefault.xctoolchain/usr/lib/swift/appletvos -L/usr/lib/swift -Xlinker -add_ast_path -Xlinker /Users/admin/builder/spi-builder-workspace/.derivedData/Build/Intermediates.noindex/swift-timecode.build/Debug-appletvos/SwiftTimecode-t.build/Objects-normal/arm64/SwiftTimecode.swiftmodule -o /Users/admin/builder/spi-builder-workspace/.derivedData/Build/Products/Debug-appletvos/SwiftTimecode.o
ExtractAppIntentsMetadata (in target 'SwiftTimecode' from project 'swift-timecode')
    cd /Users/admin/builder/spi-builder-workspace/.dependencies/checkouts/swift-timecode
    /Applications/Xcode-27.0.0.app/Contents/Developer/Toolchains/XcodeDefault.xctoolchain/usr/bin/appintentsmetadataprocessor --toolchain-dir /var/run/com.apple.security.cryptexd/mnt/com.apple.MobileAsset.MetalToolchain-v27.1.266.1.cisd1v/Metal.xctoolchain --module-name SwiftTimecode --sdk-root /Applications/Xcode-27.0.0.app/Contents/Developer/Platforms/AppleTVOS.platform/Developer/SDKs/AppleTVOS27.0.sdk --xcode-version 27A266a --platform-family tvOS --deployment-target 15.0 --bundle-identifier swift-timecode.SwiftTimecode --output /Users/admin/builder/spi-builder-workspace/.derivedData/Build/Products/Debug-appletvos/SwiftTimecode.appintents --target-triple arm64-apple-tvos15.0 --binary-file /Users/admin/builder/spi-builder-workspace/.derivedData/Build/Products/Debug-appletvos/SwiftTimecode.o --dependency-file /Users/admin/builder/spi-builder-workspace/.derivedData/Build/Intermediates.noindex/swift-timecode.build/Debug-appletvos/SwiftTimecode-t.build/Objects-normal/arm64/SwiftTimecode_dependency_info.dat --stringsdata-file /Users/admin/builder/spi-builder-workspace/.derivedData/Build/Intermediates.noindex/swift-timecode.build/Debug-appletvos/SwiftTimecode-t.build/Objects-normal/arm64/ExtractedAppShortcutsMetadata.stringsdata --source-file-list /Users/admin/builder/spi-builder-workspace/.derivedData/Build/Intermediates.noindex/swift-timecode.build/Debug-appletvos/SwiftTimecode-t.build/Objects-normal/arm64/SwiftTimecode.SwiftFileList --metadata-file-list /Users/admin/builder/spi-builder-workspace/.derivedData/Build/Intermediates.noindex/swift-timecode.build/Debug-appletvos/SwiftTimecode-t.build/SwiftTimecode.DependencyMetadataFileList --static-metadata-file-list /Users/admin/builder/spi-builder-workspace/.derivedData/Build/Intermediates.noindex/swift-timecode.build/Debug-appletvos/SwiftTimecode-t.build/SwiftTimecode.DependencyStaticMetadataFileList --swift-const-vals-list /Users/admin/builder/spi-builder-workspace/.derivedData/Build/Intermediates.noindex/swift-timecode.build/Debug-appletvos/SwiftTimecode-t.build/Objects-normal/arm64/SwiftTimecode.SwiftConstValuesFileList --force --compile-time-extraction --deployment-aware-processing --no-app-shortcuts-localization
2026-10-05 07:35:07.270 appintentsmetadataprocessor[1607:8920] Starting appintentsmetadataprocessor export
2026-10-05 07:35:07.338 appintentsmetadataprocessor[1607:8920] Extracted no relevant App Intents symbols, skipping writing output
SwiftExplicitDependencyGeneratePcm arm64 /Users/admin/builder/spi-builder-workspace/.derivedData/SDKExplicitPrecompiledModules/AVFAudio-27O2ALX860BGJ2NWAREA5VOXC.pcm
SwiftEmitModule normal arm64 Emitting\ module\ for\ SPFKBase (in target 'SPFKBase' from project 'spfk-base')
SwiftCompile normal arm64 (in target 'SPFKBase' from project 'spfk-base')
    cd /Users/admin/builder/spi-builder-workspace/.swiftpm/xcode

SwiftCompile normal arm64 Compiling\ PhaseTrace.swift,\ BinTestCase.swift,\ TestCaseModel.swift,\ TypeDescribable.swift /Users/admin/builder/spi-builder-workspace/.dependencies/checkouts/spfk-base/Sources/SPFKBase/Logging/PhaseTrace.swift /Users/admin/builder/spi-builder-workspace/.dependencies/checkouts/spfk-base/Sources/SPFKBase/Testing/BinTestCase.swift /Users/admin/builder/spi-builder-workspace/.dependencies/checkouts/spfk-base/Sources/SPFKBase/Testing/TestCaseModel.swift /Users/admin/builder/spi-builder-workspace/.dependencies/checkouts/spfk-base/Sources/SPFKBase/TypeDescribable.swift (in target 'SPFKBase' from project 'spfk-base')
SwiftCompile normal arm64 /Users/admin/builder/spi-builder-workspace/.dependencies/checkouts/spfk-base/Sources/SPFKBase/Logging/PhaseTrace.swift (in target 'SPFKBase' from project 'spfk-base')
    cd /Users/admin/builder/spi-builder-workspace/.swiftpm/xcode
    builtin-SwiftPerFileCompile PhaseTrace.swift
SwiftCompile normal arm64 /Users/admin/builder/spi-builder-workspace/.dependencies/checkouts/spfk-base/Sources/SPFKBase/Testing/BinTestCase.swift (in target 'SPFKBase' from project 'spfk-base')
    cd /Users/admin/builder/spi-builder-workspace/.swiftpm/xcode
    builtin-SwiftPerFileCompile BinTestCase.swift
SwiftCompile normal arm64 /Users/admin/builder/spi-builder-workspace/.dependencies/checkouts/spfk-base/Sources/SPFKBase/Testing/TestCaseModel.swift (in target 'SPFKBase' from project 'spfk-base')
    cd /Users/admin/builder/spi-builder-workspace/.swiftpm/xcode
    builtin-SwiftPerFileCompile TestCaseModel.swift
SwiftCompile normal arm64 /Users/admin/builder/spi-builder-workspace/.dependencies/checkouts/spfk-base/Sources/SPFKBase/TypeDescribable.swift (in target 'SPFKBase' from project 'spfk-base')
    cd /Users/admin/builder/spi-builder-workspace/.swiftpm/xcode
    builtin-SwiftPerFileCompile TypeDescribable.swift
SwiftCompile normal arm64 Compiling\ String+C.swift,\ String.swift,\ Task.swift,\ URL+Directory.swift /Users/admin/builder/spi-builder-workspace/.dependencies/checkouts/spfk-base/Sources/SPFKBase/Extensions/Foundation/String+C.swift /Users/admin/builder/spi-builder-workspace/.dependencies/checkouts/spfk-base/Sources/SPFKBase/Extensions/Foundation/String.swift /Users/admin/builder/spi-builder-workspace/.dependencies/checkouts/spfk-base/Sources/SPFKBase/Extensions/Foundation/Task.swift /Users/admin/builder/spi-builder-workspace/.dependencies/checkouts/spfk-base/Sources/SPFKBase/Extensions/Foundation/URL/URL+Directory.swift (in target 'SPFKBase' from project 'spfk-base')
SwiftCompile normal arm64 /Users/admin/builder/spi-builder-workspace/.dependencies/checkouts/spfk-base/Sources/SPFKBase/Extensions/Foundation/String+C.swift (in target 'SPFKBase' from project 'spfk-base')
    cd /Users/admin/builder/spi-builder-workspace/.swiftpm/xcode
    builtin-SwiftPerFileCompile String+C.swift
SwiftCompile normal arm64 /Users/admin/builder/spi-builder-workspace/.dependencies/checkouts/spfk-base/Sources/SPFKBase/Extensions/Foundation/String.swift (in target 'SPFKBase' from project 'spfk-base')
    cd /Users/admin/builder/spi-builder-workspace/.swiftpm/xcode
    builtin-SwiftPerFileCompile String.swift
SwiftCompile normal arm64 /Users/admin/builder/spi-builder-workspace/.dependencies/checkouts/spfk-base/Sources/SPFKBase/Extensions/Foundation/Task.swift (in target 'SPFKBase' from project 'spfk-base')
    cd /Users/admin/builder/spi-builder-workspace/.swiftpm/xcode
    builtin-SwiftPerFileCompile Task.swift
SwiftCompile normal arm64 /Users/admin/builder/spi-builder-workspace/.dependencies/checkouts/spfk-base/Sources/SPFKBase/Extensions/Foundation/URL/URL+Directory.swift (in target 'SPFKBase' from project 'spfk-base')
    cd /Users/admin/builder/spi-builder-workspace/.swiftpm/xcode
    builtin-SwiftPerFileCompile URL+Directory.swift
SwiftCompile normal arm64 Compiling\ URL+ResourceValues.swift,\ URL.swift,\ BuildConfig.swift,\ Log.swift /Users/admin/builder/spi-builder-workspace/.dependencies/checkouts/spfk-base/Sources/SPFKBase/Extensions/Foundation/URL/URL+ResourceValues.swift /Users/admin/builder/spi-builder-workspace/.dependencies/checkouts/spfk-base/Sources/SPFKBase/Extensions/Foundation/URL/URL.swift /Users/admin/builder/spi-builder-workspace/.dependencies/checkouts/spfk-base/Sources/SPFKBase/Logging/BuildConfig.swift /Users/admin/builder/spi-builder-workspace/.dependencies/checkouts/spfk-base/Sources/SPFKBase/Logging/Log.swift (in target 'SPFKBase' from project 'spfk-base')
SwiftCompile normal arm64 /Users/admin/builder/spi-builder-workspace/.dependencies/checkouts/spfk-base/Sources/SPFKBase/Extensions/Foundation/URL/URL+ResourceValues.swift (in target 'SPFKBase' from project 'spfk-base')
    cd /Users/admin/builder/spi-builder-workspace/.swiftpm/xcode
    builtin-SwiftPerFileCompile URL+ResourceValues.swift
SwiftCompile normal arm64 /Users/admin/builder/spi-builder-workspace/.dependencies/checkouts/spfk-base/Sources/SPFKBase/Extensions/Foundation/URL/URL.swift (in target 'SPFKBase' from project 'spfk-base')
    cd /Users/admin/builder/spi-builder-workspace/.swiftpm/xcode
    builtin-SwiftPerFileCompile URL.swift
SwiftCompile normal arm64 /Users/admin/builder/spi-builder-workspace/.dependencies/checkouts/spfk-base/Sources/SPFKBase/Logging/BuildConfig.swift (in target 'SPFKBase' from project 'spfk-base')
    cd /Users/admin/builder/spi-builder-workspace/.swiftpm/xcode
    builtin-SwiftPerFileCompile BuildConfig.swift
SwiftCompile normal arm64 /Users/admin/builder/spi-builder-workspace/.dependencies/checkouts/spfk-base/Sources/SPFKBase/Logging/Log.swift (in target 'SPFKBase' from project 'spfk-base')
    cd /Users/admin/builder/spi-builder-workspace/.swiftpm/xcode
    builtin-SwiftPerFileCompile Log.swift
SwiftCompile normal arm64 Compiling\ NSRect.swift,\ NSSize.swift,\ NotificationCenter.swift,\ Number\ Normalization.swift /Users/admin/builder/spi-builder-workspace/.dependencies/checkouts/spfk-base/Sources/SPFKBase/Extensions/Foundation/NSRect.swift /Users/admin/builder/spi-builder-workspace/.dependencies/checkouts/spfk-base/Sources/SPFKBase/Extensions/Foundation/NSSize.swift /Users/admin/builder/spi-builder-workspace/.dependencies/checkouts/spfk-base/Sources/SPFKBase/Extensions/Foundation/NotificationCenter.swift /Users/admin/builder/spi-builder-workspace/.dependencies/checkouts/spfk-base/Sources/SPFKBase/Extensions/Foundation/Number\ Normalization.swift (in target 'SPFKBase' from project 'spfk-base')
SwiftCompile normal arm64 /Users/admin/builder/spi-builder-workspace/.dependencies/checkouts/spfk-base/Sources/SPFKBase/Extensions/Foundation/NSRect.swift (in target 'SPFKBase' from project 'spfk-base')
    cd /Users/admin/builder/spi-builder-workspace/.swiftpm/xcode
    builtin-SwiftPerFileCompile NSRect.swift
SwiftCompile normal arm64 /Users/admin/builder/spi-builder-workspace/.dependencies/checkouts/spfk-base/Sources/SPFKBase/Extensions/Foundation/NSSize.swift (in target 'SPFKBase' from project 'spfk-base')
    cd /Users/admin/builder/spi-builder-workspace/.swiftpm/xcode
    builtin-SwiftPerFileCompile NSSize.swift
SwiftCompile normal arm64 /Users/admin/builder/spi-builder-workspace/.dependencies/checkouts/spfk-base/Sources/SPFKBase/Extensions/Foundation/NotificationCenter.swift (in target 'SPFKBase' from project 'spfk-base')
    cd /Users/admin/builder/spi-builder-workspace/.swiftpm/xcode
    builtin-SwiftPerFileCompile NotificationCenter.swift
SwiftCompile normal arm64 /Users/admin/builder/spi-builder-workspace/.dependencies/checkouts/spfk-base/Sources/SPFKBase/Extensions/Foundation/Number\ Normalization.swift (in target 'SPFKBase' from project 'spfk-base')
    cd /Users/admin/builder/spi-builder-workspace/.swiftpm/xcode
    builtin-SwiftPerFileCompile Number\ Normalization.swift
SwiftCompile normal arm64 Compiling\ AsyncSequence.swift,\ Bool+Extensions.swift,\ Collection\ General.swift,\ Collection\ String.swift /Users/admin/builder/spi-builder-workspace/.dependencies/checkouts/spfk-base/Sources/SPFKBase/Extensions/Foundation/AsyncSequence.swift /Users/admin/builder/spi-builder-workspace/.dependencies/checkouts/spfk-base/Sources/SPFKBase/Extensions/Foundation/Bool+Extensions.swift /Users/admin/builder/spi-builder-workspace/.dependencies/checkouts/spfk-base/Sources/SPFKBase/Extensions/Foundation/Collection\ General.swift /Users/admin/builder/spi-builder-workspace/.dependencies/checkouts/spfk-base/Sources/SPFKBase/Extensions/Foundation/Collection\ String.swift (in target 'SPFKBase' from project 'spfk-base')
SwiftCompile normal arm64 /Users/admin/builder/spi-builder-workspace/.dependencies/checkouts/spfk-base/Sources/SPFKBase/Extensions/Foundation/AsyncSequence.swift (in target 'SPFKBase' from project 'spfk-base')
    cd /Users/admin/builder/spi-builder-workspace/.swiftpm/xcode
    builtin-SwiftPerFileCompile AsyncSequence.swift
SwiftCompile normal arm64 /Users/admin/builder/spi-builder-workspace/.dependencies/checkouts/spfk-base/Sources/SPFKBase/Extensions/Foundation/Bool+Extensions.swift (in target 'SPFKBase' from project 'spfk-base')
    cd /Users/admin/builder/spi-builder-workspace/.swiftpm/xcode
    builtin-SwiftPerFileCompile Bool+Extensions.swift
SwiftCompile normal arm64 /Users/admin/builder/spi-builder-workspace/.dependencies/checkouts/spfk-base/Sources/SPFKBase/Extensions/Foundation/Collection\ General.swift (in target 'SPFKBase' from project 'spfk-base')
    cd /Users/admin/builder/spi-builder-workspace/.swiftpm/xcode
    builtin-SwiftPerFileCompile Collection\ General.swift
SwiftCompile normal arm64 /Users/admin/builder/spi-builder-workspace/.dependencies/checkouts/spfk-base/Sources/SPFKBase/Extensions/Foundation/Collection\ String.swift (in target 'SPFKBase' from project 'spfk-base')
    cd /Users/admin/builder/spi-builder-workspace/.swiftpm/xcode
    builtin-SwiftPerFileCompile Collection\ String.swift
SwiftCompile normal arm64 Compiling\ UnitInterval.swift,\ ExceptionTrap.swift,\ Floating\ Point.swift,\ FourCharCode.swift /Users/admin/builder/spi-builder-workspace/.dependencies/checkouts/spfk-base/Sources/SPFKBase/Definitions/UnitInterval.swift /Users/admin/builder/spi-builder-workspace/.dependencies/checkouts/spfk-base/Sources/SPFKBase/ExceptionTrap.swift /Users/admin/builder/spi-builder-workspace/.dependencies/checkouts/spfk-base/Sources/SPFKBase/Extensions/CoreFoundation/Floating\ Point.swift /Users/admin/builder/spi-builder-workspace/.dependencies/checkouts/spfk-base/Sources/SPFKBase/Extensions/CoreFoundation/FourCharCode.swift (in target 'SPFKBase' from project 'spfk-base')
SwiftCompile normal arm64 /Users/admin/builder/spi-builder-workspace/.dependencies/checkouts/spfk-base/Sources/SPFKBase/Definitions/UnitInterval.swift (in target 'SPFKBase' from project 'spfk-base')
    cd /Users/admin/builder/spi-builder-workspace/.swiftpm/xcode
    builtin-SwiftPerFileCompile UnitInterval.swift
SwiftCompile normal arm64 /Users/admin/builder/spi-builder-workspace/.dependencies/checkouts/spfk-base/Sources/SPFKBase/ExceptionTrap.swift (in target 'SPFKBase' from project 'spfk-base')
    cd /Users/admin/builder/spi-builder-workspace/.swiftpm/xcode
    builtin-SwiftPerFileCompile ExceptionTrap.swift
SwiftCompile normal arm64 /Users/admin/builder/spi-builder-workspace/.dependencies/checkouts/spfk-base/Sources/SPFKBase/Extensions/CoreFoundation/Floating\ Point.swift (in target 'SPFKBase' from project 'spfk-base')
    cd /Users/admin/builder/spi-builder-workspace/.swiftpm/xcode
    builtin-SwiftPerFileCompile Floating\ Point.swift
SwiftCompile normal arm64 /Users/admin/builder/spi-builder-workspace/.dependencies/checkouts/spfk-base/Sources/SPFKBase/Extensions/CoreFoundation/FourCharCode.swift (in target 'SPFKBase' from project 'spfk-base')
    cd /Users/admin/builder/spi-builder-workspace/.swiftpm/xcode
    builtin-SwiftPerFileCompile FourCharCode.swift
SwiftCompile normal arm64 Compiling\ OSVersion.swift,\ SequentialPCMSource.swift,\ Serializable+Pasteboard.swift,\ Serializable.swift,\ TrimDescription.swift /Users/admin/builder/spi-builder-workspace/.dependencies/checkouts/spfk-base/Sources/SPFKBase/Definitions/OSVersion.swift /Users/admin/builder/spi-builder-workspace/.dependencies/checkouts/spfk-base/Sources/SPFKBase/Definitions/SequentialPCMSource.swift /Users/admin/builder/spi-builder-workspace/.dependencies/checkouts/spfk-base/Sources/SPFKBase/Definitions/Serializable+Pasteboard.swift /Users/admin/builder/spi-builder-workspace/.dependencies/checkouts/spfk-base/Sources/SPFKBase/Definitions/Serializable.swift /Users/admin/builder/spi-builder-workspace/.dependencies/checkouts/spfk-base/Sources/SPFKBase/Definitions/TrimDescription.swift (in target 'SPFKBase' from project 'spfk-base')
SwiftCompile normal arm64 /Users/admin/builder/spi-builder-workspace/.dependencies/checkouts/spfk-base/Sources/SPFKBase/Definitions/OSVersion.swift (in target 'SPFKBase' from project 'spfk-base')
    cd /Users/admin/builder/spi-builder-workspace/.swiftpm/xcode
    builtin-SwiftPerFileCompile OSVersion.swift
SwiftCompile normal arm64 /Users/admin/builder/spi-builder-workspace/.dependencies/checkouts/spfk-base/Sources/SPFKBase/Definitions/SequentialPCMSource.swift (in target 'SPFKBase' from project 'spfk-base')
    cd /Users/admin/builder/spi-builder-workspace/.swiftpm/xcode
    builtin-SwiftPerFileCompile SequentialPCMSource.swift
SwiftCompile normal arm64 /Users/admin/builder/spi-builder-workspace/.dependencies/checkouts/spfk-base/Sources/SPFKBase/Definitions/Serializable+Pasteboard.swift (in target 'SPFKBase' from project 'spfk-base')
    cd /Users/admin/builder/spi-builder-workspace/.swiftpm/xcode
    builtin-SwiftPerFileCompile Serializable+Pasteboard.swift
SwiftCompile normal arm64 /Users/admin/builder/spi-builder-workspace/.dependencies/checkouts/spfk-base/Sources/SPFKBase/Definitions/Serializable.swift (in target 'SPFKBase' from project 'spfk-base')
    cd /Users/admin/builder/spi-builder-workspace/.swiftpm/xcode
    builtin-SwiftPerFileCompile Serializable.swift
SwiftCompile normal arm64 /Users/admin/builder/spi-builder-workspace/.dependencies/checkouts/spfk-base/Sources/SPFKBase/Definitions/TrimDescription.swift (in target 'SPFKBase' from project 'spfk-base')
    cd /Users/admin/builder/spi-builder-workspace/.swiftpm/xcode
    builtin-SwiftPerFileCompile TrimDescription.swift
SwiftCompile normal arm64 Compiling\ FileManager.swift,\ FloatingPoint.swift,\ NSError.swift,\ NSException.swift /Users/admin/builder/spi-builder-workspace/.dependencies/checkouts/spfk-base/Sources/SPFKBase/Extensions/Foundation/FileManager.swift /Users/admin/builder/spi-builder-workspace/.dependencies/checkouts/spfk-base/Sources/SPFKBase/Extensions/Foundation/FloatingPoint.swift /Users/admin/builder/spi-builder-workspace/.dependencies/checkouts/spfk-base/Sources/SPFKBase/Extensions/Foundation/NSError.swift /Users/admin/builder/spi-builder-workspace/.dependencies/checkouts/spfk-base/Sources/SPFKBase/Extensions/Foundation/NSException.swift (in target 'SPFKBase' from project 'spfk-base')
/Users/admin/builder/spi-builder-workspace/.dependencies/checkouts/spfk-base/Sources/SPFKBase/Extensions/Foundation/FileManager.swift:21:18: error: 'trashDirectory' is unavailable in tvOS
19 |         try? getRelationship(
20 |             &relationship,
21 |             of: .trashDirectory,
   |                  `- error: 'trashDirectory' is unavailable in tvOS
22 |             in: .allDomainsMask,
23 |             toItemAt: url
Foundation.FileManager.SearchPathDirectory.trashDirectory:4:10: note: 'trashDirectory' has been explicitly marked unavailable here
2 |   enum SearchPathDirectory {
3 | @available(tvOS, unavailable)
4 |     case trashDirectory  }
  |          `- note: 'trashDirectory' has been explicitly marked unavailable here
5 | }
6 |
Failed frontend command:
/Applications/Xcode-27.0.0.app/Contents/Developer/Toolchains/XcodeDefault.xctoolchain/usr/bin/swift-frontend -frontend -c /Users/admin/builder/spi-builder-workspace/.dependencies/checkouts/spfk-base/Sources/SPFKBase/Definitions/Benchmark.swift /Users/admin/builder/spi-builder-workspace/.dependencies/checkouts/spfk-base/Sources/SPFKBase/Definitions/CG\ Wrappers.swift /Users/admin/builder/spi-builder-workspace/.dependencies/checkouts/spfk-base/Sources/SPFKBase/Definitions/DebouncedTask.swift /Users/admin/builder/spi-builder-workspace/.dependencies/checkouts/spfk-base/Sources/SPFKBase/Definitions/FloatChannelData.swift /Users/admin/builder/spi-builder-workspace/.dependencies/checkouts/spfk-base/Sources/SPFKBase/Definitions/HexColor/HexColor+ColorName.swift /Users/admin/builder/spi-builder-workspace/.dependencies/checkouts/spfk-base/Sources/SPFKBase/Definitions/HexColor/HexColor+NSColor.swift /Users/admin/builder/spi-builder-workspace/.dependencies/checkouts/spfk-base/Sources/SPFKBase/Definitions/HexColor/HexColor.swift /Users/admin/builder/spi-builder-workspace/.dependencies/checkouts/spfk-base/Sources/SPFKBase/Definitions/Import/ParseProgressAccess.swift /Users/admin/builder/spi-builder-workspace/.dependencies/checkouts/spfk-base/Sources/SPFKBase/Definitions/Import/ParseStopSignal.swift /Users/admin/builder/spi-builder-workspace/.dependencies/checkouts/spfk-base/Sources/SPFKBase/Definitions/MovementDirection.swift /Users/admin/builder/spi-builder-workspace/.dependencies/checkouts/spfk-base/Sources/SPFKBase/Definitions/OSVersion.swift /Users/admin/builder/spi-builder-workspace/.dependencies/checkouts/spfk-base/Sources/SPFKBase/Definitions/SequentialPCMSource.swift /Users/admin/builder/spi-builder-workspace/.dependencies/checkouts/spfk-base/Sources/SPFKBase/Definitions/Serializable+Pasteboard.swift /Users/admin/builder/spi-builder-workspace/.dependencies/checkouts/spfk-base/Sources/SPFKBase/Definitions/Serializable.swift /Users/admin/builder/spi-builder-workspace/.dependencies/checkouts/spfk-base/Sources/SPFKBase/Definitions/TrimDescription.swift /Users/admin/builder/spi-builder-workspace/.dependencies/checkouts/spfk-base/Sources/SPFKBase/Definitions/UnitInterval.swift /Users/admin/builder/spi-builder-workspace/.dependencies/checkouts/spfk-base/Sources/SPFKBase/ExceptionTrap.swift /Users/admin/builder/spi-builder-workspace/.dependencies/checkouts/spfk-base/Sources/SPFKBase/Extensions/CoreFoundation/Floating\ Point.swift /Users/admin/builder/spi-builder-workspace/.dependencies/checkouts/spfk-base/Sources/SPFKBase/Extensions/CoreFoundation/FourCharCode.swift /Users/admin/builder/spi-builder-workspace/.dependencies/checkouts/spfk-base/Sources/SPFKBase/Extensions/Foundation/AsyncSequence.swift /Users/admin/builder/spi-builder-workspace/.dependencies/checkouts/spfk-base/Sources/SPFKBase/Extensions/Foundation/Bool+Extensions.swift /Users/admin/builder/spi-builder-workspace/.dependencies/checkouts/spfk-base/Sources/SPFKBase/Extensions/Foundation/Collection\ General.swift /Users/admin/builder/spi-builder-workspace/.dependencies/checkouts/spfk-base/Sources/SPFKBase/Extensions/Foundation/Collection\ String.swift -primary-file /Users/admin/builder/spi-builder-workspace/.dependencies/checkouts/spfk-base/Sources/SPFKBase/Extensions/Foundation/FileManager.swift -primary-file /Users/admin/builder/spi-builder-workspace/.dependencies/checkouts/spfk-base/Sources/SPFKBase/Extensions/Foundation/FloatingPoint.swift -primary-file /Users/admin/builder/spi-builder-workspace/.dependencies/checkouts/spfk-base/Sources/SPFKBase/Extensions/Foundation/NSError.swift -primary-file /Users/admin/builder/spi-builder-workspace/.dependencies/checkouts/spfk-base/Sources/SPFKBase/Extensions/Foundation/NSException.swift /Users/admin/builder/spi-builder-workspace/.dependencies/checkouts/spfk-base/Sources/SPFKBase/Extensions/Foundation/NSRect.swift /Users/admin/builder/spi-builder-workspace/.dependencies/checkouts/spfk-base/Sources/SPFKBase/Extensions/Foundation/NSSize.swift /Users/admin/builder/spi-builder-workspace/.dependencies/checkouts/spfk-base/Sources/SPFKBase/Extensions/Foundation/NotificationCenter.swift /Users/admin/builder/spi-builder-workspace/.dependencies/checkouts/spfk-base/Sources/SPFKBase/Extensions/Foundation/Number\ Normalization.swift /Users/admin/builder/spi-builder-workspace/.dependencies/checkouts/spfk-base/Sources/SPFKBase/Extensions/Foundation/String+C.swift /Users/admin/builder/spi-builder-workspace/.dependencies/checkouts/spfk-base/Sources/SPFKBase/Extensions/Foundation/String.swift /Users/admin/builder/spi-builder-workspace/.dependencies/checkouts/spfk-base/Sources/SPFKBase/Extensions/Foundation/Task.swift /Users/admin/builder/spi-builder-workspace/.dependencies/checkouts/spfk-base/Sources/SPFKBase/Extensions/Foundation/URL/URL+Directory.swift /Users/admin/builder/spi-builder-workspace/.dependencies/checkouts/spfk-base/Sources/SPFKBase/Extensions/Foundation/URL/URL+ResourceValues.swift /Users/admin/builder/spi-builder-workspace/.dependencies/checkouts/spfk-base/Sources/SPFKBase/Extensions/Foundation/URL/URL.swift /Users/admin/builder/spi-builder-workspace/.dependencies/checkouts/spfk-base/Sources/SPFKBase/Logging/BuildConfig.swift /Users/admin/builder/spi-builder-workspace/.dependencies/checkouts/spfk-base/Sources/SPFKBase/Logging/Log.swift /Users/admin/builder/spi-builder-workspace/.dependencies/checkouts/spfk-base/Sources/SPFKBase/Logging/PhaseTrace.swift /Users/admin/builder/spi-builder-workspace/.dependencies/checkouts/spfk-base/Sources/SPFKBase/Testing/BinTestCase.swift /Users/admin/builder/spi-builder-workspace/.dependencies/checkouts/spfk-base/Sources/SPFKBase/Testing/TestCaseModel.swift /Users/admin/builder/spi-builder-workspace/.dependencies/checkouts/spfk-base/Sources/SPFKBase/TypeDescribable.swift -supplementary-output-file-map /Users/admin/builder/spi-builder-workspace/.derivedData/Build/Intermediates.noindex/spfk-base.build/Debug-appletvos/SPFKBase-t.build/Objects-normal/arm64/supplementaryOutputs-111 -emit-localized-strings -emit-localized-strings-path /Users/admin/builder/spi-builder-workspace/.derivedData/Build/Intermediates.noindex/spfk-base.build/Debug-appletvos/SPFKBase-t.build/Objects-normal/arm64 -target arm64-apple-tvos16.0 -disable-cross-import-overlay-search -load-resolved-plugin /Applications/Xcode-27.0.0.app/Contents/Developer/Platforms/AppleTVOS.platform/Developer/usr/lib/swift/host/plugins/libFoundationMacros.dylib\#/Applications/Xcode-27.0.0.app/Contents/Developer/Platforms/AppleTVOS.platform/Developer/usr/bin/swift-plugin-server\#FoundationMacros -load-resolved-plugin /Applications/Xcode-27.0.0.app/Contents/Developer/Platforms/AppleTVOS.platform/Developer/usr/lib/swift/host/plugins/libObservationMacros.dylib\#/Applications/Xcode-27.0.0.app/Contents/Developer/Platforms/AppleTVOS.platform/Developer/usr/bin/swift-plugin-server\#ObservationMacros -load-resolved-plugin /Applications/Xcode-27.0.0.app/Contents/Developer/Platforms/AppleTVOS.platform/Developer/usr/lib/swift/host/plugins/libPreviewsMacros.dylib\#/Applications/Xcode-27.0.0.app/Contents/Developer/Platforms/AppleTVOS.platform/Developer/usr/bin/swift-plugin-server\#PreviewsMacros -load-resolved-plugin /Applications/Xcode-27.0.0.app/Contents/Developer/Platforms/AppleTVOS.platform/Developer/usr/lib/swift/host/plugins/libSwiftMacros.dylib\#/Applications/Xcode-27.0.0.app/Contents/Developer/Platforms/AppleTVOS.platform/Developer/usr/bin/swift-plugin-server\#SwiftMacros -load-resolved-plugin /Applications/Xcode-27.0.0.app/Contents/Developer/Platforms/AppleTVOS.platform/Developer/usr/lib/swift/host/plugins/libSwiftUIMacros.dylib\#/Applications/Xcode-27.0.0.app/Contents/Developer/Platforms/AppleTVOS.platform/Developer/usr/bin/swift-plugin-server\#SwiftUIMacros -disable-implicit-swift-modules -Xcc -fno-implicit-modules -Xcc -fno-implicit-module-maps -explicit-swift-module-map-file /Users/admin/builder/spi-builder-workspace/.derivedData/Build/Intermediates.noindex/spfk-base.build/Debug-appletvos/SPFKBase-t.build/Objects-normal/arm64/SPFKBase-dependencies-1.json -Xllvm -aarch64-use-tbi -enable-objc-interop -stack-check -sdk /Applications/Xcode-27.0.0.app/Contents/Developer/Platforms/AppleTVOS.platform/Developer/SDKs/AppleTVOS27.0.sdk -I /Users/admin/builder/spi-builder-workspace/.derivedData/Build/Products/Debug-appletvos -Isystem /Applications/Xcode-27.0.0.app/Contents/Developer/Platforms/AppleTVOS.platform/Developer/usr/lib -F /Users/admin/builder/spi-builder-workspace/.derivedData/Build/Products/Debug-appletvos/PackageFrameworks -F /Users/admin/builder/spi-builder-workspace/.derivedData/Build/Products/Debug-appletvos -F /Applications/Xcode-27.0.0.app/Contents/Developer/Platforms/AppleTVOS.platform/Developer/Library/Frameworks -F /Applications/Xcode-27.0.0.app/Contents/Developer/Platforms/AppleTVOS.platform/Developer/SDKs/AppleTVOS27.0.sdk/Developer/Library/Frameworks -module-cache-path /Users/admin/builder/spi-builder-workspace/.derivedData/Build/Intermediates.noindex/SwiftExplicitPrecompiledModules -no-color-diagnostics -Xcc -fno-color-diagnostics -enable-testing -g -debug-info-format\=dwarf -dwarf-version\=4 -suppress-warnings -profile-generate -profile-coverage-mapping -swift-version 6 -Onone -D SWIFT_PACKAGE -D DEBUG -D SWIFT_MODULE_RESOURCE_BUNDLE_UNAVAILABLE -D Xcode -serialize-debugging-options -enable-experimental-feature DebugDescriptionMacro -empty-abi-descriptor -user-module-version 1.11.1 -validate-clang-modules-once -clang-build-session-file /Users/admin/builder/spi-builder-workspace/.derivedData/ModuleCache.noindex/Session.modulevalidation -Xcc -working-directory -Xcc /Users/admin/builder/spi-builder-workspace/.swiftpm/xcode -enable-anonymous-context-mangled-names -file-compilation-dir /Users/admin/builder/spi-builder-workspace/.swiftpm/xcode -Xcc -fmodule-map-file\=/Users/admin/builder/spi-builder-workspace/.dependencies/checkouts/swift-numerics/Sources/_NumericsShims/include/module.modulemap -Xcc -fmodule-map-file\=/Users/admin/builder/spi-builder-workspace/.derivedData/Build/Intermediates.noindex/GeneratedModuleMaps-appletvos/SPFKBaseC.modulemap -Xcc -D_LIBCPP_HARDENING_MODE\=_LIBCPP_HARDENING_MODE_DEBUG -Xcc -ivfsstatcache -Xcc /Users/admin/builder/spi-builder-workspace/.derivedData/SDKStatCaches.noindex/appletvos27.0-24J360-e829b21a6f8c9b70876ba0858053c044509235ffd515576fb835ffc8f67461e5.sdkstatcache -Xcc -fmodules-prune-interval\=86400 -Xcc -fmodules-prune-after\=345600 -Xcc -I/Users/admin/builder/spi-builder-workspace/.dependencies/checkouts/swift-numerics/Sources/_NumericsShims/include -Xcc -I/Users/admin/builder/spi-builder-workspace/.dependencies/checkouts/spfk-base/Sources/SPFKBaseC/include -Xcc -I/Users/admin/builder/spi-builder-workspace/.derivedData/Build/Products/Debug-appletvos/include -Xcc -I/Users/admin/builder/spi-builder-workspace/.derivedData/Build/Intermediates.noindex/spfk-base.build/Debug-appletvos/SPFKBase-t.build/DerivedSources-normal/arm64 -Xcc -I/Users/admin/builder/spi-builder-workspace/.derivedData/Build/Intermediates.noindex/spfk-base.build/Debug-appletvos/SPFKBase-t.build/DerivedSources/arm64 -Xcc -I/Users/admin/builder/spi-builder-workspace/.derivedData/Build/Intermediates.noindex/spfk-base.build/Debug-appletvos/SPFKBase-t.build/DerivedSources -Xcc -DSWIFT_PACKAGE -Xcc -DDEBUG\=1 -no-auto-bridging-header-chaining -module-name SPFKBase -package-name spfk_base -const-gather-protocols-file /Users/admin/builder/spi-builder-workspace/.derivedData/Build/Intermediates.noindex/spfk-base.build/Debug-appletvos/SPFKBase-t.build/Objects-normal/arm64/SPFKBase_const_extract_protocols.json -disable-clang-spi -clang-target arm64-apple-tvos27.0 -target-sdk-version 27.0 -target-sdk-name appletvos27.0 -in-process-plugin-server-path /Applications/Xcode-27.0.0.app/Contents/Developer/Toolchains/XcodeDefault.xctoolchain/usr/lib/swift/host/libSwiftInProcPluginServer.dylib -parse-as-library -o /Users/admin/builder/spi-builder-workspace/.derivedData/Build/Intermediates.noindex/spfk-base.build/Debug-appletvos/SPFKBase-t.build/Objects-normal/arm64/FileManager.o -o /Users/admin/builder/spi-builder-workspace/.derivedData/Build/Intermediates.noindex/spfk-base.build/Debug-appletvos/SPFKBase-t.build/Objects-normal/arm64/FloatingPoint.o -o /Users/admin/builder/spi-builder-workspace/.derivedData/Build/Intermediates.noindex/spfk-base.build/Debug-appletvos/SPFKBase-t.build/Objects-normal/arm64/NSError.o -o /Users/admin/builder/spi-builder-workspace/.derivedData/Build/Intermediates.noindex/spfk-base.build/Debug-appletvos/SPFKBase-t.build/Objects-normal/arm64/NSException.o -debug-module-path /Users/admin/builder/spi-builder-workspace/.derivedData/Build/Intermediates.noindex/spfk-base.build/Debug-appletvos/SPFKBase-t.build/Objects-normal/arm64/SPFKBase.swiftmodule -index-unit-output-path /spfk-base.build/Debug-appletvos/SPFKBase-t.build/Objects-normal/arm64/FileManager.o -index-unit-output-path /spfk-base.build/Debug-appletvos/SPFKBase-t.build/Objects-normal/arm64/FloatingPoint.o -index-unit-output-path /spfk-base.build/Debug-appletvos/SPFKBase-t.build/Objects-normal/arm64/NSError.o -index-unit-output-path /spfk-base.build/Debug-appletvos/SPFKBase-t.build/Objects-normal/arm64/NSException.o -index-store-path /Users/admin/builder/spi-builder-workspace/.derivedData/Index.noindex/DataStore -index-system-modules
SwiftCompile normal arm64 /Users/admin/builder/spi-builder-workspace/.dependencies/checkouts/spfk-base/Sources/SPFKBase/Extensions/Foundation/FileManager.swift (in target 'SPFKBase' from project 'spfk-base')
    cd /Users/admin/builder/spi-builder-workspace/.swiftpm/xcode
    builtin-SwiftPerFileCompile FileManager.swift
SwiftCompile normal arm64 /Users/admin/builder/spi-builder-workspace/.dependencies/checkouts/spfk-base/Sources/SPFKBase/Extensions/Foundation/FloatingPoint.swift (in target 'SPFKBase' from project 'spfk-base')
    cd /Users/admin/builder/spi-builder-workspace/.swiftpm/xcode
    builtin-SwiftPerFileCompile FloatingPoint.swift
SwiftCompile normal arm64 /Users/admin/builder/spi-builder-workspace/.dependencies/checkouts/spfk-base/Sources/SPFKBase/Extensions/Foundation/NSError.swift (in target 'SPFKBase' from project 'spfk-base')
    cd /Users/admin/builder/spi-builder-workspace/.swiftpm/xcode
    builtin-SwiftPerFileCompile NSError.swift
SwiftCompile normal arm64 /Users/admin/builder/spi-builder-workspace/.dependencies/checkouts/spfk-base/Sources/SPFKBase/Extensions/Foundation/NSException.swift (in target 'SPFKBase' from project 'spfk-base')
    cd /Users/admin/builder/spi-builder-workspace/.swiftpm/xcode
    builtin-SwiftPerFileCompile NSException.swift
SwiftCompile normal arm64 Compiling\ Benchmark.swift,\ CG\ Wrappers.swift,\ DebouncedTask.swift,\ FloatChannelData.swift,\ HexColor+ColorName.swift /Users/admin/builder/spi-builder-workspace/.dependencies/checkouts/spfk-base/Sources/SPFKBase/Definitions/Benchmark.swift /Users/admin/builder/spi-builder-workspace/.dependencies/checkouts/spfk-base/Sources/SPFKBase/Definitions/CG\ Wrappers.swift /Users/admin/builder/spi-builder-workspace/.dependencies/checkouts/spfk-base/Sources/SPFKBase/Definitions/DebouncedTask.swift /Users/admin/builder/spi-builder-workspace/.dependencies/checkouts/spfk-base/Sources/SPFKBase/Definitions/FloatChannelData.swift /Users/admin/builder/spi-builder-workspace/.dependencies/checkouts/spfk-base/Sources/SPFKBase/Definitions/HexColor/HexColor+ColorName.swift (in target 'SPFKBase' from project 'spfk-base')
SwiftCompile normal arm64 /Users/admin/builder/spi-builder-workspace/.dependencies/checkouts/spfk-base/Sources/SPFKBase/Definitions/Benchmark.swift (in target 'SPFKBase' from project 'spfk-base')
    cd /Users/admin/builder/spi-builder-workspace/.swiftpm/xcode
    builtin-SwiftPerFileCompile Benchmark.swift
SwiftCompile normal arm64 /Users/admin/builder/spi-builder-workspace/.dependencies/checkouts/spfk-base/Sources/SPFKBase/Definitions/CG\ Wrappers.swift (in target 'SPFKBase' from project 'spfk-base')
    cd /Users/admin/builder/spi-builder-workspace/.swiftpm/xcode
    builtin-SwiftPerFileCompile CG\ Wrappers.swift
SwiftCompile normal arm64 /Users/admin/builder/spi-builder-workspace/.dependencies/checkouts/spfk-base/Sources/SPFKBase/Definitions/DebouncedTask.swift (in target 'SPFKBase' from project 'spfk-base')
    cd /Users/admin/builder/spi-builder-workspace/.swiftpm/xcode
    builtin-SwiftPerFileCompile DebouncedTask.swift
SwiftCompile normal arm64 /Users/admin/builder/spi-builder-workspace/.dependencies/checkouts/spfk-base/Sources/SPFKBase/Definitions/FloatChannelData.swift (in target 'SPFKBase' from project 'spfk-base')
    cd /Users/admin/builder/spi-builder-workspace/.swiftpm/xcode
    builtin-SwiftPerFileCompile FloatChannelData.swift
SwiftCompile normal arm64 /Users/admin/builder/spi-builder-workspace/.dependencies/checkouts/spfk-base/Sources/SPFKBase/Definitions/HexColor/HexColor+ColorName.swift (in target 'SPFKBase' from project 'spfk-base')
    cd /Users/admin/builder/spi-builder-workspace/.swiftpm/xcode
    builtin-SwiftPerFileCompile HexColor+ColorName.swift
SwiftCompile normal arm64 Compiling\ HexColor+NSColor.swift,\ HexColor.swift,\ ParseProgressAccess.swift,\ ParseStopSignal.swift,\ MovementDirection.swift /Users/admin/builder/spi-builder-workspace/.dependencies/checkouts/spfk-base/Sources/SPFKBase/Definitions/HexColor/HexColor+NSColor.swift /Users/admin/builder/spi-builder-workspace/.dependencies/checkouts/spfk-base/Sources/SPFKBase/Definitions/HexColor/HexColor.swift /Users/admin/builder/spi-builder-workspace/.dependencies/checkouts/spfk-base/Sources/SPFKBase/Definitions/Import/ParseProgressAccess.swift /Users/admin/builder/spi-builder-workspace/.dependencies/checkouts/spfk-base/Sources/SPFKBase/Definitions/Import/ParseStopSignal.swift /Users/admin/builder/spi-builder-workspace/.dependencies/checkouts/spfk-base/Sources/SPFKBase/Definitions/MovementDirection.swift (in target 'SPFKBase' from project 'spfk-base')
SwiftCompile normal arm64 /Users/admin/builder/spi-builder-workspace/.dependencies/checkouts/spfk-base/Sources/SPFKBase/Definitions/HexColor/HexColor+NSColor.swift (in target 'SPFKBase' from project 'spfk-base')
    cd /Users/admin/builder/spi-builder-workspace/.swiftpm/xcode
    builtin-SwiftPerFileCompile HexColor+NSColor.swift
SwiftCompile normal arm64 /Users/admin/builder/spi-builder-workspace/.dependencies/checkouts/spfk-base/Sources/SPFKBase/Definitions/HexColor/HexColor.swift (in target 'SPFKBase' from project 'spfk-base')
    cd /Users/admin/builder/spi-builder-workspace/.swiftpm/xcode
    builtin-SwiftPerFileCompile HexColor.swift
SwiftCompile normal arm64 /Users/admin/builder/spi-builder-workspace/.dependencies/checkouts/spfk-base/Sources/SPFKBase/Definitions/Import/ParseProgressAccess.swift (in target 'SPFKBase' from project 'spfk-base')
    cd /Users/admin/builder/spi-builder-workspace/.swiftpm/xcode
    builtin-SwiftPerFileCompile ParseProgressAccess.swift
SwiftCompile normal arm64 /Users/admin/builder/spi-builder-workspace/.dependencies/checkouts/spfk-base/Sources/SPFKBase/Definitions/Import/ParseStopSignal.swift (in target 'SPFKBase' from project 'spfk-base')
    cd /Users/admin/builder/spi-builder-workspace/.swiftpm/xcode
    builtin-SwiftPerFileCompile ParseStopSignal.swift
SwiftCompile normal arm64 /Users/admin/builder/spi-builder-workspace/.dependencies/checkouts/spfk-base/Sources/SPFKBase/Definitions/MovementDirection.swift (in target 'SPFKBase' from project 'spfk-base')
    cd /Users/admin/builder/spi-builder-workspace/.swiftpm/xcode
    builtin-SwiftPerFileCompile MovementDirection.swift
PruneExplicitPrecompiledModules /Users/admin/builder/spi-builder-workspace/.derivedData/Build/Intermediates.noindex/ExplicitPrecompiledModules
PruneExplicitPrecompiledModules /Users/admin/builder/spi-builder-workspace/.derivedData/Build/Intermediates.noindex/SwiftExplicitPrecompiledModules
PruneExplicitPrecompiledModules /Users/admin/builder/spi-builder-workspace/.derivedData/SDKExplicitPrecompiledModules
2026-10-05 07:34:48.376 xcodebuild[1093:5969] [MT] IDERunDestination: Supported platforms for the buildables in the current scheme is empty.
** BUILD FAILED **
The following build commands failed:
	SwiftCompile normal arm64 Compiling\ FileManager.swift,\ FloatingPoint.swift,\ NSError.swift,\ NSException.swift /Users/admin/builder/spi-builder-workspace/.dependencies/checkouts/spfk-base/Sources/SPFKBase/Extensions/Foundation/FileManager.swift /Users/admin/builder/spi-builder-workspace/.dependencies/checkouts/spfk-base/Sources/SPFKBase/Extensions/Foundation/FloatingPoint.swift /Users/admin/builder/spi-builder-workspace/.dependencies/checkouts/spfk-base/Sources/SPFKBase/Extensions/Foundation/NSError.swift /Users/admin/builder/spi-builder-workspace/.dependencies/checkouts/spfk-base/Sources/SPFKBase/Extensions/Foundation/NSException.swift (in target 'SPFKBase' from project 'spfk-base')
	SwiftCompile normal arm64 /Users/admin/builder/spi-builder-workspace/.dependencies/checkouts/spfk-base/Sources/SPFKBase/Extensions/Foundation/FileManager.swift (in target 'SPFKBase' from project 'spfk-base')
	Building workspace spfk-classification with scheme spfk-classification
(3 failures)
Command line invocation:
    /Applications/Xcode-27.0.0.app/Contents/Developer/usr/bin/xcodebuild -IDEClonedSourcePackagesDirPathOverride=/Users/admin/builder/spi-builder-workspace/.dependencies -resolvePackageDependencies
Resolve Package Graph
Resolved source packages:
  spfk-filesystem: https://github.com/ryanfrancesconi/spfk-filesystem @ 1.11.0
  swift-extensions: https://github.com/orchetect/swift-extensions @ 2.3.2
  XAttr: https://github.com/jozefizso/swift-xattr @ 3.0.1
  spfk-testing: https://github.com/ryanfrancesconi/spfk-testing @ 1.12.0
  swift-collections: https://github.com/apple/swift-collections @ 1.7.1
  swift-numerics: https://github.com/apple/swift-numerics @ 1.1.1
  swift-async-algorithms: https://github.com/apple/swift-async-algorithms @ 1.1.7
  swift-timecode: https://github.com/orchetect/swift-timecode @ 3.1.4
  spfk-video: https://github.com/ryanfrancesconi/spfk-video @ 1.13.0
  spfk-audio-base: https://github.com/ryanfrancesconi/spfk-audio-base @ 1.17.0
  spfk-classification: /Users/admin/builder/spi-builder-workspace
  spfk-base: https://github.com/ryanfrancesconi/spfk-base @ 1.11.1
  swift-data-parsing: https://github.com/orchetect/swift-data-parsing @ 0.1.2
resolved source packages: spfk-filesystem, swift-extensions, XAttr, spfk-testing, swift-collections, swift-numerics, swift-async-algorithms, swift-timecode, spfk-video, spfk-audio-base, spfk-classification, spfk-base, swift-data-parsing
2026-10-05 07:35:09.537 xcodebuild[1619:8990] [MT] IDERunDestination: Supported platforms for the buildables in the current scheme is empty.
{
  "default_localization" : "en",
  "dependencies" : [
    {
      "identity" : "spfk-base",
      "requirement" : {
        "range" : [
          {
            "lower_bound" : "1.2.3",
            "upper_bound" : "2.0.0"
          }
        ]
      },
      "type" : "sourceControl",
      "url" : "https://github.com/ryanfrancesconi/spfk-base"
    },
    {
      "identity" : "spfk-video",
      "requirement" : {
        "range" : [
          {
            "lower_bound" : "1.3.0",
            "upper_bound" : "2.0.0"
          }
        ]
      },
      "type" : "sourceControl",
      "url" : "https://github.com/ryanfrancesconi/spfk-video"
    },
    {
      "identity" : "spfk-audio-base",
      "requirement" : {
        "range" : [
          {
            "lower_bound" : "1.6.1",
            "upper_bound" : "2.0.0"
          }
        ]
      },
      "type" : "sourceControl",
      "url" : "https://github.com/ryanfrancesconi/spfk-audio-base"
    },
    {
      "identity" : "spfk-testing",
      "requirement" : {
        "range" : [
          {
            "lower_bound" : "1.1.1",
            "upper_bound" : "2.0.0"
          }
        ]
      },
      "type" : "sourceControl",
      "url" : "https://github.com/ryanfrancesconi/spfk-testing"
    }
  ],
  "manifest_display_name" : "spfk-classification",
  "name" : "spfk-classification",
  "path" : "/Users/admin/builder/spi-builder-workspace",
  "platforms" : [
    {
      "name" : "macos",
      "version" : "13.0"
    },
    {
      "name" : "ios",
      "version" : "16.0"
    }
  ],
  "products" : [
    {
      "name" : "SPFKClassification",
      "targets" : [
        "SPFKClassification"
      ],
      "type" : {
        "library" : [
          "automatic"
        ]
      }
    }
  ],
  "targets" : [
    {
      "c99name" : "SPFKClassificationTests",
      "module_type" : "SwiftTarget",
      "name" : "SPFKClassificationTests",
      "path" : "Tests/SPFKClassificationTests",
      "product_dependencies" : [
        "SPFKAudioBase",
        "SPFKTesting"
      ],
      "sources" : [
        "ImageClassificationTests.swift",
        "SoundClassificationCancellationTests.swift",
        "SoundClassificationTests.swift",
        "VideoClassificationTests.swift",
        "VideoTestFixture.swift"
      ],
      "target_dependencies" : [
        "SPFKClassification"
      ],
      "type" : "test"
    },
    {
      "c99name" : "SPFKClassification",
      "module_type" : "SwiftTarget",
      "name" : "SPFKClassification",
      "path" : "Sources/SPFKClassification",
      "product_dependencies" : [
        "SPFKBase",
        "SPFKVideo"
      ],
      "product_memberships" : [
        "SPFKClassification"
      ],
      "sources" : [
        "ImageClassification.swift",
        "SoundClassification.swift",
        "SoundClassificationResultObserver.swift"
      ],
      "type" : "library"
    }
  ],
  "tools_version" : "6.2"
}
{
  "workspace" : {
    "name" : "spfk-classification",
    "schemes" : [
      "spfk-classification",
      "swift-data-parsing",
      "swift-timecode"
    ]
  }
}
2026-10-05 07:35:11.408 xcodebuild[1627:9059] [MT] IDERunDestination: Supported platforms for the buildables in the current scheme is empty.
{
  "workspace" : {
    "name" : "spfk-classification",
    "schemes" : [
      "spfk-classification",
      "swift-data-parsing",
      "swift-timecode"
    ]
  }
}
2026-10-05 07:35:13.005 xcodebuild[1629:9094] [MT] IDERunDestination: Supported platforms for the buildables in the current scheme is empty.
Running build ...
env DEVELOPER_DIR=/Applications/Xcode-27.0.0-Release.Candidate.app xcrun xcodebuild -IDEClonedSourcePackagesDirPathOverride=$PWD/.dependencies -skipMacroValidation -skipPackagePluginValidation -derivedDataPath $PWD/.derivedData build -scheme spfk-classification -destination generic/platform=tvOS
Command line invocation:
    /Applications/Xcode-27.0.0.app/Contents/Developer/usr/bin/xcodebuild -IDEClonedSourcePackagesDirPathOverride=/Users/admin/builder/spi-builder-workspace/.dependencies -skipMacroValidation -skipPackagePluginValidation -derivedDataPath /Users/admin/builder/spi-builder-workspace/.derivedData build -scheme spfk-classification -destination generic/platform=tvOS
Resolve Package Graph
Resolved source packages:
  spfk-base: https://github.com/ryanfrancesconi/spfk-base @ 1.11.1
  spfk-filesystem: https://github.com/ryanfrancesconi/spfk-filesystem @ 1.11.0
  swift-collections: https://github.com/apple/swift-collections @ 1.7.1
  swift-extensions: https://github.com/orchetect/swift-extensions @ 2.3.2
  XAttr: https://github.com/jozefizso/swift-xattr @ 3.0.1
  spfk-classification: /Users/admin/builder/spi-builder-workspace
  swift-async-algorithms: https://github.com/apple/swift-async-algorithms @ 1.1.7
  swift-numerics: https://github.com/apple/swift-numerics @ 1.1.1
  spfk-testing: https://github.com/ryanfrancesconi/spfk-testing @ 1.12.0
  spfk-audio-base: https://github.com/ryanfrancesconi/spfk-audio-base @ 1.17.0
  swift-timecode: https://github.com/orchetect/swift-timecode @ 3.1.4
  spfk-video: https://github.com/ryanfrancesconi/spfk-video @ 1.13.0
  swift-data-parsing: https://github.com/orchetect/swift-data-parsing @ 0.1.2
ComputePackagePrebuildTargetDependencyGraph
Prepare packages
CreateBuildRequest
SendProjectDescription
CreateBuildOperation
ComputeTargetDependencyGraph
note: Building targets in dependency order
note: Target dependency graph (36 targets)
    Target 'SPFKClassification-product' in project 'spfk-classification'
        ➜ Explicit dependency on target 'SPFKClassification' in project 'spfk-classification'
        ➜ Explicit dependency on target 'SPFKBase-product' in project 'spfk-base'
        ➜ Explicit dependency on target 'SPFKVideo-product' in project 'spfk-video'
    Target 'SPFKClassification' in project 'spfk-classification'
        ➜ Explicit dependency on target 'SPFKBase-product' in project 'spfk-base'
        ➜ Explicit dependency on target 'SPFKVideo-product' in project 'spfk-video'
    Target 'SPFKVideo-product' in project 'spfk-video'
        ➜ Explicit dependency on target 'SPFKVideo' in project 'spfk-video'
        ➜ Explicit dependency on target 'spfk-video_SPFKVideo' in project 'spfk-video'
        ➜ Explicit dependency on target 'SPFKBase-product' in project 'spfk-base'
        ➜ Explicit dependency on target 'SwiftTimecode-product' in project 'swift-timecode'
        ➜ Explicit dependency on target 'OrderedCollections-product' in project 'swift-collections'
    Target 'SPFKVideo' in project 'spfk-video'
        ➜ Explicit dependency on target 'spfk-video_SPFKVideo' in project 'spfk-video'
        ➜ Explicit dependency on target 'SPFKBase-product' in project 'spfk-base'
        ➜ Explicit dependency on target 'SwiftTimecode-product' in project 'swift-timecode'
        ➜ Explicit dependency on target 'OrderedCollections-product' in project 'swift-collections'
    Target 'SwiftTimecode-product' in project 'swift-timecode'
        ➜ Explicit dependency on target 'SwiftTimecode' in project 'swift-timecode'
        ➜ Explicit dependency on target 'SwiftTimecodeCore' in project 'swift-timecode'
        ➜ Explicit dependency on target 'SwiftTimecodeAV' in project 'swift-timecode'
        ➜ Explicit dependency on target 'SwiftTimecodeUI' in project 'swift-timecode'
    Target 'SwiftTimecode' in project 'swift-timecode'
        ➜ Explicit dependency on target 'SwiftTimecodeCore' in project 'swift-timecode'
        ➜ Explicit dependency on target 'SwiftTimecodeAV' in project 'swift-timecode'
        ➜ Explicit dependency on target 'SwiftTimecodeUI' in project 'swift-timecode'
    Target 'SwiftTimecodeUI' in project 'swift-timecode'
        ➜ Explicit dependency on target 'SwiftTimecodeCore' in project 'swift-timecode'
    Target 'SwiftTimecodeAV' in project 'swift-timecode'
        ➜ Explicit dependency on target 'SwiftTimecodeCore' in project 'swift-timecode'
    Target 'SwiftTimecodeCore' in project 'swift-timecode' (no dependencies)
    Target 'spfk-video_SPFKVideo' in project 'spfk-video' (no dependencies)
    Target 'SPFKBase-product' in project 'spfk-base'
        ➜ Explicit dependency on target 'SPFKBase' in project 'spfk-base'
        ➜ Explicit dependency on target 'SPFKBaseC' in project 'spfk-base'
        ➜ Explicit dependency on target 'SwiftExtensions-product' in project 'swift-extensions'
        ➜ Explicit dependency on target 'Numerics-product' in project 'swift-numerics'
        ➜ Explicit dependency on target 'Collections-product' in project 'swift-collections'
        ➜ Explicit dependency on target 'AsyncAlgorithms-product' in project 'swift-async-algorithms'
    Target 'SPFKBase' in project 'spfk-base'
        ➜ Explicit dependency on target 'SPFKBaseC' in project 'spfk-base'
        ➜ Explicit dependency on target 'SwiftExtensions-product' in project 'swift-extensions'
        ➜ Explicit dependency on target 'Numerics-product' in project 'swift-numerics'
        ➜ Explicit dependency on target 'Collections-product' in project 'swift-collections'
        ➜ Explicit dependency on target 'AsyncAlgorithms-product' in project 'swift-async-algorithms'
    Target 'AsyncAlgorithms-product' in project 'swift-async-algorithms'
        ➜ Explicit dependency on target 'AsyncAlgorithms' in project 'swift-async-algorithms'
        ➜ Explicit dependency on target 'OrderedCollections-product' in project 'swift-collections'
        ➜ Explicit dependency on target 'DequeModule-product' in project 'swift-collections'
    Target 'AsyncAlgorithms' in project 'swift-async-algorithms'
        ➜ Explicit dependency on target 'OrderedCollections-product' in project 'swift-collections'
        ➜ Explicit dependency on target 'DequeModule-product' in project 'swift-collections'
    Target 'DequeModule-product' in project 'swift-collections'
        ➜ Explicit dependency on target 'DequeModule' in project 'swift-collections'
        ➜ Explicit dependency on target 'InternalCollectionsUtilities' in project 'swift-collections'
        ➜ Explicit dependency on target 'SpanPreview' in project 'swift-collections'
    Target 'OrderedCollections-product' in project 'swift-collections'
        ➜ Explicit dependency on target 'OrderedCollections' in project 'swift-collections'
        ➜ Explicit dependency on target 'InternalCollectionsUtilities' in project 'swift-collections'
    Target 'Collections-product' in project 'swift-collections'
        ➜ Explicit dependency on target 'Collections' in project 'swift-collections'
        ➜ Explicit dependency on target 'InternalCollectionsUtilities' in project 'swift-collections'
        ➜ Explicit dependency on target 'BitCollections' in project 'swift-collections'
        ➜ Explicit dependency on target 'SpanPreview' in project 'swift-collections'
        ➜ Explicit dependency on target 'DequeModule' in project 'swift-collections'
        ➜ Explicit dependency on target 'HashTreeCollections' in project 'swift-collections'
        ➜ Explicit dependency on target 'HeapModule' in project 'swift-collections'
        ➜ Explicit dependency on target 'OrderedCollections' in project 'swift-collections'
        ➜ Explicit dependency on target '_RopeModule' in project 'swift-collections'
    Target 'Collections' in project 'swift-collections'
        ➜ Explicit dependency on target 'InternalCollectionsUtilities' in project 'swift-collections'
        ➜ Explicit dependency on target 'BitCollections' in project 'swift-collections'
        ➜ Explicit dependency on target 'SpanPreview' in project 'swift-collections'
        ➜ Explicit dependency on target 'DequeModule' in project 'swift-collections'
        ➜ Explicit dependency on target 'HashTreeCollections' in project 'swift-collections'
        ➜ Explicit dependency on target 'HeapModule' in project 'swift-collections'
        ➜ Explicit dependency on target 'OrderedCollections' in project 'swift-collections'
        ➜ Explicit dependency on target '_RopeModule' in project 'swift-collections'
    Target '_RopeModule' in project 'swift-collections'
        ➜ Explicit dependency on target 'InternalCollectionsUtilities' in project 'swift-collections'
    Target 'OrderedCollections' in project 'swift-collections'
        ➜ Explicit dependency on target 'InternalCollectionsUtilities' in project 'swift-collections'
    Target 'HeapModule' in project 'swift-collections'
        ➜ Explicit dependency on target 'InternalCollectionsUtilities' in project 'swift-collections'
    Target 'HashTreeCollections' in project 'swift-collections'
        ➜ Explicit dependency on target 'InternalCollectionsUtilities' in project 'swift-collections'
    Target 'DequeModule' in project 'swift-collections'
        ➜ Explicit dependency on target 'InternalCollectionsUtilities' in project 'swift-collections'
        ➜ Explicit dependency on target 'SpanPreview' in project 'swift-collections'
    Target 'SpanPreview' in project 'swift-collections'
        ➜ Explicit dependency on target 'InternalCollectionsUtilities' in project 'swift-collections'
    Target 'BitCollections' in project 'swift-collections'
        ➜ Explicit dependency on target 'InternalCollectionsUtilities' in project 'swift-collections'
    Target 'InternalCollectionsUtilities' in project 'swift-collections' (no dependencies)
    Target 'Numerics-product' in project 'swift-numerics'
        ➜ Explicit dependency on target 'Numerics' in project 'swift-numerics'
        ➜ Explicit dependency on target '_NumericsShims' in project 'swift-numerics'
        ➜ Explicit dependency on target 'RealModule' in project 'swift-numerics'
        ➜ Explicit dependency on target 'ComplexModule' in project 'swift-numerics'
    Target 'Numerics' in project 'swift-numerics'
        ➜ Explicit dependency on target '_NumericsShims' in project 'swift-numerics'
        ➜ Explicit dependency on target 'RealModule' in project 'swift-numerics'
        ➜ Explicit dependency on target 'ComplexModule' in project 'swift-numerics'
    Target 'ComplexModule' in project 'swift-numerics'
        ➜ Explicit dependency on target '_NumericsShims' in project 'swift-numerics'
        ➜ Explicit dependency on target 'RealModule' in project 'swift-numerics'
    Target 'RealModule' in project 'swift-numerics'
        ➜ Explicit dependency on target '_NumericsShims' in project 'swift-numerics'
    Target '_NumericsShims' in project 'swift-numerics' (no dependencies)
    Target 'SwiftExtensions-product' in project 'swift-extensions'
        ➜ Explicit dependency on target 'SwiftExtensions' in project 'swift-extensions'
        ➜ Explicit dependency on target 'SwiftDataParsing-product' in project 'swift-data-parsing'
    Target 'SwiftExtensions' in project 'swift-extensions'
        ➜ Explicit dependency on target 'SwiftDataParsing-product' in project 'swift-data-parsing'
    Target 'SwiftDataParsing-product' in project 'swift-data-parsing'
        ➜ Explicit dependency on target 'SwiftDataParsing' in project 'swift-data-parsing'
    Target 'SwiftDataParsing' in project 'swift-data-parsing' (no dependencies)
    Target 'SPFKBaseC' in project 'spfk-base' (no dependencies)
GatherProvisioningInputs
CreateBuildDescription
ClangStatCache /Applications/Xcode-27.0.0.app/Contents/Developer/Toolchains/XcodeDefault.xctoolchain/usr/bin/clang-stat-cache /Applications/Xcode-27.0.0.app/Contents/Developer/Platforms/AppleTVOS.platform/Developer/SDKs/AppleTVOS27.0.sdk /Users/admin/builder/spi-builder-workspace/.derivedData/SDKStatCaches.noindex/appletvos27.0-24J360-e829b21a6f8c9b70876ba0858053c044509235ffd515576fb835ffc8f67461e5.sdkstatcache
    cd /Users/admin/builder/spi-builder-workspace/.swiftpm/xcode
    /Applications/Xcode-27.0.0.app/Contents/Developer/Toolchains/XcodeDefault.xctoolchain/usr/bin/clang-stat-cache /Applications/Xcode-27.0.0.app/Contents/Developer/Platforms/AppleTVOS.platform/Developer/SDKs/AppleTVOS27.0.sdk -o /Users/admin/builder/spi-builder-workspace/.derivedData/SDKStatCaches.noindex/appletvos27.0-24J360-e829b21a6f8c9b70876ba0858053c044509235ffd515576fb835ffc8f67461e5.sdkstatcache
SwiftDriver SPFKBase normal arm64 com.apple.xcode.tools.swift.compiler (in target 'SPFKBase' from project 'spfk-base')
    cd /Users/admin/builder/spi-builder-workspace/.swiftpm/xcode
    builtin-SwiftDriver -- /Applications/Xcode-27.0.0.app/Contents/Developer/Toolchains/XcodeDefault.xctoolchain/usr/bin/swiftc -parse-as-library -module-name SPFKBase -Onone @/Users/admin/builder/spi-builder-workspace/.derivedData/Build/Intermediates.noindex/spfk-base.build/Debug-appletvos/SPFKBase-t.build/Objects-normal/arm64/SPFKBase.SwiftFileList -DSWIFT_PACKAGE -DDEBUG -DSWIFT_MODULE_RESOURCE_BUNDLE_UNAVAILABLE -Xcc -fmodule-map-file\=/Users/admin/builder/spi-builder-workspace/.dependencies/checkouts/swift-numerics/Sources/_NumericsShims/include/module.modulemap -Xcc -fmodule-map-file\=/Users/admin/builder/spi-builder-workspace/.derivedData/Build/Intermediates.noindex/GeneratedModuleMaps-appletvos/SPFKBaseC.modulemap -DXcode -plugin-path /Applications/Xcode-27.0.0.app/Contents/Developer/Toolchains/XcodeDefault.xctoolchain/usr/lib/swift/host/plugins/testing -enable-experimental-feature DebugDescriptionMacro -sdk /Applications/Xcode-27.0.0.app/Contents/Developer/Platforms/AppleTVOS.platform/Developer/SDKs/AppleTVOS27.0.sdk -target arm64-apple-tvos16.0 -g -module-cache-path /Users/admin/builder/spi-builder-workspace/.derivedData/ModuleCache.noindex -Xfrontend -serialize-debugging-options -profile-coverage-mapping -profile-generate -enable-testing -suppress-warnings -index-store-path /Users/admin/builder/spi-builder-workspace/.derivedData/Index.noindex/DataStore -Xcc -D_LIBCPP_HARDENING_MODE\=_LIBCPP_HARDENING_MODE_DEBUG -swift-version 6 -I /Users/admin/builder/spi-builder-workspace/.derivedData/Build/Products/Debug-appletvos -Isystem /Applications/Xcode-27.0.0.app/Contents/Developer/Platforms/AppleTVOS.platform/Developer/usr/lib -F /Users/admin/builder/spi-builder-workspace/.derivedData/Build/Products/Debug-appletvos/PackageFrameworks -F /Users/admin/builder/spi-builder-workspace/.derivedData/Build/Products/Debug-appletvos -F /Applications/Xcode-27.0.0.app/Contents/Developer/Platforms/AppleTVOS.platform/Developer/Library/Frameworks -F /Applications/Xcode-27.0.0.app/Contents/Developer/Platforms/AppleTVOS.platform/Developer/SDKs/AppleTVOS27.0.sdk/Developer/Library/Frameworks -emit-localized-strings -emit-localized-strings-path /Users/admin/builder/spi-builder-workspace/.derivedData/Build/Intermediates.noindex/spfk-base.build/Debug-appletvos/SPFKBase-t.build/Objects-normal/arm64 -c -j10 -enable-batch-mode -incremental -Xcc -ivfsstatcache -Xcc /Users/admin/builder/spi-builder-workspace/.derivedData/SDKStatCaches.noindex/appletvos27.0-24J360-e829b21a6f8c9b70876ba0858053c044509235ffd515576fb835ffc8f67461e5.sdkstatcache -output-file-map /Users/admin/builder/spi-builder-workspace/.derivedData/Build/Intermediates.noindex/spfk-base.build/Debug-appletvos/SPFKBase-t.build/Objects-normal/arm64/SPFKBase-OutputFileMap.json -save-temps -no-color-diagnostics -explicit-module-build -module-cache-path /Users/admin/builder/spi-builder-workspace/.derivedData/Build/Intermediates.noindex/SwiftExplicitPrecompiledModules -clang-scanner-module-cache-path /Users/admin/builder/spi-builder-workspace/.derivedData/ModuleCache.noindex -sdk-module-cache-path /Users/admin/builder/spi-builder-workspace/.derivedData/SDKExplicitPrecompiledModules -emit-dependencies -emit-module -emit-module-path /Users/admin/builder/spi-builder-workspace/.derivedData/Build/Intermediates.noindex/spfk-base.build/Debug-appletvos/SPFKBase-t.build/Objects-normal/arm64/SPFKBase.swiftmodule -serialize-diagnostics -dependency-scan-serialize-diagnostics-path /Users/admin/builder/spi-builder-workspace/.derivedData/Build/Intermediates.noindex/spfk-base.build/Debug-appletvos/SPFKBase-t.build/Objects-normal/arm64/SPFKBase-dependency-scan.dia -user-module-version 1.11.1 -validate-clang-modules-once -clang-build-session-file /Users/admin/builder/spi-builder-workspace/.derivedData/ModuleCache.noindex/Session.modulevalidation -Xcc -fmodules-prune-interval\=86400 -Xcc -fmodules-prune-after\=345600 -package-name spfk_base -emit-const-values -const-gather-protocols-list /Users/admin/builder/spi-builder-workspace/.derivedData/Build/Intermediates.noindex/spfk-base.build/Debug-appletvos/SPFKBase-t.build/Objects-normal/arm64/SPFKBase_const_extract_protocols.json -Xcc -I/Users/admin/builder/spi-builder-workspace/.dependencies/checkouts/swift-numerics/Sources/_NumericsShims/include -Xcc -I/Users/admin/builder/spi-builder-workspace/.dependencies/checkouts/spfk-base/Sources/SPFKBaseC/include -Xcc -I/Users/admin/builder/spi-builder-workspace/.derivedData/Build/Products/Debug-appletvos/include -Xcc -I/Users/admin/builder/spi-builder-workspace/.derivedData/Build/Intermediates.noindex/spfk-base.build/Debug-appletvos/SPFKBase-t.build/DerivedSources-normal/arm64 -Xcc -I/Users/admin/builder/spi-builder-workspace/.derivedData/Build/Intermediates.noindex/spfk-base.build/Debug-appletvos/SPFKBase-t.build/DerivedSources/arm64 -Xcc -I/Users/admin/builder/spi-builder-workspace/.derivedData/Build/Intermediates.noindex/spfk-base.build/Debug-appletvos/SPFKBase-t.build/DerivedSources -Xcc -DSWIFT_PACKAGE -Xcc -DDEBUG\=1 -emit-objc-header -emit-objc-header-path /Users/admin/builder/spi-builder-workspace/.derivedData/Build/Intermediates.noindex/spfk-base.build/Debug-appletvos/SPFKBase-t.build/Objects-normal/arm64/SPFKBase-Swift.h -working-directory /Users/admin/builder/spi-builder-workspace/.swiftpm/xcode -experimental-emit-module-separately -disable-cmo
SwiftCompile normal arm64 Compiling\ AsyncSequence.swift,\ Bool+Extensions.swift,\ Collection\ General.swift,\ Collection\ String.swift /Users/admin/builder/spi-builder-workspace/.dependencies/checkouts/spfk-base/Sources/SPFKBase/Extensions/Foundation/AsyncSequence.swift /Users/admin/builder/spi-builder-workspace/.dependencies/checkouts/spfk-base/Sources/SPFKBase/Extensions/Foundation/Bool+Extensions.swift /Users/admin/builder/spi-builder-workspace/.dependencies/checkouts/spfk-base/Sources/SPFKBase/Extensions/Foundation/Collection\ General.swift /Users/admin/builder/spi-builder-workspace/.dependencies/checkouts/spfk-base/Sources/SPFKBase/Extensions/Foundation/Collection\ String.swift (in target 'SPFKBase' from project 'spfk-base')
SwiftCompile normal arm64 /Users/admin/builder/spi-builder-workspace/.dependencies/checkouts/spfk-base/Sources/SPFKBase/Extensions/Foundation/AsyncSequence.swift (in target 'SPFKBase' from project 'spfk-base')
    cd /Users/admin/builder/spi-builder-workspace/.swiftpm/xcode
    builtin-SwiftPerFileCompile AsyncSequence.swift
SwiftCompile normal arm64 /Users/admin/builder/spi-builder-workspace/.dependencies/checkouts/spfk-base/Sources/SPFKBase/Extensions/Foundation/Bool+Extensions.swift (in target 'SPFKBase' from project 'spfk-base')
    cd /Users/admin/builder/spi-builder-workspace/.swiftpm/xcode
    builtin-SwiftPerFileCompile Bool+Extensions.swift
SwiftCompile normal arm64 /Users/admin/builder/spi-builder-workspace/.dependencies/checkouts/spfk-base/Sources/SPFKBase/Extensions/Foundation/Collection\ General.swift (in target 'SPFKBase' from project 'spfk-base')
    cd /Users/admin/builder/spi-builder-workspace/.swiftpm/xcode
    builtin-SwiftPerFileCompile Collection\ General.swift
SwiftCompile normal arm64 /Users/admin/builder/spi-builder-workspace/.dependencies/checkouts/spfk-base/Sources/SPFKBase/Extensions/Foundation/Collection\ String.swift (in target 'SPFKBase' from project 'spfk-base')
    cd /Users/admin/builder/spi-builder-workspace/.swiftpm/xcode
    builtin-SwiftPerFileCompile Collection\ String.swift
SwiftCompile normal arm64 Compiling\ UnitInterval.swift,\ ExceptionTrap.swift,\ Floating\ Point.swift,\ FourCharCode.swift /Users/admin/builder/spi-builder-workspace/.dependencies/checkouts/spfk-base/Sources/SPFKBase/Definitions/UnitInterval.swift /Users/admin/builder/spi-builder-workspace/.dependencies/checkouts/spfk-base/Sources/SPFKBase/ExceptionTrap.swift /Users/admin/builder/spi-builder-workspace/.dependencies/checkouts/spfk-base/Sources/SPFKBase/Extensions/CoreFoundation/Floating\ Point.swift /Users/admin/builder/spi-builder-workspace/.dependencies/checkouts/spfk-base/Sources/SPFKBase/Extensions/CoreFoundation/FourCharCode.swift (in target 'SPFKBase' from project 'spfk-base')
SwiftCompile normal arm64 /Users/admin/builder/spi-builder-workspace/.dependencies/checkouts/spfk-base/Sources/SPFKBase/Definitions/UnitInterval.swift (in target 'SPFKBase' from project 'spfk-base')
    cd /Users/admin/builder/spi-builder-workspace/.swiftpm/xcode
    builtin-SwiftPerFileCompile UnitInterval.swift
SwiftCompile normal arm64 /Users/admin/builder/spi-builder-workspace/.dependencies/checkouts/spfk-base/Sources/SPFKBase/ExceptionTrap.swift (in target 'SPFKBase' from project 'spfk-base')
    cd /Users/admin/builder/spi-builder-workspace/.swiftpm/xcode
    builtin-SwiftPerFileCompile ExceptionTrap.swift
SwiftCompile normal arm64 /Users/admin/builder/spi-builder-workspace/.dependencies/checkouts/spfk-base/Sources/SPFKBase/Extensions/CoreFoundation/Floating\ Point.swift (in target 'SPFKBase' from project 'spfk-base')
    cd /Users/admin/builder/spi-builder-workspace/.swiftpm/xcode
    builtin-SwiftPerFileCompile Floating\ Point.swift
SwiftCompile normal arm64 /Users/admin/builder/spi-builder-workspace/.dependencies/checkouts/spfk-base/Sources/SPFKBase/Extensions/CoreFoundation/FourCharCode.swift (in target 'SPFKBase' from project 'spfk-base')
    cd /Users/admin/builder/spi-builder-workspace/.swiftpm/xcode
    builtin-SwiftPerFileCompile FourCharCode.swift
SwiftCompile normal arm64 Compiling\ Benchmark.swift,\ CG\ Wrappers.swift,\ DebouncedTask.swift,\ FloatChannelData.swift,\ HexColor+ColorName.swift /Users/admin/builder/spi-builder-workspace/.dependencies/checkouts/spfk-base/Sources/SPFKBase/Definitions/Benchmark.swift /Users/admin/builder/spi-builder-workspace/.dependencies/checkouts/spfk-base/Sources/SPFKBase/Definitions/CG\ Wrappers.swift /Users/admin/builder/spi-builder-workspace/.dependencies/checkouts/spfk-base/Sources/SPFKBase/Definitions/DebouncedTask.swift /Users/admin/builder/spi-builder-workspace/.dependencies/checkouts/spfk-base/Sources/SPFKBase/Definitions/FloatChannelData.swift /Users/admin/builder/spi-builder-workspace/.dependencies/checkouts/spfk-base/Sources/SPFKBase/Definitions/HexColor/HexColor+ColorName.swift (in target 'SPFKBase' from project 'spfk-base')
SwiftCompile normal arm64 /Users/admin/builder/spi-builder-workspace/.dependencies/checkouts/spfk-base/Sources/SPFKBase/Definitions/Benchmark.swift (in target 'SPFKBase' from project 'spfk-base')
    cd /Users/admin/builder/spi-builder-workspace/.swiftpm/xcode
    builtin-SwiftPerFileCompile Benchmark.swift
SwiftCompile normal arm64 /Users/admin/builder/spi-builder-workspace/.dependencies/checkouts/spfk-base/Sources/SPFKBase/Definitions/CG\ Wrappers.swift (in target 'SPFKBase' from project 'spfk-base')
    cd /Users/admin/builder/spi-builder-workspace/.swiftpm/xcode
    builtin-SwiftPerFileCompile CG\ Wrappers.swift
SwiftCompile normal arm64 /Users/admin/builder/spi-builder-workspace/.dependencies/checkouts/spfk-base/Sources/SPFKBase/Definitions/DebouncedTask.swift (in target 'SPFKBase' from project 'spfk-base')
    cd /Users/admin/builder/spi-builder-workspace/.swiftpm/xcode
    builtin-SwiftPerFileCompile DebouncedTask.swift
SwiftCompile normal arm64 /Users/admin/builder/spi-builder-workspace/.dependencies/checkouts/spfk-base/Sources/SPFKBase/Definitions/FloatChannelData.swift (in target 'SPFKBase' from project 'spfk-base')
    cd /Users/admin/builder/spi-builder-workspace/.swiftpm/xcode
    builtin-SwiftPerFileCompile FloatChannelData.swift
SwiftCompile normal arm64 /Users/admin/builder/spi-builder-workspace/.dependencies/checkouts/spfk-base/Sources/SPFKBase/Definitions/HexColor/HexColor+ColorName.swift (in target 'SPFKBase' from project 'spfk-base')
    cd /Users/admin/builder/spi-builder-workspace/.swiftpm/xcode
    builtin-SwiftPerFileCompile HexColor+ColorName.swift
SwiftCompile normal arm64 Compiling\ FileManager.swift,\ FloatingPoint.swift,\ NSError.swift,\ NSException.swift /Users/admin/builder/spi-builder-workspace/.dependencies/checkouts/spfk-base/Sources/SPFKBase/Extensions/Foundation/FileManager.swift /Users/admin/builder/spi-builder-workspace/.dependencies/checkouts/spfk-base/Sources/SPFKBase/Extensions/Foundation/FloatingPoint.swift /Users/admin/builder/spi-builder-workspace/.dependencies/checkouts/spfk-base/Sources/SPFKBase/Extensions/Foundation/NSError.swift /Users/admin/builder/spi-builder-workspace/.dependencies/checkouts/spfk-base/Sources/SPFKBase/Extensions/Foundation/NSException.swift (in target 'SPFKBase' from project 'spfk-base')
/Users/admin/builder/spi-builder-workspace/.dependencies/checkouts/spfk-base/Sources/SPFKBase/Extensions/Foundation/FileManager.swift:21:18: error: 'trashDirectory' is unavailable in tvOS
19 |         try? getRelationship(
20 |             &relationship,
21 |             of: .trashDirectory,
   |                  `- error: 'trashDirectory' is unavailable in tvOS
22 |             in: .allDomainsMask,
23 |             toItemAt: url
Foundation.FileManager.SearchPathDirectory.trashDirectory:4:10: note: 'trashDirectory' has been explicitly marked unavailable here
2 |   enum SearchPathDirectory {
3 | @available(tvOS, unavailable)
4 |     case trashDirectory  }
  |          `- note: 'trashDirectory' has been explicitly marked unavailable here
5 | }
6 |
Failed frontend command:
/Applications/Xcode-27.0.0.app/Contents/Developer/Toolchains/XcodeDefault.xctoolchain/usr/bin/swift-frontend -frontend -c /Users/admin/builder/spi-builder-workspace/.dependencies/checkouts/spfk-base/Sources/SPFKBase/Definitions/Benchmark.swift /Users/admin/builder/spi-builder-workspace/.dependencies/checkouts/spfk-base/Sources/SPFKBase/Definitions/CG\ Wrappers.swift /Users/admin/builder/spi-builder-workspace/.dependencies/checkouts/spfk-base/Sources/SPFKBase/Definitions/DebouncedTask.swift /Users/admin/builder/spi-builder-workspace/.dependencies/checkouts/spfk-base/Sources/SPFKBase/Definitions/FloatChannelData.swift /Users/admin/builder/spi-builder-workspace/.dependencies/checkouts/spfk-base/Sources/SPFKBase/Definitions/HexColor/HexColor+ColorName.swift /Users/admin/builder/spi-builder-workspace/.dependencies/checkouts/spfk-base/Sources/SPFKBase/Definitions/HexColor/HexColor+NSColor.swift /Users/admin/builder/spi-builder-workspace/.dependencies/checkouts/spfk-base/Sources/SPFKBase/Definitions/HexColor/HexColor.swift /Users/admin/builder/spi-builder-workspace/.dependencies/checkouts/spfk-base/Sources/SPFKBase/Definitions/Import/ParseProgressAccess.swift /Users/admin/builder/spi-builder-workspace/.dependencies/checkouts/spfk-base/Sources/SPFKBase/Definitions/Import/ParseStopSignal.swift /Users/admin/builder/spi-builder-workspace/.dependencies/checkouts/spfk-base/Sources/SPFKBase/Definitions/MovementDirection.swift /Users/admin/builder/spi-builder-workspace/.dependencies/checkouts/spfk-base/Sources/SPFKBase/Definitions/OSVersion.swift /Users/admin/builder/spi-builder-workspace/.dependencies/checkouts/spfk-base/Sources/SPFKBase/Definitions/SequentialPCMSource.swift /Users/admin/builder/spi-builder-workspace/.dependencies/checkouts/spfk-base/Sources/SPFKBase/Definitions/Serializable+Pasteboard.swift /Users/admin/builder/spi-builder-workspace/.dependencies/checkouts/spfk-base/Sources/SPFKBase/Definitions/Serializable.swift /Users/admin/builder/spi-builder-workspace/.dependencies/checkouts/spfk-base/Sources/SPFKBase/Definitions/TrimDescription.swift /Users/admin/builder/spi-builder-workspace/.dependencies/checkouts/spfk-base/Sources/SPFKBase/Definitions/UnitInterval.swift /Users/admin/builder/spi-builder-workspace/.dependencies/checkouts/spfk-base/Sources/SPFKBase/ExceptionTrap.swift /Users/admin/builder/spi-builder-workspace/.dependencies/checkouts/spfk-base/Sources/SPFKBase/Extensions/CoreFoundation/Floating\ Point.swift /Users/admin/builder/spi-builder-workspace/.dependencies/checkouts/spfk-base/Sources/SPFKBase/Extensions/CoreFoundation/FourCharCode.swift /Users/admin/builder/spi-builder-workspace/.dependencies/checkouts/spfk-base/Sources/SPFKBase/Extensions/Foundation/AsyncSequence.swift /Users/admin/builder/spi-builder-workspace/.dependencies/checkouts/spfk-base/Sources/SPFKBase/Extensions/Foundation/Bool+Extensions.swift /Users/admin/builder/spi-builder-workspace/.dependencies/checkouts/spfk-base/Sources/SPFKBase/Extensions/Foundation/Collection\ General.swift /Users/admin/builder/spi-builder-workspace/.dependencies/checkouts/spfk-base/Sources/SPFKBase/Extensions/Foundation/Collection\ String.swift -primary-file /Users/admin/builder/spi-builder-workspace/.dependencies/checkouts/spfk-base/Sources/SPFKBase/Extensions/Foundation/FileManager.swift -primary-file /Users/admin/builder/spi-builder-workspace/.dependencies/checkouts/spfk-base/Sources/SPFKBase/Extensions/Foundation/FloatingPoint.swift -primary-file /Users/admin/builder/spi-builder-workspace/.dependencies/checkouts/spfk-base/Sources/SPFKBase/Extensions/Foundation/NSError.swift -primary-file /Users/admin/builder/spi-builder-workspace/.dependencies/checkouts/spfk-base/Sources/SPFKBase/Extensions/Foundation/NSException.swift /Users/admin/builder/spi-builder-workspace/.dependencies/checkouts/spfk-base/Sources/SPFKBase/Extensions/Foundation/NSRect.swift /Users/admin/builder/spi-builder-workspace/.dependencies/checkouts/spfk-base/Sources/SPFKBase/Extensions/Foundation/NSSize.swift /Users/admin/builder/spi-builder-workspace/.dependencies/checkouts/spfk-base/Sources/SPFKBase/Extensions/Foundation/NotificationCenter.swift /Users/admin/builder/spi-builder-workspace/.dependencies/checkouts/spfk-base/Sources/SPFKBase/Extensions/Foundation/Number\ Normalization.swift /Users/admin/builder/spi-builder-workspace/.dependencies/checkouts/spfk-base/Sources/SPFKBase/Extensions/Foundation/String+C.swift /Users/admin/builder/spi-builder-workspace/.dependencies/checkouts/spfk-base/Sources/SPFKBase/Extensions/Foundation/String.swift /Users/admin/builder/spi-builder-workspace/.dependencies/checkouts/spfk-base/Sources/SPFKBase/Extensions/Foundation/Task.swift /Users/admin/builder/spi-builder-workspace/.dependencies/checkouts/spfk-base/Sources/SPFKBase/Extensions/Foundation/URL/URL+Directory.swift /Users/admin/builder/spi-builder-workspace/.dependencies/checkouts/spfk-base/Sources/SPFKBase/Extensions/Foundation/URL/URL+ResourceValues.swift /Users/admin/builder/spi-builder-workspace/.dependencies/checkouts/spfk-base/Sources/SPFKBase/Extensions/Foundation/URL/URL.swift /Users/admin/builder/spi-builder-workspace/.dependencies/checkouts/spfk-base/Sources/SPFKBase/Logging/BuildConfig.swift /Users/admin/builder/spi-builder-workspace/.dependencies/checkouts/spfk-base/Sources/SPFKBase/Logging/Log.swift /Users/admin/builder/spi-builder-workspace/.dependencies/checkouts/spfk-base/Sources/SPFKBase/Logging/PhaseTrace.swift /Users/admin/builder/spi-builder-workspace/.dependencies/checkouts/spfk-base/Sources/SPFKBase/Testing/BinTestCase.swift /Users/admin/builder/spi-builder-workspace/.dependencies/checkouts/spfk-base/Sources/SPFKBase/Testing/TestCaseModel.swift /Users/admin/builder/spi-builder-workspace/.dependencies/checkouts/spfk-base/Sources/SPFKBase/TypeDescribable.swift -supplementary-output-file-map /Users/admin/builder/spi-builder-workspace/.derivedData/Build/Intermediates.noindex/spfk-base.build/Debug-appletvos/SPFKBase-t.build/Objects-normal/arm64/supplementaryOutputs-6 -emit-localized-strings -emit-localized-strings-path /Users/admin/builder/spi-builder-workspace/.derivedData/Build/Intermediates.noindex/spfk-base.build/Debug-appletvos/SPFKBase-t.build/Objects-normal/arm64 -target arm64-apple-tvos16.0 -disable-cross-import-overlay-search -load-resolved-plugin /Applications/Xcode-27.0.0.app/Contents/Developer/Platforms/AppleTVOS.platform/Developer/usr/lib/swift/host/plugins/libFoundationMacros.dylib\#/Applications/Xcode-27.0.0.app/Contents/Developer/Platforms/AppleTVOS.platform/Developer/usr/bin/swift-plugin-server\#FoundationMacros -load-resolved-plugin /Applications/Xcode-27.0.0.app/Contents/Developer/Platforms/AppleTVOS.platform/Developer/usr/lib/swift/host/plugins/libObservationMacros.dylib\#/Applications/Xcode-27.0.0.app/Contents/Developer/Platforms/AppleTVOS.platform/Developer/usr/bin/swift-plugin-server\#ObservationMacros -load-resolved-plugin /Applications/Xcode-27.0.0.app/Contents/Developer/Platforms/AppleTVOS.platform/Developer/usr/lib/swift/host/plugins/libPreviewsMacros.dylib\#/Applications/Xcode-27.0.0.app/Contents/Developer/Platforms/AppleTVOS.platform/Developer/usr/bin/swift-plugin-server\#PreviewsMacros -load-resolved-plugin /Applications/Xcode-27.0.0.app/Contents/Developer/Platforms/AppleTVOS.platform/Developer/usr/lib/swift/host/plugins/libSwiftMacros.dylib\#/Applications/Xcode-27.0.0.app/Contents/Developer/Platforms/AppleTVOS.platform/Developer/usr/bin/swift-plugin-server\#SwiftMacros -load-resolved-plugin /Applications/Xcode-27.0.0.app/Contents/Developer/Platforms/AppleTVOS.platform/Developer/usr/lib/swift/host/plugins/libSwiftUIMacros.dylib\#/Applications/Xcode-27.0.0.app/Contents/Developer/Platforms/AppleTVOS.platform/Developer/usr/bin/swift-plugin-server\#SwiftUIMacros -disable-implicit-swift-modules -Xcc -fno-implicit-modules -Xcc -fno-implicit-module-maps -explicit-swift-module-map-file /Users/admin/builder/spi-builder-workspace/.derivedData/Build/Intermediates.noindex/spfk-base.build/Debug-appletvos/SPFKBase-t.build/Objects-normal/arm64/SPFKBase-dependencies-1.json -Xllvm -aarch64-use-tbi -enable-objc-interop -stack-check -sdk /Applications/Xcode-27.0.0.app/Contents/Developer/Platforms/AppleTVOS.platform/Developer/SDKs/AppleTVOS27.0.sdk -I /Users/admin/builder/spi-builder-workspace/.derivedData/Build/Products/Debug-appletvos -Isystem /Applications/Xcode-27.0.0.app/Contents/Developer/Platforms/AppleTVOS.platform/Developer/usr/lib -F /Users/admin/builder/spi-builder-workspace/.derivedData/Build/Products/Debug-appletvos/PackageFrameworks -F /Users/admin/builder/spi-builder-workspace/.derivedData/Build/Products/Debug-appletvos -F /Applications/Xcode-27.0.0.app/Contents/Developer/Platforms/AppleTVOS.platform/Developer/Library/Frameworks -F /Applications/Xcode-27.0.0.app/Contents/Developer/Platforms/AppleTVOS.platform/Developer/SDKs/AppleTVOS27.0.sdk/Developer/Library/Frameworks -module-cache-path /Users/admin/builder/spi-builder-workspace/.derivedData/Build/Intermediates.noindex/SwiftExplicitPrecompiledModules -no-color-diagnostics -Xcc -fno-color-diagnostics -enable-testing -g -debug-info-format\=dwarf -dwarf-version\=4 -suppress-warnings -profile-generate -profile-coverage-mapping -swift-version 6 -Onone -D SWIFT_PACKAGE -D DEBUG -D SWIFT_MODULE_RESOURCE_BUNDLE_UNAVAILABLE -D Xcode -serialize-debugging-options -enable-experimental-feature DebugDescriptionMacro -empty-abi-descriptor -user-module-version 1.11.1 -validate-clang-modules-once -clang-build-session-file /Users/admin/builder/spi-builder-workspace/.derivedData/ModuleCache.noindex/Session.modulevalidation -Xcc -working-directory -Xcc /Users/admin/builder/spi-builder-workspace/.swiftpm/xcode -enable-anonymous-context-mangled-names -file-compilation-dir /Users/admin/builder/spi-builder-workspace/.swiftpm/xcode -Xcc -fmodule-map-file\=/Users/admin/builder/spi-builder-workspace/.dependencies/checkouts/swift-numerics/Sources/_NumericsShims/include/module.modulemap -Xcc -fmodule-map-file\=/Users/admin/builder/spi-builder-workspace/.derivedData/Build/Intermediates.noindex/GeneratedModuleMaps-appletvos/SPFKBaseC.modulemap -Xcc -D_LIBCPP_HARDENING_MODE\=_LIBCPP_HARDENING_MODE_DEBUG -Xcc -ivfsstatcache -Xcc /Users/admin/builder/spi-builder-workspace/.derivedData/SDKStatCaches.noindex/appletvos27.0-24J360-e829b21a6f8c9b70876ba0858053c044509235ffd515576fb835ffc8f67461e5.sdkstatcache -Xcc -fmodules-prune-interval\=86400 -Xcc -fmodules-prune-after\=345600 -Xcc -I/Users/admin/builder/spi-builder-workspace/.dependencies/checkouts/swift-numerics/Sources/_NumericsShims/include -Xcc -I/Users/admin/builder/spi-builder-workspace/.dependencies/checkouts/spfk-base/Sources/SPFKBaseC/include -Xcc -I/Users/admin/builder/spi-builder-workspace/.derivedData/Build/Products/Debug-appletvos/include -Xcc -I/Users/admin/builder/spi-builder-workspace/.derivedData/Build/Intermediates.noindex/spfk-base.build/Debug-appletvos/SPFKBase-t.build/DerivedSources-normal/arm64 -Xcc -I/Users/admin/builder/spi-builder-workspace/.derivedData/Build/Intermediates.noindex/spfk-base.build/Debug-appletvos/SPFKBase-t.build/DerivedSources/arm64 -Xcc -I/Users/admin/builder/spi-builder-workspace/.derivedData/Build/Intermediates.noindex/spfk-base.build/Debug-appletvos/SPFKBase-t.build/DerivedSources -Xcc -DSWIFT_PACKAGE -Xcc -DDEBUG\=1 -no-auto-bridging-header-chaining -module-name SPFKBase -package-name spfk_base -const-gather-protocols-file /Users/admin/builder/spi-builder-workspace/.derivedData/Build/Intermediates.noindex/spfk-base.build/Debug-appletvos/SPFKBase-t.build/Objects-normal/arm64/SPFKBase_const_extract_protocols.json -disable-clang-spi -clang-target arm64-apple-tvos27.0 -target-sdk-version 27.0 -target-sdk-name appletvos27.0 -in-process-plugin-server-path /Applications/Xcode-27.0.0.app/Contents/Developer/Toolchains/XcodeDefault.xctoolchain/usr/lib/swift/host/libSwiftInProcPluginServer.dylib -parse-as-library -o /Users/admin/builder/spi-builder-workspace/.derivedData/Build/Intermediates.noindex/spfk-base.build/Debug-appletvos/SPFKBase-t.build/Objects-normal/arm64/FileManager.o -o /Users/admin/builder/spi-builder-workspace/.derivedData/Build/Intermediates.noindex/spfk-base.build/Debug-appletvos/SPFKBase-t.build/Objects-normal/arm64/FloatingPoint.o -o /Users/admin/builder/spi-builder-workspace/.derivedData/Build/Intermediates.noindex/spfk-base.build/Debug-appletvos/SPFKBase-t.build/Objects-normal/arm64/NSError.o -o /Users/admin/builder/spi-builder-workspace/.derivedData/Build/Intermediates.noindex/spfk-base.build/Debug-appletvos/SPFKBase-t.build/Objects-normal/arm64/NSException.o -debug-module-path /Users/admin/builder/spi-builder-workspace/.derivedData/Build/Intermediates.noindex/spfk-base.build/Debug-appletvos/SPFKBase-t.build/Objects-normal/arm64/SPFKBase.swiftmodule -index-unit-output-path /spfk-base.build/Debug-appletvos/SPFKBase-t.build/Objects-normal/arm64/FileManager.o -index-unit-output-path /spfk-base.build/Debug-appletvos/SPFKBase-t.build/Objects-normal/arm64/FloatingPoint.o -index-unit-output-path /spfk-base.build/Debug-appletvos/SPFKBase-t.build/Objects-normal/arm64/NSError.o -index-unit-output-path /spfk-base.build/Debug-appletvos/SPFKBase-t.build/Objects-normal/arm64/NSException.o -index-store-path /Users/admin/builder/spi-builder-workspace/.derivedData/Index.noindex/DataStore -index-system-modules
SwiftCompile normal arm64 /Users/admin/builder/spi-builder-workspace/.dependencies/checkouts/spfk-base/Sources/SPFKBase/Extensions/Foundation/FileManager.swift (in target 'SPFKBase' from project 'spfk-base')
    cd /Users/admin/builder/spi-builder-workspace/.swiftpm/xcode
    builtin-SwiftPerFileCompile FileManager.swift
SwiftCompile normal arm64 /Users/admin/builder/spi-builder-workspace/.dependencies/checkouts/spfk-base/Sources/SPFKBase/Extensions/Foundation/FloatingPoint.swift (in target 'SPFKBase' from project 'spfk-base')
    cd /Users/admin/builder/spi-builder-workspace/.swiftpm/xcode
    builtin-SwiftPerFileCompile FloatingPoint.swift
SwiftCompile normal arm64 /Users/admin/builder/spi-builder-workspace/.dependencies/checkouts/spfk-base/Sources/SPFKBase/Extensions/Foundation/NSError.swift (in target 'SPFKBase' from project 'spfk-base')
    cd /Users/admin/builder/spi-builder-workspace/.swiftpm/xcode
    builtin-SwiftPerFileCompile NSError.swift
SwiftCompile normal arm64 /Users/admin/builder/spi-builder-workspace/.dependencies/checkouts/spfk-base/Sources/SPFKBase/Extensions/Foundation/NSException.swift (in target 'SPFKBase' from project 'spfk-base')
    cd /Users/admin/builder/spi-builder-workspace/.swiftpm/xcode
    builtin-SwiftPerFileCompile NSException.swift
SwiftCompile normal arm64 Compiling\ PhaseTrace.swift,\ BinTestCase.swift,\ TestCaseModel.swift,\ TypeDescribable.swift /Users/admin/builder/spi-builder-workspace/.dependencies/checkouts/spfk-base/Sources/SPFKBase/Logging/PhaseTrace.swift /Users/admin/builder/spi-builder-workspace/.dependencies/checkouts/spfk-base/Sources/SPFKBase/Testing/BinTestCase.swift /Users/admin/builder/spi-builder-workspace/.dependencies/checkouts/spfk-base/Sources/SPFKBase/Testing/TestCaseModel.swift /Users/admin/builder/spi-builder-workspace/.dependencies/checkouts/spfk-base/Sources/SPFKBase/TypeDescribable.swift (in target 'SPFKBase' from project 'spfk-base')
SwiftCompile normal arm64 /Users/admin/builder/spi-builder-workspace/.dependencies/checkouts/spfk-base/Sources/SPFKBase/Logging/PhaseTrace.swift (in target 'SPFKBase' from project 'spfk-base')
    cd /Users/admin/builder/spi-builder-workspace/.swiftpm/xcode
    builtin-SwiftPerFileCompile PhaseTrace.swift
SwiftCompile normal arm64 /Users/admin/builder/spi-builder-workspace/.dependencies/checkouts/spfk-base/Sources/SPFKBase/Testing/BinTestCase.swift (in target 'SPFKBase' from project 'spfk-base')
    cd /Users/admin/builder/spi-builder-workspace/.swiftpm/xcode
    builtin-SwiftPerFileCompile BinTestCase.swift
SwiftCompile normal arm64 /Users/admin/builder/spi-builder-workspace/.dependencies/checkouts/spfk-base/Sources/SPFKBase/Testing/TestCaseModel.swift (in target 'SPFKBase' from project 'spfk-base')
    cd /Users/admin/builder/spi-builder-workspace/.swiftpm/xcode
    builtin-SwiftPerFileCompile TestCaseModel.swift
SwiftCompile normal arm64 /Users/admin/builder/spi-builder-workspace/.dependencies/checkouts/spfk-base/Sources/SPFKBase/TypeDescribable.swift (in target 'SPFKBase' from project 'spfk-base')
    cd /Users/admin/builder/spi-builder-workspace/.swiftpm/xcode
    builtin-SwiftPerFileCompile TypeDescribable.swift
SwiftCompile normal arm64 Compiling\ NSRect.swift,\ NSSize.swift,\ NotificationCenter.swift,\ Number\ Normalization.swift /Users/admin/builder/spi-builder-workspace/.dependencies/checkouts/spfk-base/Sources/SPFKBase/Extensions/Foundation/NSRect.swift /Users/admin/builder/spi-builder-workspace/.dependencies/checkouts/spfk-base/Sources/SPFKBase/Extensions/Foundation/NSSize.swift /Users/admin/builder/spi-builder-workspace/.dependencies/checkouts/spfk-base/Sources/SPFKBase/Extensions/Foundation/NotificationCenter.swift /Users/admin/builder/spi-builder-workspace/.dependencies/checkouts/spfk-base/Sources/SPFKBase/Extensions/Foundation/Number\ Normalization.swift (in target 'SPFKBase' from project 'spfk-base')
SwiftCompile normal arm64 /Users/admin/builder/spi-builder-workspace/.dependencies/checkouts/spfk-base/Sources/SPFKBase/Extensions/Foundation/NSRect.swift (in target 'SPFKBase' from project 'spfk-base')
    cd /Users/admin/builder/spi-builder-workspace/.swiftpm/xcode
    builtin-SwiftPerFileCompile NSRect.swift
SwiftCompile normal arm64 /Users/admin/builder/spi-builder-workspace/.dependencies/checkouts/spfk-base/Sources/SPFKBase/Extensions/Foundation/NSSize.swift (in target 'SPFKBase' from project 'spfk-base')
    cd /Users/admin/builder/spi-builder-workspace/.swiftpm/xcode
    builtin-SwiftPerFileCompile NSSize.swift
SwiftCompile normal arm64 /Users/admin/builder/spi-builder-workspace/.dependencies/checkouts/spfk-base/Sources/SPFKBase/Extensions/Foundation/NotificationCenter.swift (in target 'SPFKBase' from project 'spfk-base')
    cd /Users/admin/builder/spi-builder-workspace/.swiftpm/xcode
    builtin-SwiftPerFileCompile NotificationCenter.swift
SwiftCompile normal arm64 /Users/admin/builder/spi-builder-workspace/.dependencies/checkouts/spfk-base/Sources/SPFKBase/Extensions/Foundation/Number\ Normalization.swift (in target 'SPFKBase' from project 'spfk-base')
    cd /Users/admin/builder/spi-builder-workspace/.swiftpm/xcode
    builtin-SwiftPerFileCompile Number\ Normalization.swift
SwiftCompile normal arm64 Compiling\ String+C.swift,\ String.swift,\ Task.swift,\ URL+Directory.swift /Users/admin/builder/spi-builder-workspace/.dependencies/checkouts/spfk-base/Sources/SPFKBase/Extensions/Foundation/String+C.swift /Users/admin/builder/spi-builder-workspace/.dependencies/checkouts/spfk-base/Sources/SPFKBase/Extensions/Foundation/String.swift /Users/admin/builder/spi-builder-workspace/.dependencies/checkouts/spfk-base/Sources/SPFKBase/Extensions/Foundation/Task.swift /Users/admin/builder/spi-builder-workspace/.dependencies/checkouts/spfk-base/Sources/SPFKBase/Extensions/Foundation/URL/URL+Directory.swift (in target 'SPFKBase' from project 'spfk-base')
SwiftCompile normal arm64 /Users/admin/builder/spi-builder-workspace/.dependencies/checkouts/spfk-base/Sources/SPFKBase/Extensions/Foundation/String+C.swift (in target 'SPFKBase' from project 'spfk-base')
    cd /Users/admin/builder/spi-builder-workspace/.swiftpm/xcode
    builtin-SwiftPerFileCompile String+C.swift
SwiftCompile normal arm64 /Users/admin/builder/spi-builder-workspace/.dependencies/checkouts/spfk-base/Sources/SPFKBase/Extensions/Foundation/String.swift (in target 'SPFKBase' from project 'spfk-base')
    cd /Users/admin/builder/spi-builder-workspace/.swiftpm/xcode
    builtin-SwiftPerFileCompile String.swift
SwiftCompile normal arm64 /Users/admin/builder/spi-builder-workspace/.dependencies/checkouts/spfk-base/Sources/SPFKBase/Extensions/Foundation/Task.swift (in target 'SPFKBase' from project 'spfk-base')
    cd /Users/admin/builder/spi-builder-workspace/.swiftpm/xcode
    builtin-SwiftPerFileCompile Task.swift
SwiftCompile normal arm64 /Users/admin/builder/spi-builder-workspace/.dependencies/checkouts/spfk-base/Sources/SPFKBase/Extensions/Foundation/URL/URL+Directory.swift (in target 'SPFKBase' from project 'spfk-base')
    cd /Users/admin/builder/spi-builder-workspace/.swiftpm/xcode
    builtin-SwiftPerFileCompile URL+Directory.swift
SwiftCompile normal arm64 Compiling\ URL+ResourceValues.swift,\ URL.swift,\ BuildConfig.swift,\ Log.swift /Users/admin/builder/spi-builder-workspace/.dependencies/checkouts/spfk-base/Sources/SPFKBase/Extensions/Foundation/URL/URL+ResourceValues.swift /Users/admin/builder/spi-builder-workspace/.dependencies/checkouts/spfk-base/Sources/SPFKBase/Extensions/Foundation/URL/URL.swift /Users/admin/builder/spi-builder-workspace/.dependencies/checkouts/spfk-base/Sources/SPFKBase/Logging/BuildConfig.swift /Users/admin/builder/spi-builder-workspace/.dependencies/checkouts/spfk-base/Sources/SPFKBase/Logging/Log.swift (in target 'SPFKBase' from project 'spfk-base')
SwiftCompile normal arm64 /Users/admin/builder/spi-builder-workspace/.dependencies/checkouts/spfk-base/Sources/SPFKBase/Extensions/Foundation/URL/URL+ResourceValues.swift (in target 'SPFKBase' from project 'spfk-base')
    cd /Users/admin/builder/spi-builder-workspace/.swiftpm/xcode
    builtin-SwiftPerFileCompile URL+ResourceValues.swift
SwiftCompile normal arm64 /Users/admin/builder/spi-builder-workspace/.dependencies/checkouts/spfk-base/Sources/SPFKBase/Extensions/Foundation/URL/URL.swift (in target 'SPFKBase' from project 'spfk-base')
    cd /Users/admin/builder/spi-builder-workspace/.swiftpm/xcode
    builtin-SwiftPerFileCompile URL.swift
SwiftCompile normal arm64 /Users/admin/builder/spi-builder-workspace/.dependencies/checkouts/spfk-base/Sources/SPFKBase/Logging/BuildConfig.swift (in target 'SPFKBase' from project 'spfk-base')
    cd /Users/admin/builder/spi-builder-workspace/.swiftpm/xcode
    builtin-SwiftPerFileCompile BuildConfig.swift
SwiftCompile normal arm64 /Users/admin/builder/spi-builder-workspace/.dependencies/checkouts/spfk-base/Sources/SPFKBase/Logging/Log.swift (in target 'SPFKBase' from project 'spfk-base')
    cd /Users/admin/builder/spi-builder-workspace/.swiftpm/xcode
    builtin-SwiftPerFileCompile Log.swift
SwiftEmitModule normal arm64 Emitting\ module\ for\ SPFKBase (in target 'SPFKBase' from project 'spfk-base')
SwiftCompile normal arm64 (in target 'SPFKBase' from project 'spfk-base')
    cd /Users/admin/builder/spi-builder-workspace/.swiftpm/xcode

SwiftCompile normal arm64 Compiling\ HexColor+NSColor.swift,\ HexColor.swift,\ ParseProgressAccess.swift,\ ParseStopSignal.swift,\ MovementDirection.swift /Users/admin/builder/spi-builder-workspace/.dependencies/checkouts/spfk-base/Sources/SPFKBase/Definitions/HexColor/HexColor+NSColor.swift /Users/admin/builder/spi-builder-workspace/.dependencies/checkouts/spfk-base/Sources/SPFKBase/Definitions/HexColor/HexColor.swift /Users/admin/builder/spi-builder-workspace/.dependencies/checkouts/spfk-base/Sources/SPFKBase/Definitions/Import/ParseProgressAccess.swift /Users/admin/builder/spi-builder-workspace/.dependencies/checkouts/spfk-base/Sources/SPFKBase/Definitions/Import/ParseStopSignal.swift /Users/admin/builder/spi-builder-workspace/.dependencies/checkouts/spfk-base/Sources/SPFKBase/Definitions/MovementDirection.swift (in target 'SPFKBase' from project 'spfk-base')
SwiftCompile normal arm64 /Users/admin/builder/spi-builder-workspace/.dependencies/checkouts/spfk-base/Sources/SPFKBase/Definitions/HexColor/HexColor+NSColor.swift (in target 'SPFKBase' from project 'spfk-base')
    cd /Users/admin/builder/spi-builder-workspace/.swiftpm/xcode
    builtin-SwiftPerFileCompile HexColor+NSColor.swift
SwiftCompile normal arm64 /Users/admin/builder/spi-builder-workspace/.dependencies/checkouts/spfk-base/Sources/SPFKBase/Definitions/HexColor/HexColor.swift (in target 'SPFKBase' from project 'spfk-base')
    cd /Users/admin/builder/spi-builder-workspace/.swiftpm/xcode
    builtin-SwiftPerFileCompile HexColor.swift
SwiftCompile normal arm64 /Users/admin/builder/spi-builder-workspace/.dependencies/checkouts/spfk-base/Sources/SPFKBase/Definitions/Import/ParseProgressAccess.swift (in target 'SPFKBase' from project 'spfk-base')
    cd /Users/admin/builder/spi-builder-workspace/.swiftpm/xcode
    builtin-SwiftPerFileCompile ParseProgressAccess.swift
SwiftCompile normal arm64 /Users/admin/builder/spi-builder-workspace/.dependencies/checkouts/spfk-base/Sources/SPFKBase/Definitions/Import/ParseStopSignal.swift (in target 'SPFKBase' from project 'spfk-base')
    cd /Users/admin/builder/spi-builder-workspace/.swiftpm/xcode
    builtin-SwiftPerFileCompile ParseStopSignal.swift
SwiftCompile normal arm64 /Users/admin/builder/spi-builder-workspace/.dependencies/checkouts/spfk-base/Sources/SPFKBase/Definitions/MovementDirection.swift (in target 'SPFKBase' from project 'spfk-base')
    cd /Users/admin/builder/spi-builder-workspace/.swiftpm/xcode
    builtin-SwiftPerFileCompile MovementDirection.swift
SwiftCompile normal arm64 Compiling\ OSVersion.swift,\ SequentialPCMSource.swift,\ Serializable+Pasteboard.swift,\ Serializable.swift,\ TrimDescription.swift /Users/admin/builder/spi-builder-workspace/.dependencies/checkouts/spfk-base/Sources/SPFKBase/Definitions/OSVersion.swift /Users/admin/builder/spi-builder-workspace/.dependencies/checkouts/spfk-base/Sources/SPFKBase/Definitions/SequentialPCMSource.swift /Users/admin/builder/spi-builder-workspace/.dependencies/checkouts/spfk-base/Sources/SPFKBase/Definitions/Serializable+Pasteboard.swift /Users/admin/builder/spi-builder-workspace/.dependencies/checkouts/spfk-base/Sources/SPFKBase/Definitions/Serializable.swift /Users/admin/builder/spi-builder-workspace/.dependencies/checkouts/spfk-base/Sources/SPFKBase/Definitions/TrimDescription.swift (in target 'SPFKBase' from project 'spfk-base')
SwiftCompile normal arm64 /Users/admin/builder/spi-builder-workspace/.dependencies/checkouts/spfk-base/Sources/SPFKBase/Definitions/OSVersion.swift (in target 'SPFKBase' from project 'spfk-base')
    cd /Users/admin/builder/spi-builder-workspace/.swiftpm/xcode
    builtin-SwiftPerFileCompile OSVersion.swift
SwiftCompile normal arm64 /Users/admin/builder/spi-builder-workspace/.dependencies/checkouts/spfk-base/Sources/SPFKBase/Definitions/SequentialPCMSource.swift (in target 'SPFKBase' from project 'spfk-base')
    cd /Users/admin/builder/spi-builder-workspace/.swiftpm/xcode
    builtin-SwiftPerFileCompile SequentialPCMSource.swift
SwiftCompile normal arm64 /Users/admin/builder/spi-builder-workspace/.dependencies/checkouts/spfk-base/Sources/SPFKBase/Definitions/Serializable+Pasteboard.swift (in target 'SPFKBase' from project 'spfk-base')
    cd /Users/admin/builder/spi-builder-workspace/.swiftpm/xcode
    builtin-SwiftPerFileCompile Serializable+Pasteboard.swift
SwiftCompile normal arm64 /Users/admin/builder/spi-builder-workspace/.dependencies/checkouts/spfk-base/Sources/SPFKBase/Definitions/Serializable.swift (in target 'SPFKBase' from project 'spfk-base')
    cd /Users/admin/builder/spi-builder-workspace/.swiftpm/xcode
    builtin-SwiftPerFileCompile Serializable.swift
SwiftCompile normal arm64 /Users/admin/builder/spi-builder-workspace/.dependencies/checkouts/spfk-base/Sources/SPFKBase/Definitions/TrimDescription.swift (in target 'SPFKBase' from project 'spfk-base')
    cd /Users/admin/builder/spi-builder-workspace/.swiftpm/xcode
    builtin-SwiftPerFileCompile TrimDescription.swift
PruneExplicitPrecompiledModules /Users/admin/builder/spi-builder-workspace/.derivedData/Build/Intermediates.noindex/SwiftExplicitPrecompiledModules
PruneExplicitPrecompiledModules /Users/admin/builder/spi-builder-workspace/.derivedData/Build/Intermediates.noindex/ExplicitPrecompiledModules
PruneExplicitPrecompiledModules /Users/admin/builder/spi-builder-workspace/.derivedData/SDKExplicitPrecompiledModules
2026-10-05 07:35:14.582 xcodebuild[1630:9123] [MT] IDERunDestination: Supported platforms for the buildables in the current scheme is empty.
** BUILD FAILED **
The following build commands failed:
	SwiftCompile normal arm64 Compiling\ FileManager.swift,\ FloatingPoint.swift,\ NSError.swift,\ NSException.swift /Users/admin/builder/spi-builder-workspace/.dependencies/checkouts/spfk-base/Sources/SPFKBase/Extensions/Foundation/FileManager.swift /Users/admin/builder/spi-builder-workspace/.dependencies/checkouts/spfk-base/Sources/SPFKBase/Extensions/Foundation/FloatingPoint.swift /Users/admin/builder/spi-builder-workspace/.dependencies/checkouts/spfk-base/Sources/SPFKBase/Extensions/Foundation/NSError.swift /Users/admin/builder/spi-builder-workspace/.dependencies/checkouts/spfk-base/Sources/SPFKBase/Extensions/Foundation/NSException.swift (in target 'SPFKBase' from project 'spfk-base')
	SwiftCompile normal arm64 /Users/admin/builder/spi-builder-workspace/.dependencies/checkouts/spfk-base/Sources/SPFKBase/Extensions/Foundation/FileManager.swift (in target 'SPFKBase' from project 'spfk-base')
	Building workspace spfk-classification with scheme spfk-classification
(3 failures)
BUILD FAILURE 6.4 tvOS