Build Information
Failed to build iris, reference main (200b25), with Swift 6.3 for Android on 14 Sep 2026 17:48:04 UTC.
Build Command
bash -c docker run --pull=always --rm -v "checkouts-54344843-0":/host -w "$PWD" -e JAVA_HOME="/root/.sdkman/candidates/java/current" -e SPI_BUILD="1" -e SPI_PROCESSING="1" registry.gitlab.com/saguaro1/spi-images:android-6.3-latest swift build --swift-sdk aarch64-unknown-linux-android28 2>&1Build Log
========================================
RunAll
========================================
Builder version: 5.0.2
Interrupt handler set up.
========================================
Checkout
========================================
Clone URL: https://github.com/async-digital-ltd/iris.git
Reference: main
Initialized empty Git repository in /host/spi-builder-workspace/.git/
hint: Using 'master' as the name for the initial branch. This default branch name
hint: is subject to change. To configure the initial branch name to use in all
hint: of your new repositories, which will suppress this warning, call:
hint:
hint: git config --global init.defaultBranch <name>
hint:
hint: Names commonly chosen instead of 'master' are 'main', 'trunk' and
hint: 'development'. The just-created branch can be renamed via this command:
hint:
hint: git branch -m <name>
From https://github.com/async-digital-ltd/iris
* branch main -> FETCH_HEAD
* [new branch] main -> origin/main
HEAD is now at 200b25e Add case studies, stability, and contributing sections to the README (#18)
Cloned https://github.com/async-digital-ltd/iris.git
Revision (git rev-parse @):
200b25ef13cc1b610878c34c11af2170e8646865
SPI manifest file found: $PWD/.spi.yml
SUCCESS checkout https://github.com/async-digital-ltd/iris.git at main
========================================
Build
========================================
Selected platform: android
Swift version: 6.3
Building package at path: $PWD
https://github.com/async-digital-ltd/iris.git
Running build ...
bash -c docker run --pull=always --rm -v "checkouts-54344843-0":/host -w "$PWD" -e JAVA_HOME="/root/.sdkman/candidates/java/current" -e SPI_BUILD="1" -e SPI_PROCESSING="1" registry.gitlab.com/saguaro1/spi-images:android-6.3-latest swift build --swift-sdk aarch64-unknown-linux-android28 2>&1
android-6.3-latest: Pulling from saguaro1/spi-images
Digest: sha256:8ca9e1e6d70fd53f5b05e4f64d92569d697563f7f457a1485802bc9eb2cd1382
Status: Image is up to date for registry.gitlab.com/saguaro1/spi-images:android-6.3-latest
Building for debugging...
[0/2] Write sources
[1/2] Write swift-version-272D24FF697CF451.txt
[3/16] Compiling Iris URLParsing.swift
/host/spi-builder-workspace/Sources/Iris/NavFlow.swift:5:8: error: no such module 'os'
3 |
4 | import Foundation
5 | import os
| `- error: no such module 'os'
6 |
7 | /// A correlation identifier that ties together every step of a single navigation
[4/16] Compiling Iris RouteStack.swift
/host/spi-builder-workspace/Sources/Iris/NavFlow.swift:5:8: error: no such module 'os'
3 |
4 | import Foundation
5 | import os
| `- error: no such module 'os'
6 |
7 | /// A correlation identifier that ties together every step of a single navigation
[5/16] Compiling Iris Task+Extensions.swift
/host/spi-builder-workspace/Sources/Iris/NavFlow.swift:5:8: error: no such module 'os'
3 |
4 | import Foundation
5 | import os
| `- error: no such module 'os'
6 |
7 | /// A correlation identifier that ties together every step of a single navigation
[6/17] Compiling Iris Navigators.swift
/host/spi-builder-workspace/Sources/Iris/NavFlow.swift:5:8: error: no such module 'os'
3 |
4 | import Foundation
5 | import os
| `- error: no such module 'os'
6 |
7 | /// A correlation identifier that ties together every step of a single navigation
[7/17] Compiling Iris OnEvents.swift
/host/spi-builder-workspace/Sources/Iris/NavFlow.swift:5:8: error: no such module 'os'
3 |
4 | import Foundation
5 | import os
| `- error: no such module 'os'
6 |
7 | /// A correlation identifier that ties together every step of a single navigation
[8/17] Compiling Iris OnLinkModifier.swift
/host/spi-builder-workspace/Sources/Iris/NavFlow.swift:5:8: error: no such module 'os'
3 |
4 | import Foundation
5 | import os
| `- error: no such module 'os'
6 |
7 | /// A correlation identifier that ties together every step of a single navigation
[9/17] Compiling Iris RouteCoordinator.swift
/host/spi-builder-workspace/Sources/Iris/NavFlow.swift:5:8: error: no such module 'os'
3 |
4 | import Foundation
5 | import os
| `- error: no such module 'os'
6 |
7 | /// A correlation identifier that ties together every step of a single navigation
[10/17] Compiling Iris NavigationFacade.swift
/host/spi-builder-workspace/Sources/Iris/NavFlow.swift:5:8: error: no such module 'os'
3 |
4 | import Foundation
5 | import os
| `- error: no such module 'os'
6 |
7 | /// A correlation identifier that ties together every step of a single navigation
[11/17] Compiling Iris NavigationFlow.swift
/host/spi-builder-workspace/Sources/Iris/NavFlow.swift:5:8: error: no such module 'os'
3 |
4 | import Foundation
5 | import os
| `- error: no such module 'os'
6 |
7 | /// A correlation identifier that ties together every step of a single navigation
error: emit-module command failed with exit code 1 (use -v to see invocation)
[12/17] Emitting module Iris
/host/spi-builder-workspace/Sources/Iris/NavFlow.swift:5:8: error: no such module 'os'
3 |
4 | import Foundation
5 | import os
| `- error: no such module 'os'
6 |
7 | /// A correlation identifier that ties together every step of a single navigation
[13/17] Compiling Iris LatestWinsExecutor.swift
/host/spi-builder-workspace/Sources/Iris/NavFlow.swift:5:8: error: no such module 'os'
3 |
4 | import Foundation
5 | import os
| `- error: no such module 'os'
6 |
7 | /// A correlation identifier that ties together every step of a single navigation
[14/17] Compiling Iris NavFlow.swift
/host/spi-builder-workspace/Sources/Iris/NavFlow.swift:5:8: error: no such module 'os'
3 |
4 | import Foundation
5 | import os
| `- error: no such module 'os'
6 |
7 | /// A correlation identifier that ties together every step of a single navigation
[15/17] Compiling Iris Baton.swift
/host/spi-builder-workspace/Sources/Iris/NavFlow.swift:5:8: error: no such module 'os'
3 |
4 | import Foundation
5 | import os
| `- error: no such module 'os'
6 |
7 | /// A correlation identifier that ties together every step of a single navigation
[16/17] Compiling Iris HandoffRegistry.swift
/host/spi-builder-workspace/Sources/Iris/NavFlow.swift:5:8: error: no such module 'os'
3 |
4 | import Foundation
5 | import os
| `- error: no such module 'os'
6 |
7 | /// A correlation identifier that ties together every step of a single navigation
[17/17] Compiling Iris URLRoute.swift
/host/spi-builder-workspace/Sources/Iris/NavFlow.swift:5:8: error: no such module 'os'
3 |
4 | import Foundation
5 | import os
| `- error: no such module 'os'
6 |
7 | /// A correlation identifier that ties together every step of a single navigation
BUILD FAILURE 6.3 android