The Swift Package Index logo.Swift Package Index

Build Information

Failed to build RemoteConfigStore, reference main (132b66), with Swift 6.4 for Android on 25 Sep 2026 05:04:34 UTC.

Build Command

bash -c docker run --pull=always --rm -v "checkouts-54344845-0":/host -w "$PWD" -e JAVA_HOME="/root/.sdkman/candidates/java/current" -e SPI_BUILD="1" -e SPI_PROCESSING="1" registry.gitlab.com/saguaro1/spi-images:android-6.4-latest swift build --swift-sdk aarch64-unknown-linux-android28 2>&1

Build Log

========================================
RunAll
========================================
Builder version: 5.1.0
Interrupt handler set up.
========================================
Checkout
========================================
Clone URL: https://github.com/AltiAntonov/RemoteConfigStore.git
Reference: main
Initialized empty Git repository in /host/spi-builder-workspace/.git/
hint: Using 'master' as the name for the initial branch. This default branch name
hint: is subject to change. To configure the initial branch name to use in all
hint: of your new repositories, which will suppress this warning, call:
hint:
hint: 	git config --global init.defaultBranch <name>
hint:
hint: Names commonly chosen instead of 'master' are 'main', 'trunk' and
hint: 'development'. The just-created branch can be renamed via this command:
hint:
hint: 	git branch -m <name>
From https://github.com/AltiAntonov/RemoteConfigStore
 * branch            main       -> FETCH_HEAD
 * [new branch]      main       -> origin/main
HEAD is now at 132b660 chore: prepare 0.6.1 release
Cloned https://github.com/AltiAntonov/RemoteConfigStore.git
Revision (git rev-parse @):
132b660804c9a05563143567b0b78a79a18336b5
SPI manifest file found: $PWD/.spi.yml
SUCCESS checkout https://github.com/AltiAntonov/RemoteConfigStore.git at main
========================================
Build
========================================
Selected platform:         android
Swift version:             6.4
Building package at path:  $PWD
https://github.com/AltiAntonov/RemoteConfigStore.git
Running build ...
bash -c docker run --pull=always --rm -v "checkouts-54344845-0":/host -w "$PWD" -e JAVA_HOME="/root/.sdkman/candidates/java/current" -e SPI_BUILD="1" -e SPI_PROCESSING="1" registry.gitlab.com/saguaro1/spi-images:android-6.4-latest swift build --swift-sdk aarch64-unknown-linux-android28 2>&1
android-6.4-latest: Pulling from saguaro1/spi-images
Digest: sha256:abadcff584c273feba50641b454858d377ba30b35ea7287a94f45ebd8afd0ea0
Status: Image is up to date for registry.gitlab.com/saguaro1/spi-images:android-6.4-latest
Building for debugging...
[Planning deferred tasks]
error: SwiftCompile normal aarch64 failed with a nonzero exit code. Command line:     cd /host

/host/spi-builder-workspace/Sources/RemoteConfigStore/Networking/HTTPRemoteConfigFetcher.swift:16:26: error: 'URLSession' is unavailable: This type has moved to the FoundationNetworking module. Import that module to use it.
 14 |     /// The request configuration used for fetching remote config.
 15 |     public let request: HTTPRemoteConfigRequest
 16 |     private let session: URLSession
    |                          `- error: 'URLSession' is unavailable: This type has moved to the FoundationNetworking module. Import that module to use it.
 17 |
 18 |     /// Creates a built-in HTTP fetcher for remote config.
Foundation.URLSession:2:18: note: 'URLSession' has been explicitly marked unavailable here
1 | @available(*, unavailable, message: "This type has moved to the FoundationNetworking module. Import that module to use it.")
2 | public typealias URLSession = AnyObject
  |                  `- note: 'URLSession' has been explicitly marked unavailable here
/host/spi-builder-workspace/Sources/RemoteConfigStore/Networking/HTTPRemoteConfigFetcher.swift:25:18: error: 'URLSession' is unavailable: This type has moved to the FoundationNetworking module. Import that module to use it.
 23 |     public init(
 24 |         request: HTTPRemoteConfigRequest,
 25 |         session: URLSession = .shared
    |                  `- error: 'URLSession' is unavailable: This type has moved to the FoundationNetworking module. Import that module to use it.
 26 |     ) {
 27 |         self.request = request
Foundation.URLSession:2:18: note: 'URLSession' has been explicitly marked unavailable here
1 | @available(*, unavailable, message: "This type has moved to the FoundationNetworking module. Import that module to use it.")
2 | public typealias URLSession = AnyObject
  |                  `- note: 'URLSession' has been explicitly marked unavailable here
/host/spi-builder-workspace/Sources/RemoteConfigStore/Networking/HTTPRemoteConfigFetcher.swift:25:32: error: value of type '_' expected to be instance of class or class-constrained type
 23 |     public init(
 24 |         request: HTTPRemoteConfigRequest,
 25 |         session: URLSession = .shared
    |                                `- error: value of type '_' expected to be instance of class or class-constrained type
 26 |     ) {
 27 |         self.request = request
/host/spi-builder-workspace/Sources/RemoteConfigStore/Networking/HTTPRemoteConfigFetcher.swift:25:32: error: type 'URLSession' (aka 'AnyObject') has no member 'shared'
 23 |     public init(
 24 |         request: HTTPRemoteConfigRequest,
 25 |         session: URLSession = .shared
    |                                `- error: type 'URLSession' (aka 'AnyObject') has no member 'shared'
 26 |     ) {
 27 |         self.request = request
/host/spi-builder-workspace/Sources/RemoteConfigStore/Networking/HTTPRemoteConfigFetcher.swift:103:24: error: 'HTTPURLResponse' is unavailable: This type has moved to the FoundationNetworking module. Import that module to use it.
101 |
102 |     private func responseValidationMetadata(
103 |         from response: HTTPURLResponse
    |                        `- error: 'HTTPURLResponse' is unavailable: This type has moved to the FoundationNetworking module. Import that module to use it.
104 |     ) -> HTTPRemoteConfigValidationMetadata? {
105 |         let metadata = HTTPRemoteConfigValidationMetadata(
Foundation.HTTPURLResponse:2:18: note: 'HTTPURLResponse' has been explicitly marked unavailable here
1 | @available(*, unavailable, message: "This type has moved to the FoundationNetworking module. Import that module to use it.")
2 | public typealias HTTPURLResponse = AnyObject
  |                  `- note: 'HTTPURLResponse' has been explicitly marked unavailable here
/host/spi-builder-workspace/Sources/RemoteConfigStore/Networking/HTTPRemoteConfigFetcher.swift:16:17: error: stored property 'session' of 'Sendable'-conforming struct 'HTTPRemoteConfigFetcher' has non-Sendable type 'AnyObject'
 14 |     /// The request configuration used for fetching remote config.
 15 |     public let request: HTTPRemoteConfigRequest
 16 |     private let session: URLSession
    |                 `- error: stored property 'session' of 'Sendable'-conforming struct 'HTTPRemoteConfigFetcher' has non-Sendable type 'AnyObject'
 17 |
 18 |     /// Creates a built-in HTTP fetcher for remote config.
/host/spi-builder-workspace/Sources/RemoteConfigStore/Networking/HTTPRemoteConfigRequest.swift:40:40: error: cannot find type 'URLRequest' in scope
38 |     ///
39 |     /// - Returns: A GET request configured with the current URL, headers, and timeout.
40 |     public func urlRequest() throws -> URLRequest {
   |                                        `- error: cannot find type 'URLRequest' in scope
41 |         try urlRequest(validationMetadata: nil)
42 |     }
/host/spi-builder-workspace/Sources/RemoteConfigStore/Networking/HTTPRemoteConfigRequest.swift:52:17: error: cannot find type 'URLRequest' in scope
50 |     public func urlRequest(
51 |         validationMetadata: HTTPRemoteConfigValidationMetadata?
52 |     ) throws -> URLRequest {
   |                 `- error: cannot find type 'URLRequest' in scope
53 |         var request = URLRequest(url: url)
54 |         request.httpMethod = "GET"
/host/spi-builder-workspace/Sources/RemoteConfigStore/RemoteConfigStore.swift:65:18: error: 'URLSession' is unavailable: This type has moved to the FoundationNetworking module. Import that module to use it.
 63 |         ttl: TimeInterval,
 64 |         maxStaleAge: TimeInterval? = nil,
 65 |         session: URLSession = .shared,
    |                  `- error: 'URLSession' is unavailable: This type has moved to the FoundationNetworking module. Import that module to use it.
 66 |         logger: any Logger = NoopLogger(),
 67 |         onUpdate: (@Sendable (RemoteConfigUpdate) -> Void)? = nil
Foundation.URLSession:2:18: note: 'URLSession' has been explicitly marked unavailable here
1 | @available(*, unavailable, message: "This type has moved to the FoundationNetworking module. Import that module to use it.")
2 | public typealias URLSession = AnyObject
  |                  `- note: 'URLSession' has been explicitly marked unavailable here
/host/spi-builder-workspace/Sources/RemoteConfigStore/RemoteConfigStore.swift:65:32: error: type 'URLSession' (aka 'AnyObject') has no member 'shared'
 63 |         ttl: TimeInterval,
 64 |         maxStaleAge: TimeInterval? = nil,
 65 |         session: URLSession = .shared,
    |                                `- error: type 'URLSession' (aka 'AnyObject') has no member 'shared'
 66 |         logger: any Logger = NoopLogger(),
 67 |         onUpdate: (@Sendable (RemoteConfigUpdate) -> Void)? = nil
/host/spi-builder-workspace/Sources/RemoteConfigStore/RemoteConfigStore.swift:65:32: error: value of type '_' expected to be instance of class or class-constrained type
 63 |         ttl: TimeInterval,
 64 |         maxStaleAge: TimeInterval? = nil,
 65 |         session: URLSession = .shared,
    |                                `- error: value of type '_' expected to be instance of class or class-constrained type
 66 |         logger: any Logger = NoopLogger(),
 67 |         onUpdate: (@Sendable (RemoteConfigUpdate) -> Void)? = nil
Failed frontend command:
/root/.local/share/swiftly/toolchains/6.4.x-snapshot-2026-09-04/usr/bin/swift-frontend -frontend -emit-module -experimental-skip-non-inlinable-function-bodies-without-types /host/spi-builder-workspace/Sources/RemoteConfigStore/Cache/CacheEntry.swift /host/spi-builder-workspace/Sources/RemoteConfigStore/Cache/DiskCache.swift /host/spi-builder-workspace/Sources/RemoteConfigStore/Cache/MemoryCache.swift /host/spi-builder-workspace/Sources/RemoteConfigStore/Cache/TTLPolicy.swift /host/spi-builder-workspace/Sources/RemoteConfigStore/Models/ReadPolicy.swift /host/spi-builder-workspace/Sources/RemoteConfigStore/Models/RemoteConfigDecodingError.swift /host/spi-builder-workspace/Sources/RemoteConfigStore/Models/RemoteConfigKey.swift /host/spi-builder-workspace/Sources/RemoteConfigStore/Models/RemoteConfigRefreshResult.swift /host/spi-builder-workspace/Sources/RemoteConfigStore/Models/RemoteConfigSnapshot.swift /host/spi-builder-workspace/Sources/RemoteConfigStore/Models/RemoteConfigStoreError.swift /host/spi-builder-workspace/Sources/RemoteConfigStore/Models/RemoteConfigStoreInspectionState.swift /host/spi-builder-workspace/Sources/RemoteConfigStore/Models/RemoteConfigUpdate.swift /host/spi-builder-workspace/Sources/RemoteConfigStore/Models/RemoteConfigValue.swift /host/spi-builder-workspace/Sources/RemoteConfigStore/Models/SnapshotFreshness.swift /host/spi-builder-workspace/Sources/RemoteConfigStore/Networking/HTTPRemoteConfigFetcher.swift /host/spi-builder-workspace/Sources/RemoteConfigStore/Networking/HTTPRemoteConfigFetcherError.swift /host/spi-builder-workspace/Sources/RemoteConfigStore/Networking/HTTPRemoteConfigRequest.swift /host/spi-builder-workspace/Sources/RemoteConfigStore/Networking/HTTPRemoteConfigValidationMetadata.swift /host/spi-builder-workspace/Sources/RemoteConfigStore/Networking/RemoteConfigFetcher.swift /host/spi-builder-workspace/Sources/RemoteConfigStore/RemoteConfigStore.swift /host/spi-builder-workspace/Sources/RemoteConfigStore/Utils/Logger.swift -target aarch64-unknown-linux-android28 -Xllvm -aarch64-use-tbi -disable-objc-interop -sdk /android-ndk/android-ndk-r27d/toolchains/llvm/prebuilt/linux-x86_64/sysroot -sysroot /android-ndk/android-ndk-r27d/toolchains/llvm/prebuilt/linux-x86_64/sysroot -I /host/spi-builder-workspace/.build/out/Products/Debug-android-aarch64 -module-cache-path /host/spi-builder-workspace/.build/out/ModuleCache.noindex -color-diagnostics -Xcc -fcolor-diagnostics -enable-testing -g -debug-info-format\=dwarf -dwarf-version\=4 -swift-version 6 -Onone -D SWIFT_PACKAGE -D DEBUG -D SWIFT_MODULE_RESOURCE_BUNDLE_UNAVAILABLE -D Xcode -serialize-debugging-options -enable-experimental-feature DebugDescriptionMacro -empty-abi-descriptor -external-plugin-path /root/.local/share/swiftly/toolchains/6.4.x-snapshot-2026-09-04/usr/lib/swift/host/plugins/testing\#/root/.local/share/swiftly/toolchains/6.4.x-snapshot-2026-09-04/usr/bin/swift-plugin-server -validate-clang-modules-once -clang-build-session-file /host/spi-builder-workspace/.build/out/ModuleCache.noindex/Session.modulevalidation -Xcc -working-directory -Xcc /host -resource-dir /root/.swiftpm/swift-sdks/swift-6.4.x-DEVELOPMENT-SNAPSHOT-2026-09-04-a_android.artifactbundle/swift-android/swift-resources/usr/lib/swift-aarch64 -enable-anonymous-context-mangled-names -file-compilation-dir /host -Xcc -resource-dir -Xcc /android-ndk/android-ndk-r27d/toolchains/llvm/prebuilt/linux-x86_64/lib/clang/18 -Xcc -fno-omit-frame-pointer -Xcc -D_LIBCPP_HARDENING_MODE\=_LIBCPP_HARDENING_MODE_DEBUG -Xcc -fmodules-prune-interval\=86400 -Xcc -fmodules-prune-after\=345600 -Xcc -I/host/spi-builder-workspace/.build/out/Products/Debug-android-aarch64/include -Xcc -I/host/spi-builder-workspace/.build/out/Intermediates.noindex/RemoteConfigStore.build/Debug-android-aarch64/RemoteConfigStore-t.build/DerivedSources-normal/aarch64 -Xcc -I/host/spi-builder-workspace/.build/out/Intermediates.noindex/RemoteConfigStore.build/Debug-android-aarch64/RemoteConfigStore-t.build/DerivedSources/aarch64 -Xcc -I/host/spi-builder-workspace/.build/out/Intermediates.noindex/RemoteConfigStore.build/Debug-android-aarch64/RemoteConfigStore-t.build/DerivedSources -Xcc -DSWIFT_PACKAGE -Xcc -DDEBUG\=1 -no-auto-bridging-header-chaining -module-name RemoteConfigStore -package-name spi_builder_workspace -const-gather-protocols-file /host/spi-builder-workspace/.build/out/Intermediates.noindex/RemoteConfigStore.build/Debug-android-aarch64/RemoteConfigStore-t.build/Objects-normal/aarch64/RemoteConfigStore_const_extract_protocols.json -in-process-plugin-server-path /root/.local/share/swiftly/toolchains/6.4.x-snapshot-2026-09-04/usr/lib/swift/host/libSwiftInProcPluginServer.so -plugin-path /root/.local/share/swiftly/toolchains/6.4.x-snapshot-2026-09-04/usr/lib/swift/host/plugins -plugin-path /root/.local/share/swiftly/toolchains/6.4.x-snapshot-2026-09-04/usr/local/lib/swift/host/plugins -emit-module-doc-path /host/spi-builder-workspace/.build/out/Intermediates.noindex/RemoteConfigStore.build/Debug-android-aarch64/RemoteConfigStore-t.build/Objects-normal/aarch64/Modules/RemoteConfigStore.swiftdoc -emit-module-source-info-path /host/spi-builder-workspace/.build/out/Intermediates.noindex/RemoteConfigStore.build/Debug-android-aarch64/RemoteConfigStore-t.build/Objects-normal/aarch64/Modules/RemoteConfigStore.swiftsourceinfo -emit-objc-header-path /host/spi-builder-workspace/.build/out/Intermediates.noindex/RemoteConfigStore.build/Debug-android-aarch64/RemoteConfigStore-t.build/Objects-normal/aarch64/RemoteConfigStore-Swift.h -serialize-diagnostics-path /host/spi-builder-workspace/.build/out/Intermediates.noindex/RemoteConfigStore.build/Debug-android-aarch64/RemoteConfigStore-t.build/Objects-normal/aarch64/RemoteConfigStore-primary-emit-module.dia -emit-dependencies-path /host/spi-builder-workspace/.build/out/Intermediates.noindex/RemoteConfigStore.build/Debug-android-aarch64/RemoteConfigStore-t.build/Objects-normal/aarch64/RemoteConfigStore-primary-emit-module.d -parse-as-library -o /host/spi-builder-workspace/.build/out/Intermediates.noindex/RemoteConfigStore.build/Debug-android-aarch64/RemoteConfigStore-t.build/Objects-normal/aarch64/Modules/RemoteConfigStore.swiftmodule
[28 / 36] RemoteConfigStore
error: Build failed
BUILD FAILURE 6.4 android