Build Information
Failed to build Vim, reference master (53cab3), with Swift 6.4 for tvOS using Xcode 27.0 on 17 Sep 2026 03:20:17 UTC.
Build Command
env DEVELOPER_DIR=/Applications/Xcode-27.0.0-Release.Candidate.app xcrun xcodebuild -IDEClonedSourcePackagesDirPathOverride=$PWD/.dependencies -skipMacroValidation -skipPackagePluginValidation -derivedDataPath $PWD/.derivedData build -scheme Vim-Package -destination generic/platform=tvOSBuild Log
========================================
RunAll
========================================
Builder version: 5.1.0
Interrupt handler set up.
========================================
Checkout
========================================
Clone URL: https://github.com/swift-vim/SwiftForVim.git
Reference: master
Initialized empty Git repository in /Users/admin/builder/spi-builder-workspace/.git/
From https://github.com/swift-vim/SwiftForVim
* branch master -> FETCH_HEAD
* [new branch] master -> origin/master
HEAD is now at 53cab34 Implement callable args (#2)
Cloned https://github.com/swift-vim/SwiftForVim.git
Revision (git rev-parse @):
53cab34a3bcb3fd35a4874b72eabb0042067d76c
SUCCESS checkout https://github.com/swift-vim/SwiftForVim.git at master
========================================
Build
========================================
Selected platform: tvOS
Swift version: 6.4
Building package at path: $PWD
https://github.com/swift-vim/SwiftForVim.git
Command line invocation:
/Applications/Xcode-27.0.0-Release.Candidate.app/Contents/Developer/usr/bin/xcodebuild -IDEClonedSourcePackagesDirPathOverride=/Users/admin/builder/spi-builder-workspace/.dependencies -resolvePackageDependencies
Resolve Package Graph
Resolve Package Graph
Resolved source packages:
Vim: /Users/admin/builder/spi-builder-workspace
resolved source packages: Vim
2026-09-16 23:19:28.247 xcodebuild[524:3006] [MT] IDERunDestination: Supported platforms for the buildables in the current scheme is empty.
{
"dependencies" : [
],
"manifest_display_name" : "Vim",
"name" : "Vim",
"path" : "/Users/admin/builder/spi-builder-workspace",
"platforms" : [
],
"products" : [
{
"name" : "VimInterface",
"targets" : [
"VimInterface"
],
"type" : {
"library" : [
"dynamic"
]
}
},
{
"name" : "Vim",
"targets" : [
"Vim"
],
"type" : {
"library" : [
"dynamic"
]
}
},
{
"name" : "VimPluginBootstrap",
"targets" : [
"VimPluginBootstrap"
],
"type" : {
"library" : [
"dynamic"
]
}
},
{
"name" : "VimAsync",
"targets" : [
"VimAsync"
],
"type" : {
"library" : [
"dynamic"
]
}
},
{
"name" : "Example",
"targets" : [
"Example"
],
"type" : {
"library" : [
"dynamic"
]
}
}
],
"targets" : [
{
"c99name" : "VimTests",
"module_type" : "SwiftTarget",
"name" : "VimTests",
"path" : "Tests/VimTests",
"sources" : [
"VimTests.swift"
],
"type" : "test"
},
{
"c99name" : "VimPluginBootstrap",
"module_type" : "ClangTarget",
"name" : "VimPluginBootstrap",
"path" : "Sources/VimPluginBootstrap",
"product_memberships" : [
"Vim",
"VimPluginBootstrap"
],
"sources" : [
"swiftvim.c"
],
"type" : "library"
},
{
"c99name" : "VimInterfaceTests",
"module_type" : "SwiftTarget",
"name" : "VimInterfaceTests",
"path" : "Tests/VimInterfaceTests",
"sources" : [
"CallingTests.swift"
],
"target_dependencies" : [
"VimInterface"
],
"type" : "test"
},
{
"c99name" : "VimInterface",
"module_type" : "ClangTarget",
"name" : "VimInterface",
"path" : "Sources/VimInterface",
"product_memberships" : [
"VimInterface",
"Vim"
],
"sources" : [
"swiftvim_lib.c"
],
"type" : "library"
},
{
"c99name" : "VimAsyncTests",
"module_type" : "SwiftTarget",
"name" : "VimAsyncTests",
"path" : "Tests/VimAsyncTests",
"sources" : [
"VimAsyncTest.swift"
],
"type" : "test"
},
{
"c99name" : "VimAsync",
"module_type" : "SwiftTarget",
"name" : "VimAsync",
"path" : "Sources/VimAsync",
"product_memberships" : [
"VimAsync"
],
"sources" : [
"VimTask.swift",
"VimTimer.swift"
],
"type" : "library"
},
{
"c99name" : "Vim",
"module_type" : "SwiftTarget",
"name" : "Vim",
"path" : "Sources/Vim",
"product_memberships" : [
"Vim"
],
"sources" : [
"Vim.swift",
"VimBuffer.swift",
"VimCurrent.swift",
"VimExtensions.swift",
"VimPlugin.swift",
"VimValue.swift",
"VimWindow.swift"
],
"target_dependencies" : [
"VimInterface",
"VimPluginBootstrap"
],
"type" : "library"
},
{
"c99name" : "Example",
"module_type" : "SwiftTarget",
"name" : "Example",
"path" : "Sources/Example",
"product_memberships" : [
"Example"
],
"sources" : [
"Example.swift"
],
"type" : "library"
}
],
"tools_version" : "4.0"
}
{
"workspace" : {
"name" : "Vim",
"schemes" : [
"Example",
"Vim",
"Vim-Package",
"VimAsync",
"VimInterface",
"VimPluginBootstrap"
]
}
}
2026-09-16 23:20:09.557 xcodebuild[622:3948] [MT] IDERunDestination: Supported platforms for the buildables in the current scheme is empty.
Running build ...
env DEVELOPER_DIR=/Applications/Xcode-27.0.0-Release.Candidate.app xcrun xcodebuild -IDEClonedSourcePackagesDirPathOverride=$PWD/.dependencies -skipMacroValidation -skipPackagePluginValidation -derivedDataPath $PWD/.derivedData build -scheme Vim-Package -destination generic/platform=tvOS
Command line invocation:
/Applications/Xcode-27.0.0-Release.Candidate.app/Contents/Developer/usr/bin/xcodebuild -IDEClonedSourcePackagesDirPathOverride=/Users/admin/builder/spi-builder-workspace/.dependencies -skipMacroValidation -skipPackagePluginValidation -derivedDataPath /Users/admin/builder/spi-builder-workspace/.derivedData build -scheme Vim-Package -destination generic/platform=tvOS
Resolve Package Graph
Resolved source packages:
Vim: /Users/admin/builder/spi-builder-workspace
ComputePackagePrebuildTargetDependencyGraph
Prepare packages
CreateBuildRequest
SendProjectDescription
CreateBuildOperation
ComputeTargetDependencyGraph
note: Building targets in dependency order
note: Target dependency graph (10 targets)
Target 'Example-product' in project 'Vim'
➜ Explicit dependency on target 'Example' in project 'Vim'
Target 'Example' in project 'Vim' (no dependencies)
Target 'VimAsync-product' in project 'Vim'
➜ Explicit dependency on target 'VimAsync' in project 'Vim'
Target 'VimAsync' in project 'Vim' (no dependencies)
Target 'VimPluginBootstrap-product' in project 'Vim'
➜ Explicit dependency on target 'VimPluginBootstrap' in project 'Vim'
Target 'Vim-product' in project 'Vim'
➜ Explicit dependency on target 'Vim' in project 'Vim'
➜ Explicit dependency on target 'VimInterface' in project 'Vim'
➜ Explicit dependency on target 'VimPluginBootstrap' in project 'Vim'
Target 'Vim' in project 'Vim'
➜ Explicit dependency on target 'VimInterface' in project 'Vim'
➜ Explicit dependency on target 'VimPluginBootstrap' in project 'Vim'
Target 'VimPluginBootstrap' in project 'Vim' (no dependencies)
Target 'VimInterface-product' in project 'Vim'
➜ Explicit dependency on target 'VimInterface' in project 'Vim'
Target 'VimInterface' in project 'Vim' (no dependencies)
GatherProvisioningInputs
CreateBuildDescription
ExecuteExternalTool /Applications/Xcode-27.0.0-Release.Candidate.app/Contents/Developer/Toolchains/XcodeDefault.xctoolchain/usr/bin/clang -v -E -dM -arch arm64 -isysroot /Applications/Xcode-27.0.0-Release.Candidate.app/Contents/Developer/Platforms/AppleTVOS.platform/Developer/SDKs/AppleTVOS27.0.sdk -x c -c /dev/null
ExecuteExternalTool /Applications/Xcode-27.0.0-Release.Candidate.app/Contents/Developer/Toolchains/XcodeDefault.xctoolchain/usr/bin/ld -version_details
ExecuteExternalTool /Applications/Xcode-27.0.0-Release.Candidate.app/Contents/Developer/Toolchains/XcodeDefault.xctoolchain/usr/bin/swiftc --version
ExecuteExternalTool /Applications/Xcode-27.0.0-Release.Candidate.app/Contents/Developer/Toolchains/XcodeDefault.xctoolchain/usr/bin/clang -v -E -dM -isysroot /Applications/Xcode-27.0.0-Release.Candidate.app/Contents/Developer/Platforms/AppleTVOS.platform/Developer/SDKs/AppleTVOS27.0.sdk -x c -c /dev/null
Build description signature: 610760dda6c75cb5e102a3332957542a
Build description path: /Users/admin/builder/spi-builder-workspace/.derivedData/Build/Intermediates.noindex/XCBuildData/610760dda6c75cb5e102a3332957542a.xcbuilddata
CreateBuildDirectory /Users/admin/builder/spi-builder-workspace/.derivedData/SDKExplicitPrecompiledModules
cd /Users/admin/builder/spi-builder-workspace/.swiftpm/xcode
builtin-create-build-directory /Users/admin/builder/spi-builder-workspace/.derivedData/SDKExplicitPrecompiledModules
CreateBuildDirectory /Users/admin/builder/spi-builder-workspace/.derivedData/ModuleCache.noindex
cd /Users/admin/builder/spi-builder-workspace/.swiftpm/xcode
builtin-create-build-directory /Users/admin/builder/spi-builder-workspace/.derivedData/ModuleCache.noindex
CreateBuildDirectory /Users/admin/builder/spi-builder-workspace/.derivedData/CompilationCache.noindex
cd /Users/admin/builder/spi-builder-workspace/.swiftpm/xcode
builtin-create-build-directory /Users/admin/builder/spi-builder-workspace/.derivedData/CompilationCache.noindex
CreateBuildDirectory /Users/admin/builder/spi-builder-workspace/.derivedData/Build/Products
cd /Users/admin/builder/spi-builder-workspace/.swiftpm/xcode
builtin-create-build-directory /Users/admin/builder/spi-builder-workspace/.derivedData/Build/Products
CreateBuildDirectory /Users/admin/builder/spi-builder-workspace/.derivedData/Build/Intermediates.noindex
cd /Users/admin/builder/spi-builder-workspace/.swiftpm/xcode
builtin-create-build-directory /Users/admin/builder/spi-builder-workspace/.derivedData/Build/Intermediates.noindex
ClangStatCache /Applications/Xcode-27.0.0-Release.Candidate.app/Contents/Developer/Toolchains/XcodeDefault.xctoolchain/usr/bin/clang-stat-cache /Applications/Xcode-27.0.0-Release.Candidate.app/Contents/Developer/Platforms/AppleTVOS.platform/Developer/SDKs/AppleTVOS27.0.sdk /Users/admin/builder/spi-builder-workspace/.derivedData/SDKStatCaches.noindex/appletvos27.0-24J360-e829b21a6f8c9b70876ba0858053c044b32bfd8d43560033f8d89884cdb90028.sdkstatcache
cd /Users/admin/builder/spi-builder-workspace/.swiftpm/xcode
/Applications/Xcode-27.0.0-Release.Candidate.app/Contents/Developer/Toolchains/XcodeDefault.xctoolchain/usr/bin/clang-stat-cache /Applications/Xcode-27.0.0-Release.Candidate.app/Contents/Developer/Platforms/AppleTVOS.platform/Developer/SDKs/AppleTVOS27.0.sdk -o /Users/admin/builder/spi-builder-workspace/.derivedData/SDKStatCaches.noindex/appletvos27.0-24J360-e829b21a6f8c9b70876ba0858053c044b32bfd8d43560033f8d89884cdb90028.sdkstatcache
CreateBuildDirectory /Users/admin/builder/spi-builder-workspace/.derivedData/Build/Intermediates.noindex/SwiftExplicitPrecompiledModules
cd /Users/admin/builder/spi-builder-workspace/.swiftpm/xcode
builtin-create-build-directory /Users/admin/builder/spi-builder-workspace/.derivedData/Build/Intermediates.noindex/SwiftExplicitPrecompiledModules
CreateBuildDirectory /Users/admin/builder/spi-builder-workspace/.derivedData/Build/Intermediates.noindex/PrecompiledHeaders
cd /Users/admin/builder/spi-builder-workspace/.swiftpm/xcode
builtin-create-build-directory /Users/admin/builder/spi-builder-workspace/.derivedData/Build/Intermediates.noindex/PrecompiledHeaders
CreateBuildDirectory /Users/admin/builder/spi-builder-workspace/.derivedData/Build/Intermediates.noindex/ExplicitPrecompiledModules
cd /Users/admin/builder/spi-builder-workspace/.swiftpm/xcode
builtin-create-build-directory /Users/admin/builder/spi-builder-workspace/.derivedData/Build/Intermediates.noindex/ExplicitPrecompiledModules
CreateBuildDirectory /Users/admin/builder/spi-builder-workspace/.derivedData/Build/Products/Debug-appletvos
cd /Users/admin/builder/spi-builder-workspace/.swiftpm/xcode
builtin-create-build-directory /Users/admin/builder/spi-builder-workspace/.derivedData/Build/Products/Debug-appletvos
CreateBuildDirectory /Users/admin/builder/spi-builder-workspace/.derivedData/Build/Intermediates.noindex/EagerLinkingTBDs/Debug-appletvos
cd /Users/admin/builder/spi-builder-workspace/.swiftpm/xcode
builtin-create-build-directory /Users/admin/builder/spi-builder-workspace/.derivedData/Build/Intermediates.noindex/EagerLinkingTBDs/Debug-appletvos
WriteAuxiliaryFile /Users/admin/builder/spi-builder-workspace/.derivedData/Build/Intermediates.noindex/Vim.build/Debug-appletvos/VimPluginBootstrap-t.build/VimPluginBootstrap.DependencyMetadataFileList (in target 'VimPluginBootstrap' from project 'Vim')
cd /Users/admin/builder/spi-builder-workspace
write-file /Users/admin/builder/spi-builder-workspace/.derivedData/Build/Intermediates.noindex/Vim.build/Debug-appletvos/VimPluginBootstrap-t.build/VimPluginBootstrap.DependencyMetadataFileList
WriteAuxiliaryFile /Users/admin/builder/spi-builder-workspace/.derivedData/Build/Intermediates.noindex/Vim.build/Debug-appletvos/VimPluginBootstrap-product-t.build/empty-VimPluginBootstrap.plist (in target 'VimPluginBootstrap-product' from project 'Vim')
cd /Users/admin/builder/spi-builder-workspace
write-file /Users/admin/builder/spi-builder-workspace/.derivedData/Build/Intermediates.noindex/Vim.build/Debug-appletvos/VimPluginBootstrap-product-t.build/empty-VimPluginBootstrap.plist
WriteAuxiliaryFile /Users/admin/builder/spi-builder-workspace/.derivedData/Build/Intermediates.noindex/Vim.build/Debug-appletvos/VimPluginBootstrap-t.build/VimPluginBootstrap.DependencyStaticMetadataFileList (in target 'VimPluginBootstrap' from project 'Vim')
cd /Users/admin/builder/spi-builder-workspace
write-file /Users/admin/builder/spi-builder-workspace/.derivedData/Build/Intermediates.noindex/Vim.build/Debug-appletvos/VimPluginBootstrap-t.build/VimPluginBootstrap.DependencyStaticMetadataFileList
WriteAuxiliaryFile /Users/admin/builder/spi-builder-workspace/.derivedData/Build/Intermediates.noindex/Vim.build/Debug-appletvos/VimPluginBootstrap-product-t.build/VimPluginBootstrap.DependencyMetadataFileList (in target 'VimPluginBootstrap-product' from project 'Vim')
cd /Users/admin/builder/spi-builder-workspace
write-file /Users/admin/builder/spi-builder-workspace/.derivedData/Build/Intermediates.noindex/Vim.build/Debug-appletvos/VimPluginBootstrap-product-t.build/VimPluginBootstrap.DependencyMetadataFileList
WriteAuxiliaryFile /Users/admin/builder/spi-builder-workspace/.derivedData/Build/Intermediates.noindex/Vim.build/Debug-appletvos/VimPluginBootstrap-t.build/VimPluginBootstrap.modulemap (in target 'VimPluginBootstrap' from project 'Vim')
cd /Users/admin/builder/spi-builder-workspace
write-file /Users/admin/builder/spi-builder-workspace/.derivedData/Build/Intermediates.noindex/Vim.build/Debug-appletvos/VimPluginBootstrap-t.build/VimPluginBootstrap.modulemap
WriteAuxiliaryFile /Users/admin/builder/spi-builder-workspace/.derivedData/Build/Intermediates.noindex/Vim.build/Debug-appletvos/VimPluginBootstrap-product-t.build/VimPluginBootstrap.DependencyStaticMetadataFileList (in target 'VimPluginBootstrap-product' from project 'Vim')
cd /Users/admin/builder/spi-builder-workspace
write-file /Users/admin/builder/spi-builder-workspace/.derivedData/Build/Intermediates.noindex/Vim.build/Debug-appletvos/VimPluginBootstrap-product-t.build/VimPluginBootstrap.DependencyStaticMetadataFileList
WriteAuxiliaryFile /Users/admin/builder/spi-builder-workspace/.derivedData/Build/Intermediates.noindex/Vim.build/Debug-appletvos/VimPluginBootstrap-t.build/Objects-normal/arm64/VimPluginBootstrap.LinkFileList (in target 'VimPluginBootstrap' from project 'Vim')
cd /Users/admin/builder/spi-builder-workspace
write-file /Users/admin/builder/spi-builder-workspace/.derivedData/Build/Intermediates.noindex/Vim.build/Debug-appletvos/VimPluginBootstrap-t.build/Objects-normal/arm64/VimPluginBootstrap.LinkFileList
WriteAuxiliaryFile /Users/admin/builder/spi-builder-workspace/.derivedData/Build/Intermediates.noindex/Vim.build/Debug-appletvos/VimPluginBootstrap-t.build/Objects-normal/arm64/7187679823f38a2a940e0043cdf9d637-common-args.resp (in target 'VimPluginBootstrap' from project 'Vim')
cd /Users/admin/builder/spi-builder-workspace
write-file /Users/admin/builder/spi-builder-workspace/.derivedData/Build/Intermediates.noindex/Vim.build/Debug-appletvos/VimPluginBootstrap-t.build/Objects-normal/arm64/7187679823f38a2a940e0043cdf9d637-common-args.resp
-fmodules -gmodules '-fmodules-cache-path=/Users/admin/builder/spi-builder-workspace/.derivedData/ModuleCache.noindex' '-fmodule-name=VimPluginBootstrap' -fpascal-strings -O0 -DSWIFT_PACKAGE '-DDEBUG=1' -g -fprofile-instr-generate -fcoverage-mapping -I/Users/admin/builder/spi-builder-workspace/.derivedData/Build/Products/Debug-appletvos/include -I/Users/admin/builder/spi-builder-workspace/Sources/VimPluginBootstrap/include -I/Users/admin/builder/spi-builder-workspace/.derivedData/Build/Intermediates.noindex/Vim.build/Debug-appletvos/VimPluginBootstrap-t.build/DerivedSources-normal/arm64 -I/Users/admin/builder/spi-builder-workspace/.derivedData/Build/Intermediates.noindex/Vim.build/Debug-appletvos/VimPluginBootstrap-t.build/DerivedSources/arm64 -I/Users/admin/builder/spi-builder-workspace/.derivedData/Build/Intermediates.noindex/Vim.build/Debug-appletvos/VimPluginBootstrap-t.build/DerivedSources -F/Users/admin/builder/spi-builder-workspace/.derivedData/Build/Products/Debug-appletvos -iframework /Applications/Xcode-27.0.0-Release.Candidate.app/Contents/Developer/Platforms/AppleTVOS.platform/Developer/Library/Frameworks -iframework /Applications/Xcode-27.0.0-Release.Candidate.app/Contents/Developer/Platforms/AppleTVOS.platform/Developer/SDKs/AppleTVOS27.0.sdk/Developer/Library/Frameworks -DXcode
WriteAuxiliaryFile /Users/admin/builder/spi-builder-workspace/.derivedData/Build/Intermediates.noindex/Vim.build/Debug-appletvos/VimPluginBootstrap-product-t.build/Objects-normal/arm64/VimPluginBootstrap.LinkFileList (in target 'VimPluginBootstrap-product' from project 'Vim')
cd /Users/admin/builder/spi-builder-workspace
write-file /Users/admin/builder/spi-builder-workspace/.derivedData/Build/Intermediates.noindex/Vim.build/Debug-appletvos/VimPluginBootstrap-product-t.build/Objects-normal/arm64/VimPluginBootstrap.LinkFileList
WriteAuxiliaryFile /Users/admin/builder/spi-builder-workspace/.derivedData/Build/Intermediates.noindex/Vim.build/Debug-appletvos/VimInterface-product-t.build/VimInterface.DependencyMetadataFileList (in target 'VimInterface-product' from project 'Vim')
cd /Users/admin/builder/spi-builder-workspace
write-file /Users/admin/builder/spi-builder-workspace/.derivedData/Build/Intermediates.noindex/Vim.build/Debug-appletvos/VimInterface-product-t.build/VimInterface.DependencyMetadataFileList
WriteAuxiliaryFile /Users/admin/builder/spi-builder-workspace/.derivedData/Build/Intermediates.noindex/Vim.build/Debug-appletvos/VimInterface-product-t.build/VimInterface.DependencyStaticMetadataFileList (in target 'VimInterface-product' from project 'Vim')
cd /Users/admin/builder/spi-builder-workspace
write-file /Users/admin/builder/spi-builder-workspace/.derivedData/Build/Intermediates.noindex/Vim.build/Debug-appletvos/VimInterface-product-t.build/VimInterface.DependencyStaticMetadataFileList
WriteAuxiliaryFile /Users/admin/builder/spi-builder-workspace/.derivedData/Build/Intermediates.noindex/Vim.build/Debug-appletvos/VimInterface-product-t.build/empty-VimInterface.plist (in target 'VimInterface-product' from project 'Vim')
cd /Users/admin/builder/spi-builder-workspace
write-file /Users/admin/builder/spi-builder-workspace/.derivedData/Build/Intermediates.noindex/Vim.build/Debug-appletvos/VimInterface-product-t.build/empty-VimInterface.plist
WriteAuxiliaryFile /Users/admin/builder/spi-builder-workspace/.derivedData/Build/Intermediates.noindex/Vim.build/Debug-appletvos/VimInterface-t.build/VimInterface.DependencyStaticMetadataFileList (in target 'VimInterface' from project 'Vim')
cd /Users/admin/builder/spi-builder-workspace
write-file /Users/admin/builder/spi-builder-workspace/.derivedData/Build/Intermediates.noindex/Vim.build/Debug-appletvos/VimInterface-t.build/VimInterface.DependencyStaticMetadataFileList
WriteAuxiliaryFile /Users/admin/builder/spi-builder-workspace/.derivedData/Build/Intermediates.noindex/Vim.build/Debug-appletvos/VimInterface-t.build/VimInterface.modulemap (in target 'VimInterface' from project 'Vim')
cd /Users/admin/builder/spi-builder-workspace
write-file /Users/admin/builder/spi-builder-workspace/.derivedData/Build/Intermediates.noindex/Vim.build/Debug-appletvos/VimInterface-t.build/VimInterface.modulemap
WriteAuxiliaryFile /Users/admin/builder/spi-builder-workspace/.derivedData/Build/Intermediates.noindex/Vim.build/Debug-appletvos/VimInterface-product-t.build/Objects-normal/arm64/VimInterface.LinkFileList (in target 'VimInterface-product' from project 'Vim')
cd /Users/admin/builder/spi-builder-workspace
write-file /Users/admin/builder/spi-builder-workspace/.derivedData/Build/Intermediates.noindex/Vim.build/Debug-appletvos/VimInterface-product-t.build/Objects-normal/arm64/VimInterface.LinkFileList
WriteAuxiliaryFile /Users/admin/builder/spi-builder-workspace/.derivedData/Build/Intermediates.noindex/Vim.build/Debug-appletvos/VimInterface-t.build/VimInterface.DependencyMetadataFileList (in target 'VimInterface' from project 'Vim')
cd /Users/admin/builder/spi-builder-workspace
write-file /Users/admin/builder/spi-builder-workspace/.derivedData/Build/Intermediates.noindex/Vim.build/Debug-appletvos/VimInterface-t.build/VimInterface.DependencyMetadataFileList
Copy /Users/admin/builder/spi-builder-workspace/.derivedData/Build/Intermediates.noindex/GeneratedModuleMaps-appletvos/VimPluginBootstrap.modulemap /Users/admin/builder/spi-builder-workspace/.derivedData/Build/Intermediates.noindex/Vim.build/Debug-appletvos/VimPluginBootstrap-t.build/VimPluginBootstrap.modulemap (in target 'VimPluginBootstrap' from project 'Vim')
cd /Users/admin/builder/spi-builder-workspace
builtin-copy -exclude .DS_Store -exclude CVS -exclude .svn -exclude .git -exclude .hg -resolve-src-symlinks /Users/admin/builder/spi-builder-workspace/.derivedData/Build/Intermediates.noindex/Vim.build/Debug-appletvos/VimPluginBootstrap-t.build/VimPluginBootstrap.modulemap /Users/admin/builder/spi-builder-workspace/.derivedData/Build/Intermediates.noindex/GeneratedModuleMaps-appletvos
WriteAuxiliaryFile /Users/admin/builder/spi-builder-workspace/.derivedData/Build/Intermediates.noindex/Vim.build/Debug-appletvos/VimInterface-t.build/Objects-normal/arm64/VimInterface.LinkFileList (in target 'VimInterface' from project 'Vim')
cd /Users/admin/builder/spi-builder-workspace
write-file /Users/admin/builder/spi-builder-workspace/.derivedData/Build/Intermediates.noindex/Vim.build/Debug-appletvos/VimInterface-t.build/Objects-normal/arm64/VimInterface.LinkFileList
WriteAuxiliaryFile /Users/admin/builder/spi-builder-workspace/.derivedData/Build/Intermediates.noindex/Vim.build/Debug-appletvos/VimInterface-t.build/Objects-normal/arm64/7187679823f38a2a940e0043cdf9d637-common-args.resp (in target 'VimInterface' from project 'Vim')
cd /Users/admin/builder/spi-builder-workspace
write-file /Users/admin/builder/spi-builder-workspace/.derivedData/Build/Intermediates.noindex/Vim.build/Debug-appletvos/VimInterface-t.build/Objects-normal/arm64/7187679823f38a2a940e0043cdf9d637-common-args.resp
-fmodules -gmodules '-fmodules-cache-path=/Users/admin/builder/spi-builder-workspace/.derivedData/ModuleCache.noindex' '-fmodule-name=VimInterface' -fpascal-strings -O0 -DSWIFT_PACKAGE '-DDEBUG=1' -g -fprofile-instr-generate -fcoverage-mapping -I/Users/admin/builder/spi-builder-workspace/.derivedData/Build/Products/Debug-appletvos/include -I/Users/admin/builder/spi-builder-workspace/Sources/VimInterface/include -I/Users/admin/builder/spi-builder-workspace/.derivedData/Build/Intermediates.noindex/Vim.build/Debug-appletvos/VimInterface-t.build/DerivedSources-normal/arm64 -I/Users/admin/builder/spi-builder-workspace/.derivedData/Build/Intermediates.noindex/Vim.build/Debug-appletvos/VimInterface-t.build/DerivedSources/arm64 -I/Users/admin/builder/spi-builder-workspace/.derivedData/Build/Intermediates.noindex/Vim.build/Debug-appletvos/VimInterface-t.build/DerivedSources -F/Users/admin/builder/spi-builder-workspace/.derivedData/Build/Products/Debug-appletvos -iframework /Applications/Xcode-27.0.0-Release.Candidate.app/Contents/Developer/Platforms/AppleTVOS.platform/Developer/Library/Frameworks -iframework /Applications/Xcode-27.0.0-Release.Candidate.app/Contents/Developer/Platforms/AppleTVOS.platform/Developer/SDKs/AppleTVOS27.0.sdk/Developer/Library/Frameworks -DXcode
Copy /Users/admin/builder/spi-builder-workspace/.derivedData/Build/Intermediates.noindex/GeneratedModuleMaps-appletvos/VimInterface.modulemap /Users/admin/builder/spi-builder-workspace/.derivedData/Build/Intermediates.noindex/Vim.build/Debug-appletvos/VimInterface-t.build/VimInterface.modulemap (in target 'VimInterface' from project 'Vim')
cd /Users/admin/builder/spi-builder-workspace
builtin-copy -exclude .DS_Store -exclude CVS -exclude .svn -exclude .git -exclude .hg -resolve-src-symlinks /Users/admin/builder/spi-builder-workspace/.derivedData/Build/Intermediates.noindex/Vim.build/Debug-appletvos/VimInterface-t.build/VimInterface.modulemap /Users/admin/builder/spi-builder-workspace/.derivedData/Build/Intermediates.noindex/GeneratedModuleMaps-appletvos
WriteAuxiliaryFile /Users/admin/builder/spi-builder-workspace/.derivedData/Build/Intermediates.noindex/Vim.build/Debug-appletvos/VimAsync-product-t.build/VimAsync.DependencyStaticMetadataFileList (in target 'VimAsync-product' from project 'Vim')
cd /Users/admin/builder/spi-builder-workspace
write-file /Users/admin/builder/spi-builder-workspace/.derivedData/Build/Intermediates.noindex/Vim.build/Debug-appletvos/VimAsync-product-t.build/VimAsync.DependencyStaticMetadataFileList
WriteAuxiliaryFile /Users/admin/builder/spi-builder-workspace/.derivedData/Build/Intermediates.noindex/Vim.build/Debug-appletvos/VimAsync-product-t.build/empty-VimAsync.plist (in target 'VimAsync-product' from project 'Vim')
cd /Users/admin/builder/spi-builder-workspace
write-file /Users/admin/builder/spi-builder-workspace/.derivedData/Build/Intermediates.noindex/Vim.build/Debug-appletvos/VimAsync-product-t.build/empty-VimAsync.plist
WriteAuxiliaryFile /Users/admin/builder/spi-builder-workspace/.derivedData/Build/Intermediates.noindex/Vim.build/Debug-appletvos/VimAsync-product-t.build/VimAsync.DependencyMetadataFileList (in target 'VimAsync-product' from project 'Vim')
cd /Users/admin/builder/spi-builder-workspace
write-file /Users/admin/builder/spi-builder-workspace/.derivedData/Build/Intermediates.noindex/Vim.build/Debug-appletvos/VimAsync-product-t.build/VimAsync.DependencyMetadataFileList
WriteAuxiliaryFile /Users/admin/builder/spi-builder-workspace/.derivedData/Build/Intermediates.noindex/Vim.build/Debug-appletvos/VimAsync-t.build/VimAsync.modulemap (in target 'VimAsync' from project 'Vim')
cd /Users/admin/builder/spi-builder-workspace
write-file /Users/admin/builder/spi-builder-workspace/.derivedData/Build/Intermediates.noindex/Vim.build/Debug-appletvos/VimAsync-t.build/VimAsync.modulemap
WriteAuxiliaryFile /Users/admin/builder/spi-builder-workspace/.derivedData/Build/Intermediates.noindex/Vim.build/Debug-appletvos/VimAsync-product-t.build/Objects-normal/arm64/VimAsync.LinkFileList (in target 'VimAsync-product' from project 'Vim')
cd /Users/admin/builder/spi-builder-workspace
write-file /Users/admin/builder/spi-builder-workspace/.derivedData/Build/Intermediates.noindex/Vim.build/Debug-appletvos/VimAsync-product-t.build/Objects-normal/arm64/VimAsync.LinkFileList
WriteAuxiliaryFile /Users/admin/builder/spi-builder-workspace/.derivedData/Build/Intermediates.noindex/Vim.build/Debug-appletvos/VimAsync-t.build/VimAsync.DependencyStaticMetadataFileList (in target 'VimAsync' from project 'Vim')
cd /Users/admin/builder/spi-builder-workspace
write-file /Users/admin/builder/spi-builder-workspace/.derivedData/Build/Intermediates.noindex/Vim.build/Debug-appletvos/VimAsync-t.build/VimAsync.DependencyStaticMetadataFileList
WriteAuxiliaryFile /Users/admin/builder/spi-builder-workspace/.derivedData/Build/Intermediates.noindex/Vim.build/Debug-appletvos/VimAsync-t.build/VimAsync.DependencyMetadataFileList (in target 'VimAsync' from project 'Vim')
cd /Users/admin/builder/spi-builder-workspace
write-file /Users/admin/builder/spi-builder-workspace/.derivedData/Build/Intermediates.noindex/Vim.build/Debug-appletvos/VimAsync-t.build/VimAsync.DependencyMetadataFileList
Copy /Users/admin/builder/spi-builder-workspace/.derivedData/Build/Intermediates.noindex/GeneratedModuleMaps-appletvos/VimAsync.modulemap /Users/admin/builder/spi-builder-workspace/.derivedData/Build/Intermediates.noindex/Vim.build/Debug-appletvos/VimAsync-t.build/VimAsync.modulemap (in target 'VimAsync' from project 'Vim')
cd /Users/admin/builder/spi-builder-workspace
builtin-copy -exclude .DS_Store -exclude CVS -exclude .svn -exclude .git -exclude .hg -resolve-src-symlinks /Users/admin/builder/spi-builder-workspace/.derivedData/Build/Intermediates.noindex/Vim.build/Debug-appletvos/VimAsync-t.build/VimAsync.modulemap /Users/admin/builder/spi-builder-workspace/.derivedData/Build/Intermediates.noindex/GeneratedModuleMaps-appletvos
WriteAuxiliaryFile /Users/admin/builder/spi-builder-workspace/.derivedData/Build/Intermediates.noindex/Vim.build/Debug-appletvos/VimAsync-t.build/Objects-normal/arm64/VimAsync.SwiftFileList (in target 'VimAsync' from project 'Vim')
cd /Users/admin/builder/spi-builder-workspace
write-file /Users/admin/builder/spi-builder-workspace/.derivedData/Build/Intermediates.noindex/Vim.build/Debug-appletvos/VimAsync-t.build/Objects-normal/arm64/VimAsync.SwiftFileList
WriteAuxiliaryFile /Users/admin/builder/spi-builder-workspace/.derivedData/Build/Intermediates.noindex/Vim.build/Debug-appletvos/VimAsync-t.build/Objects-normal/arm64/VimAsync.LinkFileList (in target 'VimAsync' from project 'Vim')
cd /Users/admin/builder/spi-builder-workspace
write-file /Users/admin/builder/spi-builder-workspace/.derivedData/Build/Intermediates.noindex/Vim.build/Debug-appletvos/VimAsync-t.build/Objects-normal/arm64/VimAsync.LinkFileList
WriteAuxiliaryFile /Users/admin/builder/spi-builder-workspace/.derivedData/Build/Intermediates.noindex/Vim.build/Debug-appletvos/Vim-product-t.build/empty-Vim.plist (in target 'Vim-product' from project 'Vim')
cd /Users/admin/builder/spi-builder-workspace
write-file /Users/admin/builder/spi-builder-workspace/.derivedData/Build/Intermediates.noindex/Vim.build/Debug-appletvos/Vim-product-t.build/empty-Vim.plist
WriteAuxiliaryFile /Users/admin/builder/spi-builder-workspace/.derivedData/Build/Intermediates.noindex/Vim.build/Debug-appletvos/VimAsync-t.build/Objects-normal/arm64/VimAsync_const_extract_protocols.json (in target 'VimAsync' from project 'Vim')
cd /Users/admin/builder/spi-builder-workspace
write-file /Users/admin/builder/spi-builder-workspace/.derivedData/Build/Intermediates.noindex/Vim.build/Debug-appletvos/VimAsync-t.build/Objects-normal/arm64/VimAsync_const_extract_protocols.json
WriteAuxiliaryFile /Users/admin/builder/spi-builder-workspace/.derivedData/Build/Intermediates.noindex/Vim.build/Debug-appletvos/Vim-product-t.build/Vim.DependencyStaticMetadataFileList (in target 'Vim-product' from project 'Vim')
cd /Users/admin/builder/spi-builder-workspace
write-file /Users/admin/builder/spi-builder-workspace/.derivedData/Build/Intermediates.noindex/Vim.build/Debug-appletvos/Vim-product-t.build/Vim.DependencyStaticMetadataFileList
WriteAuxiliaryFile /Users/admin/builder/spi-builder-workspace/.derivedData/Build/Intermediates.noindex/Vim.build/Debug-appletvos/VimAsync-t.build/Objects-normal/arm64/VimAsync.SwiftConstValuesFileList (in target 'VimAsync' from project 'Vim')
cd /Users/admin/builder/spi-builder-workspace
write-file /Users/admin/builder/spi-builder-workspace/.derivedData/Build/Intermediates.noindex/Vim.build/Debug-appletvos/VimAsync-t.build/Objects-normal/arm64/VimAsync.SwiftConstValuesFileList
WriteAuxiliaryFile /Users/admin/builder/spi-builder-workspace/.derivedData/Build/Intermediates.noindex/Vim.build/Debug-appletvos/VimAsync-t.build/Objects-normal/arm64/VimAsync-OutputFileMap.json (in target 'VimAsync' from project 'Vim')
cd /Users/admin/builder/spi-builder-workspace
write-file /Users/admin/builder/spi-builder-workspace/.derivedData/Build/Intermediates.noindex/Vim.build/Debug-appletvos/VimAsync-t.build/Objects-normal/arm64/VimAsync-OutputFileMap.json
WriteAuxiliaryFile /Users/admin/builder/spi-builder-workspace/.derivedData/Build/Intermediates.noindex/Vim.build/Debug-appletvos/Vim-product-t.build/Vim.DependencyMetadataFileList (in target 'Vim-product' from project 'Vim')
cd /Users/admin/builder/spi-builder-workspace
write-file /Users/admin/builder/spi-builder-workspace/.derivedData/Build/Intermediates.noindex/Vim.build/Debug-appletvos/Vim-product-t.build/Vim.DependencyMetadataFileList
MkDir /Users/admin/builder/spi-builder-workspace/.derivedData/Build/Products/Debug-appletvos/PackageFrameworks/VimPluginBootstrap.framework (in target 'VimPluginBootstrap-product' from project 'Vim')
cd /Users/admin/builder/spi-builder-workspace
/bin/mkdir -p /Users/admin/builder/spi-builder-workspace/.derivedData/Build/Products/Debug-appletvos/PackageFrameworks/VimPluginBootstrap.framework
WriteAuxiliaryFile /Users/admin/builder/spi-builder-workspace/.derivedData/Build/Intermediates.noindex/Vim.build/Debug-appletvos/Vim-product-t.build/Objects-normal/arm64/Vim.LinkFileList (in target 'Vim-product' from project 'Vim')
cd /Users/admin/builder/spi-builder-workspace
write-file /Users/admin/builder/spi-builder-workspace/.derivedData/Build/Intermediates.noindex/Vim.build/Debug-appletvos/Vim-product-t.build/Objects-normal/arm64/Vim.LinkFileList
MkDir /Users/admin/builder/spi-builder-workspace/.derivedData/Build/Products/Debug-appletvos/PackageFrameworks/VimInterface.framework (in target 'VimInterface-product' from project 'Vim')
cd /Users/admin/builder/spi-builder-workspace
/bin/mkdir -p /Users/admin/builder/spi-builder-workspace/.derivedData/Build/Products/Debug-appletvos/PackageFrameworks/VimInterface.framework
MkDir /Users/admin/builder/spi-builder-workspace/.derivedData/Build/Products/Debug-appletvos/PackageFrameworks/VimAsync.framework (in target 'VimAsync-product' from project 'Vim')
cd /Users/admin/builder/spi-builder-workspace
/bin/mkdir -p /Users/admin/builder/spi-builder-workspace/.derivedData/Build/Products/Debug-appletvos/PackageFrameworks/VimAsync.framework
MkDir /Users/admin/builder/spi-builder-workspace/.derivedData/Build/Products/Debug-appletvos/PackageFrameworks/Vim.framework (in target 'Vim-product' from project 'Vim')
cd /Users/admin/builder/spi-builder-workspace
/bin/mkdir -p /Users/admin/builder/spi-builder-workspace/.derivedData/Build/Products/Debug-appletvos/PackageFrameworks/Vim.framework
WriteAuxiliaryFile /Users/admin/builder/spi-builder-workspace/.derivedData/Build/Intermediates.noindex/Vim.build/Debug-appletvos/Vim-t.build/Vim.DependencyMetadataFileList (in target 'Vim' from project 'Vim')
cd /Users/admin/builder/spi-builder-workspace
write-file /Users/admin/builder/spi-builder-workspace/.derivedData/Build/Intermediates.noindex/Vim.build/Debug-appletvos/Vim-t.build/Vim.DependencyMetadataFileList
WriteAuxiliaryFile /Users/admin/builder/spi-builder-workspace/.derivedData/Build/Intermediates.noindex/Vim.build/Debug-appletvos/Vim-t.build/Vim.modulemap (in target 'Vim' from project 'Vim')
cd /Users/admin/builder/spi-builder-workspace
write-file /Users/admin/builder/spi-builder-workspace/.derivedData/Build/Intermediates.noindex/Vim.build/Debug-appletvos/Vim-t.build/Vim.modulemap
WriteAuxiliaryFile /Users/admin/builder/spi-builder-workspace/.derivedData/Build/Intermediates.noindex/Vim.build/Debug-appletvos/Vim-t.build/Vim.DependencyStaticMetadataFileList (in target 'Vim' from project 'Vim')
cd /Users/admin/builder/spi-builder-workspace
write-file /Users/admin/builder/spi-builder-workspace/.derivedData/Build/Intermediates.noindex/Vim.build/Debug-appletvos/Vim-t.build/Vim.DependencyStaticMetadataFileList
WriteAuxiliaryFile /Users/admin/builder/spi-builder-workspace/.derivedData/Build/Intermediates.noindex/Vim.build/Debug-appletvos/Vim-t.build/Objects-normal/arm64/Vim_const_extract_protocols.json (in target 'Vim' from project 'Vim')
cd /Users/admin/builder/spi-builder-workspace
write-file /Users/admin/builder/spi-builder-workspace/.derivedData/Build/Intermediates.noindex/Vim.build/Debug-appletvos/Vim-t.build/Objects-normal/arm64/Vim_const_extract_protocols.json
WriteAuxiliaryFile /Users/admin/builder/spi-builder-workspace/.derivedData/Build/Intermediates.noindex/Vim.build/Debug-appletvos/Vim-t.build/Objects-normal/arm64/Vim.SwiftConstValuesFileList (in target 'Vim' from project 'Vim')
cd /Users/admin/builder/spi-builder-workspace
write-file /Users/admin/builder/spi-builder-workspace/.derivedData/Build/Intermediates.noindex/Vim.build/Debug-appletvos/Vim-t.build/Objects-normal/arm64/Vim.SwiftConstValuesFileList
WriteAuxiliaryFile /Users/admin/builder/spi-builder-workspace/.derivedData/Build/Intermediates.noindex/Vim.build/Debug-appletvos/Vim-t.build/Objects-normal/arm64/Vim.SwiftFileList (in target 'Vim' from project 'Vim')
cd /Users/admin/builder/spi-builder-workspace
write-file /Users/admin/builder/spi-builder-workspace/.derivedData/Build/Intermediates.noindex/Vim.build/Debug-appletvos/Vim-t.build/Objects-normal/arm64/Vim.SwiftFileList
WriteAuxiliaryFile /Users/admin/builder/spi-builder-workspace/.derivedData/Build/Intermediates.noindex/Vim.build/Debug-appletvos/Vim-t.build/Objects-normal/arm64/Vim.LinkFileList (in target 'Vim' from project 'Vim')
cd /Users/admin/builder/spi-builder-workspace
write-file /Users/admin/builder/spi-builder-workspace/.derivedData/Build/Intermediates.noindex/Vim.build/Debug-appletvos/Vim-t.build/Objects-normal/arm64/Vim.LinkFileList
WriteAuxiliaryFile /Users/admin/builder/spi-builder-workspace/.derivedData/Build/Intermediates.noindex/Vim.build/Debug-appletvos/Vim-t.build/Objects-normal/arm64/Vim-OutputFileMap.json (in target 'Vim' from project 'Vim')
cd /Users/admin/builder/spi-builder-workspace
write-file /Users/admin/builder/spi-builder-workspace/.derivedData/Build/Intermediates.noindex/Vim.build/Debug-appletvos/Vim-t.build/Objects-normal/arm64/Vim-OutputFileMap.json
WriteAuxiliaryFile /Users/admin/builder/spi-builder-workspace/.derivedData/Build/Intermediates.noindex/Vim.build/Debug-appletvos/Example-product-t.build/empty-Example.plist (in target 'Example-product' from project 'Vim')
cd /Users/admin/builder/spi-builder-workspace
write-file /Users/admin/builder/spi-builder-workspace/.derivedData/Build/Intermediates.noindex/Vim.build/Debug-appletvos/Example-product-t.build/empty-Example.plist
WriteAuxiliaryFile /Users/admin/builder/spi-builder-workspace/.derivedData/Build/Intermediates.noindex/Vim.build/Debug-appletvos/Example-product-t.build/Example.DependencyStaticMetadataFileList (in target 'Example-product' from project 'Vim')
cd /Users/admin/builder/spi-builder-workspace
write-file /Users/admin/builder/spi-builder-workspace/.derivedData/Build/Intermediates.noindex/Vim.build/Debug-appletvos/Example-product-t.build/Example.DependencyStaticMetadataFileList
WriteAuxiliaryFile /Users/admin/builder/spi-builder-workspace/.derivedData/Build/Intermediates.noindex/Vim.build/Debug-appletvos/Example-product-t.build/Example.DependencyMetadataFileList (in target 'Example-product' from project 'Vim')
cd /Users/admin/builder/spi-builder-workspace
write-file /Users/admin/builder/spi-builder-workspace/.derivedData/Build/Intermediates.noindex/Vim.build/Debug-appletvos/Example-product-t.build/Example.DependencyMetadataFileList
WriteAuxiliaryFile /Users/admin/builder/spi-builder-workspace/.derivedData/Build/Intermediates.noindex/Vim.build/Debug-appletvos/Example-product-t.build/Objects-normal/arm64/Example.LinkFileList (in target 'Example-product' from project 'Vim')
cd /Users/admin/builder/spi-builder-workspace
write-file /Users/admin/builder/spi-builder-workspace/.derivedData/Build/Intermediates.noindex/Vim.build/Debug-appletvos/Example-product-t.build/Objects-normal/arm64/Example.LinkFileList
Copy /Users/admin/builder/spi-builder-workspace/.derivedData/Build/Intermediates.noindex/GeneratedModuleMaps-appletvos/Vim.modulemap /Users/admin/builder/spi-builder-workspace/.derivedData/Build/Intermediates.noindex/Vim.build/Debug-appletvos/Vim-t.build/Vim.modulemap (in target 'Vim' from project 'Vim')
cd /Users/admin/builder/spi-builder-workspace
builtin-copy -exclude .DS_Store -exclude CVS -exclude .svn -exclude .git -exclude .hg -resolve-src-symlinks /Users/admin/builder/spi-builder-workspace/.derivedData/Build/Intermediates.noindex/Vim.build/Debug-appletvos/Vim-t.build/Vim.modulemap /Users/admin/builder/spi-builder-workspace/.derivedData/Build/Intermediates.noindex/GeneratedModuleMaps-appletvos
MkDir /Users/admin/builder/spi-builder-workspace/.derivedData/Build/Products/Debug-appletvos/PackageFrameworks/Example.framework (in target 'Example-product' from project 'Vim')
cd /Users/admin/builder/spi-builder-workspace
/bin/mkdir -p /Users/admin/builder/spi-builder-workspace/.derivedData/Build/Products/Debug-appletvos/PackageFrameworks/Example.framework
WriteAuxiliaryFile /Users/admin/builder/spi-builder-workspace/.derivedData/Build/Intermediates.noindex/Vim.build/Debug-appletvos/Example-t.build/Objects-normal/arm64/Example_const_extract_protocols.json (in target 'Example' from project 'Vim')
cd /Users/admin/builder/spi-builder-workspace
write-file /Users/admin/builder/spi-builder-workspace/.derivedData/Build/Intermediates.noindex/Vim.build/Debug-appletvos/Example-t.build/Objects-normal/arm64/Example_const_extract_protocols.json
WriteAuxiliaryFile /Users/admin/builder/spi-builder-workspace/.derivedData/Build/Intermediates.noindex/Vim.build/Debug-appletvos/Example-t.build/Objects-normal/arm64/Example.SwiftFileList (in target 'Example' from project 'Vim')
cd /Users/admin/builder/spi-builder-workspace
write-file /Users/admin/builder/spi-builder-workspace/.derivedData/Build/Intermediates.noindex/Vim.build/Debug-appletvos/Example-t.build/Objects-normal/arm64/Example.SwiftFileList
WriteAuxiliaryFile /Users/admin/builder/spi-builder-workspace/.derivedData/Build/Intermediates.noindex/Vim.build/Debug-appletvos/Example-t.build/Objects-normal/arm64/Example.SwiftConstValuesFileList (in target 'Example' from project 'Vim')
cd /Users/admin/builder/spi-builder-workspace
write-file /Users/admin/builder/spi-builder-workspace/.derivedData/Build/Intermediates.noindex/Vim.build/Debug-appletvos/Example-t.build/Objects-normal/arm64/Example.SwiftConstValuesFileList
WriteAuxiliaryFile /Users/admin/builder/spi-builder-workspace/.derivedData/Build/Intermediates.noindex/Vim.build/Debug-appletvos/Example-t.build/Objects-normal/arm64/Example.LinkFileList (in target 'Example' from project 'Vim')
cd /Users/admin/builder/spi-builder-workspace
write-file /Users/admin/builder/spi-builder-workspace/.derivedData/Build/Intermediates.noindex/Vim.build/Debug-appletvos/Example-t.build/Objects-normal/arm64/Example.LinkFileList
WriteAuxiliaryFile /Users/admin/builder/spi-builder-workspace/.derivedData/Build/Intermediates.noindex/Vim.build/Debug-appletvos/Example-t.build/Objects-normal/arm64/Example-OutputFileMap.json (in target 'Example' from project 'Vim')
cd /Users/admin/builder/spi-builder-workspace
write-file /Users/admin/builder/spi-builder-workspace/.derivedData/Build/Intermediates.noindex/Vim.build/Debug-appletvos/Example-t.build/Objects-normal/arm64/Example-OutputFileMap.json
WriteAuxiliaryFile /Users/admin/builder/spi-builder-workspace/.derivedData/Build/Intermediates.noindex/Vim.build/Debug-appletvos/Example-t.build/Example.modulemap (in target 'Example' from project 'Vim')
cd /Users/admin/builder/spi-builder-workspace
write-file /Users/admin/builder/spi-builder-workspace/.derivedData/Build/Intermediates.noindex/Vim.build/Debug-appletvos/Example-t.build/Example.modulemap
WriteAuxiliaryFile /Users/admin/builder/spi-builder-workspace/.derivedData/Build/Intermediates.noindex/Vim.build/Debug-appletvos/Example-t.build/Example.DependencyStaticMetadataFileList (in target 'Example' from project 'Vim')
cd /Users/admin/builder/spi-builder-workspace
write-file /Users/admin/builder/spi-builder-workspace/.derivedData/Build/Intermediates.noindex/Vim.build/Debug-appletvos/Example-t.build/Example.DependencyStaticMetadataFileList
WriteAuxiliaryFile /Users/admin/builder/spi-builder-workspace/.derivedData/Build/Intermediates.noindex/Vim.build/Debug-appletvos/Example-t.build/Example.DependencyMetadataFileList (in target 'Example' from project 'Vim')
cd /Users/admin/builder/spi-builder-workspace
write-file /Users/admin/builder/spi-builder-workspace/.derivedData/Build/Intermediates.noindex/Vim.build/Debug-appletvos/Example-t.build/Example.DependencyMetadataFileList
Copy /Users/admin/builder/spi-builder-workspace/.derivedData/Build/Intermediates.noindex/GeneratedModuleMaps-appletvos/Example.modulemap /Users/admin/builder/spi-builder-workspace/.derivedData/Build/Intermediates.noindex/Vim.build/Debug-appletvos/Example-t.build/Example.modulemap (in target 'Example' from project 'Vim')
cd /Users/admin/builder/spi-builder-workspace
builtin-copy -exclude .DS_Store -exclude CVS -exclude .svn -exclude .git -exclude .hg -resolve-src-symlinks /Users/admin/builder/spi-builder-workspace/.derivedData/Build/Intermediates.noindex/Vim.build/Debug-appletvos/Example-t.build/Example.modulemap /Users/admin/builder/spi-builder-workspace/.derivedData/Build/Intermediates.noindex/GeneratedModuleMaps-appletvos
CreateBuildDirectory /Users/admin/builder/spi-builder-workspace/.derivedData/Build/Products/Debug-appletvos/PackageFrameworks
cd /Users/admin/builder/spi-builder-workspace/.swiftpm/xcode
builtin-create-build-directory /Users/admin/builder/spi-builder-workspace/.derivedData/Build/Products/Debug-appletvos/PackageFrameworks
ScanDependencies /Users/admin/builder/spi-builder-workspace/.derivedData/Build/Intermediates.noindex/Vim.build/Debug-appletvos/VimPluginBootstrap-t.build/Objects-normal/arm64/swiftvim.o /Users/admin/builder/spi-builder-workspace/Sources/VimPluginBootstrap/swiftvim.c normal arm64 c com.apple.compilers.llvm.clang.1_0.compiler (in target 'VimPluginBootstrap' from project 'Vim')
cd /Users/admin/builder/spi-builder-workspace/.swiftpm/xcode
Using response file: /Users/admin/builder/spi-builder-workspace/.derivedData/Build/Intermediates.noindex/Vim.build/Debug-appletvos/VimPluginBootstrap-t.build/Objects-normal/arm64/7187679823f38a2a940e0043cdf9d637-common-args.resp
builtin-ScanDependencies -o /Users/admin/builder/spi-builder-workspace/.derivedData/Build/Intermediates.noindex/Vim.build/Debug-appletvos/VimPluginBootstrap-t.build/Objects-normal/arm64/swiftvim.o.scan -- /Applications/Xcode-27.0.0-Release.Candidate.app/Contents/Developer/Toolchains/XcodeDefault.xctoolchain/usr/bin/clang -x c -ivfsstatcache /Users/admin/builder/spi-builder-workspace/.derivedData/SDKStatCaches.noindex/appletvos27.0-24J360-e829b21a6f8c9b70876ba0858053c044b32bfd8d43560033f8d89884cdb90028.sdkstatcache -target arm64-apple-tvos15.0 -fmessage-length\=0 -fdiagnostics-show-note-include-stack -fmacro-backtrace-limit\=0 -fno-color-diagnostics -fmodules-prune-interval\=86400 -fmodules-prune-after\=345600 -fbuild-session-file\=/Users/admin/builder/spi-builder-workspace/.derivedData/ModuleCache.noindex/Session.modulevalidation -fmodules-validate-once-per-build-session -Wnon-modular-include-in-framework-module -Werror\=non-modular-include-in-framework-module -Wno-trigraphs -Wno-missing-field-initializers -Wno-missing-prototypes -Wno-return-type -Wno-missing-braces -Wparentheses -Wswitch -Wno-unused-function -Wno-unused-label -Wno-unused-parameter -Wno-unused-variable -Wunused-value -Wno-empty-body -Wno-uninitialized -Wno-unknown-pragmas -Wno-shadow -Wno-four-char-constants -Wno-conversion -Wno-constant-conversion -Wno-int-conversion -Wno-bool-conversion -Wno-enum-conversion -Wno-float-conversion -Wno-non-literal-null-conversion -Wno-objc-literal-conversion -Wshorten-64-to-32 -Wpointer-sign -Wno-newline-eof -Wno-implicit-fallthrough -isysroot /Applications/Xcode-27.0.0-Release.Candidate.app/Contents/Developer/Platforms/AppleTVOS.platform/Developer/SDKs/AppleTVOS27.0.sdk -fstrict-aliasing -Wdeprecated-declarations -Wno-sign-conversion -Wno-infinite-recursion -Wno-comma -Wno-block-capture-autoreleasing -Wno-strict-prototypes -Wno-semicolon-before-method-body -index-store-path /Users/admin/builder/spi-builder-workspace/.derivedData/Index.noindex/DataStore @/Users/admin/builder/spi-builder-workspace/.derivedData/Build/Intermediates.noindex/Vim.build/Debug-appletvos/VimPluginBootstrap-t.build/Objects-normal/arm64/7187679823f38a2a940e0043cdf9d637-common-args.resp -MMD -MT dependencies -MF /Users/admin/builder/spi-builder-workspace/.derivedData/Build/Intermediates.noindex/Vim.build/Debug-appletvos/VimPluginBootstrap-t.build/Objects-normal/arm64/swiftvim.d --serialize-diagnostics /Users/admin/builder/spi-builder-workspace/.derivedData/Build/Intermediates.noindex/Vim.build/Debug-appletvos/VimPluginBootstrap-t.build/Objects-normal/arm64/swiftvim.dia -c /Users/admin/builder/spi-builder-workspace/Sources/VimPluginBootstrap/swiftvim.c -o /Users/admin/builder/spi-builder-workspace/.derivedData/Build/Intermediates.noindex/Vim.build/Debug-appletvos/VimPluginBootstrap-t.build/Objects-normal/arm64/swiftvim.o -index-unit-output-path /Vim.build/Debug-appletvos/VimPluginBootstrap-t.build/Objects-normal/arm64/swiftvim.o
/Users/admin/builder/spi-builder-workspace/Sources/VimPluginBootstrap/swiftvim.c:4:10: error: 'Python.h' file not found (in target 'VimPluginBootstrap' from project 'Vim')
ScanDependencies /Users/admin/builder/spi-builder-workspace/.derivedData/Build/Intermediates.noindex/Vim.build/Debug-appletvos/VimInterface-t.build/Objects-normal/arm64/swiftvim_lib.o /Users/admin/builder/spi-builder-workspace/Sources/VimInterface/swiftvim_lib.c normal arm64 c com.apple.compilers.llvm.clang.1_0.compiler (in target 'VimInterface' from project 'Vim')
cd /Users/admin/builder/spi-builder-workspace/.swiftpm/xcode
Using response file: /Users/admin/builder/spi-builder-workspace/.derivedData/Build/Intermediates.noindex/Vim.build/Debug-appletvos/VimInterface-t.build/Objects-normal/arm64/7187679823f38a2a940e0043cdf9d637-common-args.resp
builtin-ScanDependencies -o /Users/admin/builder/spi-builder-workspace/.derivedData/Build/Intermediates.noindex/Vim.build/Debug-appletvos/VimInterface-t.build/Objects-normal/arm64/swiftvim_lib.o.scan -- /Applications/Xcode-27.0.0-Release.Candidate.app/Contents/Developer/Toolchains/XcodeDefault.xctoolchain/usr/bin/clang -x c -ivfsstatcache /Users/admin/builder/spi-builder-workspace/.derivedData/SDKStatCaches.noindex/appletvos27.0-24J360-e829b21a6f8c9b70876ba0858053c044b32bfd8d43560033f8d89884cdb90028.sdkstatcache -target arm64-apple-tvos15.0 -fmessage-length\=0 -fdiagnostics-show-note-include-stack -fmacro-backtrace-limit\=0 -fno-color-diagnostics -fmodules-prune-interval\=86400 -fmodules-prune-after\=345600 -fbuild-session-file\=/Users/admin/builder/spi-builder-workspace/.derivedData/ModuleCache.noindex/Session.modulevalidation -fmodules-validate-once-per-build-session -Wnon-modular-include-in-framework-module -Werror\=non-modular-include-in-framework-module -Wno-trigraphs -Wno-missing-field-initializers -Wno-missing-prototypes -Wno-return-type -Wno-missing-braces -Wparentheses -Wswitch -Wno-unused-function -Wno-unused-label -Wno-unused-parameter -Wno-unused-variable -Wunused-value -Wno-empty-body -Wno-uninitialized -Wno-unknown-pragmas -Wno-shadow -Wno-four-char-constants -Wno-conversion -Wno-constant-conversion -Wno-int-conversion -Wno-bool-conversion -Wno-enum-conversion -Wno-float-conversion -Wno-non-literal-null-conversion -Wno-objc-literal-conversion -Wshorten-64-to-32 -Wpointer-sign -Wno-newline-eof -Wno-implicit-fallthrough -isysroot /Applications/Xcode-27.0.0-Release.Candidate.app/Contents/Developer/Platforms/AppleTVOS.platform/Developer/SDKs/AppleTVOS27.0.sdk -fstrict-aliasing -Wdeprecated-declarations -Wno-sign-conversion -Wno-infinite-recursion -Wno-comma -Wno-block-capture-autoreleasing -Wno-strict-prototypes -Wno-semicolon-before-method-body -index-store-path /Users/admin/builder/spi-builder-workspace/.derivedData/Index.noindex/DataStore @/Users/admin/builder/spi-builder-workspace/.derivedData/Build/Intermediates.noindex/Vim.build/Debug-appletvos/VimInterface-t.build/Objects-normal/arm64/7187679823f38a2a940e0043cdf9d637-common-args.resp -MMD -MT dependencies -MF /Users/admin/builder/spi-builder-workspace/.derivedData/Build/Intermediates.noindex/Vim.build/Debug-appletvos/VimInterface-t.build/Objects-normal/arm64/swiftvim_lib.d --serialize-diagnostics /Users/admin/builder/spi-builder-workspace/.derivedData/Build/Intermediates.noindex/Vim.build/Debug-appletvos/VimInterface-t.build/Objects-normal/arm64/swiftvim_lib.dia -c /Users/admin/builder/spi-builder-workspace/Sources/VimInterface/swiftvim_lib.c -o /Users/admin/builder/spi-builder-workspace/.derivedData/Build/Intermediates.noindex/Vim.build/Debug-appletvos/VimInterface-t.build/Objects-normal/arm64/swiftvim_lib.o -index-unit-output-path /Vim.build/Debug-appletvos/VimInterface-t.build/Objects-normal/arm64/swiftvim_lib.o
/Users/admin/builder/spi-builder-workspace/Sources/VimInterface/swiftvim_lib.c:1:10: error: 'Python.h' file not found (in target 'VimInterface' from project 'Vim')
SwiftDriver VimAsync normal arm64 com.apple.xcode.tools.swift.compiler (in target 'VimAsync' from project 'Vim')
cd /Users/admin/builder/spi-builder-workspace/.swiftpm/xcode
builtin-SwiftDriver -- /Applications/Xcode-27.0.0-Release.Candidate.app/Contents/Developer/Toolchains/XcodeDefault.xctoolchain/usr/bin/swiftc -parse-as-library -module-name VimAsync -Onone @/Users/admin/builder/spi-builder-workspace/.derivedData/Build/Intermediates.noindex/Vim.build/Debug-appletvos/VimAsync-t.build/Objects-normal/arm64/VimAsync.SwiftFileList -DSWIFT_PACKAGE -DDEBUG -DSWIFT_MODULE_RESOURCE_BUNDLE_UNAVAILABLE -DXcode -plugin-path /Applications/Xcode-27.0.0-Release.Candidate.app/Contents/Developer/Toolchains/XcodeDefault.xctoolchain/usr/lib/swift/host/plugins/testing -enable-experimental-feature DebugDescriptionMacro -sdk /Applications/Xcode-27.0.0-Release.Candidate.app/Contents/Developer/Platforms/AppleTVOS.platform/Developer/SDKs/AppleTVOS27.0.sdk -target arm64-apple-tvos15.0 -g -module-cache-path /Users/admin/builder/spi-builder-workspace/.derivedData/ModuleCache.noindex -Xfrontend -serialize-debugging-options -profile-coverage-mapping -profile-generate -enable-testing -index-store-path /Users/admin/builder/spi-builder-workspace/.derivedData/Index.noindex/DataStore -Xcc -D_LIBCPP_HARDENING_MODE\=_LIBCPP_HARDENING_MODE_DEBUG -swift-version 4 -I /Users/admin/builder/spi-builder-workspace/.derivedData/Build/Products/Debug-appletvos -Isystem /Applications/Xcode-27.0.0-Release.Candidate.app/Contents/Developer/Platforms/AppleTVOS.platform/Developer/usr/lib -F /Users/admin/builder/spi-builder-workspace/.derivedData/Build/Products/Debug-appletvos -F /Applications/Xcode-27.0.0-Release.Candidate.app/Contents/Developer/Platforms/AppleTVOS.platform/Developer/Library/Frameworks -F /Applications/Xcode-27.0.0-Release.Candidate.app/Contents/Developer/Platforms/AppleTVOS.platform/Developer/SDKs/AppleTVOS27.0.sdk/Developer/Library/Frameworks -c -j10 -enable-batch-mode -incremental -Xcc -ivfsstatcache -Xcc /Users/admin/builder/spi-builder-workspace/.derivedData/SDKStatCaches.noindex/appletvos27.0-24J360-e829b21a6f8c9b70876ba0858053c044b32bfd8d43560033f8d89884cdb90028.sdkstatcache -output-file-map /Users/admin/builder/spi-builder-workspace/.derivedData/Build/Intermediates.noindex/Vim.build/Debug-appletvos/VimAsync-t.build/Objects-normal/arm64/VimAsync-OutputFileMap.json -save-temps -no-color-diagnostics -emit-dependencies -emit-module -emit-module-path /Users/admin/builder/spi-builder-workspace/.derivedData/Build/Intermediates.noindex/Vim.build/Debug-appletvos/VimAsync-t.build/Objects-normal/arm64/VimAsync.swiftmodule -serialize-diagnostics -validate-clang-modules-once -clang-build-session-file /Users/admin/builder/spi-builder-workspace/.derivedData/ModuleCache.noindex/Session.modulevalidation -Xcc -fmodules-prune-interval\=86400 -Xcc -fmodules-prune-after\=345600 -emit-const-values -const-gather-protocols-list /Users/admin/builder/spi-builder-workspace/.derivedData/Build/Intermediates.noindex/Vim.build/Debug-appletvos/VimAsync-t.build/Objects-normal/arm64/VimAsync_const_extract_protocols.json -Xcc -I/Users/admin/builder/spi-builder-workspace/.derivedData/Build/Products/Debug-appletvos/include -Xcc -I/Users/admin/builder/spi-builder-workspace/.derivedData/Build/Intermediates.noindex/Vim.build/Debug-appletvos/VimAsync-t.build/DerivedSources-normal/arm64 -Xcc -I/Users/admin/builder/spi-builder-workspace/.derivedData/Build/Intermediates.noindex/Vim.build/Debug-appletvos/VimAsync-t.build/DerivedSources/arm64 -Xcc -I/Users/admin/builder/spi-builder-workspace/.derivedData/Build/Intermediates.noindex/Vim.build/Debug-appletvos/VimAsync-t.build/DerivedSources -Xcc -DSWIFT_PACKAGE -Xcc -DDEBUG\=1 -emit-objc-header -emit-objc-header-path /Users/admin/builder/spi-builder-workspace/.derivedData/Build/Intermediates.noindex/Vim.build/Debug-appletvos/VimAsync-t.build/Objects-normal/arm64/VimAsync-Swift.h -working-directory /Users/admin/builder/spi-builder-workspace/.swiftpm/xcode -experimental-emit-module-separately -disable-cmo
SwiftDriver Example normal arm64 com.apple.xcode.tools.swift.compiler (in target 'Example' from project 'Vim')
cd /Users/admin/builder/spi-builder-workspace/.swiftpm/xcode
builtin-SwiftDriver -- /Applications/Xcode-27.0.0-Release.Candidate.app/Contents/Developer/Toolchains/XcodeDefault.xctoolchain/usr/bin/swiftc -parse-as-library -module-name Example -Onone @/Users/admin/builder/spi-builder-workspace/.derivedData/Build/Intermediates.noindex/Vim.build/Debug-appletvos/Example-t.build/Objects-normal/arm64/Example.SwiftFileList -DSWIFT_PACKAGE -DDEBUG -DSWIFT_MODULE_RESOURCE_BUNDLE_UNAVAILABLE -DXcode -plugin-path /Applications/Xcode-27.0.0-Release.Candidate.app/Contents/Developer/Toolchains/XcodeDefault.xctoolchain/usr/lib/swift/host/plugins/testing -enable-experimental-feature DebugDescriptionMacro -sdk /Applications/Xcode-27.0.0-Release.Candidate.app/Contents/Developer/Platforms/AppleTVOS.platform/Developer/SDKs/AppleTVOS27.0.sdk -target arm64-apple-tvos15.0 -g -module-cache-path /Users/admin/builder/spi-builder-workspace/.derivedData/ModuleCache.noindex -Xfrontend -serialize-debugging-options -profile-coverage-mapping -profile-generate -enable-testing -index-store-path /Users/admin/builder/spi-builder-workspace/.derivedData/Index.noindex/DataStore -Xcc -D_LIBCPP_HARDENING_MODE\=_LIBCPP_HARDENING_MODE_DEBUG -swift-version 4 -I /Users/admin/builder/spi-builder-workspace/.derivedData/Build/Products/Debug-appletvos -Isystem /Applications/Xcode-27.0.0-Release.Candidate.app/Contents/Developer/Platforms/AppleTVOS.platform/Developer/usr/lib -F /Users/admin/builder/spi-builder-workspace/.derivedData/Build/Products/Debug-appletvos -F /Applications/Xcode-27.0.0-Release.Candidate.app/Contents/Developer/Platforms/AppleTVOS.platform/Developer/Library/Frameworks -F /Applications/Xcode-27.0.0-Release.Candidate.app/Contents/Developer/Platforms/AppleTVOS.platform/Developer/SDKs/AppleTVOS27.0.sdk/Developer/Library/Frameworks -c -j10 -enable-batch-mode -incremental -Xcc -ivfsstatcache -Xcc /Users/admin/builder/spi-builder-workspace/.derivedData/SDKStatCaches.noindex/appletvos27.0-24J360-e829b21a6f8c9b70876ba0858053c044b32bfd8d43560033f8d89884cdb90028.sdkstatcache -output-file-map /Users/admin/builder/spi-builder-workspace/.derivedData/Build/Intermediates.noindex/Vim.build/Debug-appletvos/Example-t.build/Objects-normal/arm64/Example-OutputFileMap.json -save-temps -no-color-diagnostics -emit-dependencies -emit-module -emit-module-path /Users/admin/builder/spi-builder-workspace/.derivedData/Build/Intermediates.noindex/Vim.build/Debug-appletvos/Example-t.build/Objects-normal/arm64/Example.swiftmodule -serialize-diagnostics -validate-clang-modules-once -clang-build-session-file /Users/admin/builder/spi-builder-workspace/.derivedData/ModuleCache.noindex/Session.modulevalidation -Xcc -fmodules-prune-interval\=86400 -Xcc -fmodules-prune-after\=345600 -emit-const-values -const-gather-protocols-list /Users/admin/builder/spi-builder-workspace/.derivedData/Build/Intermediates.noindex/Vim.build/Debug-appletvos/Example-t.build/Objects-normal/arm64/Example_const_extract_protocols.json -Xcc -I/Users/admin/builder/spi-builder-workspace/.derivedData/Build/Products/Debug-appletvos/include -Xcc -I/Users/admin/builder/spi-builder-workspace/.derivedData/Build/Intermediates.noindex/Vim.build/Debug-appletvos/Example-t.build/DerivedSources-normal/arm64 -Xcc -I/Users/admin/builder/spi-builder-workspace/.derivedData/Build/Intermediates.noindex/Vim.build/Debug-appletvos/Example-t.build/DerivedSources/arm64 -Xcc -I/Users/admin/builder/spi-builder-workspace/.derivedData/Build/Intermediates.noindex/Vim.build/Debug-appletvos/Example-t.build/DerivedSources -Xcc -DSWIFT_PACKAGE -Xcc -DDEBUG\=1 -emit-objc-header -emit-objc-header-path /Users/admin/builder/spi-builder-workspace/.derivedData/Build/Intermediates.noindex/Vim.build/Debug-appletvos/Example-t.build/Objects-normal/arm64/Example-Swift.h -working-directory /Users/admin/builder/spi-builder-workspace/.swiftpm/xcode -experimental-emit-module-separately -disable-cmo
SwiftDriver Vim normal arm64 com.apple.xcode.tools.swift.compiler (in target 'Vim' from project 'Vim')
cd /Users/admin/builder/spi-builder-workspace/.swiftpm/xcode
builtin-SwiftDriver -- /Applications/Xcode-27.0.0-Release.Candidate.app/Contents/Developer/Toolchains/XcodeDefault.xctoolchain/usr/bin/swiftc -parse-as-library -module-name Vim -Onone @/Users/admin/builder/spi-builder-workspace/.derivedData/Build/Intermediates.noindex/Vim.build/Debug-appletvos/Vim-t.build/Objects-normal/arm64/Vim.SwiftFileList -DSWIFT_PACKAGE -DDEBUG -DSWIFT_MODULE_RESOURCE_BUNDLE_UNAVAILABLE -Xcc -fmodule-map-file\=/Users/admin/builder/spi-builder-workspace/.derivedData/Build/Intermediates.noindex/GeneratedModuleMaps-appletvos/VimPluginBootstrap.modulemap -Xcc -fmodule-map-file\=/Users/admin/builder/spi-builder-workspace/.derivedData/Build/Intermediates.noindex/GeneratedModuleMaps-appletvos/VimInterface.modulemap -DXcode -plugin-path /Applications/Xcode-27.0.0-Release.Candidate.app/Contents/Developer/Toolchains/XcodeDefault.xctoolchain/usr/lib/swift/host/plugins/testing -enable-experimental-feature DebugDescriptionMacro -sdk /Applications/Xcode-27.0.0-Release.Candidate.app/Contents/Developer/Platforms/AppleTVOS.platform/Developer/SDKs/AppleTVOS27.0.sdk -target arm64-apple-tvos15.0 -g -module-cache-path /Users/admin/builder/spi-builder-workspace/.derivedData/ModuleCache.noindex -Xfrontend -serialize-debugging-options -profile-coverage-mapping -profile-generate -enable-testing -index-store-path /Users/admin/builder/spi-builder-workspace/.derivedData/Index.noindex/DataStore -Xcc -D_LIBCPP_HARDENING_MODE\=_LIBCPP_HARDENING_MODE_DEBUG -swift-version 4 -I /Users/admin/builder/spi-builder-workspace/.derivedData/Build/Products/Debug-appletvos -Isystem /Applications/Xcode-27.0.0-Release.Candidate.app/Contents/Developer/Platforms/AppleTVOS.platform/Developer/usr/lib -F /Users/admin/builder/spi-builder-workspace/.derivedData/Build/Products/Debug-appletvos/PackageFrameworks -F /Users/admin/builder/spi-builder-workspace/.derivedData/Build/Products/Debug-appletvos -F /Applications/Xcode-27.0.0-Release.Candidate.app/Contents/Developer/Platforms/AppleTVOS.platform/Developer/Library/Frameworks -F /Applications/Xcode-27.0.0-Release.Candidate.app/Contents/Developer/Platforms/AppleTVOS.platform/Developer/SDKs/AppleTVOS27.0.sdk/Developer/Library/Frameworks -c -j10 -enable-batch-mode -incremental -Xcc -ivfsstatcache -Xcc /Users/admin/builder/spi-builder-workspace/.derivedData/SDKStatCaches.noindex/appletvos27.0-24J360-e829b21a6f8c9b70876ba0858053c044b32bfd8d43560033f8d89884cdb90028.sdkstatcache -output-file-map /Users/admin/builder/spi-builder-workspace/.derivedData/Build/Intermediates.noindex/Vim.build/Debug-appletvos/Vim-t.build/Objects-normal/arm64/Vim-OutputFileMap.json -save-temps -no-color-diagnostics -emit-dependencies -emit-module -emit-module-path /Users/admin/builder/spi-builder-workspace/.derivedData/Build/Intermediates.noindex/Vim.build/Debug-appletvos/Vim-t.build/Objects-normal/arm64/Vim.swiftmodule -serialize-diagnostics -validate-clang-modules-once -clang-build-session-file /Users/admin/builder/spi-builder-workspace/.derivedData/ModuleCache.noindex/Session.modulevalidation -Xcc -fmodules-prune-interval\=86400 -Xcc -fmodules-prune-after\=345600 -emit-const-values -const-gather-protocols-list /Users/admin/builder/spi-builder-workspace/.derivedData/Build/Intermediates.noindex/Vim.build/Debug-appletvos/Vim-t.build/Objects-normal/arm64/Vim_const_extract_protocols.json -Xcc -I/Users/admin/builder/spi-builder-workspace/Sources/VimPluginBootstrap/include -Xcc -I/Users/admin/builder/spi-builder-workspace/Sources/VimInterface/include -Xcc -I/Users/admin/builder/spi-builder-workspace/.derivedData/Build/Products/Debug-appletvos/include -Xcc -I/Users/admin/builder/spi-builder-workspace/.derivedData/Build/Intermediates.noindex/Vim.build/Debug-appletvos/Vim-t.build/DerivedSources-normal/arm64 -Xcc -I/Users/admin/builder/spi-builder-workspace/.derivedData/Build/Intermediates.noindex/Vim.build/Debug-appletvos/Vim-t.build/DerivedSources/arm64 -Xcc -I/Users/admin/builder/spi-builder-workspace/.derivedData/Build/Intermediates.noindex/Vim.build/Debug-appletvos/Vim-t.build/DerivedSources -Xcc -DSWIFT_PACKAGE -Xcc -DDEBUG\=1 -emit-objc-header -emit-objc-header-path /Users/admin/builder/spi-builder-workspace/.derivedData/Build/Intermediates.noindex/Vim.build/Debug-appletvos/Vim-t.build/Objects-normal/arm64/Vim-Swift.h -working-directory /Users/admin/builder/spi-builder-workspace/.swiftpm/xcode -experimental-emit-module-separately -disable-cmo
SwiftCompile normal arm64 Compiling\ Example.swift /Users/admin/builder/spi-builder-workspace/Sources/Example/Example.swift (in target 'Example' from project 'Vim')
SwiftCompile normal arm64 /Users/admin/builder/spi-builder-workspace/Sources/Example/Example.swift (in target 'Example' from project 'Vim')
cd /Users/admin/builder/spi-builder-workspace/.swiftpm/xcode
builtin-SwiftPerFileCompile Example.swift
SwiftEmitModule normal arm64 Emitting\ module\ for\ Example (in target 'Example' from project 'Vim')
/Users/admin/builder/spi-builder-workspace/Sources/Example/Example.swift:2:8: error: no such module 'ExampleVim'
1 | // VimPlugin Plugin initialization
2 | import ExampleVim
| `- error: no such module 'ExampleVim'
3 | import ExampleVimAsync
4 |
Failed frontend command:
/Applications/Xcode-27.0.0-Release.Candidate.app/Contents/Developer/Toolchains/XcodeDefault.xctoolchain/usr/bin/swift-frontend -frontend -emit-module -experimental-skip-non-inlinable-function-bodies-without-types /Users/admin/builder/spi-builder-workspace/Sources/Example/Example.swift -target arm64-apple-tvos15.0 -Xllvm -aarch64-use-tbi -enable-objc-interop -stack-check -sdk /Applications/Xcode-27.0.0-Release.Candidate.app/Contents/Developer/Platforms/AppleTVOS.platform/Developer/SDKs/AppleTVOS27.0.sdk -I /Users/admin/builder/spi-builder-workspace/.derivedData/Build/Products/Debug-appletvos -Isystem /Applications/Xcode-27.0.0-Release.Candidate.app/Contents/Developer/Platforms/AppleTVOS.platform/Developer/usr/lib -F /Users/admin/builder/spi-builder-workspace/.derivedData/Build/Products/Debug-appletvos -F /Applications/Xcode-27.0.0-Release.Candidate.app/Contents/Developer/Platforms/AppleTVOS.platform/Developer/Library/Frameworks -F /Applications/Xcode-27.0.0-Release.Candidate.app/Contents/Developer/Platforms/AppleTVOS.platform/Developer/SDKs/AppleTVOS27.0.sdk/Developer/Library/Frameworks -module-cache-path /Users/admin/builder/spi-builder-workspace/.derivedData/ModuleCache.noindex -no-color-diagnostics -Xcc -fno-color-diagnostics -enable-testing -g -debug-info-format\=dwarf -dwarf-version\=4 -profile-generate -profile-coverage-mapping -swift-version 4 -Onone -D SWIFT_PACKAGE -D DEBUG -D SWIFT_MODULE_RESOURCE_BUNDLE_UNAVAILABLE -D Xcode -serialize-debugging-options -enable-experimental-feature DebugDescriptionMacro -empty-abi-descriptor -plugin-path /Applications/Xcode-27.0.0-Release.Candidate.app/Contents/Developer/Toolchains/XcodeDefault.xctoolchain/usr/lib/swift/host/plugins/testing -validate-clang-modules-once -clang-build-session-file /Users/admin/builder/spi-builder-workspace/.derivedData/ModuleCache.noindex/Session.modulevalidation -Xcc -working-directory -Xcc /Users/admin/builder/spi-builder-workspace/.swiftpm/xcode -enable-anonymous-context-mangled-names -file-compilation-dir /Users/admin/builder/spi-builder-workspace/.swiftpm/xcode -Xcc -D_LIBCPP_HARDENING_MODE\=_LIBCPP_HARDENING_MODE_DEBUG -Xcc -ivfsstatcache -Xcc /Users/admin/builder/spi-builder-workspace/.derivedData/SDKStatCaches.noindex/appletvos27.0-24J360-e829b21a6f8c9b70876ba0858053c044b32bfd8d43560033f8d89884cdb90028.sdkstatcache -Xcc -fmodules-prune-interval\=86400 -Xcc -fmodules-prune-after\=345600 -Xcc -I/Users/admin/builder/spi-builder-workspace/.derivedData/Build/Products/Debug-appletvos/include -Xcc -I/Users/admin/builder/spi-builder-workspace/.derivedData/Build/Intermediates.noindex/Vim.build/Debug-appletvos/Example-t.build/DerivedSources-normal/arm64 -Xcc -I/Users/admin/builder/spi-builder-workspace/.derivedData/Build/Intermediates.noindex/Vim.build/Debug-appletvos/Example-t.build/DerivedSources/arm64 -Xcc -I/Users/admin/builder/spi-builder-workspace/.derivedData/Build/Intermediates.noindex/Vim.build/Debug-appletvos/Example-t.build/DerivedSources -Xcc -DSWIFT_PACKAGE -Xcc -DDEBUG\=1 -no-auto-bridging-header-chaining -module-name Example -const-gather-protocols-file /Users/admin/builder/spi-builder-workspace/.derivedData/Build/Intermediates.noindex/Vim.build/Debug-appletvos/Example-t.build/Objects-normal/arm64/Example_const_extract_protocols.json -disable-clang-spi -target-sdk-version 27.0 -target-sdk-name appletvos27.0 -external-plugin-path /Applications/Xcode-27.0.0-Release.Candidate.app/Contents/Developer/Platforms/AppleTVOS.platform/Developer/usr/lib/swift/host/plugins\#/Applications/Xcode-27.0.0-Release.Candidate.app/Contents/Developer/Platforms/AppleTVOS.platform/Developer/usr/bin/swift-plugin-server -external-plugin-path /Applications/Xcode-27.0.0-Release.Candidate.app/Contents/Developer/Platforms/AppleTVOS.platform/Developer/usr/local/lib/swift/host/plugins\#/Applications/Xcode-27.0.0-Release.Candidate.app/Contents/Developer/Platforms/AppleTVOS.platform/Developer/usr/bin/swift-plugin-server -in-process-plugin-server-path /Applications/Xcode-27.0.0-Release.Candidate.app/Contents/Developer/Toolchains/XcodeDefault.xctoolchain/usr/lib/swift/host/libSwiftInProcPluginServer.dylib -plugin-path /Applications/Xcode-27.0.0-Release.Candidate.app/Contents/Developer/Toolchains/XcodeDefault.xctoolchain/usr/lib/swift/host/plugins -plugin-path /Applications/Xcode-27.0.0-Release.Candidate.app/Contents/Developer/Toolchains/XcodeDefault.xctoolchain/usr/local/lib/swift/host/plugins -emit-module-doc-path /Users/admin/builder/spi-builder-workspace/.derivedData/Build/Intermediates.noindex/Vim.build/Debug-appletvos/Example-t.build/Objects-normal/arm64/Example.swiftdoc -emit-module-source-info-path /Users/admin/builder/spi-builder-workspace/.derivedData/Build/Intermediates.noindex/Vim.build/Debug-appletvos/Example-t.build/Objects-normal/arm64/Example.swiftsourceinfo -emit-objc-header-path /Users/admin/builder/spi-builder-workspace/.derivedData/Build/Intermediates.noindex/Vim.build/Debug-appletvos/Example-t.build/Objects-normal/arm64/Example-Swift.h -serialize-diagnostics-path /Users/admin/builder/spi-builder-workspace/.derivedData/Build/Intermediates.noindex/Vim.build/Debug-appletvos/Example-t.build/Objects-normal/arm64/Example-primary-emit-module.dia -emit-dependencies-path /Users/admin/builder/spi-builder-workspace/.derivedData/Build/Intermediates.noindex/Vim.build/Debug-appletvos/Example-t.build/Objects-normal/arm64/Example-primary-emit-module.d -parse-as-library -o /Users/admin/builder/spi-builder-workspace/.derivedData/Build/Intermediates.noindex/Vim.build/Debug-appletvos/Example-t.build/Objects-normal/arm64/Example.swiftmodule -emit-abi-descriptor-path /Users/admin/builder/spi-builder-workspace/.derivedData/Build/Intermediates.noindex/Vim.build/Debug-appletvos/Example-t.build/Objects-normal/arm64/Example.abi.json
SwiftCompile normal arm64 (in target 'Example' from project 'Vim')
cd /Users/admin/builder/spi-builder-workspace/.swiftpm/xcode
SwiftCompile normal arm64 Compiling\ VimTimer.swift /Users/admin/builder/spi-builder-workspace/Sources/VimAsync/VimTimer.swift (in target 'VimAsync' from project 'Vim')
SwiftCompile normal arm64 /Users/admin/builder/spi-builder-workspace/Sources/VimAsync/VimTimer.swift (in target 'VimAsync' from project 'Vim')
cd /Users/admin/builder/spi-builder-workspace/.swiftpm/xcode
builtin-SwiftPerFileCompile VimTimer.swift
SwiftEmitModule normal arm64 Emitting\ module\ for\ VimAsync (in target 'VimAsync' from project 'Vim')
SwiftCompile normal arm64 (in target 'VimAsync' from project 'Vim')
cd /Users/admin/builder/spi-builder-workspace/.swiftpm/xcode
SwiftCompile normal arm64 Compiling\ VimTask.swift /Users/admin/builder/spi-builder-workspace/Sources/VimAsync/VimTask.swift (in target 'VimAsync' from project 'Vim')
SwiftCompile normal arm64 /Users/admin/builder/spi-builder-workspace/Sources/VimAsync/VimTask.swift (in target 'VimAsync' from project 'Vim')
cd /Users/admin/builder/spi-builder-workspace/.swiftpm/xcode
builtin-SwiftPerFileCompile VimTask.swift
SwiftEmitModule normal arm64 Emitting\ module\ for\ Vim (in target 'Vim' from project 'Vim')
SwiftCompile normal arm64 (in target 'Vim' from project 'Vim')
cd /Users/admin/builder/spi-builder-workspace/.swiftpm/xcode
SwiftCompile normal arm64 Compiling\ Vim.swift /Users/admin/builder/spi-builder-workspace/Sources/Vim/Vim.swift (in target 'Vim' from project 'Vim')
SwiftCompile normal arm64 /Users/admin/builder/spi-builder-workspace/Sources/Vim/Vim.swift (in target 'Vim' from project 'Vim')
cd /Users/admin/builder/spi-builder-workspace/.swiftpm/xcode
builtin-SwiftPerFileCompile Vim.swift
SwiftCompile normal arm64 Compiling\ VimCurrent.swift /Users/admin/builder/spi-builder-workspace/Sources/Vim/VimCurrent.swift (in target 'Vim' from project 'Vim')
SwiftCompile normal arm64 /Users/admin/builder/spi-builder-workspace/Sources/Vim/VimCurrent.swift (in target 'Vim' from project 'Vim')
cd /Users/admin/builder/spi-builder-workspace/.swiftpm/xcode
builtin-SwiftPerFileCompile VimCurrent.swift
SwiftCompile normal arm64 Compiling\ VimWindow.swift /Users/admin/builder/spi-builder-workspace/Sources/Vim/VimWindow.swift (in target 'Vim' from project 'Vim')
SwiftCompile normal arm64 /Users/admin/builder/spi-builder-workspace/Sources/Vim/VimWindow.swift (in target 'Vim' from project 'Vim')
cd /Users/admin/builder/spi-builder-workspace/.swiftpm/xcode
builtin-SwiftPerFileCompile VimWindow.swift
PruneExplicitPrecompiledModules /Users/admin/builder/spi-builder-workspace/.derivedData/SDKExplicitPrecompiledModules
PruneExplicitPrecompiledModules /Users/admin/builder/spi-builder-workspace/.derivedData/Build/Intermediates.noindex/ExplicitPrecompiledModules
PruneExplicitPrecompiledModules /Users/admin/builder/spi-builder-workspace/.derivedData/Build/Intermediates.noindex/SwiftExplicitPrecompiledModules
2026-09-16 23:20:11.132 xcodebuild[643:4161] [MT] IDERunDestination: Supported platforms for the buildables in the current scheme is empty.
** BUILD FAILED **
The following build commands failed:
ScanDependencies /Users/admin/builder/spi-builder-workspace/.derivedData/Build/Intermediates.noindex/Vim.build/Debug-appletvos/VimPluginBootstrap-t.build/Objects-normal/arm64/swiftvim.o /Users/admin/builder/spi-builder-workspace/Sources/VimPluginBootstrap/swiftvim.c normal arm64 c com.apple.compilers.llvm.clang.1_0.compiler (in target 'VimPluginBootstrap' from project 'Vim')
ScanDependencies /Users/admin/builder/spi-builder-workspace/.derivedData/Build/Intermediates.noindex/Vim.build/Debug-appletvos/VimInterface-t.build/Objects-normal/arm64/swiftvim_lib.o /Users/admin/builder/spi-builder-workspace/Sources/VimInterface/swiftvim_lib.c normal arm64 c com.apple.compilers.llvm.clang.1_0.compiler (in target 'VimInterface' from project 'Vim')
SwiftEmitModule normal arm64 Emitting\ module\ for\ Example (in target 'Example' from project 'Vim')
SwiftCompile normal arm64 (in target 'Example' from project 'Vim')
Building workspace Vim with scheme Vim-Package
(5 failures)
Command line invocation:
/Applications/Xcode-27.0.0-Release.Candidate.app/Contents/Developer/usr/bin/xcodebuild -IDEClonedSourcePackagesDirPathOverride=/Users/admin/builder/spi-builder-workspace/.dependencies -resolvePackageDependencies
Resolve Package Graph
Resolved source packages:
Vim: /Users/admin/builder/spi-builder-workspace
resolved source packages: Vim
2026-09-16 23:20:14.142 xcodebuild[668:4326] [MT] IDERunDestination: Supported platforms for the buildables in the current scheme is empty.
{
"dependencies" : [
],
"manifest_display_name" : "Vim",
"name" : "Vim",
"path" : "/Users/admin/builder/spi-builder-workspace",
"platforms" : [
],
"products" : [
{
"name" : "VimInterface",
"targets" : [
"VimInterface"
],
"type" : {
"library" : [
"dynamic"
]
}
},
{
"name" : "Vim",
"targets" : [
"Vim"
],
"type" : {
"library" : [
"dynamic"
]
}
},
{
"name" : "VimPluginBootstrap",
"targets" : [
"VimPluginBootstrap"
],
"type" : {
"library" : [
"dynamic"
]
}
},
{
"name" : "VimAsync",
"targets" : [
"VimAsync"
],
"type" : {
"library" : [
"dynamic"
]
}
},
{
"name" : "Example",
"targets" : [
"Example"
],
"type" : {
"library" : [
"dynamic"
]
}
}
],
"targets" : [
{
"c99name" : "VimTests",
"module_type" : "SwiftTarget",
"name" : "VimTests",
"path" : "Tests/VimTests",
"sources" : [
"VimTests.swift"
],
"type" : "test"
},
{
"c99name" : "VimPluginBootstrap",
"module_type" : "ClangTarget",
"name" : "VimPluginBootstrap",
"path" : "Sources/VimPluginBootstrap",
"product_memberships" : [
"Vim",
"VimPluginBootstrap"
],
"sources" : [
"swiftvim.c"
],
"type" : "library"
},
{
"c99name" : "VimInterfaceTests",
"module_type" : "SwiftTarget",
"name" : "VimInterfaceTests",
"path" : "Tests/VimInterfaceTests",
"sources" : [
"CallingTests.swift"
],
"target_dependencies" : [
"VimInterface"
],
"type" : "test"
},
{
"c99name" : "VimInterface",
"module_type" : "ClangTarget",
"name" : "VimInterface",
"path" : "Sources/VimInterface",
"product_memberships" : [
"VimInterface",
"Vim"
],
"sources" : [
"swiftvim_lib.c"
],
"type" : "library"
},
{
"c99name" : "VimAsyncTests",
"module_type" : "SwiftTarget",
"name" : "VimAsyncTests",
"path" : "Tests/VimAsyncTests",
"sources" : [
"VimAsyncTest.swift"
],
"type" : "test"
},
{
"c99name" : "VimAsync",
"module_type" : "SwiftTarget",
"name" : "VimAsync",
"path" : "Sources/VimAsync",
"product_memberships" : [
"VimAsync"
],
"sources" : [
"VimTask.swift",
"VimTimer.swift"
],
"type" : "library"
},
{
"c99name" : "Vim",
"module_type" : "SwiftTarget",
"name" : "Vim",
"path" : "Sources/Vim",
"product_memberships" : [
"Vim"
],
"sources" : [
"Vim.swift",
"VimBuffer.swift",
"VimCurrent.swift",
"VimExtensions.swift",
"VimPlugin.swift",
"VimValue.swift",
"VimWindow.swift"
],
"target_dependencies" : [
"VimInterface",
"VimPluginBootstrap"
],
"type" : "library"
},
{
"c99name" : "Example",
"module_type" : "SwiftTarget",
"name" : "Example",
"path" : "Sources/Example",
"product_memberships" : [
"Example"
],
"sources" : [
"Example.swift"
],
"type" : "library"
}
],
"tools_version" : "4.0"
}
{
"workspace" : {
"name" : "Vim",
"schemes" : [
"Example",
"Vim",
"Vim-Package",
"VimAsync",
"VimInterface",
"VimPluginBootstrap"
]
}
}
2026-09-16 23:20:15.373 xcodebuild[676:4388] [MT] IDERunDestination: Supported platforms for the buildables in the current scheme is empty.
Running build ...
env DEVELOPER_DIR=/Applications/Xcode-27.0.0-Release.Candidate.app xcrun xcodebuild -IDEClonedSourcePackagesDirPathOverride=$PWD/.dependencies -skipMacroValidation -skipPackagePluginValidation -derivedDataPath $PWD/.derivedData build -scheme Vim-Package -destination generic/platform=tvOS
Command line invocation:
/Applications/Xcode-27.0.0-Release.Candidate.app/Contents/Developer/usr/bin/xcodebuild -IDEClonedSourcePackagesDirPathOverride=/Users/admin/builder/spi-builder-workspace/.dependencies -skipMacroValidation -skipPackagePluginValidation -derivedDataPath /Users/admin/builder/spi-builder-workspace/.derivedData build -scheme Vim-Package -destination generic/platform=tvOS
Resolve Package Graph
Resolved source packages:
Vim: /Users/admin/builder/spi-builder-workspace
ComputePackagePrebuildTargetDependencyGraph
Prepare packages
CreateBuildRequest
SendProjectDescription
CreateBuildOperation
ComputeTargetDependencyGraph
note: Building targets in dependency order
note: Target dependency graph (10 targets)
Target 'Example-product' in project 'Vim'
➜ Explicit dependency on target 'Example' in project 'Vim'
Target 'Example' in project 'Vim' (no dependencies)
Target 'VimAsync-product' in project 'Vim'
➜ Explicit dependency on target 'VimAsync' in project 'Vim'
Target 'VimAsync' in project 'Vim' (no dependencies)
Target 'VimPluginBootstrap-product' in project 'Vim'
➜ Explicit dependency on target 'VimPluginBootstrap' in project 'Vim'
Target 'Vim-product' in project 'Vim'
➜ Explicit dependency on target 'Vim' in project 'Vim'
➜ Explicit dependency on target 'VimInterface' in project 'Vim'
➜ Explicit dependency on target 'VimPluginBootstrap' in project 'Vim'
Target 'Vim' in project 'Vim'
➜ Explicit dependency on target 'VimInterface' in project 'Vim'
➜ Explicit dependency on target 'VimPluginBootstrap' in project 'Vim'
Target 'VimPluginBootstrap' in project 'Vim' (no dependencies)
Target 'VimInterface-product' in project 'Vim'
➜ Explicit dependency on target 'VimInterface' in project 'Vim'
Target 'VimInterface' in project 'Vim' (no dependencies)
GatherProvisioningInputs
CreateBuildDescription
ClangStatCache /Applications/Xcode-27.0.0-Release.Candidate.app/Contents/Developer/Toolchains/XcodeDefault.xctoolchain/usr/bin/clang-stat-cache /Applications/Xcode-27.0.0-Release.Candidate.app/Contents/Developer/Platforms/AppleTVOS.platform/Developer/SDKs/AppleTVOS27.0.sdk /Users/admin/builder/spi-builder-workspace/.derivedData/SDKStatCaches.noindex/appletvos27.0-24J360-e829b21a6f8c9b70876ba0858053c044b32bfd8d43560033f8d89884cdb90028.sdkstatcache
cd /Users/admin/builder/spi-builder-workspace/.swiftpm/xcode
/Applications/Xcode-27.0.0-Release.Candidate.app/Contents/Developer/Toolchains/XcodeDefault.xctoolchain/usr/bin/clang-stat-cache /Applications/Xcode-27.0.0-Release.Candidate.app/Contents/Developer/Platforms/AppleTVOS.platform/Developer/SDKs/AppleTVOS27.0.sdk -o /Users/admin/builder/spi-builder-workspace/.derivedData/SDKStatCaches.noindex/appletvos27.0-24J360-e829b21a6f8c9b70876ba0858053c044b32bfd8d43560033f8d89884cdb90028.sdkstatcache
ScanDependencies /Users/admin/builder/spi-builder-workspace/.derivedData/Build/Intermediates.noindex/Vim.build/Debug-appletvos/VimPluginBootstrap-t.build/Objects-normal/arm64/swiftvim.o /Users/admin/builder/spi-builder-workspace/Sources/VimPluginBootstrap/swiftvim.c normal arm64 c com.apple.compilers.llvm.clang.1_0.compiler (in target 'VimPluginBootstrap' from project 'Vim')
cd /Users/admin/builder/spi-builder-workspace/.swiftpm/xcode
Using response file: /Users/admin/builder/spi-builder-workspace/.derivedData/Build/Intermediates.noindex/Vim.build/Debug-appletvos/VimPluginBootstrap-t.build/Objects-normal/arm64/7187679823f38a2a940e0043cdf9d637-common-args.resp
builtin-ScanDependencies -o /Users/admin/builder/spi-builder-workspace/.derivedData/Build/Intermediates.noindex/Vim.build/Debug-appletvos/VimPluginBootstrap-t.build/Objects-normal/arm64/swiftvim.o.scan -- /Applications/Xcode-27.0.0-Release.Candidate.app/Contents/Developer/Toolchains/XcodeDefault.xctoolchain/usr/bin/clang -x c -ivfsstatcache /Users/admin/builder/spi-builder-workspace/.derivedData/SDKStatCaches.noindex/appletvos27.0-24J360-e829b21a6f8c9b70876ba0858053c044b32bfd8d43560033f8d89884cdb90028.sdkstatcache -target arm64-apple-tvos15.0 -fmessage-length\=0 -fdiagnostics-show-note-include-stack -fmacro-backtrace-limit\=0 -fno-color-diagnostics -fmodules-prune-interval\=86400 -fmodules-prune-after\=345600 -fbuild-session-file\=/Users/admin/builder/spi-builder-workspace/.derivedData/ModuleCache.noindex/Session.modulevalidation -fmodules-validate-once-per-build-session -Wnon-modular-include-in-framework-module -Werror\=non-modular-include-in-framework-module -Wno-trigraphs -Wno-missing-field-initializers -Wno-missing-prototypes -Wno-return-type -Wno-missing-braces -Wparentheses -Wswitch -Wno-unused-function -Wno-unused-label -Wno-unused-parameter -Wno-unused-variable -Wunused-value -Wno-empty-body -Wno-uninitialized -Wno-unknown-pragmas -Wno-shadow -Wno-four-char-constants -Wno-conversion -Wno-constant-conversion -Wno-int-conversion -Wno-bool-conversion -Wno-enum-conversion -Wno-float-conversion -Wno-non-literal-null-conversion -Wno-objc-literal-conversion -Wshorten-64-to-32 -Wpointer-sign -Wno-newline-eof -Wno-implicit-fallthrough -isysroot /Applications/Xcode-27.0.0-Release.Candidate.app/Contents/Developer/Platforms/AppleTVOS.platform/Developer/SDKs/AppleTVOS27.0.sdk -fstrict-aliasing -Wdeprecated-declarations -Wno-sign-conversion -Wno-infinite-recursion -Wno-comma -Wno-block-capture-autoreleasing -Wno-strict-prototypes -Wno-semicolon-before-method-body -index-store-path /Users/admin/builder/spi-builder-workspace/.derivedData/Index.noindex/DataStore @/Users/admin/builder/spi-builder-workspace/.derivedData/Build/Intermediates.noindex/Vim.build/Debug-appletvos/VimPluginBootstrap-t.build/Objects-normal/arm64/7187679823f38a2a940e0043cdf9d637-common-args.resp -MMD -MT dependencies -MF /Users/admin/builder/spi-builder-workspace/.derivedData/Build/Intermediates.noindex/Vim.build/Debug-appletvos/VimPluginBootstrap-t.build/Objects-normal/arm64/swiftvim.d --serialize-diagnostics /Users/admin/builder/spi-builder-workspace/.derivedData/Build/Intermediates.noindex/Vim.build/Debug-appletvos/VimPluginBootstrap-t.build/Objects-normal/arm64/swiftvim.dia -c /Users/admin/builder/spi-builder-workspace/Sources/VimPluginBootstrap/swiftvim.c -o /Users/admin/builder/spi-builder-workspace/.derivedData/Build/Intermediates.noindex/Vim.build/Debug-appletvos/VimPluginBootstrap-t.build/Objects-normal/arm64/swiftvim.o -index-unit-output-path /Vim.build/Debug-appletvos/VimPluginBootstrap-t.build/Objects-normal/arm64/swiftvim.o
/Users/admin/builder/spi-builder-workspace/Sources/VimPluginBootstrap/swiftvim.c:4:10: error: 'Python.h' file not found (in target 'VimPluginBootstrap' from project 'Vim')
SwiftDriver VimAsync normal arm64 com.apple.xcode.tools.swift.compiler (in target 'VimAsync' from project 'Vim')
cd /Users/admin/builder/spi-builder-workspace/.swiftpm/xcode
builtin-SwiftDriver -- /Applications/Xcode-27.0.0-Release.Candidate.app/Contents/Developer/Toolchains/XcodeDefault.xctoolchain/usr/bin/swiftc -parse-as-library -module-name VimAsync -Onone @/Users/admin/builder/spi-builder-workspace/.derivedData/Build/Intermediates.noindex/Vim.build/Debug-appletvos/VimAsync-t.build/Objects-normal/arm64/VimAsync.SwiftFileList -DSWIFT_PACKAGE -DDEBUG -DSWIFT_MODULE_RESOURCE_BUNDLE_UNAVAILABLE -DXcode -plugin-path /Applications/Xcode-27.0.0-Release.Candidate.app/Contents/Developer/Toolchains/XcodeDefault.xctoolchain/usr/lib/swift/host/plugins/testing -enable-experimental-feature DebugDescriptionMacro -sdk /Applications/Xcode-27.0.0-Release.Candidate.app/Contents/Developer/Platforms/AppleTVOS.platform/Developer/SDKs/AppleTVOS27.0.sdk -target arm64-apple-tvos15.0 -g -module-cache-path /Users/admin/builder/spi-builder-workspace/.derivedData/ModuleCache.noindex -Xfrontend -serialize-debugging-options -profile-coverage-mapping -profile-generate -enable-testing -index-store-path /Users/admin/builder/spi-builder-workspace/.derivedData/Index.noindex/DataStore -Xcc -D_LIBCPP_HARDENING_MODE\=_LIBCPP_HARDENING_MODE_DEBUG -swift-version 4 -I /Users/admin/builder/spi-builder-workspace/.derivedData/Build/Products/Debug-appletvos -Isystem /Applications/Xcode-27.0.0-Release.Candidate.app/Contents/Developer/Platforms/AppleTVOS.platform/Developer/usr/lib -F /Users/admin/builder/spi-builder-workspace/.derivedData/Build/Products/Debug-appletvos -F /Applications/Xcode-27.0.0-Release.Candidate.app/Contents/Developer/Platforms/AppleTVOS.platform/Developer/Library/Frameworks -F /Applications/Xcode-27.0.0-Release.Candidate.app/Contents/Developer/Platforms/AppleTVOS.platform/Developer/SDKs/AppleTVOS27.0.sdk/Developer/Library/Frameworks -c -j10 -enable-batch-mode -incremental -Xcc -ivfsstatcache -Xcc /Users/admin/builder/spi-builder-workspace/.derivedData/SDKStatCaches.noindex/appletvos27.0-24J360-e829b21a6f8c9b70876ba0858053c044b32bfd8d43560033f8d89884cdb90028.sdkstatcache -output-file-map /Users/admin/builder/spi-builder-workspace/.derivedData/Build/Intermediates.noindex/Vim.build/Debug-appletvos/VimAsync-t.build/Objects-normal/arm64/VimAsync-OutputFileMap.json -save-temps -no-color-diagnostics -emit-dependencies -emit-module -emit-module-path /Users/admin/builder/spi-builder-workspace/.derivedData/Build/Intermediates.noindex/Vim.build/Debug-appletvos/VimAsync-t.build/Objects-normal/arm64/VimAsync.swiftmodule -serialize-diagnostics -validate-clang-modules-once -clang-build-session-file /Users/admin/builder/spi-builder-workspace/.derivedData/ModuleCache.noindex/Session.modulevalidation -Xcc -fmodules-prune-interval\=86400 -Xcc -fmodules-prune-after\=345600 -emit-const-values -const-gather-protocols-list /Users/admin/builder/spi-builder-workspace/.derivedData/Build/Intermediates.noindex/Vim.build/Debug-appletvos/VimAsync-t.build/Objects-normal/arm64/VimAsync_const_extract_protocols.json -Xcc -I/Users/admin/builder/spi-builder-workspace/.derivedData/Build/Products/Debug-appletvos/include -Xcc -I/Users/admin/builder/spi-builder-workspace/.derivedData/Build/Intermediates.noindex/Vim.build/Debug-appletvos/VimAsync-t.build/DerivedSources-normal/arm64 -Xcc -I/Users/admin/builder/spi-builder-workspace/.derivedData/Build/Intermediates.noindex/Vim.build/Debug-appletvos/VimAsync-t.build/DerivedSources/arm64 -Xcc -I/Users/admin/builder/spi-builder-workspace/.derivedData/Build/Intermediates.noindex/Vim.build/Debug-appletvos/VimAsync-t.build/DerivedSources -Xcc -DSWIFT_PACKAGE -Xcc -DDEBUG\=1 -emit-objc-header -emit-objc-header-path /Users/admin/builder/spi-builder-workspace/.derivedData/Build/Intermediates.noindex/Vim.build/Debug-appletvos/VimAsync-t.build/Objects-normal/arm64/VimAsync-Swift.h -working-directory /Users/admin/builder/spi-builder-workspace/.swiftpm/xcode -experimental-emit-module-separately -disable-cmo
ScanDependencies /Users/admin/builder/spi-builder-workspace/.derivedData/Build/Intermediates.noindex/Vim.build/Debug-appletvos/VimInterface-t.build/Objects-normal/arm64/swiftvim_lib.o /Users/admin/builder/spi-builder-workspace/Sources/VimInterface/swiftvim_lib.c normal arm64 c com.apple.compilers.llvm.clang.1_0.compiler (in target 'VimInterface' from project 'Vim')
cd /Users/admin/builder/spi-builder-workspace/.swiftpm/xcode
Using response file: /Users/admin/builder/spi-builder-workspace/.derivedData/Build/Intermediates.noindex/Vim.build/Debug-appletvos/VimInterface-t.build/Objects-normal/arm64/7187679823f38a2a940e0043cdf9d637-common-args.resp
builtin-ScanDependencies -o /Users/admin/builder/spi-builder-workspace/.derivedData/Build/Intermediates.noindex/Vim.build/Debug-appletvos/VimInterface-t.build/Objects-normal/arm64/swiftvim_lib.o.scan -- /Applications/Xcode-27.0.0-Release.Candidate.app/Contents/Developer/Toolchains/XcodeDefault.xctoolchain/usr/bin/clang -x c -ivfsstatcache /Users/admin/builder/spi-builder-workspace/.derivedData/SDKStatCaches.noindex/appletvos27.0-24J360-e829b21a6f8c9b70876ba0858053c044b32bfd8d43560033f8d89884cdb90028.sdkstatcache -target arm64-apple-tvos15.0 -fmessage-length\=0 -fdiagnostics-show-note-include-stack -fmacro-backtrace-limit\=0 -fno-color-diagnostics -fmodules-prune-interval\=86400 -fmodules-prune-after\=345600 -fbuild-session-file\=/Users/admin/builder/spi-builder-workspace/.derivedData/ModuleCache.noindex/Session.modulevalidation -fmodules-validate-once-per-build-session -Wnon-modular-include-in-framework-module -Werror\=non-modular-include-in-framework-module -Wno-trigraphs -Wno-missing-field-initializers -Wno-missing-prototypes -Wno-return-type -Wno-missing-braces -Wparentheses -Wswitch -Wno-unused-function -Wno-unused-label -Wno-unused-parameter -Wno-unused-variable -Wunused-value -Wno-empty-body -Wno-uninitialized -Wno-unknown-pragmas -Wno-shadow -Wno-four-char-constants -Wno-conversion -Wno-constant-conversion -Wno-int-conversion -Wno-bool-conversion -Wno-enum-conversion -Wno-float-conversion -Wno-non-literal-null-conversion -Wno-objc-literal-conversion -Wshorten-64-to-32 -Wpointer-sign -Wno-newline-eof -Wno-implicit-fallthrough -isysroot /Applications/Xcode-27.0.0-Release.Candidate.app/Contents/Developer/Platforms/AppleTVOS.platform/Developer/SDKs/AppleTVOS27.0.sdk -fstrict-aliasing -Wdeprecated-declarations -Wno-sign-conversion -Wno-infinite-recursion -Wno-comma -Wno-block-capture-autoreleasing -Wno-strict-prototypes -Wno-semicolon-before-method-body -index-store-path /Users/admin/builder/spi-builder-workspace/.derivedData/Index.noindex/DataStore @/Users/admin/builder/spi-builder-workspace/.derivedData/Build/Intermediates.noindex/Vim.build/Debug-appletvos/VimInterface-t.build/Objects-normal/arm64/7187679823f38a2a940e0043cdf9d637-common-args.resp -MMD -MT dependencies -MF /Users/admin/builder/spi-builder-workspace/.derivedData/Build/Intermediates.noindex/Vim.build/Debug-appletvos/VimInterface-t.build/Objects-normal/arm64/swiftvim_lib.d --serialize-diagnostics /Users/admin/builder/spi-builder-workspace/.derivedData/Build/Intermediates.noindex/Vim.build/Debug-appletvos/VimInterface-t.build/Objects-normal/arm64/swiftvim_lib.dia -c /Users/admin/builder/spi-builder-workspace/Sources/VimInterface/swiftvim_lib.c -o /Users/admin/builder/spi-builder-workspace/.derivedData/Build/Intermediates.noindex/Vim.build/Debug-appletvos/VimInterface-t.build/Objects-normal/arm64/swiftvim_lib.o -index-unit-output-path /Vim.build/Debug-appletvos/VimInterface-t.build/Objects-normal/arm64/swiftvim_lib.o
/Users/admin/builder/spi-builder-workspace/Sources/VimInterface/swiftvim_lib.c:1:10: error: 'Python.h' file not found (in target 'VimInterface' from project 'Vim')
SwiftDriver Vim normal arm64 com.apple.xcode.tools.swift.compiler (in target 'Vim' from project 'Vim')
cd /Users/admin/builder/spi-builder-workspace/.swiftpm/xcode
builtin-SwiftDriver -- /Applications/Xcode-27.0.0-Release.Candidate.app/Contents/Developer/Toolchains/XcodeDefault.xctoolchain/usr/bin/swiftc -parse-as-library -module-name Vim -Onone @/Users/admin/builder/spi-builder-workspace/.derivedData/Build/Intermediates.noindex/Vim.build/Debug-appletvos/Vim-t.build/Objects-normal/arm64/Vim.SwiftFileList -DSWIFT_PACKAGE -DDEBUG -DSWIFT_MODULE_RESOURCE_BUNDLE_UNAVAILABLE -Xcc -fmodule-map-file\=/Users/admin/builder/spi-builder-workspace/.derivedData/Build/Intermediates.noindex/GeneratedModuleMaps-appletvos/VimPluginBootstrap.modulemap -Xcc -fmodule-map-file\=/Users/admin/builder/spi-builder-workspace/.derivedData/Build/Intermediates.noindex/GeneratedModuleMaps-appletvos/VimInterface.modulemap -DXcode -plugin-path /Applications/Xcode-27.0.0-Release.Candidate.app/Contents/Developer/Toolchains/XcodeDefault.xctoolchain/usr/lib/swift/host/plugins/testing -enable-experimental-feature DebugDescriptionMacro -sdk /Applications/Xcode-27.0.0-Release.Candidate.app/Contents/Developer/Platforms/AppleTVOS.platform/Developer/SDKs/AppleTVOS27.0.sdk -target arm64-apple-tvos15.0 -g -module-cache-path /Users/admin/builder/spi-builder-workspace/.derivedData/ModuleCache.noindex -Xfrontend -serialize-debugging-options -profile-coverage-mapping -profile-generate -enable-testing -index-store-path /Users/admin/builder/spi-builder-workspace/.derivedData/Index.noindex/DataStore -Xcc -D_LIBCPP_HARDENING_MODE\=_LIBCPP_HARDENING_MODE_DEBUG -swift-version 4 -I /Users/admin/builder/spi-builder-workspace/.derivedData/Build/Products/Debug-appletvos -Isystem /Applications/Xcode-27.0.0-Release.Candidate.app/Contents/Developer/Platforms/AppleTVOS.platform/Developer/usr/lib -F /Users/admin/builder/spi-builder-workspace/.derivedData/Build/Products/Debug-appletvos/PackageFrameworks -F /Users/admin/builder/spi-builder-workspace/.derivedData/Build/Products/Debug-appletvos -F /Applications/Xcode-27.0.0-Release.Candidate.app/Contents/Developer/Platforms/AppleTVOS.platform/Developer/Library/Frameworks -F /Applications/Xcode-27.0.0-Release.Candidate.app/Contents/Developer/Platforms/AppleTVOS.platform/Developer/SDKs/AppleTVOS27.0.sdk/Developer/Library/Frameworks -c -j10 -enable-batch-mode -incremental -Xcc -ivfsstatcache -Xcc /Users/admin/builder/spi-builder-workspace/.derivedData/SDKStatCaches.noindex/appletvos27.0-24J360-e829b21a6f8c9b70876ba0858053c044b32bfd8d43560033f8d89884cdb90028.sdkstatcache -output-file-map /Users/admin/builder/spi-builder-workspace/.derivedData/Build/Intermediates.noindex/Vim.build/Debug-appletvos/Vim-t.build/Objects-normal/arm64/Vim-OutputFileMap.json -save-temps -no-color-diagnostics -emit-dependencies -emit-module -emit-module-path /Users/admin/builder/spi-builder-workspace/.derivedData/Build/Intermediates.noindex/Vim.build/Debug-appletvos/Vim-t.build/Objects-normal/arm64/Vim.swiftmodule -serialize-diagnostics -validate-clang-modules-once -clang-build-session-file /Users/admin/builder/spi-builder-workspace/.derivedData/ModuleCache.noindex/Session.modulevalidation -Xcc -fmodules-prune-interval\=86400 -Xcc -fmodules-prune-after\=345600 -emit-const-values -const-gather-protocols-list /Users/admin/builder/spi-builder-workspace/.derivedData/Build/Intermediates.noindex/Vim.build/Debug-appletvos/Vim-t.build/Objects-normal/arm64/Vim_const_extract_protocols.json -Xcc -I/Users/admin/builder/spi-builder-workspace/Sources/VimPluginBootstrap/include -Xcc -I/Users/admin/builder/spi-builder-workspace/Sources/VimInterface/include -Xcc -I/Users/admin/builder/spi-builder-workspace/.derivedData/Build/Products/Debug-appletvos/include -Xcc -I/Users/admin/builder/spi-builder-workspace/.derivedData/Build/Intermediates.noindex/Vim.build/Debug-appletvos/Vim-t.build/DerivedSources-normal/arm64 -Xcc -I/Users/admin/builder/spi-builder-workspace/.derivedData/Build/Intermediates.noindex/Vim.build/Debug-appletvos/Vim-t.build/DerivedSources/arm64 -Xcc -I/Users/admin/builder/spi-builder-workspace/.derivedData/Build/Intermediates.noindex/Vim.build/Debug-appletvos/Vim-t.build/DerivedSources -Xcc -DSWIFT_PACKAGE -Xcc -DDEBUG\=1 -emit-objc-header -emit-objc-header-path /Users/admin/builder/spi-builder-workspace/.derivedData/Build/Intermediates.noindex/Vim.build/Debug-appletvos/Vim-t.build/Objects-normal/arm64/Vim-Swift.h -working-directory /Users/admin/builder/spi-builder-workspace/.swiftpm/xcode -experimental-emit-module-separately -disable-cmo
SwiftDriver Example normal arm64 com.apple.xcode.tools.swift.compiler (in target 'Example' from project 'Vim')
cd /Users/admin/builder/spi-builder-workspace/.swiftpm/xcode
builtin-SwiftDriver -- /Applications/Xcode-27.0.0-Release.Candidate.app/Contents/Developer/Toolchains/XcodeDefault.xctoolchain/usr/bin/swiftc -parse-as-library -module-name Example -Onone @/Users/admin/builder/spi-builder-workspace/.derivedData/Build/Intermediates.noindex/Vim.build/Debug-appletvos/Example-t.build/Objects-normal/arm64/Example.SwiftFileList -DSWIFT_PACKAGE -DDEBUG -DSWIFT_MODULE_RESOURCE_BUNDLE_UNAVAILABLE -DXcode -plugin-path /Applications/Xcode-27.0.0-Release.Candidate.app/Contents/Developer/Toolchains/XcodeDefault.xctoolchain/usr/lib/swift/host/plugins/testing -enable-experimental-feature DebugDescriptionMacro -sdk /Applications/Xcode-27.0.0-Release.Candidate.app/Contents/Developer/Platforms/AppleTVOS.platform/Developer/SDKs/AppleTVOS27.0.sdk -target arm64-apple-tvos15.0 -g -module-cache-path /Users/admin/builder/spi-builder-workspace/.derivedData/ModuleCache.noindex -Xfrontend -serialize-debugging-options -profile-coverage-mapping -profile-generate -enable-testing -index-store-path /Users/admin/builder/spi-builder-workspace/.derivedData/Index.noindex/DataStore -Xcc -D_LIBCPP_HARDENING_MODE\=_LIBCPP_HARDENING_MODE_DEBUG -swift-version 4 -I /Users/admin/builder/spi-builder-workspace/.derivedData/Build/Products/Debug-appletvos -Isystem /Applications/Xcode-27.0.0-Release.Candidate.app/Contents/Developer/Platforms/AppleTVOS.platform/Developer/usr/lib -F /Users/admin/builder/spi-builder-workspace/.derivedData/Build/Products/Debug-appletvos -F /Applications/Xcode-27.0.0-Release.Candidate.app/Contents/Developer/Platforms/AppleTVOS.platform/Developer/Library/Frameworks -F /Applications/Xcode-27.0.0-Release.Candidate.app/Contents/Developer/Platforms/AppleTVOS.platform/Developer/SDKs/AppleTVOS27.0.sdk/Developer/Library/Frameworks -c -j10 -enable-batch-mode -incremental -Xcc -ivfsstatcache -Xcc /Users/admin/builder/spi-builder-workspace/.derivedData/SDKStatCaches.noindex/appletvos27.0-24J360-e829b21a6f8c9b70876ba0858053c044b32bfd8d43560033f8d89884cdb90028.sdkstatcache -output-file-map /Users/admin/builder/spi-builder-workspace/.derivedData/Build/Intermediates.noindex/Vim.build/Debug-appletvos/Example-t.build/Objects-normal/arm64/Example-OutputFileMap.json -save-temps -no-color-diagnostics -emit-dependencies -emit-module -emit-module-path /Users/admin/builder/spi-builder-workspace/.derivedData/Build/Intermediates.noindex/Vim.build/Debug-appletvos/Example-t.build/Objects-normal/arm64/Example.swiftmodule -serialize-diagnostics -validate-clang-modules-once -clang-build-session-file /Users/admin/builder/spi-builder-workspace/.derivedData/ModuleCache.noindex/Session.modulevalidation -Xcc -fmodules-prune-interval\=86400 -Xcc -fmodules-prune-after\=345600 -emit-const-values -const-gather-protocols-list /Users/admin/builder/spi-builder-workspace/.derivedData/Build/Intermediates.noindex/Vim.build/Debug-appletvos/Example-t.build/Objects-normal/arm64/Example_const_extract_protocols.json -Xcc -I/Users/admin/builder/spi-builder-workspace/.derivedData/Build/Products/Debug-appletvos/include -Xcc -I/Users/admin/builder/spi-builder-workspace/.derivedData/Build/Intermediates.noindex/Vim.build/Debug-appletvos/Example-t.build/DerivedSources-normal/arm64 -Xcc -I/Users/admin/builder/spi-builder-workspace/.derivedData/Build/Intermediates.noindex/Vim.build/Debug-appletvos/Example-t.build/DerivedSources/arm64 -Xcc -I/Users/admin/builder/spi-builder-workspace/.derivedData/Build/Intermediates.noindex/Vim.build/Debug-appletvos/Example-t.build/DerivedSources -Xcc -DSWIFT_PACKAGE -Xcc -DDEBUG\=1 -emit-objc-header -emit-objc-header-path /Users/admin/builder/spi-builder-workspace/.derivedData/Build/Intermediates.noindex/Vim.build/Debug-appletvos/Example-t.build/Objects-normal/arm64/Example-Swift.h -working-directory /Users/admin/builder/spi-builder-workspace/.swiftpm/xcode -experimental-emit-module-separately -disable-cmo
PruneExplicitPrecompiledModules /Users/admin/builder/spi-builder-workspace/.derivedData/SDKExplicitPrecompiledModules
PruneExplicitPrecompiledModules /Users/admin/builder/spi-builder-workspace/.derivedData/Build/Intermediates.noindex/SwiftExplicitPrecompiledModules
PruneExplicitPrecompiledModules /Users/admin/builder/spi-builder-workspace/.derivedData/Build/Intermediates.noindex/ExplicitPrecompiledModules
2026-09-16 23:20:16.322 xcodebuild[677:4411] [MT] IDERunDestination: Supported platforms for the buildables in the current scheme is empty.
** BUILD FAILED **
The following build commands failed:
ScanDependencies /Users/admin/builder/spi-builder-workspace/.derivedData/Build/Intermediates.noindex/Vim.build/Debug-appletvos/VimPluginBootstrap-t.build/Objects-normal/arm64/swiftvim.o /Users/admin/builder/spi-builder-workspace/Sources/VimPluginBootstrap/swiftvim.c normal arm64 c com.apple.compilers.llvm.clang.1_0.compiler (in target 'VimPluginBootstrap' from project 'Vim')
ScanDependencies /Users/admin/builder/spi-builder-workspace/.derivedData/Build/Intermediates.noindex/Vim.build/Debug-appletvos/VimInterface-t.build/Objects-normal/arm64/swiftvim_lib.o /Users/admin/builder/spi-builder-workspace/Sources/VimInterface/swiftvim_lib.c normal arm64 c com.apple.compilers.llvm.clang.1_0.compiler (in target 'VimInterface' from project 'Vim')
Building workspace Vim with scheme Vim-Package
(3 failures)
BUILD FAILURE 6.4 tvOS