The Swift Package Index logo.Swift Package Index

Build Information

Failed to build Promise, reference 2.0.1 (d85a51), with Swift 6.4 for Android on 22 Sep 2026 15:35:29 UTC.

Build Command

bash -c docker run --pull=always --rm -v "checkouts-54344847-1":/host -w "$PWD" -e JAVA_HOME="/root/.sdkman/candidates/java/current" -e SPI_BUILD="1" -e SPI_PROCESSING="1" registry.gitlab.com/saguaro1/spi-images:android-6.4-latest swift build --swift-sdk aarch64-unknown-linux-android28 2>&1

Build Log

========================================
RunAll
========================================
Builder version: 5.1.0
Interrupt handler set up.
========================================
Checkout
========================================
Clone URL: https://github.com/ObuchiYuki/Promise.git
Reference: 2.0.1
Initialized empty Git repository in /host/spi-builder-workspace/.git/
hint: Using 'master' as the name for the initial branch. This default branch name
hint: is subject to change. To configure the initial branch name to use in all
hint: of your new repositories, which will suppress this warning, call:
hint:
hint: 	git config --global init.defaultBranch <name>
hint:
hint: Names commonly chosen instead of 'master' are 'main', 'trunk' and
hint: 'development'. The just-created branch can be renamed via this command:
hint:
hint: 	git branch -m <name>
From https://github.com/ObuchiYuki/Promise
 * tag               2.0.1      -> FETCH_HEAD
HEAD is now at d85a515 fix concurrency error
Cloned https://github.com/ObuchiYuki/Promise.git
Revision (git rev-parse @):
d85a515d6e662f8c47d8f480f092d9bd1a945c2e
SUCCESS checkout https://github.com/ObuchiYuki/Promise.git at 2.0.1
========================================
Build
========================================
Selected platform:         android
Swift version:             6.4
Building package at path:  $PWD
https://github.com/ObuchiYuki/Promise.git
Running build ...
bash -c docker run --pull=always --rm -v "checkouts-54344847-1":/host -w "$PWD" -e JAVA_HOME="/root/.sdkman/candidates/java/current" -e SPI_BUILD="1" -e SPI_PROCESSING="1" registry.gitlab.com/saguaro1/spi-images:android-6.4-latest swift build --swift-sdk aarch64-unknown-linux-android28 2>&1
android-6.4-latest: Pulling from saguaro1/spi-images
Digest: sha256:abadcff584c273feba50641b454858d377ba30b35ea7287a94f45ebd8afd0ea0
Status: Image is up to date for registry.gitlab.com/saguaro1/spi-images:android-6.4-latest
warning: 'spi-builder-workspace': /host/spi-builder-workspace/Package.swift:12:19: warning: 'v4' is deprecated: watchOS 9.0 is the oldest supported version [#DeprecatedDeclaration]
10 |         .macOS(.v10_15),
11 |         .tvOS(.v12),
12 |         .watchOS(.v4)
   |                   `- warning: 'v4' is deprecated: watchOS 9.0 is the oldest supported version [#DeprecatedDeclaration]
13 |     ],
14 |     products: [
[#DeprecatedDeclaration]: <https://docs.swift.org/compiler/documentation/diagnostics/deprecated-declaration>
Building for debugging...
[Planning deferred tasks]
error: SwiftCompile normal aarch64 failed with a nonzero exit code. Command line:     cd /host

/host/spi-builder-workspace/Sources/Promise/Ex+Foundation/Promise+GCD.swift:51:15: error: value of type 'DispatchQueue' has no member 'asyncUnsafe'
49 |     public static func dispatchUnsafe(on queue: DispatchQueue = .global(), @_implicitSelfCapture _ handler: @Sendable @escaping (@escaping (Output) -> (), @escaping (Failure) -> ()) -> ()) -> Promise<Output, Failure> {
50 |         let promise = Promise<Output, Failure>()
51 |         queue.asyncUnsafe { handler(promise.resolve, promise.reject) }
   |               `- error: value of type 'DispatchQueue' has no member 'asyncUnsafe'
52 |         return promise
53 |     }
/host/spi-builder-workspace/Sources/Promise/Ex+Foundation/Promise+GCD.swift:58:15: error: value of type 'DispatchQueue' has no member 'asyncUnsafe'
56 |     public static func dispatchUnsafe(on queue: DispatchQueue = .global(), @_implicitSelfCapture _ output: @Sendable @escaping () -> Output) -> Promise<Output, Failure> where Failure == Never {
57 |         let promise = Promise<Output, Failure>()
58 |         queue.asyncUnsafe { promise.resolve(output()) }
   |               `- error: value of type 'DispatchQueue' has no member 'asyncUnsafe'
59 |         return promise
60 |     }
/host/spi-builder-workspace/Sources/Promise/Ex+Foundation/Promise+GCD.swift:65:15: error: value of type 'DispatchQueue' has no member 'asyncUnsafe'
63 |     public static func tryDispatchUnsafe(on queue: DispatchQueue = .global(), @_implicitSelfCapture _ handler: @Sendable @escaping (@escaping (Output) -> (), @escaping (Failure) -> ()) throws -> ()) -> Promise<Output, Failure> where Failure == Error {
64 |         let promise = Promise<Output, Failure>()
65 |         queue.asyncUnsafe { do { try handler(promise.resolve, promise.reject) } catch { promise.reject(error) } }
   |               `- error: value of type 'DispatchQueue' has no member 'asyncUnsafe'
66 |         return promise
67 |     }
/host/spi-builder-workspace/Sources/Promise/Ex+Foundation/Promise+GCD.swift:72:15: error: value of type 'DispatchQueue' has no member 'asyncUnsafe'
70 |     public static func tryDispatchUnsafe(on queue: DispatchQueue = .global(), @_implicitSelfCapture _ output: @Sendable @escaping () throws -> Output) -> Promise<Output, Failure> where Failure == Error {
71 |         let promise = Promise<Output, Failure>()
72 |         queue.asyncUnsafe { do { promise.resolve(try output()) } catch { promise.reject(error) } }
   |               `- error: value of type 'DispatchQueue' has no member 'asyncUnsafe'
73 |         return promise
74 |     }
/host/spi-builder-workspace/Sources/Promise/Ex+Foundation/Promise+GCD.swift:78:40: error: value of type 'DispatchQueue' has no member 'asyncUnsafe'
76 |     @inlinable
77 |     public func receiveUnsafe(on queue: DispatchQueue) -> Promise<Output, Failure> {
78 |         self.receiveUnsafe(on: { queue.asyncUnsafe(execute: $0) })
   |                                        `- error: value of type 'DispatchQueue' has no member 'asyncUnsafe'
79 |     }
80 | }
/host/spi-builder-workspace/Sources/Promise/Ex+Foundation/Promise+URLSession.swift:11:1: error: non-nominal type 'URLSession' (aka 'AnyObject') cannot be extended [#]8;;https://docs.swift.org/compiler/documentation/diagnostics/nominal-types\NominalTypes]8;;\]
 9 | import Foundation
10 |
11 | extension URLSession {
   | `- error: non-nominal type 'URLSession' (aka 'AnyObject') cannot be extended [#]8;;https://docs.swift.org/compiler/documentation/diagnostics/nominal-types\NominalTypes]8;;\]
12 |     @inlinable public func data(for url: URL) -> Promise<Data, Error> {
13 |         self.fetch(url).map { $0.1 }
/host/spi-builder-workspace/Sources/Promise/Ex+Foundation/Promise+URLSession.swift:46:20: error: type 'URLSession' (aka 'AnyObject') has no member 'shared'
44 | extension Data {
45 |     @inlinable public static func async(contentsOf url: URL) -> Promise<Data, Error> {
46 |         URLSession.shared.data(for: url)
   |                    `- error: type 'URLSession' (aka 'AnyObject') has no member 'shared'
47 |     }
48 | }
/host/spi-builder-workspace/Sources/Promise/Lock.swift:30:62: error: cannot convert value of type 'Int' to expected argument type 'Int32'
 28 |         _HANDLE_PTHREAD_CALL(pthread_mutexattr_init(attr), "pthread_mutexattr_init")
 29 |         #if DEBUG
 30 |         _HANDLE_PTHREAD_CALL(pthread_mutexattr_settype(attr, PTHREAD_MUTEX_ERRORCHECK), "pthread_mutexattr_settype")
    |                                                              `- error: cannot convert value of type 'Int' to expected argument type 'Int32'
 31 |         #endif
 32 |         return UnsafePointer(attr)
/host/spi-builder-workspace/Sources/Promise/Lock.swift:64:62: error: cannot convert value of type 'Int' to expected argument type 'Int32'
 62 |         let attr = UnsafeMutablePointer<pthread_mutexattr_t>.allocate(capacity: 1)
 63 |         _HANDLE_PTHREAD_CALL(pthread_mutexattr_init(attr), "pthread_mutexattr_init")
 64 |         _HANDLE_PTHREAD_CALL(pthread_mutexattr_settype(attr, PTHREAD_MUTEX_RECURSIVE), "pthread_mutexattr_settype")
    |                                                              `- error: cannot convert value of type 'Int' to expected argument type 'Int32'
 65 |         #if DEBUG
 66 |         _HANDLE_PTHREAD_CALL(pthread_mutexattr_settype(attr, PTHREAD_MUTEX_ERRORCHECK), "pthread_mutexattr_settype")
[#NominalTypes]: <https://docs.swift.org/compiler/documentation/diagnostics/nominal-types>
Failed frontend command:
/root/.local/share/swiftly/toolchains/6.4.x-snapshot-2026-09-04/usr/bin/swift-frontend -frontend -emit-module -experimental-skip-non-inlinable-function-bodies-without-types /host/spi-builder-workspace/Sources/Promise/Ex+Foundation/Promise+GCD.swift /host/spi-builder-workspace/Sources/Promise/Ex+Foundation/Promise+MeasureInterval.swift /host/spi-builder-workspace/Sources/Promise/Ex+Foundation/Promise+Timeout.swift /host/spi-builder-workspace/Sources/Promise/Ex+Foundation/Promise+URLSession.swift /host/spi-builder-workspace/Sources/Promise/Ex+Foundation/Promise+Wait.swift /host/spi-builder-workspace/Sources/Promise/Ex+Swift/Promise+Combine.swift /host/spi-builder-workspace/Sources/Promise/Ex+Swift/Promise+Concurrency.swift /host/spi-builder-workspace/Sources/Promise/Lock.swift /host/spi-builder-workspace/Sources/Promise/Promise+Cancel.swift /host/spi-builder-workspace/Sources/Promise/Promise+Combination.swift /host/spi-builder-workspace/Sources/Promise/Promise+Debug.swift /host/spi-builder-workspace/Sources/Promise/Promise+Init.swift /host/spi-builder-workspace/Sources/Promise/Promise+Operators.swift /host/spi-builder-workspace/Sources/Promise/Promise+OptionalResolve.swift /host/spi-builder-workspace/Sources/Promise/Promise+Util.swift /host/spi-builder-workspace/Sources/Promise/Promise.swift -target aarch64-unknown-linux-android28 -Xllvm -aarch64-use-tbi -disable-objc-interop -sdk /android-ndk/android-ndk-r27d/toolchains/llvm/prebuilt/linux-x86_64/sysroot -sysroot /android-ndk/android-ndk-r27d/toolchains/llvm/prebuilt/linux-x86_64/sysroot -I /host/spi-builder-workspace/.build/out/Products/Debug-android-aarch64 -module-cache-path /host/spi-builder-workspace/.build/out/ModuleCache.noindex -color-diagnostics -Xcc -fcolor-diagnostics -enable-testing -g -debug-info-format\=dwarf -dwarf-version\=4 -swift-version 6 -Onone -D SWIFT_PACKAGE -D DEBUG -D SWIFT_MODULE_RESOURCE_BUNDLE_UNAVAILABLE -D Xcode -serialize-debugging-options -enable-experimental-feature DebugDescriptionMacro -empty-abi-descriptor -external-plugin-path /root/.local/share/swiftly/toolchains/6.4.x-snapshot-2026-09-04/usr/lib/swift/host/plugins/testing\#/root/.local/share/swiftly/toolchains/6.4.x-snapshot-2026-09-04/usr/bin/swift-plugin-server -validate-clang-modules-once -clang-build-session-file /host/spi-builder-workspace/.build/out/ModuleCache.noindex/Session.modulevalidation -Xcc -working-directory -Xcc /host -resource-dir /root/.swiftpm/swift-sdks/swift-6.4.x-DEVELOPMENT-SNAPSHOT-2026-09-04-a_android.artifactbundle/swift-android/swift-resources/usr/lib/swift-aarch64 -enable-anonymous-context-mangled-names -file-compilation-dir /host -Xcc -resource-dir -Xcc /android-ndk/android-ndk-r27d/toolchains/llvm/prebuilt/linux-x86_64/lib/clang/18 -Xcc -fno-omit-frame-pointer -Xcc -D_LIBCPP_HARDENING_MODE\=_LIBCPP_HARDENING_MODE_DEBUG -Xcc -fmodules-prune-interval\=86400 -Xcc -fmodules-prune-after\=345600 -Xcc -I/host/spi-builder-workspace/.build/out/Products/Debug-android-aarch64/include -Xcc -I/host/spi-builder-workspace/.build/out/Intermediates.noindex/Promise.build/Debug-android-aarch64/Promise-t.build/DerivedSources-normal/aarch64 -Xcc -I/host/spi-builder-workspace/.build/out/Intermediates.noindex/Promise.build/Debug-android-aarch64/Promise-t.build/DerivedSources/aarch64 -Xcc -I/host/spi-builder-workspace/.build/out/Intermediates.noindex/Promise.build/Debug-android-aarch64/Promise-t.build/DerivedSources -Xcc -DSWIFT_PACKAGE -Xcc -DDEBUG\=1 -no-auto-bridging-header-chaining -module-name Promise -package-name spi_builder_workspace -const-gather-protocols-file /host/spi-builder-workspace/.build/out/Intermediates.noindex/Promise.build/Debug-android-aarch64/Promise-t.build/Objects-normal/aarch64/Promise_const_extract_protocols.json -in-process-plugin-server-path /root/.local/share/swiftly/toolchains/6.4.x-snapshot-2026-09-04/usr/lib/swift/host/libSwiftInProcPluginServer.so -plugin-path /root/.local/share/swiftly/toolchains/6.4.x-snapshot-2026-09-04/usr/lib/swift/host/plugins -plugin-path /root/.local/share/swiftly/toolchains/6.4.x-snapshot-2026-09-04/usr/local/lib/swift/host/plugins -emit-module-doc-path /host/spi-builder-workspace/.build/out/Intermediates.noindex/Promise.build/Debug-android-aarch64/Promise-t.build/Objects-normal/aarch64/Modules/Promise.swiftdoc -emit-module-source-info-path /host/spi-builder-workspace/.build/out/Intermediates.noindex/Promise.build/Debug-android-aarch64/Promise-t.build/Objects-normal/aarch64/Modules/Promise.swiftsourceinfo -emit-objc-header-path /host/spi-builder-workspace/.build/out/Intermediates.noindex/Promise.build/Debug-android-aarch[28 / 36] Promise
64/Promise-t.build/Objects-normal/aarch64/Promise-Swift.h -serialize-diagnostics-path /host/spi-builder-workspace/.build/out/Intermediates.noindex/Promise.build/Debug-android-aarch64/Promise-t.build/Objects-normal/aarch64/Promise-primary-emit-module.dia -emit-dependencies-path /host/spi-builder-workspace/.build/out/Intermediates.noindex/Promise.build/Debug-android-aarch64/Promise-t.build/Objects-normal/aarch64/Promise-primary-emit-module.d -parse-as-library -o /host/spi-builder-workspace/.build/out/Intermediates.noindex/Promise.build/Debug-android-aarch64/Promise-t.build/Objects-normal/aarch64/Modules/Promise.swiftmodule
error: Build failed
BUILD FAILURE 6.4 android