The Swift Package Index logo.Swift Package Index

Build Information

Failed to build SwiftyNetworking, reference main (4f519d), with Swift 6.1 for watchOS using Xcode 16.3 on 28 Sep 2026 18:16:00 UTC.

Build Command

No build command. This typically means the build failed at an early stage where we determine the build command.

Build Log

========================================
RunAll
========================================
Builder version: 5.1.0
Interrupt handler set up.
========================================
Checkout
========================================
Clone URL: https://github.com/piotrekjeremicz/SwiftyNetworking.git
Reference: main
Initialized empty Git repository in /Users/admin/builder/spi-builder-workspace/.git/
From https://github.com/piotrekjeremicz/SwiftyNetworking
 * branch            main       -> FETCH_HEAD
 * [new branch]      main       -> origin/main
HEAD is now at 4f519d2 Merge pull request #23 from piotrekjeremicz/feature/raw-data-response-body
Cloned https://github.com/piotrekjeremicz/SwiftyNetworking.git
Revision (git rev-parse @):
4f519d2a0b50429be28ff85489752a97749e6e2a
SUCCESS checkout https://github.com/piotrekjeremicz/SwiftyNetworking.git at main
========================================
Build
========================================
Selected platform:         watchOS
Swift version:             6.1
Building package at path:  $PWD
https://github.com/piotrekjeremicz/SwiftyNetworking.git
https://github.com/piotrekjeremicz/SwiftyNetworking.git
error: 'spi-builder-workspace': package 'spi-builder-workspace' is using Swift tools version 6.2.0 but the installed version is 6.1.0
error: fatalError
Command line invocation:
    /Applications/Xcode-16.3.0.app/Contents/Developer/usr/bin/xcodebuild -IDEClonedSourcePackagesDirPathOverride=/Users/admin/builder/spi-builder-workspace/.dependencies -resolvePackageDependencies
Resolve Package Graph
package 'spi-builder-workspace' is using Swift tools version 6.2.0 but the installed version is 6.1.0
Resolved source packages:
  spi-builder-workspace: (null)
2026-09-28 11:15:59.907 xcodebuild[504:2899] Writing error result bundle to /var/folders/5k/5yc19ymj0jqd5v0zvgfqz0xw0000gn/T/ResultBundle_2026-28-09_11-15-0059.xcresult
xcodebuild: error: Could not resolve package dependencies:
  package 'spi-builder-workspace' is using Swift tools version 6.2.0 but the installed version is 6.1.0
Command line invocation:
    /Applications/Xcode-16.3.0.app/Contents/Developer/usr/bin/xcodebuild -IDEClonedSourcePackagesDirPathOverride=/Users/admin/builder/spi-builder-workspace/.dependencies -resolvePackageDependencies
Resolve Package Graph
package 'spi-builder-workspace' is using Swift tools version 6.2.0 but the installed version is 6.1.0
Resolved source packages:
  spi-builder-workspace: (null)
2026-09-28 11:16:00.665 xcodebuild[517:3037] Writing error result bundle to /var/folders/5k/5yc19ymj0jqd5v0zvgfqz0xw0000gn/T/ResultBundle_2026-28-09_11-16-0000.xcresult
xcodebuild: error: Could not resolve package dependencies:
  package 'spi-builder-workspace' is using Swift tools version 6.2.0 but the installed version is 6.1.0
BUILD FAILURE 6.1 watchOS