The Swift Package Index logo.Swift Package Index

Build Information

Failed to build VegaDB, reference v0.3.0 (36d76f), with Swift 6.4 for Android on 19 Oct 2026 07:15:00 UTC.

Build Command

bash -c docker run --pull=always --rm -v "checkouts-54344845-0":/host -w "$PWD" -e JAVA_HOME="/root/.sdkman/candidates/java/current" -e SPI_BUILD="1" -e SPI_PROCESSING="1" registry.gitlab.com/saguaro1/spi-images:android-6.4-latest swift build --swift-sdk aarch64-unknown-linux-android28 2>&1

Build Log

========================================
RunAll
========================================
Builder version: 5.1.3
Interrupt handler set up.
========================================
Checkout
========================================
Clone URL: https://github.com/grepjava/vega-db.git
Reference: v0.3.0
Initialized empty Git repository in /host/spi-builder-workspace/.git/
hint: Using 'master' as the name for the initial branch. This default branch name
hint: is subject to change. To configure the initial branch name to use in all
hint: of your new repositories, which will suppress this warning, call:
hint:
hint: 	git config --global init.defaultBranch <name>
hint:
hint: Names commonly chosen instead of 'master' are 'main', 'trunk' and
hint: 'development'. The just-created branch can be renamed via this command:
hint:
hint: 	git branch -m <name>
From https://github.com/grepjava/vega-db
 * tag               v0.3.0     -> FETCH_HEAD
HEAD is now at 36d76f8 vega-db 0.3.0: on Vega 1.0
Cloned https://github.com/grepjava/vega-db.git
Revision (git rev-parse @):
36d76f8504782530d22fb2d7b149a7112ba8a5c9
SUCCESS checkout https://github.com/grepjava/vega-db.git at v0.3.0
========================================
Build
========================================
Selected platform:         android
Swift version:             6.4
Building package at path:  $PWD
https://github.com/grepjava/vega-db.git
Running build ...
bash -c docker run --pull=always --rm -v "checkouts-54344845-0":/host -w "$PWD" -e JAVA_HOME="/root/.sdkman/candidates/java/current" -e SPI_BUILD="1" -e SPI_PROCESSING="1" registry.gitlab.com/saguaro1/spi-images:android-6.4-latest swift build --swift-sdk aarch64-unknown-linux-android28 2>&1
android-6.4-latest: Pulling from saguaro1/spi-images
Digest: sha256:d9a84d7647394b4473e054b8d8a8f0e0b43300080afc6972ec459a3a608366e4
Status: Image is up to date for registry.gitlab.com/saguaro1/spi-images:android-6.4-latest
Fetching https://github.com/grepjava/vega.git
[1/4328] Fetching vega
Fetched https://github.com/grepjava/vega.git (0.60s)
Computing version for https://github.com/grepjava/vega.git
Computed https://github.com/grepjava/vega.git at 1.0.0 (0.82s)
Creating working copy for https://github.com/grepjava/vega.git
Working copy of https://github.com/grepjava/vega.git resolved at 1.0.0
warning: 'vega': you may be able to install openssl using your system-packager:
    apt-get install libssl-dev
Building for debugging...
[Computing dependencies]
[Pre-planning 1 / 566]
[Planning deferred tasks]
[102 / 189]
[110 / 206] CVegaTLS
[112 / 206] VegaRedisProtocol
[121 / 206] VegaCrypto
[124 / 206] VegaDBTracing
[126 / 206] VegaDBTracing
[132 / 206] VegaDBTracing-product
[135 / 206] VegaCrypto
[143 / 217] VegaPostgresProtocol
[146 / 227] VegaRedisProtocol
/host/spi-builder-workspace/.build/checkouts/vega/Sources/CVega/cvega.c:390:9: error: call to undeclared function 'pthread_setaffinity_np'; ISO C99 and later do not support implicit function declarations [-Wimplicit-function-declaration]
  390 |         pthread_setaffinity_np(pthread_self(), sizeof set, &set);
      |         ^
/host/spi-builder-workspace/.build/checkouts/vega/Sources/CVega/cvega.c:2229:21: error: call to undeclared function 'copy_file_range'; ISO C99 and later do not support implicit function declarations [-Wimplicit-function-declaration]
 2229 |         ssize_t n = copy_file_range(in, NULL, out, NULL, 1 << 30, 0);
      |                     ^
/host/spi-builder-workspace/.build/checkouts/vega/Sources/CVega/cvega.c:2229:21: note: did you mean 'sync_file_range'?
In file included from /host/spi-builder-workspace/.build/checkouts/vega/Sources/CVega/cvega.c:23:
/android-ndk/android-ndk-r30/toolchains/llvm/prebuilt/linux-x86_64/sysroot/usr/include/fcntl.h:235:5: note: 'sync_file_range' declared here
  235 | int sync_file_range(int __fd, off64_t __offset, off64_t __length, unsigned int __flags) __INTRODUCED_IN(26);
      |     ^
/host/spi-builder-workspace/.build/checkouts/vega/Sources/CVega/cvega.c:2346:30: error: call to undeclared function 'posix_spawn_file_actions_addchdir_np'; ISO C99 and later do not support implicit function declarations [-Wimplicit-function-declaration]
 2346 |     if (rc == 0 && cwd) rc = posix_spawn_file_actions_addchdir_np(&fa, cwd);
      |                              ^
3 errors generated.
error: CompileC /host/spi-builder-workspace/.build/out/Intermediates.noindex/Vega.build/Debug-android-aarch64/CVega-t.build/Objects-normal/aarch64/cvega.o /host/spi-builder-workspace/.build/checkouts/vega/Sources/CVega/cvega.c normal aarch64 c com.apple.compilers.llvm.clang.1_0.compiler failed with a nonzero exit code. Command line:     cd /host

    Using response file: /host/spi-builder-workspace/.build/out/Intermediates.noindex/Vega.build/Debug-android-aarch64/CVega-t.build/Objects-normal/aarch64/9f65232cb83f8421e3a495a5062eba382369c975104ee97bafc405ab795bfc5e-common-args.resp

    /root/.local/share/swiftly/toolchains/6.4.0/usr/bin/clang -x c -target aarch64-unknown-linux-android28 -fmessage-length\=0 -fdiagnostics-show-note-include-stack -fmacro-backtrace-limit\=0 -fcolor-diagnostics -Wno-trigraphs -Wno-missing-field-initializers -Wno-missing-prototypes -Wno-return-type -Wno-missing-braces -Wparentheses -Wswitch -Wno-unused-function -Wno-unused-label -Wno-unused-parameter -Wno-unused-variable -Wunused-value -Wno-empty-body -Wno-uninitialized -Wno-unknown-pragmas -w -Wno-shadow -Wno-four-char-constants -Wno-conversion -Wno-constant-conversion -Wno-int-conversion -Wno-bool-conversion -Wno-enum-conversion -Wno-float-conversion -Wno-non-literal-null-conversion -Wno-objc-literal-conversion -Wno-shorten-64-to-32 -Wpointer-sign -Wno-newline-eof -Wno-implicit-fallthrough -fstrict-aliasing -Wdeprecated-declarations -Wno-sign-conversion -Wno-infinite-recursion -Wno-comma -Wno-block-capture-autoreleasing -Wno-strict-prototypes -Wno-semicolon-before-method-body --sysroot /android-ndk/android-ndk-r30/toolchains/llvm/prebuilt/linux-x86_64/sysroot @/host/spi-builder-workspace/.build/out/Intermediates.noindex/Vega.build/Debug-android-aarch64/CVega-t.build/Objects-normal/aarch64/9f65232cb83f8421e3a495a5062eba382369c975104ee97bafc405ab795bfc5e-common-args.resp -MMD -MT dependencies -MF /host/spi-builder-workspace/.build/out/Intermediates.noindex/Vega.build/Debug-android-aarch64/CVega-t.build/Objects-normal/aarch64/cvega.d --serialize-diagnostics /host/spi-builder-workspace/.build/out/Intermediates.noindex/Vega.build/Debug-android-aarch64/CVega-t.build/Objects-normal/aarch64/cvega.dia -c /host/spi-builder-workspace/.build/checkouts/vega/Sources/CVega/cvega.c -o /host/spi-builder-workspace/.build/out/Intermediates.noindex/Vega.build/Debug-android-aarch64/CVega-t.build/Objects-normal/aarch64/cvega.o
error: Build failed
BUILD FAILURE 6.4 android