Build Information
Failed to build libpcache_Swift, reference 1.2.3 (c65dff), with Swift 6.2 for Wasm on 16 Jul 2026 20:45:47 UTC.
Build Command
bash -c docker run --pull=always --rm -v "checkouts-54344844-3":/host -w "$PWD" -e JAVA_HOME="/root/.sdkman/candidates/java/current" -e SPI_BUILD="1" -e SPI_PROCESSING="1" registry.gitlab.com/saguaro1/spi-images:wasm-6.2-latest swift build --swift-sdk swift-6.2-RELEASE_wasm 2>&1Build Log
========================================
RunAll
========================================
Builder version: 333316120c8b89ed7d21f1b34865290794301d91
Interrupt handler set up.
========================================
Checkout
========================================
Clone URL: https://github.com/RuiNelson/libpcache_Swift.git
Reference: 1.2.3
Initialized empty Git repository in /host/spi-builder-workspace/.git/
hint: Using 'master' as the name for the initial branch. This default branch name
hint: is subject to change. To configure the initial branch name to use in all
hint: of your new repositories, which will suppress this warning, call:
hint:
hint: git config --global init.defaultBranch <name>
hint:
hint: Names commonly chosen instead of 'master' are 'main', 'trunk' and
hint: 'development'. The just-created branch can be renamed via this command:
hint:
hint: git branch -m <name>
From https://github.com/RuiNelson/libpcache_Swift
* tag 1.2.3 -> FETCH_HEAD
HEAD is now at c65dff9 feat: update libpcache to 1.1.5 and document FIFO delete compaction cost
Submodule path 'Sources/CLibPCache/libpcache': checked out '7d52f8f841ed45283fd5842ab7530854ca2134f2'
Submodule path 'Sources/CLibPCache/xxhash': checked out 'e573d4d2aaeaba0f3e5a0a9a54144a1f2b4b56e7'
Submodule 'Sources/CLibPCache/libpcache' (https://github.com/RuiNelson/libpcache.git) registered for path 'Sources/CLibPCache/libpcache'
Submodule 'Sources/CLibPCache/xxhash' (https://github.com/Cyan4973/xxHash.git) registered for path 'Sources/CLibPCache/xxhash'
Cloning into '/host/spi-builder-workspace/Sources/CLibPCache/libpcache'...
Cloning into '/host/spi-builder-workspace/Sources/CLibPCache/xxhash'...
Cloned https://github.com/RuiNelson/libpcache_Swift.git
Revision (git rev-parse @):
c65dff94af40d1f0582061444b6a3f76b47b074a
SPI manifest file found: $PWD/.spi.yml
SUCCESS checkout https://github.com/RuiNelson/libpcache_Swift.git at 1.2.3
========================================
Build
========================================
Selected platform: wasm
Swift version: 6.2
Building package at path: $PWD
https://github.com/RuiNelson/libpcache_Swift.git
Running build ...
bash -c docker run --pull=always --rm -v "checkouts-54344844-3":/host -w "$PWD" -e JAVA_HOME="/root/.sdkman/candidates/java/current" -e SPI_BUILD="1" -e SPI_PROCESSING="1" registry.gitlab.com/saguaro1/spi-images:wasm-6.2-latest swift build --swift-sdk swift-6.2-RELEASE_wasm 2>&1
wasm-6.2-latest: Pulling from saguaro1/spi-images
Digest: sha256:dc8dffc38f1d92eca7ee5312617822470123661393ed20672e77964f9dcaaffb
Status: Image is up to date for registry.gitlab.com/saguaro1/spi-images:wasm-6.2-latest
Building for debugging...
[0/9] Write sources
In file included from /host/spi-builder-workspace/Sources/CLibPCache/libpcache/src/maintenance.c:1:
In file included from /host/spi-builder-workspace/Sources/CLibPCache/libpcache/src/db.h:3:
/host/spi-builder-workspace/Sources/CLibPCache/libpcache/src/internal.h:6:10: fatal error: 'sqlite3.h' file not found
6 | #include <sqlite3.h>
| ^~~~~~~~~~~
1 error generated.
[1/9] Compiling maintenance.c
[1/9] Compiling xxhash.c
In file included from /host/spi-builder-workspace/Sources/CLibPCache/libpcache/src/db.c:1:
In file included from /host/spi-builder-workspace/Sources/CLibPCache/libpcache/src/db.h:3:
/host/spi-builder-workspace/Sources/CLibPCache/libpcache/src/internal.h:6:10: fatal error: 'sqlite3.h' file not found
6 | #include <sqlite3.h>
| ^~~~~~~~~~~
1 error generated.
[1/9] Compiling db.c
In file included from /host/spi-builder-workspace/Sources/CLibPCache/libpcache/src/volume.c:1:
In file included from /host/spi-builder-workspace/Sources/CLibPCache/libpcache/src/db.h:3:
/host/spi-builder-workspace/Sources/CLibPCache/libpcache/src/internal.h:6:10: fatal error: 'sqlite3.h' file not found
6 | #include <sqlite3.h>
| ^~~~~~~~~~~
[1/9] Compiling volume.c
In file included from /host/spi-builder-workspace/Sources/CLibPCache/libpcache/src/pages_util.c:1:
In file included from /host/spi-builder-workspace/Sources/CLibPCache/libpcache/src/pages_util.h:3:
/host/spi-builder-workspace/Sources/CLibPCache/libpcache/src/internal.h:6:10: fatal error: 'sqlite3.h' file not found
6 | #include <sqlite3.h>
| ^~~~~~~~~~~
[1/9] Compiling pages_util.c
In file included from /host/spi-builder-workspace/Sources/CLibPCache/libpcache/src/pages.c:1:
In file included from /host/spi-builder-workspace/Sources/CLibPCache/libpcache/src/db.h:3:
/host/spi-builder-workspace/Sources/CLibPCache/libpcache/src/internal.h:6:10: fatal error: 'sqlite3.h' file not found
6 | #include <sqlite3.h>
| ^~~~~~~~~~~
[1/9] Compiling pages.c
In file included from /host/spi-builder-workspace/Sources/CLibPCache/libpcache/src/handle.c:1:
In file included from /host/spi-builder-workspace/Sources/CLibPCache/libpcache/src/handle.h:3:
/host/spi-builder-workspace/Sources/CLibPCache/libpcache/src/internal.h:6:10: fatal error: 'sqlite3.h' file not found
6 | #include <sqlite3.h>
| ^~~~~~~~~~~
1 error generated.
[1/9] Compiling handle.c
[1/9] Write swift-version-24593BA9C3E375BF.txt
BUILD FAILURE 6.2 wasm