The Swift Package Index logo.Swift Package Index

Build Information

Failed to build swift-penpot-api, reference main (3f0ed7), with Swift 6.4 for Wasm on 24 Sep 2026 12:17:33 UTC.

Build Command

bash -c docker run --pull=always --rm -v "checkouts-54344847-0":/host -w "$PWD" -e JAVA_HOME="/root/.sdkman/candidates/java/current" -e SPI_BUILD="1" -e SPI_PROCESSING="1" registry.gitlab.com/saguaro1/spi-images:wasm-6.4-latest swift build --swift-sdk swift-6.4.x-DEVELOPMENT-SNAPSHOT-2026-09-04-a_wasm 2>&1

Build Log

========================================
RunAll
========================================
Builder version: 5.1.0
Interrupt handler set up.
========================================
Checkout
========================================
Clone URL: https://github.com/DesignPipe/swift-penpot-api.git
Reference: main
Initialized empty Git repository in /host/spi-builder-workspace/.git/
hint: Using 'master' as the name for the initial branch. This default branch name
hint: is subject to change. To configure the initial branch name to use in all
hint: of your new repositories, which will suppress this warning, call:
hint:
hint: 	git config --global init.defaultBranch <name>
hint:
hint: Names commonly chosen instead of 'master' are 'main', 'trunk' and
hint: 'development'. The just-created branch can be renamed via this command:
hint:
hint: 	git branch -m <name>
From https://github.com/DesignPipe/swift-penpot-api
 * branch            main       -> FETCH_HEAD
 * [new branch]      main       -> origin/main
HEAD is now at 3f0ed76 Initial extraction from ExFig monorepo
Cloned https://github.com/DesignPipe/swift-penpot-api.git
Revision (git rev-parse @):
3f0ed762b6130d32e96ae0624b2ad084756847b5
SUCCESS checkout https://github.com/DesignPipe/swift-penpot-api.git at main
========================================
Build
========================================
Selected platform:         wasm
Swift version:             6.4
Building package at path:  $PWD
https://github.com/DesignPipe/swift-penpot-api.git
Running build ...
bash -c docker run --pull=always --rm -v "checkouts-54344847-0":/host -w "$PWD" -e JAVA_HOME="/root/.sdkman/candidates/java/current" -e SPI_BUILD="1" -e SPI_PROCESSING="1" registry.gitlab.com/saguaro1/spi-images:wasm-6.4-latest swift build --swift-sdk swift-6.4.x-DEVELOPMENT-SNAPSHOT-2026-09-04-a_wasm 2>&1
wasm-6.4-latest: Pulling from saguaro1/spi-images
Digest: sha256:4328fdb43c680d205c1d6761b1e3267aa38277eefdda9ddfb17b6a0f1a77857a
Status: Image is up to date for registry.gitlab.com/saguaro1/spi-images:wasm-6.4-latest
Fetching https://github.com/mattt/swift-yyjson
Fetching https://github.com/pointfreeco/swift-custom-dump
[1/5666] Fetching swift-custom-dump
Fetched https://github.com/pointfreeco/swift-custom-dump (0.53s)
[1/556] Fetching swift-yyjson
Fetched https://github.com/mattt/swift-yyjson (1.11s)
Computing version for https://github.com/mattt/swift-yyjson
Computed https://github.com/mattt/swift-yyjson at 0.6.0 (1.30s)
Computing version for https://github.com/pointfreeco/swift-custom-dump
Computed https://github.com/pointfreeco/swift-custom-dump at 1.7.3 (0.17s)
Fetching https://github.com/pointfreeco/swift-issue-reporting
[1/6161] Fetching swift-issue-reporting
Fetched https://github.com/pointfreeco/swift-issue-reporting (0.75s)
Computing version for https://github.com/pointfreeco/swift-issue-reporting
Computed https://github.com/pointfreeco/swift-issue-reporting at 2.1.1 (1.85s)
Creating working copy for https://github.com/mattt/swift-yyjson
Working copy of https://github.com/mattt/swift-yyjson resolved at 0.6.0
Creating working copy for https://github.com/pointfreeco/swift-custom-dump
Working copy of https://github.com/pointfreeco/swift-custom-dump resolved at 1.7.3
Creating working copy for https://github.com/pointfreeco/swift-issue-reporting
Working copy of https://github.com/pointfreeco/swift-issue-reporting resolved at 2.1.1
Building for debugging...
[Pre-planning 1 / 155]
[1 / 45]
[38 / 55] YYJSON
error: SwiftCompile normal wasm32 failed with a nonzero exit code. Command line:     cd /host

/host/spi-builder-workspace/Sources/PenpotAPI/Client/PenpotClient.swift:23:26: error: 'URLSession' is unavailable: This type has moved to the FoundationNetworking module. Import that module to use it.
 21 |     private let accessToken: String
 22 |     private let baseURL: String
 23 |     private let session: URLSession
    |                          `- error: 'URLSession' is unavailable: This type has moved to the FoundationNetworking module. Import that module to use it.
 24 |     private let maxRetries: Int
 25 |
Foundation.URLSession:2:18: note: 'URLSession' has been explicitly marked unavailable here
1 | @available(*, unavailable, message: "This type has moved to the FoundationNetworking module. Import that module to use it.")
2 | public typealias URLSession = AnyObject
  |                  `- note: 'URLSession' has been explicitly marked unavailable here
/host/spi-builder-workspace/Sources/PenpotAPI/Client/PenpotClient.swift:126:18: error: cannot find type 'URLRequest' in scope
124 |
125 |     private func performWithRetry(
126 |         request: URLRequest,
    |                  `- error: cannot find type 'URLRequest' in scope
127 |         endpoint: String
128 |     ) async throws -> (Data, URLResponse) {
/host/spi-builder-workspace/Sources/PenpotAPI/Client/PenpotClient.swift:128:30: error: 'URLResponse' is unavailable: This type has moved to the FoundationNetworking module. Import that module to use it.
126 |         request: URLRequest,
127 |         endpoint: String
128 |     ) async throws -> (Data, URLResponse) {
    |                              `- error: 'URLResponse' is unavailable: This type has moved to the FoundationNetworking module. Import that module to use it.
129 |         var lastError: Error?
130 |
Foundation.URLResponse:2:18: note: 'URLResponse' has been explicitly marked unavailable here
1 | @available(*, unavailable, message: "This type has moved to the FoundationNetworking module. Import that module to use it.")
2 | public typealias URLResponse = AnyObject
  |                  `- note: 'URLResponse' has been explicitly marked unavailable here
/host/spi-builder-workspace/Sources/PenpotAPI/Client/PenpotClient.swift:23:17: error: stored property 'session' of 'Sendable'-conforming struct 'BasePenpotClient' has non-Sendable type 'AnyObject'
 21 |     private let accessToken: String
 22 |     private let baseURL: String
 23 |     private let session: URLSession
    |                 `- error: stored property 'session' of 'Sendable'-conforming struct 'BasePenpotClient' has non-Sendable type 'AnyObject'
 24 |     private let maxRetries: Int
 25 |
Failed frontend command:
/usr/bin/swift-frontend -frontend -emit-module -experimental-skip-non-inlinable-function-bodies-without-types /host/spi-builder-workspace/Sources/PenpotAPI/Client/PenpotAPIError.swift /host/spi-builder-workspace/Sources/PenpotAPI/Client/PenpotClient.swift /host/spi-builder-workspace/Sources/PenpotAPI/Client/PenpotEndpoint.swift /host/spi-builder-workspace/Sources/PenpotAPI/Endpoints/GetFileEndpoint.swift /host/spi-builder-workspace/Sources/PenpotAPI/Endpoints/GetFileObjectThumbnailsEndpoint.swift /host/spi-builder-workspace/Sources/PenpotAPI/Endpoints/GetProfileEndpoint.swift /host/spi-builder-workspace/Sources/PenpotAPI/Models/PenpotColor.swift /host/spi-builder-workspace/Sources/PenpotAPI/Models/PenpotComponent.swift /host/spi-builder-workspace/Sources/PenpotAPI/Models/PenpotFileResponse.swift /host/spi-builder-workspace/Sources/PenpotAPI/Models/PenpotProfile.swift /host/spi-builder-workspace/Sources/PenpotAPI/Models/PenpotShape.swift /host/spi-builder-workspace/Sources/PenpotAPI/Models/PenpotTypography.swift /host/spi-builder-workspace/Sources/PenpotAPI/Renderer/PenpotShapeRenderer.swift -target wasm32-unknown-wasip1 -disable-objc-interop -sdk /root/.swiftpm/swift-sdks/swift-6.4.x-DEVELOPMENT-SNAPSHOT-2026-09-04-a_wasm.artifactbundle/swift-6.4.x-DEVELOPMENT-SNAPSHOT-2026-09-04-a_wasm/wasm32-unknown-wasip1/WASI.sdk -sysroot /root/.swiftpm/swift-sdks/swift-6.4.x-DEVELOPMENT-SNAPSHOT-2026-09-04-a_wasm.artifactbundle/swift-6.4.x-DEVELOPMENT-SNAPSHOT-2026-09-04-a_wasm/wasm32-unknown-wasip1/WASI.sdk -I /host/spi-builder-workspace/.build/out/Products/Debug-webassembly-wasm32 -module-cache-path /host/spi-builder-workspace/.build/out/ModuleCache.noindex -color-diagnostics -Xcc -fcolor-diagnostics -enable-testing -g -debug-info-format\=dwarf -dwarf-version\=4 -swift-version 6 -Onone -D SWIFT_PACKAGE -D DEBUG -D SWIFT_MODULE_RESOURCE_BUNDLE_UNAVAILABLE -D Xcode -serialize-debugging-options -enable-experimental-feature DebugDescriptionMacro -empty-abi-descriptor -external-plugin-path /usr/lib/swift/host/plugins/testing\#/usr/bin/swift-plugin-server -validate-clang-modules-once -clang-build-session-file /host/spi-builder-workspace/.build/out/ModuleCache.noindex/Session.modulevalidation -Xcc -working-directory -Xcc /host -resource-dir /root/.swiftpm/swift-sdks/swift-6.4.x-DEVELOPMENT-SNAPSHOT-2026-09-04-a_wasm.artifactbundle/swift-6.4.x-DEVELOPMENT-SNAPSHOT-2026-09-04-a_wasm/wasm32-unknown-wasip1/swift.xctoolchain/usr/lib/swift_static -use-static-resource-dir -enable-anonymous-context-mangled-names -file-compilation-dir /host -Xcc -resource-dir -Xcc /root/.swiftpm/swift-sdks/swift-6.4.x-DEVELOPMENT-SNAPSHOT-2026-09-04-a_wasm.artifactbundle/swift-6.4.x-DEVELOPMENT-SNAPSHOT-2026-09-04-a_wasm/wasm32-unknown-wasip1/swift.xctoolchain/usr/lib/swift_static/clang -Xcc -fmodule-map-file\=/host/spi-builder-workspace/.build/checkouts/swift-yyjson/Sources/Cyyjson/module.modulemap -Xcc -D_LIBCPP_HARDENING_MODE\=_LIBCPP_HARDENING_MODE_DEBUG -Xcc -fmodules-prune-interval\=86400 -Xcc -fmodules-prune-after\=345600 -Xcc -I/host/spi-builder-workspace/.build/checkouts/swift-yyjson/Sources/Cyyjson -Xcc -I/host/spi-builder-workspace/.build/out/Products/Debug-webassembly-wasm32/include -Xcc -I/host/spi-builder-workspace/.build/out/Intermediates.noindex/swift-penpot-api.build/Debug-webassembly-wasm32/PenpotAPI-t.build/DerivedSources-normal/wasm32 -Xcc -I/host/spi-builder-workspace/.build/out/Intermediates.noindex/swift-penpot-api.build/Debug-webassembly-wasm32/PenpotAPI-t.build/DerivedSources/wasm32 -Xcc -I/host/spi-builder-workspace/.build/out/Intermediates.noindex/swift-penpot-api.build/Debug-webassembly-wasm32/PenpotAPI-t.build/DerivedSources -Xcc -DSWIFT_PACKAGE -Xcc -DDEBUG\=1 -no-auto-bridging-header-chaining -module-name PenpotAPI -package-name spi_builder_workspace -const-gather-protocols-file /host/spi-builder-workspace/.build/out/Intermediates.noindex/swift-penpot-api.build/Debug-webassembly-wasm32/PenpotAPI-t.build/Objects-normal/wasm32/PenpotAPI_const_extract_protocols.json -in-process-plugin-server-path /usr/lib/swift/host/libSwiftInProcPluginServer.so -plugin-path /usr/lib/swift/host/plugins -plugin-path /usr/local/lib/swift/host/plugins -emit-module-doc-path /host/spi-builder-workspace/.build/out/Intermediates.noindex/swift-penpot-api.build/Debug-webassembly-wasm32/PenpotAPI-t.build/Objects-normal/wasm32/Modules/PenpotAPI.swiftdoc -emit-module-source-info-path /host/spi-builder-workspace/.build/out/Intermediates.noindex/swift-penpot-api.build/Debug-webassembly-wasm32/PenpotAPI-t.build/Objects-normal/wasm32/Modules/PenpotAPI.swiftsourceinfo -emit-objc-header-path /host/spi-builder-workspace/.build/out/Intermediates.noindex/swift-penpot-api.build/Debug-webassembly-wasm32/PenpotAPI-t.build/Objects-normal/wasm32/PenpotAPI-Swift.h -serialize-diagnostics-path /host/spi-builder-workspace/.build/out/Intermediates.noindex/swift-penpot-api.build/Debug-webassembly-wasm32/PenpotAPI-t.build/Objects-normal/wasm32/PenpotAPI-primary-emit-module.dia -emit-dependencies-path /host/spi-builder-workspace/.build/out/Intermediates.noindex/swift-penpot-api.build/Debug-webassembly-wasm32/PenpotAPI-t.build/Objects-normal/wasm32/PenpotAPI-primary-emit-module.d -parse-as-library -o /host/spi-builder-workspace/.build/out/Intermediates.noindex/swift-penpot-api.build/Debug-webassembly-wasm32/PenpotAPI-t.build/Objects-normal/wasm32/Modules/PenpotAPI.swiftmodule
[49 / 65] PenpotAPI
error: Build failed
BUILD FAILURE 6.4 wasm