The Swift Package Index logo.Swift Package Index

Build Information

Failed to build EvincedXCUISDK, reference master (4931af), with Swift 6.4 for macOS (Xcode) using Xcode 27.0 on 27 Sep 2026 17:22:06 UTC.

Build Command

env DEVELOPER_DIR=/Applications/Xcode-27.0.0-Release.Candidate.app xcrun xcodebuild -IDEClonedSourcePackagesDirPathOverride=$PWD/.dependencies -skipMacroValidation -skipPackagePluginValidation -derivedDataPath $PWD/.derivedData build -scheme EvincedXCUISDK -destination platform=macOS,arch=arm64

Build Log

========================================
RunAll
========================================
Builder version: 5.1.0
Interrupt handler set up.
========================================
Checkout
========================================
Clone URL: https://github.com/GetEvinced/public-ios-xcuisdk.git
Reference: master
Initialized empty Git repository in /Users/admin/builder/spi-builder-workspace/.git/
From https://github.com/GetEvinced/public-ios-xcuisdk
 * branch            master     -> FETCH_HEAD
 * [new branch]      master     -> origin/master
HEAD is now at 4931af3 Version release 1.35.0
Cloned https://github.com/GetEvinced/public-ios-xcuisdk.git
Revision (git rev-parse @):
4931af36fbb37f501a8dc9b7b994a735403ecaa4
SUCCESS checkout https://github.com/GetEvinced/public-ios-xcuisdk.git at master
========================================
Build
========================================
Selected platform:         macosXcodebuild
Swift version:             6.4
Building package at path:  $PWD
https://github.com/GetEvinced/public-ios-xcuisdk.git
Command line invocation:
    /Applications/Xcode-27.0.0-Release.Candidate.app/Contents/Developer/usr/bin/xcodebuild -IDEClonedSourcePackagesDirPathOverride=/Users/admin/builder/spi-builder-workspace/.dependencies -resolvePackageDependencies
Resolve Package Graph
Resolve Package Graph
Resolved source packages:
  EvincedXCUISDK: /Users/admin/builder/spi-builder-workspace
resolved source packages: EvincedXCUISDK
2026-09-27 13:21:19.860 xcodebuild[529:3041] [MT] IDERunDestination: Supported platforms for the buildables in the current scheme is empty.
{
  "dependencies" : [
  ],
  "manifest_display_name" : "EvincedXCUISDK",
  "name" : "EvincedXCUISDK",
  "path" : "/Users/admin/builder/spi-builder-workspace",
  "platforms" : [
    {
      "name" : "ios",
      "version" : "15.0"
    }
  ],
  "products" : [
    {
      "name" : "EvincedXCUISDK",
      "targets" : [
        "EvincedXCUISDK"
      ],
      "type" : {
        "library" : [
          "automatic"
        ]
      }
    }
  ],
  "targets" : [
    {
      "c99name" : "EvincedXCUISDK",
      "module_type" : "BinaryTarget",
      "name" : "EvincedXCUISDK",
      "path" : "remote/archive/EvincedXCUISDK-1.35.0.zip",
      "product_memberships" : [
        "EvincedXCUISDK"
      ],
      "sources" : [
      ],
      "type" : "binary"
    }
  ],
  "tools_version" : "5.5"
}
{
  "workspace" : {
    "name" : "EvincedXCUISDK",
    "schemes" : [
      "EvincedXCUISDK"
    ]
  }
}
2026-09-27 13:22:01.064 xcodebuild[659:4214] [MT] IDERunDestination: Supported platforms for the buildables in the current scheme is empty.
Running build ...
env DEVELOPER_DIR=/Applications/Xcode-27.0.0-Release.Candidate.app xcrun xcodebuild -IDEClonedSourcePackagesDirPathOverride=$PWD/.dependencies -skipMacroValidation -skipPackagePluginValidation -derivedDataPath $PWD/.derivedData build -scheme EvincedXCUISDK -destination platform=macOS,arch=arm64
Command line invocation:
    /Applications/Xcode-27.0.0-Release.Candidate.app/Contents/Developer/usr/bin/xcodebuild -IDEClonedSourcePackagesDirPathOverride=/Users/admin/builder/spi-builder-workspace/.dependencies -skipMacroValidation -skipPackagePluginValidation -derivedDataPath /Users/admin/builder/spi-builder-workspace/.derivedData build -scheme EvincedXCUISDK -destination platform=macOS,arch=arm64
Resolve Package Graph
Resolved source packages:
  EvincedXCUISDK: /Users/admin/builder/spi-builder-workspace
ComputePackagePrebuildTargetDependencyGraph
Prepare packages
CreateBuildRequest
SendProjectDescription
CreateBuildOperation
ComputeTargetDependencyGraph
note: Building targets in dependency order
note: Target dependency graph (1 target)
    Target 'EvincedXCUISDK-product' in project 'EvincedXCUISDK' (no dependencies)
GatherProvisioningInputs
CreateBuildDescription
ExecuteExternalTool /Applications/Xcode-27.0.0-Release.Candidate.app/Contents/Developer/Toolchains/XcodeDefault.xctoolchain/usr/bin/clang -v -E -dM -isysroot /Applications/Xcode-27.0.0-Release.Candidate.app/Contents/Developer/Platforms/MacOSX.platform/Developer/SDKs/MacOSX27.0.sdk -x c -c /dev/null
Build description signature: 60fce13699e5d4229f2c7a384fc80137
Build description path: /Users/admin/builder/spi-builder-workspace/.derivedData/Build/Intermediates.noindex/XCBuildData/60fce13699e5d4229f2c7a384fc80137.xcbuilddata
/Users/admin/builder/spi-builder-workspace/.dependencies/artifacts/spi-builder-workspace/EvincedXCUISDK/EvincedXCUISDK.xcframework:1:1: error: While building for macOS, no library for this platform was found in '/Users/admin/builder/spi-builder-workspace/.dependencies/artifacts/spi-builder-workspace/EvincedXCUISDK/EvincedXCUISDK.xcframework'. (in target 'EvincedXCUISDK-product' from project 'EvincedXCUISDK')
2026-09-27 13:22:02.677 xcodebuild[660:4261] [MT] IDERunDestination: Supported platforms for the buildables in the current scheme is empty.
--- xcodebuild: WARNING: Using the first of multiple matching destinations:
{ platform:macOS, arch:arm64, id:5497504dd462be68952e4028b395685036adcba6, name:My Mac }
{ platform:macOS, arch:arm64, variant:Mac Catalyst, id:5497504dd462be68952e4028b395685036adcba6, name:My Mac }
{ platform:macOS, arch:arm64, variant:DriverKit, id:5497504dd462be68952e4028b395685036adcba6, name:My Mac }
{ platform:macOS, arch:arm64, variant:Designed for [iPad,iPhone], id:5497504dd462be68952e4028b395685036adcba6, name:My Mac }
** BUILD FAILED **
The following build commands failed:
	Building workspace EvincedXCUISDK with scheme EvincedXCUISDK
(1 failure)
Command line invocation:
    /Applications/Xcode-27.0.0-Release.Candidate.app/Contents/Developer/usr/bin/xcodebuild -IDEClonedSourcePackagesDirPathOverride=/Users/admin/builder/spi-builder-workspace/.dependencies -resolvePackageDependencies
Resolve Package Graph
Resolved source packages:
  EvincedXCUISDK: /Users/admin/builder/spi-builder-workspace
resolved source packages: EvincedXCUISDK
2026-09-27 13:22:04.294 xcodebuild[672:4354] [MT] IDERunDestination: Supported platforms for the buildables in the current scheme is empty.
{
  "dependencies" : [
  ],
  "manifest_display_name" : "EvincedXCUISDK",
  "name" : "EvincedXCUISDK",
  "path" : "/Users/admin/builder/spi-builder-workspace",
  "platforms" : [
    {
      "name" : "ios",
      "version" : "15.0"
    }
  ],
  "products" : [
    {
      "name" : "EvincedXCUISDK",
      "targets" : [
        "EvincedXCUISDK"
      ],
      "type" : {
        "library" : [
          "automatic"
        ]
      }
    }
  ],
  "targets" : [
    {
      "c99name" : "EvincedXCUISDK",
      "module_type" : "BinaryTarget",
      "name" : "EvincedXCUISDK",
      "path" : "remote/archive/EvincedXCUISDK-1.35.0.zip",
      "product_memberships" : [
        "EvincedXCUISDK"
      ],
      "sources" : [
      ],
      "type" : "binary"
    }
  ],
  "tools_version" : "5.5"
}
{
  "workspace" : {
    "name" : "EvincedXCUISDK",
    "schemes" : [
      "EvincedXCUISDK"
    ]
  }
}
2026-09-27 13:22:05.491 xcodebuild[680:4414] [MT] IDERunDestination: Supported platforms for the buildables in the current scheme is empty.
Running build ...
env DEVELOPER_DIR=/Applications/Xcode-27.0.0-Release.Candidate.app xcrun xcodebuild -IDEClonedSourcePackagesDirPathOverride=$PWD/.dependencies -skipMacroValidation -skipPackagePluginValidation -derivedDataPath $PWD/.derivedData build -scheme EvincedXCUISDK -destination platform=macOS,arch=arm64
Command line invocation:
    /Applications/Xcode-27.0.0-Release.Candidate.app/Contents/Developer/usr/bin/xcodebuild -IDEClonedSourcePackagesDirPathOverride=/Users/admin/builder/spi-builder-workspace/.dependencies -skipMacroValidation -skipPackagePluginValidation -derivedDataPath /Users/admin/builder/spi-builder-workspace/.derivedData build -scheme EvincedXCUISDK -destination platform=macOS,arch=arm64
Resolve Package Graph
Resolved source packages:
  EvincedXCUISDK: /Users/admin/builder/spi-builder-workspace
ComputePackagePrebuildTargetDependencyGraph
Prepare packages
CreateBuildRequest
SendProjectDescription
CreateBuildOperation
ComputeTargetDependencyGraph
note: Building targets in dependency order
note: Target dependency graph (1 target)
    Target 'EvincedXCUISDK-product' in project 'EvincedXCUISDK' (no dependencies)
GatherProvisioningInputs
CreateBuildDescription
/Users/admin/builder/spi-builder-workspace/.dependencies/artifacts/spi-builder-workspace/EvincedXCUISDK/EvincedXCUISDK.xcframework:1:1: error: While building for macOS, no library for this platform was found in '/Users/admin/builder/spi-builder-workspace/.dependencies/artifacts/spi-builder-workspace/EvincedXCUISDK/EvincedXCUISDK.xcframework'. (in target 'EvincedXCUISDK-product' from project 'EvincedXCUISDK')
2026-09-27 13:22:06.432 xcodebuild[681:4443] [MT] IDERunDestination: Supported platforms for the buildables in the current scheme is empty.
--- xcodebuild: WARNING: Using the first of multiple matching destinations:
{ platform:macOS, arch:arm64, id:5497504dd462be68952e4028b395685036adcba6, name:My Mac }
{ platform:macOS, arch:arm64, variant:Mac Catalyst, id:5497504dd462be68952e4028b395685036adcba6, name:My Mac }
{ platform:macOS, arch:arm64, variant:DriverKit, id:5497504dd462be68952e4028b395685036adcba6, name:My Mac }
{ platform:macOS, arch:arm64, variant:Designed for [iPad,iPhone], id:5497504dd462be68952e4028b395685036adcba6, name:My Mac }
** BUILD FAILED **
The following build commands failed:
	Building workspace EvincedXCUISDK with scheme EvincedXCUISDK
(1 failure)
BUILD FAILURE 6.4 macosXcodebuild