Build Information
Failed to build VerIDCommonTypes, reference main (790284), with Swift 6.4 for watchOS using Xcode 27.0 on 23 Sep 2026 14:47:43 UTC.
Build Command
env DEVELOPER_DIR=/Applications/Xcode-27.0.0-Release.Candidate.app xcrun xcodebuild -IDEClonedSourcePackagesDirPathOverride=$PWD/.dependencies -skipMacroValidation -skipPackagePluginValidation -derivedDataPath $PWD/.derivedData build -scheme VerIDCommonTypes -destination generic/platform=watchOSBuild Log
========================================
RunAll
========================================
Builder version: 5.1.0
Interrupt handler set up.
========================================
Checkout
========================================
Clone URL: https://github.com/AppliedRecognition/Ver-ID-Common-Types-Apple.git
Reference: main
Initialized empty Git repository in /Users/admin/builder/spi-builder-workspace/.git/
From https://github.com/AppliedRecognition/Ver-ID-Common-Types-Apple
* branch main -> FETCH_HEAD
* [new branch] main -> origin/main
HEAD is now at 7902847 Merge branch 'development'
Cloned https://github.com/AppliedRecognition/Ver-ID-Common-Types-Apple.git
Revision (git rev-parse @):
79028470ece922969d461262e59c0f7f99ce6515
SUCCESS checkout https://github.com/AppliedRecognition/Ver-ID-Common-Types-Apple.git at main
========================================
Build
========================================
Selected platform: watchOS
Swift version: 6.4
Building package at path: $PWD
https://github.com/AppliedRecognition/Ver-ID-Common-Types-Apple.git
Command line invocation:
/Applications/Xcode-27.0.0-Release.Candidate.app/Contents/Developer/usr/bin/xcodebuild -IDEClonedSourcePackagesDirPathOverride=/Users/admin/builder/spi-builder-workspace/.dependencies -resolvePackageDependencies
Resolve Package Graph
Fetching from https://github.com/kylef/JSONSchema.swift.git
Fetching from https://github.com/kylef/PathKit.git
Fetching from https://github.com/kylef/Spectre.git
Creating working copy of package ‘PathKit’
Checking out 1.0.1 of package ‘PathKit’
Creating working copy of package ‘JSONSchema.swift’
Checking out 0.6.0 of package ‘JSONSchema.swift’
Creating working copy of package ‘Spectre’
Checking out 0.10.1 of package ‘Spectre’
Resolve Package Graph
Resolved source packages:
PathKit: https://github.com/kylef/PathKit.git @ 1.0.1
JSONSchema: https://github.com/kylef/JSONSchema.swift.git @ 0.6.0
Spectre: https://github.com/kylef/Spectre.git @ 0.10.1
VerIDCommonTypes: /Users/admin/builder/spi-builder-workspace
resolved source packages: PathKit, JSONSchema, Spectre, VerIDCommonTypes
2026-09-23 10:47:00.613 xcodebuild[528:3018] [MT] IDERunDestination: Supported platforms for the buildables in the current scheme is empty.
{
"dependencies" : [
{
"identity" : "jsonschema.swift",
"requirement" : {
"range" : [
{
"lower_bound" : "0.6.0",
"upper_bound" : "1.0.0"
}
]
},
"type" : "sourceControl",
"url" : "https://github.com/kylef/JSONSchema.swift.git"
}
],
"manifest_display_name" : "VerIDCommonTypes",
"name" : "VerIDCommonTypes",
"path" : "/Users/admin/builder/spi-builder-workspace",
"platforms" : [
{
"name" : "ios",
"version" : "13.0"
},
{
"name" : "maccatalyst",
"version" : "14.0"
},
{
"name" : "macos",
"version" : "10.15"
}
],
"products" : [
{
"name" : "VerIDCommonTypes",
"targets" : [
"VerIDCommonTypes"
],
"type" : {
"library" : [
"dynamic"
]
}
}
],
"targets" : [
{
"c99name" : "VerIDCommonTypesTests",
"module_type" : "SwiftTarget",
"name" : "VerIDCommonTypesTests",
"path" : "Sources/VerIDCommonTypesTests",
"product_dependencies" : [
"JSONSchema"
],
"resources" : [
{
"path" : "/Users/admin/builder/spi-builder-workspace/Sources/VerIDCommonTypesTests/Resources/Face.json",
"rule" : {
"process" : {
}
}
},
{
"path" : "/Users/admin/builder/spi-builder-workspace/Sources/VerIDCommonTypesTests/Resources/FaceRecognitionTemplate.json",
"rule" : {
"process" : {
}
}
},
{
"path" : "/Users/admin/builder/spi-builder-workspace/Sources/VerIDCommonTypesTests/Resources/IMG_5856.heic",
"rule" : {
"process" : {
}
}
},
{
"path" : "/Users/admin/builder/spi-builder-workspace/Sources/VerIDCommonTypesTests/Resources/Image.heic",
"rule" : {
"process" : {
}
}
},
{
"path" : "/Users/admin/builder/spi-builder-workspace/Sources/VerIDCommonTypesTests/Resources/RecognizableFace.json",
"rule" : {
"process" : {
}
}
}
],
"sources" : [
"AffineTransformTests.swift",
"CodableTests.swift",
"FaceTests.swift",
"ImageTests.swift"
],
"target_dependencies" : [
"VerIDCommonTypes"
],
"type" : "test"
},
{
"c99name" : "VerIDCommonTypes",
"module_type" : "SwiftTarget",
"name" : "VerIDCommonTypes",
"path" : "Sources/VerIDCommonTypes",
"product_memberships" : [
"VerIDCommonTypes"
],
"sources" : [
"AnyFacialAttributeDetector.swift",
"Bearing.swift",
"CGAffineTransform.swift",
"CGPoint.swift",
"CGRect.swift",
"CGSize.swift",
"EulerAngle.swift",
"Face.swift",
"FaceDetection.swift",
"FaceRecognition.swift",
"FaceTemplate.swift",
"FacialAttributeDetection.swift",
"Image.swift",
"ImageFormat.swift",
"RecognizableFace.swift",
"SpoofDetection.swift",
"UIDeviceOrientation.swift",
"UIImage.Orientation.swift",
"UIInterfaceOrientation.swift",
"VerIDCommonTypesErrors.swift",
"Version.swift"
],
"type" : "library"
}
],
"tools_version" : "5.9"
}
{
"workspace" : {
"name" : "VerIDCommonTypes",
"schemes" : [
"VerIDCommonTypes"
]
}
}
2026-09-23 10:47:32.878 xcodebuild[806:4682] [MT] IDERunDestination: Supported platforms for the buildables in the current scheme is empty.
Running build ...
env DEVELOPER_DIR=/Applications/Xcode-27.0.0-Release.Candidate.app xcrun xcodebuild -IDEClonedSourcePackagesDirPathOverride=$PWD/.dependencies -skipMacroValidation -skipPackagePluginValidation -derivedDataPath $PWD/.derivedData build -scheme VerIDCommonTypes -destination generic/platform=watchOS
Command line invocation:
/Applications/Xcode-27.0.0-Release.Candidate.app/Contents/Developer/usr/bin/xcodebuild -IDEClonedSourcePackagesDirPathOverride=/Users/admin/builder/spi-builder-workspace/.dependencies -skipMacroValidation -skipPackagePluginValidation -derivedDataPath /Users/admin/builder/spi-builder-workspace/.derivedData build -scheme VerIDCommonTypes -destination generic/platform=watchOS
Resolve Package Graph
Resolve Package Graph
Resolved source packages:
Spectre: https://github.com/kylef/Spectre.git @ 0.10.1
VerIDCommonTypes: /Users/admin/builder/spi-builder-workspace
JSONSchema: https://github.com/kylef/JSONSchema.swift.git @ 0.6.0
PathKit: https://github.com/kylef/PathKit.git @ 1.0.1
ComputePackagePrebuildTargetDependencyGraph
Prepare packages
CreateBuildRequest
SendProjectDescription
CreateBuildOperation
ComputeTargetDependencyGraph
note: Building targets in dependency order
note: Target dependency graph (2 targets)
Target 'VerIDCommonTypes-product' in project 'VerIDCommonTypes'
➜ Explicit dependency on target 'VerIDCommonTypes' in project 'VerIDCommonTypes'
Target 'VerIDCommonTypes' in project 'VerIDCommonTypes' (no dependencies)
GatherProvisioningInputs
CreateBuildDescription
ExecuteExternalTool /Applications/Xcode-27.0.0-Release.Candidate.app/Contents/Developer/Toolchains/XcodeDefault.xctoolchain/usr/bin/clang -v -E -dM -isysroot /Applications/Xcode-27.0.0-Release.Candidate.app/Contents/Developer/Platforms/WatchOS.platform/Developer/SDKs/WatchOS27.0.sdk -x c -c /dev/null
ExecuteExternalTool /Applications/Xcode-27.0.0-Release.Candidate.app/Contents/Developer/Toolchains/XcodeDefault.xctoolchain/usr/bin/swiftc --version
ExecuteExternalTool /Applications/Xcode-27.0.0-Release.Candidate.app/Contents/Developer/Toolchains/XcodeDefault.xctoolchain/usr/bin/ld -version_details
ReadFileContents /Applications/Xcode-27.0.0-Release.Candidate.app/Contents/Developer/Toolchains/XcodeDefault.xctoolchain/usr/share/docc/features.json
Build description signature: 2d8bc1ec2dbf17b1bc2f562522b1fe47
Build description path: /Users/admin/builder/spi-builder-workspace/.derivedData/Build/Intermediates.noindex/XCBuildData/2d8bc1ec2dbf17b1bc2f562522b1fe47.xcbuilddata
CreateBuildDirectory /Users/admin/builder/spi-builder-workspace/.derivedData/SDKExplicitPrecompiledModules
cd /Users/admin/builder/spi-builder-workspace/.swiftpm/xcode
builtin-create-build-directory /Users/admin/builder/spi-builder-workspace/.derivedData/SDKExplicitPrecompiledModules
CreateBuildDirectory /Users/admin/builder/spi-builder-workspace/.derivedData/ModuleCache.noindex
cd /Users/admin/builder/spi-builder-workspace/.swiftpm/xcode
builtin-create-build-directory /Users/admin/builder/spi-builder-workspace/.derivedData/ModuleCache.noindex
CreateBuildDirectory /Users/admin/builder/spi-builder-workspace/.derivedData/CompilationCache.noindex
cd /Users/admin/builder/spi-builder-workspace/.swiftpm/xcode
builtin-create-build-directory /Users/admin/builder/spi-builder-workspace/.derivedData/CompilationCache.noindex
ClangStatCache /Applications/Xcode-27.0.0-Release.Candidate.app/Contents/Developer/Toolchains/XcodeDefault.xctoolchain/usr/bin/clang-stat-cache /Applications/Xcode-27.0.0-Release.Candidate.app/Contents/Developer/Platforms/WatchOS.platform/Developer/SDKs/WatchOS27.0.sdk /Users/admin/builder/spi-builder-workspace/.derivedData/SDKStatCaches.noindex/watchos27.0-24R360-e829b21a6f8c9b70876ba0858053c04477534ef55a1706bf4c1112bbb242f0a2.sdkstatcache
cd /Users/admin/builder/spi-builder-workspace/.swiftpm/xcode
/Applications/Xcode-27.0.0-Release.Candidate.app/Contents/Developer/Toolchains/XcodeDefault.xctoolchain/usr/bin/clang-stat-cache /Applications/Xcode-27.0.0-Release.Candidate.app/Contents/Developer/Platforms/WatchOS.platform/Developer/SDKs/WatchOS27.0.sdk -o /Users/admin/builder/spi-builder-workspace/.derivedData/SDKStatCaches.noindex/watchos27.0-24R360-e829b21a6f8c9b70876ba0858053c04477534ef55a1706bf4c1112bbb242f0a2.sdkstatcache
CreateBuildDirectory /Users/admin/builder/spi-builder-workspace/.derivedData/Build/Intermediates.noindex
cd /Users/admin/builder/spi-builder-workspace/.swiftpm/xcode
builtin-create-build-directory /Users/admin/builder/spi-builder-workspace/.derivedData/Build/Intermediates.noindex
CreateBuildDirectory /Users/admin/builder/spi-builder-workspace/.derivedData/Build/Products
cd /Users/admin/builder/spi-builder-workspace/.swiftpm/xcode
builtin-create-build-directory /Users/admin/builder/spi-builder-workspace/.derivedData/Build/Products
CreateBuildDirectory /Users/admin/builder/spi-builder-workspace/.derivedData/Build/Intermediates.noindex/SwiftExplicitPrecompiledModules
cd /Users/admin/builder/spi-builder-workspace/.swiftpm/xcode
builtin-create-build-directory /Users/admin/builder/spi-builder-workspace/.derivedData/Build/Intermediates.noindex/SwiftExplicitPrecompiledModules
CreateBuildDirectory /Users/admin/builder/spi-builder-workspace/.derivedData/Build/Intermediates.noindex/ExplicitPrecompiledModules
cd /Users/admin/builder/spi-builder-workspace/.swiftpm/xcode
builtin-create-build-directory /Users/admin/builder/spi-builder-workspace/.derivedData/Build/Intermediates.noindex/ExplicitPrecompiledModules
CreateBuildDirectory /Users/admin/builder/spi-builder-workspace/.derivedData/Build/Intermediates.noindex/PrecompiledHeaders
cd /Users/admin/builder/spi-builder-workspace/.swiftpm/xcode
builtin-create-build-directory /Users/admin/builder/spi-builder-workspace/.derivedData/Build/Intermediates.noindex/PrecompiledHeaders
CreateBuildDirectory /Users/admin/builder/spi-builder-workspace/.derivedData/Build/Intermediates.noindex/EagerLinkingTBDs/Debug-watchos
cd /Users/admin/builder/spi-builder-workspace/.swiftpm/xcode
builtin-create-build-directory /Users/admin/builder/spi-builder-workspace/.derivedData/Build/Intermediates.noindex/EagerLinkingTBDs/Debug-watchos
CreateBuildDirectory /Users/admin/builder/spi-builder-workspace/.derivedData/Build/Products/Debug-watchos
cd /Users/admin/builder/spi-builder-workspace/.swiftpm/xcode
builtin-create-build-directory /Users/admin/builder/spi-builder-workspace/.derivedData/Build/Products/Debug-watchos
CreateBuildDirectory /Users/admin/builder/spi-builder-workspace/.derivedData/Build/Products/Debug-watchos/PackageFrameworks
cd /Users/admin/builder/spi-builder-workspace/.swiftpm/xcode
builtin-create-build-directory /Users/admin/builder/spi-builder-workspace/.derivedData/Build/Products/Debug-watchos/PackageFrameworks
WriteAuxiliaryFile /Users/admin/builder/spi-builder-workspace/.derivedData/Build/Intermediates.noindex/VerIDCommonTypes.build/Debug-watchos/VerIDCommonTypes-product-t.build/VerIDCommonTypes.DependencyStaticMetadataFileList (in target 'VerIDCommonTypes-product' from project 'VerIDCommonTypes')
cd /Users/admin/builder/spi-builder-workspace
write-file /Users/admin/builder/spi-builder-workspace/.derivedData/Build/Intermediates.noindex/VerIDCommonTypes.build/Debug-watchos/VerIDCommonTypes-product-t.build/VerIDCommonTypes.DependencyStaticMetadataFileList
WriteAuxiliaryFile /Users/admin/builder/spi-builder-workspace/.derivedData/Build/Intermediates.noindex/VerIDCommonTypes.build/Debug-watchos/VerIDCommonTypes-product-t.build/empty-VerIDCommonTypes.plist (in target 'VerIDCommonTypes-product' from project 'VerIDCommonTypes')
cd /Users/admin/builder/spi-builder-workspace
write-file /Users/admin/builder/spi-builder-workspace/.derivedData/Build/Intermediates.noindex/VerIDCommonTypes.build/Debug-watchos/VerIDCommonTypes-product-t.build/empty-VerIDCommonTypes.plist
WriteAuxiliaryFile /Users/admin/builder/spi-builder-workspace/.derivedData/Build/Intermediates.noindex/VerIDCommonTypes.build/Debug-watchos/VerIDCommonTypes-t.build/VerIDCommonTypes.DependencyStaticMetadataFileList (in target 'VerIDCommonTypes' from project 'VerIDCommonTypes')
cd /Users/admin/builder/spi-builder-workspace
write-file /Users/admin/builder/spi-builder-workspace/.derivedData/Build/Intermediates.noindex/VerIDCommonTypes.build/Debug-watchos/VerIDCommonTypes-t.build/VerIDCommonTypes.DependencyStaticMetadataFileList
WriteAuxiliaryFile /Users/admin/builder/spi-builder-workspace/.derivedData/Build/Intermediates.noindex/VerIDCommonTypes.build/Debug-watchos/VerIDCommonTypes-t.build/VerIDCommonTypes.DependencyMetadataFileList (in target 'VerIDCommonTypes' from project 'VerIDCommonTypes')
cd /Users/admin/builder/spi-builder-workspace
write-file /Users/admin/builder/spi-builder-workspace/.derivedData/Build/Intermediates.noindex/VerIDCommonTypes.build/Debug-watchos/VerIDCommonTypes-t.build/VerIDCommonTypes.DependencyMetadataFileList
WriteAuxiliaryFile /Users/admin/builder/spi-builder-workspace/.derivedData/Build/Intermediates.noindex/VerIDCommonTypes.build/Debug-watchos/VerIDCommonTypes-t.build/VerIDCommonTypes.modulemap (in target 'VerIDCommonTypes' from project 'VerIDCommonTypes')
cd /Users/admin/builder/spi-builder-workspace
write-file /Users/admin/builder/spi-builder-workspace/.derivedData/Build/Intermediates.noindex/VerIDCommonTypes.build/Debug-watchos/VerIDCommonTypes-t.build/VerIDCommonTypes.modulemap
WriteAuxiliaryFile /Users/admin/builder/spi-builder-workspace/.derivedData/Build/Intermediates.noindex/VerIDCommonTypes.build/Debug-watchos/VerIDCommonTypes-product-t.build/VerIDCommonTypes.DependencyMetadataFileList (in target 'VerIDCommonTypes-product' from project 'VerIDCommonTypes')
cd /Users/admin/builder/spi-builder-workspace
write-file /Users/admin/builder/spi-builder-workspace/.derivedData/Build/Intermediates.noindex/VerIDCommonTypes.build/Debug-watchos/VerIDCommonTypes-product-t.build/VerIDCommonTypes.DependencyMetadataFileList
WriteAuxiliaryFile /Users/admin/builder/spi-builder-workspace/.derivedData/Build/Intermediates.noindex/VerIDCommonTypes.build/Debug-watchos/VerIDCommonTypes-product-t.build/Objects-normal/arm64/VerIDCommonTypes.LinkFileList (in target 'VerIDCommonTypes-product' from project 'VerIDCommonTypes')
cd /Users/admin/builder/spi-builder-workspace
write-file /Users/admin/builder/spi-builder-workspace/.derivedData/Build/Intermediates.noindex/VerIDCommonTypes.build/Debug-watchos/VerIDCommonTypes-product-t.build/Objects-normal/arm64/VerIDCommonTypes.LinkFileList
WriteAuxiliaryFile /Users/admin/builder/spi-builder-workspace/.derivedData/Build/Intermediates.noindex/VerIDCommonTypes.build/Debug-watchos/VerIDCommonTypes-product-t.build/Objects-normal/arm64_32/VerIDCommonTypes.LinkFileList (in target 'VerIDCommonTypes-product' from project 'VerIDCommonTypes')
cd /Users/admin/builder/spi-builder-workspace
write-file /Users/admin/builder/spi-builder-workspace/.derivedData/Build/Intermediates.noindex/VerIDCommonTypes.build/Debug-watchos/VerIDCommonTypes-product-t.build/Objects-normal/arm64_32/VerIDCommonTypes.LinkFileList
WriteAuxiliaryFile /Users/admin/builder/spi-builder-workspace/.derivedData/Build/Intermediates.noindex/VerIDCommonTypes.build/Debug-watchos/VerIDCommonTypes-t.build/Objects-normal/arm64_32/VerIDCommonTypes_const_extract_protocols.json (in target 'VerIDCommonTypes' from project 'VerIDCommonTypes')
cd /Users/admin/builder/spi-builder-workspace
write-file /Users/admin/builder/spi-builder-workspace/.derivedData/Build/Intermediates.noindex/VerIDCommonTypes.build/Debug-watchos/VerIDCommonTypes-t.build/Objects-normal/arm64_32/VerIDCommonTypes_const_extract_protocols.json
WriteAuxiliaryFile /Users/admin/builder/spi-builder-workspace/.derivedData/Build/Intermediates.noindex/VerIDCommonTypes.build/Debug-watchos/VerIDCommonTypes-t.build/Objects-normal/arm64_32/VerIDCommonTypes.SwiftFileList (in target 'VerIDCommonTypes' from project 'VerIDCommonTypes')
cd /Users/admin/builder/spi-builder-workspace
write-file /Users/admin/builder/spi-builder-workspace/.derivedData/Build/Intermediates.noindex/VerIDCommonTypes.build/Debug-watchos/VerIDCommonTypes-t.build/Objects-normal/arm64_32/VerIDCommonTypes.SwiftFileList
WriteAuxiliaryFile /Users/admin/builder/spi-builder-workspace/.derivedData/Build/Intermediates.noindex/VerIDCommonTypes.build/Debug-watchos/VerIDCommonTypes-t.build/Objects-normal/arm64_32/VerIDCommonTypes.SwiftConstValuesFileList (in target 'VerIDCommonTypes' from project 'VerIDCommonTypes')
cd /Users/admin/builder/spi-builder-workspace
write-file /Users/admin/builder/spi-builder-workspace/.derivedData/Build/Intermediates.noindex/VerIDCommonTypes.build/Debug-watchos/VerIDCommonTypes-t.build/Objects-normal/arm64_32/VerIDCommonTypes.SwiftConstValuesFileList
WriteAuxiliaryFile /Users/admin/builder/spi-builder-workspace/.derivedData/Build/Intermediates.noindex/VerIDCommonTypes.build/Debug-watchos/VerIDCommonTypes-t.build/Objects-normal/arm64_32/VerIDCommonTypes.LinkFileList (in target 'VerIDCommonTypes' from project 'VerIDCommonTypes')
cd /Users/admin/builder/spi-builder-workspace
write-file /Users/admin/builder/spi-builder-workspace/.derivedData/Build/Intermediates.noindex/VerIDCommonTypes.build/Debug-watchos/VerIDCommonTypes-t.build/Objects-normal/arm64_32/VerIDCommonTypes.LinkFileList
WriteAuxiliaryFile /Users/admin/builder/spi-builder-workspace/.derivedData/Build/Intermediates.noindex/VerIDCommonTypes.build/Debug-watchos/VerIDCommonTypes-t.build/Objects-normal/arm64_32/VerIDCommonTypes-OutputFileMap.json (in target 'VerIDCommonTypes' from project 'VerIDCommonTypes')
cd /Users/admin/builder/spi-builder-workspace
write-file /Users/admin/builder/spi-builder-workspace/.derivedData/Build/Intermediates.noindex/VerIDCommonTypes.build/Debug-watchos/VerIDCommonTypes-t.build/Objects-normal/arm64_32/VerIDCommonTypes-OutputFileMap.json
WriteAuxiliaryFile /Users/admin/builder/spi-builder-workspace/.derivedData/Build/Intermediates.noindex/VerIDCommonTypes.build/Debug-watchos/VerIDCommonTypes-t.build/Objects-normal/arm64/VerIDCommonTypes_const_extract_protocols.json (in target 'VerIDCommonTypes' from project 'VerIDCommonTypes')
cd /Users/admin/builder/spi-builder-workspace
write-file /Users/admin/builder/spi-builder-workspace/.derivedData/Build/Intermediates.noindex/VerIDCommonTypes.build/Debug-watchos/VerIDCommonTypes-t.build/Objects-normal/arm64/VerIDCommonTypes_const_extract_protocols.json
WriteAuxiliaryFile /Users/admin/builder/spi-builder-workspace/.derivedData/Build/Intermediates.noindex/VerIDCommonTypes.build/Debug-watchos/VerIDCommonTypes-t.build/Objects-normal/arm64/VerIDCommonTypes.SwiftFileList (in target 'VerIDCommonTypes' from project 'VerIDCommonTypes')
cd /Users/admin/builder/spi-builder-workspace
write-file /Users/admin/builder/spi-builder-workspace/.derivedData/Build/Intermediates.noindex/VerIDCommonTypes.build/Debug-watchos/VerIDCommonTypes-t.build/Objects-normal/arm64/VerIDCommonTypes.SwiftFileList
WriteAuxiliaryFile /Users/admin/builder/spi-builder-workspace/.derivedData/Build/Intermediates.noindex/VerIDCommonTypes.build/Debug-watchos/VerIDCommonTypes-t.build/Objects-normal/arm64/VerIDCommonTypes.LinkFileList (in target 'VerIDCommonTypes' from project 'VerIDCommonTypes')
cd /Users/admin/builder/spi-builder-workspace
write-file /Users/admin/builder/spi-builder-workspace/.derivedData/Build/Intermediates.noindex/VerIDCommonTypes.build/Debug-watchos/VerIDCommonTypes-t.build/Objects-normal/arm64/VerIDCommonTypes.LinkFileList
WriteAuxiliaryFile /Users/admin/builder/spi-builder-workspace/.derivedData/Build/Intermediates.noindex/VerIDCommonTypes.build/Debug-watchos/VerIDCommonTypes-t.build/Objects-normal/arm64/VerIDCommonTypes.SwiftConstValuesFileList (in target 'VerIDCommonTypes' from project 'VerIDCommonTypes')
cd /Users/admin/builder/spi-builder-workspace
write-file /Users/admin/builder/spi-builder-workspace/.derivedData/Build/Intermediates.noindex/VerIDCommonTypes.build/Debug-watchos/VerIDCommonTypes-t.build/Objects-normal/arm64/VerIDCommonTypes.SwiftConstValuesFileList
WriteAuxiliaryFile /Users/admin/builder/spi-builder-workspace/.derivedData/Build/Intermediates.noindex/VerIDCommonTypes.build/Debug-watchos/VerIDCommonTypes-t.build/Objects-normal/arm64/VerIDCommonTypes-OutputFileMap.json (in target 'VerIDCommonTypes' from project 'VerIDCommonTypes')
cd /Users/admin/builder/spi-builder-workspace
write-file /Users/admin/builder/spi-builder-workspace/.derivedData/Build/Intermediates.noindex/VerIDCommonTypes.build/Debug-watchos/VerIDCommonTypes-t.build/Objects-normal/arm64/VerIDCommonTypes-OutputFileMap.json
MkDir /Users/admin/builder/spi-builder-workspace/.derivedData/Build/Products/Debug-watchos/PackageFrameworks/VerIDCommonTypes.framework (in target 'VerIDCommonTypes-product' from project 'VerIDCommonTypes')
cd /Users/admin/builder/spi-builder-workspace
/bin/mkdir -p /Users/admin/builder/spi-builder-workspace/.derivedData/Build/Products/Debug-watchos/PackageFrameworks/VerIDCommonTypes.framework
Copy /Users/admin/builder/spi-builder-workspace/.derivedData/Build/Intermediates.noindex/GeneratedModuleMaps-watchos/VerIDCommonTypes.modulemap /Users/admin/builder/spi-builder-workspace/.derivedData/Build/Intermediates.noindex/VerIDCommonTypes.build/Debug-watchos/VerIDCommonTypes-t.build/VerIDCommonTypes.modulemap (in target 'VerIDCommonTypes' from project 'VerIDCommonTypes')
cd /Users/admin/builder/spi-builder-workspace
builtin-copy -exclude .DS_Store -exclude CVS -exclude .svn -exclude .git -exclude .hg -resolve-src-symlinks /Users/admin/builder/spi-builder-workspace/.derivedData/Build/Intermediates.noindex/VerIDCommonTypes.build/Debug-watchos/VerIDCommonTypes-t.build/VerIDCommonTypes.modulemap /Users/admin/builder/spi-builder-workspace/.derivedData/Build/Intermediates.noindex/GeneratedModuleMaps-watchos
SwiftDriver VerIDCommonTypes normal arm64 com.apple.xcode.tools.swift.compiler (in target 'VerIDCommonTypes' from project 'VerIDCommonTypes')
cd /Users/admin/builder/spi-builder-workspace/.swiftpm/xcode
builtin-SwiftDriver -- /Applications/Xcode-27.0.0-Release.Candidate.app/Contents/Developer/Toolchains/XcodeDefault.xctoolchain/usr/bin/swiftc -parse-as-library -module-name VerIDCommonTypes -Onone @/Users/admin/builder/spi-builder-workspace/.derivedData/Build/Intermediates.noindex/VerIDCommonTypes.build/Debug-watchos/VerIDCommonTypes-t.build/Objects-normal/arm64/VerIDCommonTypes.SwiftFileList -DSWIFT_PACKAGE -DDEBUG -DSWIFT_MODULE_RESOURCE_BUNDLE_UNAVAILABLE -DXcode -plugin-path /Applications/Xcode-27.0.0-Release.Candidate.app/Contents/Developer/Toolchains/XcodeDefault.xctoolchain/usr/lib/swift/host/plugins/testing -enable-experimental-feature DebugDescriptionMacro -sdk /Applications/Xcode-27.0.0-Release.Candidate.app/Contents/Developer/Platforms/WatchOS.platform/Developer/SDKs/WatchOS27.0.sdk -target arm64-apple-watchos9.0 -g -module-cache-path /Users/admin/builder/spi-builder-workspace/.derivedData/ModuleCache.noindex -Xfrontend -serialize-debugging-options -profile-coverage-mapping -profile-generate -enable-testing -index-store-path /Users/admin/builder/spi-builder-workspace/.derivedData/Index.noindex/DataStore -Xcc -D_LIBCPP_HARDENING_MODE\=_LIBCPP_HARDENING_MODE_DEBUG -swift-version 5 -I /Users/admin/builder/spi-builder-workspace/.derivedData/Build/Products/Debug-watchos -Isystem /Applications/Xcode-27.0.0-Release.Candidate.app/Contents/Developer/Platforms/WatchOS.platform/Developer/usr/lib -F /Users/admin/builder/spi-builder-workspace/.derivedData/Build/Products/Debug-watchos -F /Applications/Xcode-27.0.0-Release.Candidate.app/Contents/Developer/Platforms/WatchOS.platform/Developer/Library/Frameworks -F /Applications/Xcode-27.0.0-Release.Candidate.app/Contents/Developer/Platforms/WatchOS.platform/Developer/SDKs/WatchOS27.0.sdk/Developer/Library/Frameworks -c -j10 -enable-batch-mode -incremental -Xcc -ivfsstatcache -Xcc /Users/admin/builder/spi-builder-workspace/.derivedData/SDKStatCaches.noindex/watchos27.0-24R360-e829b21a6f8c9b70876ba0858053c04477534ef55a1706bf4c1112bbb242f0a2.sdkstatcache -output-file-map /Users/admin/builder/spi-builder-workspace/.derivedData/Build/Intermediates.noindex/VerIDCommonTypes.build/Debug-watchos/VerIDCommonTypes-t.build/Objects-normal/arm64/VerIDCommonTypes-OutputFileMap.json -save-temps -no-color-diagnostics -explicit-module-build -module-cache-path /Users/admin/builder/spi-builder-workspace/.derivedData/Build/Intermediates.noindex/SwiftExplicitPrecompiledModules -clang-scanner-module-cache-path /Users/admin/builder/spi-builder-workspace/.derivedData/ModuleCache.noindex -sdk-module-cache-path /Users/admin/builder/spi-builder-workspace/.derivedData/SDKExplicitPrecompiledModules -emit-dependencies -emit-module -emit-module-path /Users/admin/builder/spi-builder-workspace/.derivedData/Build/Intermediates.noindex/VerIDCommonTypes.build/Debug-watchos/VerIDCommonTypes-t.build/Objects-normal/arm64/VerIDCommonTypes.swiftmodule -serialize-diagnostics -dependency-scan-serialize-diagnostics-path /Users/admin/builder/spi-builder-workspace/.derivedData/Build/Intermediates.noindex/VerIDCommonTypes.build/Debug-watchos/VerIDCommonTypes-t.build/Objects-normal/arm64/VerIDCommonTypes-dependency-scan.dia -validate-clang-modules-once -clang-build-session-file /Users/admin/builder/spi-builder-workspace/.derivedData/ModuleCache.noindex/Session.modulevalidation -Xcc -fmodules-prune-interval\=86400 -Xcc -fmodules-prune-after\=345600 -package-name spi_builder_workspace -emit-const-values -const-gather-protocols-list /Users/admin/builder/spi-builder-workspace/.derivedData/Build/Intermediates.noindex/VerIDCommonTypes.build/Debug-watchos/VerIDCommonTypes-t.build/Objects-normal/arm64/VerIDCommonTypes_const_extract_protocols.json -Xcc -I/Users/admin/builder/spi-builder-workspace/.derivedData/Build/Products/Debug-watchos/include -Xcc -I/Users/admin/builder/spi-builder-workspace/.derivedData/Build/Intermediates.noindex/VerIDCommonTypes.build/Debug-watchos/VerIDCommonTypes-t.build/DerivedSources-normal/arm64 -Xcc -I/Users/admin/builder/spi-builder-workspace/.derivedData/Build/Intermediates.noindex/VerIDCommonTypes.build/Debug-watchos/VerIDCommonTypes-t.build/DerivedSources/arm64 -Xcc -I/Users/admin/builder/spi-builder-workspace/.derivedData/Build/Intermediates.noindex/VerIDCommonTypes.build/Debug-watchos/VerIDCommonTypes-t.build/DerivedSources -Xcc -DSWIFT_PACKAGE -Xcc -DDEBUG\=1 -emit-objc-header -emit-objc-header-path /Users/admin/builder/spi-builder-workspace/.derivedData/Build/Intermediates.noindex/VerIDCommonTypes.build/Debug-watchos/VerIDCommonTypes-t.build/Objects-normal/arm64/VerIDCommonTypes-Swift.h -working-directory /Users/admin/builder/spi-builder-workspace/.swiftpm/xcode -experimental-emit-module-separately -disable-cmo
/Users/admin/builder/spi-builder-workspace/Sources/VerIDCommonTypes/Image.swift:17:8: error: Unable to resolve module dependency: 'CoreImage' (in target 'VerIDCommonTypes' from project 'VerIDCommonTypes')
note: A dependency of main module 'VerIDCommonTypes'
/Users/admin/builder/spi-builder-workspace/Sources/VerIDCommonTypes/Image.swift:17:8: note: A dependency of main module 'VerIDCommonTypes'
import CoreImage
^ (in target 'VerIDCommonTypes' from project 'VerIDCommonTypes')
SwiftDriver VerIDCommonTypes normal arm64_32 com.apple.xcode.tools.swift.compiler (in target 'VerIDCommonTypes' from project 'VerIDCommonTypes')
cd /Users/admin/builder/spi-builder-workspace/.swiftpm/xcode
builtin-SwiftDriver -- /Applications/Xcode-27.0.0-Release.Candidate.app/Contents/Developer/Toolchains/XcodeDefault.xctoolchain/usr/bin/swiftc -parse-as-library -module-name VerIDCommonTypes -Onone @/Users/admin/builder/spi-builder-workspace/.derivedData/Build/Intermediates.noindex/VerIDCommonTypes.build/Debug-watchos/VerIDCommonTypes-t.build/Objects-normal/arm64_32/VerIDCommonTypes.SwiftFileList -DSWIFT_PACKAGE -DDEBUG -DSWIFT_MODULE_RESOURCE_BUNDLE_UNAVAILABLE -DXcode -plugin-path /Applications/Xcode-27.0.0-Release.Candidate.app/Contents/Developer/Toolchains/XcodeDefault.xctoolchain/usr/lib/swift/host/plugins/testing -enable-experimental-feature DebugDescriptionMacro -sdk /Applications/Xcode-27.0.0-Release.Candidate.app/Contents/Developer/Platforms/WatchOS.platform/Developer/SDKs/WatchOS27.0.sdk -target arm64_32-apple-watchos9.0 -g -module-cache-path /Users/admin/builder/spi-builder-workspace/.derivedData/ModuleCache.noindex -Xfrontend -serialize-debugging-options -profile-coverage-mapping -profile-generate -enable-testing -index-store-path /Users/admin/builder/spi-builder-workspace/.derivedData/Index.noindex/DataStore -Xcc -D_LIBCPP_HARDENING_MODE\=_LIBCPP_HARDENING_MODE_DEBUG -swift-version 5 -I /Users/admin/builder/spi-builder-workspace/.derivedData/Build/Products/Debug-watchos -Isystem /Applications/Xcode-27.0.0-Release.Candidate.app/Contents/Developer/Platforms/WatchOS.platform/Developer/usr/lib -F /Users/admin/builder/spi-builder-workspace/.derivedData/Build/Products/Debug-watchos -F /Applications/Xcode-27.0.0-Release.Candidate.app/Contents/Developer/Platforms/WatchOS.platform/Developer/Library/Frameworks -F /Applications/Xcode-27.0.0-Release.Candidate.app/Contents/Developer/Platforms/WatchOS.platform/Developer/SDKs/WatchOS27.0.sdk/Developer/Library/Frameworks -c -j10 -enable-batch-mode -incremental -Xcc -ivfsstatcache -Xcc /Users/admin/builder/spi-builder-workspace/.derivedData/SDKStatCaches.noindex/watchos27.0-24R360-e829b21a6f8c9b70876ba0858053c04477534ef55a1706bf4c1112bbb242f0a2.sdkstatcache -output-file-map /Users/admin/builder/spi-builder-workspace/.derivedData/Build/Intermediates.noindex/VerIDCommonTypes.build/Debug-watchos/VerIDCommonTypes-t.build/Objects-normal/arm64_32/VerIDCommonTypes-OutputFileMap.json -save-temps -no-color-diagnostics -explicit-module-build -module-cache-path /Users/admin/builder/spi-builder-workspace/.derivedData/Build/Intermediates.noindex/SwiftExplicitPrecompiledModules -clang-scanner-module-cache-path /Users/admin/builder/spi-builder-workspace/.derivedData/ModuleCache.noindex -sdk-module-cache-path /Users/admin/builder/spi-builder-workspace/.derivedData/SDKExplicitPrecompiledModules -emit-dependencies -emit-module -emit-module-path /Users/admin/builder/spi-builder-workspace/.derivedData/Build/Intermediates.noindex/VerIDCommonTypes.build/Debug-watchos/VerIDCommonTypes-t.build/Objects-normal/arm64_32/VerIDCommonTypes.swiftmodule -serialize-diagnostics -dependency-scan-serialize-diagnostics-path /Users/admin/builder/spi-builder-workspace/.derivedData/Build/Intermediates.noindex/VerIDCommonTypes.build/Debug-watchos/VerIDCommonTypes-t.build/Objects-normal/arm64_32/VerIDCommonTypes-dependency-scan.dia -validate-clang-modules-once -clang-build-session-file /Users/admin/builder/spi-builder-workspace/.derivedData/ModuleCache.noindex/Session.modulevalidation -Xcc -fmodules-prune-interval\=86400 -Xcc -fmodules-prune-after\=345600 -package-name spi_builder_workspace -emit-const-values -const-gather-protocols-list /Users/admin/builder/spi-builder-workspace/.derivedData/Build/Intermediates.noindex/VerIDCommonTypes.build/Debug-watchos/VerIDCommonTypes-t.build/Objects-normal/arm64_32/VerIDCommonTypes_const_extract_protocols.json -Xcc -I/Users/admin/builder/spi-builder-workspace/.derivedData/Build/Products/Debug-watchos/include -Xcc -I/Users/admin/builder/spi-builder-workspace/.derivedData/Build/Intermediates.noindex/VerIDCommonTypes.build/Debug-watchos/VerIDCommonTypes-t.build/DerivedSources-normal/arm64_32 -Xcc -I/Users/admin/builder/spi-builder-workspace/.derivedData/Build/Intermediates.noindex/VerIDCommonTypes.build/Debug-watchos/VerIDCommonTypes-t.build/DerivedSources/arm64_32 -Xcc -I/Users/admin/builder/spi-builder-workspace/.derivedData/Build/Intermediates.noindex/VerIDCommonTypes.build/Debug-watchos/VerIDCommonTypes-t.build/DerivedSources -Xcc -DSWIFT_PACKAGE -Xcc -DDEBUG\=1 -emit-objc-header -emit-objc-header-path /Users/admin/builder/spi-builder-workspace/.derivedData/Build/Intermediates.noindex/VerIDCommonTypes.build/Debug-watchos/VerIDCommonTypes-t.build/Objects-normal/arm64_32/VerIDCommonTypes-Swift.h -working-directory /Users/admin/builder/spi-builder-workspace/.swiftpm/xcode -experimental-emit-module-separately -disable-cmo
/Users/admin/builder/spi-builder-workspace/Sources/VerIDCommonTypes/Image.swift:17:8: error: Unable to resolve module dependency: 'CoreImage' (in target 'VerIDCommonTypes' from project 'VerIDCommonTypes')
note: A dependency of main module 'VerIDCommonTypes'
/Users/admin/builder/spi-builder-workspace/Sources/VerIDCommonTypes/Image.swift:17:8: note: A dependency of main module 'VerIDCommonTypes'
import CoreImage
^ (in target 'VerIDCommonTypes' from project 'VerIDCommonTypes')
PruneExplicitPrecompiledModules /Users/admin/builder/spi-builder-workspace/.derivedData/Build/Intermediates.noindex/SwiftExplicitPrecompiledModules
PruneExplicitPrecompiledModules /Users/admin/builder/spi-builder-workspace/.derivedData/SDKExplicitPrecompiledModules
PruneExplicitPrecompiledModules /Users/admin/builder/spi-builder-workspace/.derivedData/Build/Intermediates.noindex/ExplicitPrecompiledModules
2026-09-23 10:47:36.291 xcodebuild[807:4731] [MT] IDERunDestination: Supported platforms for the buildables in the current scheme is empty.
** BUILD FAILED **
The following build commands failed:
SwiftDriver VerIDCommonTypes normal arm64 com.apple.xcode.tools.swift.compiler (in target 'VerIDCommonTypes' from project 'VerIDCommonTypes')
SwiftDriver VerIDCommonTypes normal arm64_32 com.apple.xcode.tools.swift.compiler (in target 'VerIDCommonTypes' from project 'VerIDCommonTypes')
Building workspace VerIDCommonTypes with scheme VerIDCommonTypes
(3 failures)
Command line invocation:
/Applications/Xcode-27.0.0-Release.Candidate.app/Contents/Developer/usr/bin/xcodebuild -IDEClonedSourcePackagesDirPathOverride=/Users/admin/builder/spi-builder-workspace/.dependencies -resolvePackageDependencies
Resolve Package Graph
Resolved source packages:
Spectre: https://github.com/kylef/Spectre.git @ 0.10.1
JSONSchema: https://github.com/kylef/JSONSchema.swift.git @ 0.6.0
PathKit: https://github.com/kylef/PathKit.git @ 1.0.1
VerIDCommonTypes: /Users/admin/builder/spi-builder-workspace
resolved source packages: Spectre, JSONSchema, PathKit, VerIDCommonTypes
2026-09-23 10:47:39.834 xcodebuild[847:5123] [MT] IDERunDestination: Supported platforms for the buildables in the current scheme is empty.
{
"dependencies" : [
{
"identity" : "jsonschema.swift",
"requirement" : {
"range" : [
{
"lower_bound" : "0.6.0",
"upper_bound" : "1.0.0"
}
]
},
"type" : "sourceControl",
"url" : "https://github.com/kylef/JSONSchema.swift.git"
}
],
"manifest_display_name" : "VerIDCommonTypes",
"name" : "VerIDCommonTypes",
"path" : "/Users/admin/builder/spi-builder-workspace",
"platforms" : [
{
"name" : "ios",
"version" : "13.0"
},
{
"name" : "maccatalyst",
"version" : "14.0"
},
{
"name" : "macos",
"version" : "10.15"
}
],
"products" : [
{
"name" : "VerIDCommonTypes",
"targets" : [
"VerIDCommonTypes"
],
"type" : {
"library" : [
"dynamic"
]
}
}
],
"targets" : [
{
"c99name" : "VerIDCommonTypesTests",
"module_type" : "SwiftTarget",
"name" : "VerIDCommonTypesTests",
"path" : "Sources/VerIDCommonTypesTests",
"product_dependencies" : [
"JSONSchema"
],
"resources" : [
{
"path" : "/Users/admin/builder/spi-builder-workspace/Sources/VerIDCommonTypesTests/Resources/Face.json",
"rule" : {
"process" : {
}
}
},
{
"path" : "/Users/admin/builder/spi-builder-workspace/Sources/VerIDCommonTypesTests/Resources/FaceRecognitionTemplate.json",
"rule" : {
"process" : {
}
}
},
{
"path" : "/Users/admin/builder/spi-builder-workspace/Sources/VerIDCommonTypesTests/Resources/IMG_5856.heic",
"rule" : {
"process" : {
}
}
},
{
"path" : "/Users/admin/builder/spi-builder-workspace/Sources/VerIDCommonTypesTests/Resources/Image.heic",
"rule" : {
"process" : {
}
}
},
{
"path" : "/Users/admin/builder/spi-builder-workspace/Sources/VerIDCommonTypesTests/Resources/RecognizableFace.json",
"rule" : {
"process" : {
}
}
}
],
"sources" : [
"AffineTransformTests.swift",
"CodableTests.swift",
"FaceTests.swift",
"ImageTests.swift"
],
"target_dependencies" : [
"VerIDCommonTypes"
],
"type" : "test"
},
{
"c99name" : "VerIDCommonTypes",
"module_type" : "SwiftTarget",
"name" : "VerIDCommonTypes",
"path" : "Sources/VerIDCommonTypes",
"product_memberships" : [
"VerIDCommonTypes"
],
"sources" : [
"AnyFacialAttributeDetector.swift",
"Bearing.swift",
"CGAffineTransform.swift",
"CGPoint.swift",
"CGRect.swift",
"CGSize.swift",
"EulerAngle.swift",
"Face.swift",
"FaceDetection.swift",
"FaceRecognition.swift",
"FaceTemplate.swift",
"FacialAttributeDetection.swift",
"Image.swift",
"ImageFormat.swift",
"RecognizableFace.swift",
"SpoofDetection.swift",
"UIDeviceOrientation.swift",
"UIImage.Orientation.swift",
"UIInterfaceOrientation.swift",
"VerIDCommonTypesErrors.swift",
"Version.swift"
],
"type" : "library"
}
],
"tools_version" : "5.9"
}
{
"workspace" : {
"name" : "VerIDCommonTypes",
"schemes" : [
"VerIDCommonTypes"
]
}
}
2026-09-23 10:47:41.136 xcodebuild[855:5192] [MT] IDERunDestination: Supported platforms for the buildables in the current scheme is empty.
Running build ...
env DEVELOPER_DIR=/Applications/Xcode-27.0.0-Release.Candidate.app xcrun xcodebuild -IDEClonedSourcePackagesDirPathOverride=$PWD/.dependencies -skipMacroValidation -skipPackagePluginValidation -derivedDataPath $PWD/.derivedData build -scheme VerIDCommonTypes -destination generic/platform=watchOS
Command line invocation:
/Applications/Xcode-27.0.0-Release.Candidate.app/Contents/Developer/usr/bin/xcodebuild -IDEClonedSourcePackagesDirPathOverride=/Users/admin/builder/spi-builder-workspace/.dependencies -skipMacroValidation -skipPackagePluginValidation -derivedDataPath /Users/admin/builder/spi-builder-workspace/.derivedData build -scheme VerIDCommonTypes -destination generic/platform=watchOS
Resolve Package Graph
Resolved source packages:
PathKit: https://github.com/kylef/PathKit.git @ 1.0.1
VerIDCommonTypes: /Users/admin/builder/spi-builder-workspace
JSONSchema: https://github.com/kylef/JSONSchema.swift.git @ 0.6.0
Spectre: https://github.com/kylef/Spectre.git @ 0.10.1
ComputePackagePrebuildTargetDependencyGraph
Prepare packages
CreateBuildRequest
SendProjectDescription
CreateBuildOperation
ComputeTargetDependencyGraph
note: Building targets in dependency order
note: Target dependency graph (2 targets)
Target 'VerIDCommonTypes-product' in project 'VerIDCommonTypes'
➜ Explicit dependency on target 'VerIDCommonTypes' in project 'VerIDCommonTypes'
Target 'VerIDCommonTypes' in project 'VerIDCommonTypes' (no dependencies)
GatherProvisioningInputs
CreateBuildDescription
ClangStatCache /Applications/Xcode-27.0.0-Release.Candidate.app/Contents/Developer/Toolchains/XcodeDefault.xctoolchain/usr/bin/clang-stat-cache /Applications/Xcode-27.0.0-Release.Candidate.app/Contents/Developer/Platforms/WatchOS.platform/Developer/SDKs/WatchOS27.0.sdk /Users/admin/builder/spi-builder-workspace/.derivedData/SDKStatCaches.noindex/watchos27.0-24R360-e829b21a6f8c9b70876ba0858053c04477534ef55a1706bf4c1112bbb242f0a2.sdkstatcache
cd /Users/admin/builder/spi-builder-workspace/.swiftpm/xcode
/Applications/Xcode-27.0.0-Release.Candidate.app/Contents/Developer/Toolchains/XcodeDefault.xctoolchain/usr/bin/clang-stat-cache /Applications/Xcode-27.0.0-Release.Candidate.app/Contents/Developer/Platforms/WatchOS.platform/Developer/SDKs/WatchOS27.0.sdk -o /Users/admin/builder/spi-builder-workspace/.derivedData/SDKStatCaches.noindex/watchos27.0-24R360-e829b21a6f8c9b70876ba0858053c04477534ef55a1706bf4c1112bbb242f0a2.sdkstatcache
SwiftDriver VerIDCommonTypes normal arm64_32 com.apple.xcode.tools.swift.compiler (in target 'VerIDCommonTypes' from project 'VerIDCommonTypes')
cd /Users/admin/builder/spi-builder-workspace/.swiftpm/xcode
builtin-SwiftDriver -- /Applications/Xcode-27.0.0-Release.Candidate.app/Contents/Developer/Toolchains/XcodeDefault.xctoolchain/usr/bin/swiftc -parse-as-library -module-name VerIDCommonTypes -Onone @/Users/admin/builder/spi-builder-workspace/.derivedData/Build/Intermediates.noindex/VerIDCommonTypes.build/Debug-watchos/VerIDCommonTypes-t.build/Objects-normal/arm64_32/VerIDCommonTypes.SwiftFileList -DSWIFT_PACKAGE -DDEBUG -DSWIFT_MODULE_RESOURCE_BUNDLE_UNAVAILABLE -DXcode -plugin-path /Applications/Xcode-27.0.0-Release.Candidate.app/Contents/Developer/Toolchains/XcodeDefault.xctoolchain/usr/lib/swift/host/plugins/testing -enable-experimental-feature DebugDescriptionMacro -sdk /Applications/Xcode-27.0.0-Release.Candidate.app/Contents/Developer/Platforms/WatchOS.platform/Developer/SDKs/WatchOS27.0.sdk -target arm64_32-apple-watchos9.0 -g -module-cache-path /Users/admin/builder/spi-builder-workspace/.derivedData/ModuleCache.noindex -Xfrontend -serialize-debugging-options -profile-coverage-mapping -profile-generate -enable-testing -index-store-path /Users/admin/builder/spi-builder-workspace/.derivedData/Index.noindex/DataStore -Xcc -D_LIBCPP_HARDENING_MODE\=_LIBCPP_HARDENING_MODE_DEBUG -swift-version 5 -I /Users/admin/builder/spi-builder-workspace/.derivedData/Build/Products/Debug-watchos -Isystem /Applications/Xcode-27.0.0-Release.Candidate.app/Contents/Developer/Platforms/WatchOS.platform/Developer/usr/lib -F /Users/admin/builder/spi-builder-workspace/.derivedData/Build/Products/Debug-watchos -F /Applications/Xcode-27.0.0-Release.Candidate.app/Contents/Developer/Platforms/WatchOS.platform/Developer/Library/Frameworks -F /Applications/Xcode-27.0.0-Release.Candidate.app/Contents/Developer/Platforms/WatchOS.platform/Developer/SDKs/WatchOS27.0.sdk/Developer/Library/Frameworks -c -j10 -enable-batch-mode -incremental -Xcc -ivfsstatcache -Xcc /Users/admin/builder/spi-builder-workspace/.derivedData/SDKStatCaches.noindex/watchos27.0-24R360-e829b21a6f8c9b70876ba0858053c04477534ef55a1706bf4c1112bbb242f0a2.sdkstatcache -output-file-map /Users/admin/builder/spi-builder-workspace/.derivedData/Build/Intermediates.noindex/VerIDCommonTypes.build/Debug-watchos/VerIDCommonTypes-t.build/Objects-normal/arm64_32/VerIDCommonTypes-OutputFileMap.json -save-temps -no-color-diagnostics -explicit-module-build -module-cache-path /Users/admin/builder/spi-builder-workspace/.derivedData/Build/Intermediates.noindex/SwiftExplicitPrecompiledModules -clang-scanner-module-cache-path /Users/admin/builder/spi-builder-workspace/.derivedData/ModuleCache.noindex -sdk-module-cache-path /Users/admin/builder/spi-builder-workspace/.derivedData/SDKExplicitPrecompiledModules -emit-dependencies -emit-module -emit-module-path /Users/admin/builder/spi-builder-workspace/.derivedData/Build/Intermediates.noindex/VerIDCommonTypes.build/Debug-watchos/VerIDCommonTypes-t.build/Objects-normal/arm64_32/VerIDCommonTypes.swiftmodule -serialize-diagnostics -dependency-scan-serialize-diagnostics-path /Users/admin/builder/spi-builder-workspace/.derivedData/Build/Intermediates.noindex/VerIDCommonTypes.build/Debug-watchos/VerIDCommonTypes-t.build/Objects-normal/arm64_32/VerIDCommonTypes-dependency-scan.dia -validate-clang-modules-once -clang-build-session-file /Users/admin/builder/spi-builder-workspace/.derivedData/ModuleCache.noindex/Session.modulevalidation -Xcc -fmodules-prune-interval\=86400 -Xcc -fmodules-prune-after\=345600 -package-name spi_builder_workspace -emit-const-values -const-gather-protocols-list /Users/admin/builder/spi-builder-workspace/.derivedData/Build/Intermediates.noindex/VerIDCommonTypes.build/Debug-watchos/VerIDCommonTypes-t.build/Objects-normal/arm64_32/VerIDCommonTypes_const_extract_protocols.json -Xcc -I/Users/admin/builder/spi-builder-workspace/.derivedData/Build/Products/Debug-watchos/include -Xcc -I/Users/admin/builder/spi-builder-workspace/.derivedData/Build/Intermediates.noindex/VerIDCommonTypes.build/Debug-watchos/VerIDCommonTypes-t.build/DerivedSources-normal/arm64_32 -Xcc -I/Users/admin/builder/spi-builder-workspace/.derivedData/Build/Intermediates.noindex/VerIDCommonTypes.build/Debug-watchos/VerIDCommonTypes-t.build/DerivedSources/arm64_32 -Xcc -I/Users/admin/builder/spi-builder-workspace/.derivedData/Build/Intermediates.noindex/VerIDCommonTypes.build/Debug-watchos/VerIDCommonTypes-t.build/DerivedSources -Xcc -DSWIFT_PACKAGE -Xcc -DDEBUG\=1 -emit-objc-header -emit-objc-header-path /Users/admin/builder/spi-builder-workspace/.derivedData/Build/Intermediates.noindex/VerIDCommonTypes.build/Debug-watchos/VerIDCommonTypes-t.build/Objects-normal/arm64_32/VerIDCommonTypes-Swift.h -working-directory /Users/admin/builder/spi-builder-workspace/.swiftpm/xcode -experimental-emit-module-separately -disable-cmo
/Users/admin/builder/spi-builder-workspace/Sources/VerIDCommonTypes/Image.swift:17:8: error: Unable to resolve module dependency: 'CoreImage' (in target 'VerIDCommonTypes' from project 'VerIDCommonTypes')
note: A dependency of main module 'VerIDCommonTypes'
/Users/admin/builder/spi-builder-workspace/Sources/VerIDCommonTypes/Image.swift:17:8: note: A dependency of main module 'VerIDCommonTypes'
import CoreImage
^ (in target 'VerIDCommonTypes' from project 'VerIDCommonTypes')
SwiftDriver VerIDCommonTypes normal arm64 com.apple.xcode.tools.swift.compiler (in target 'VerIDCommonTypes' from project 'VerIDCommonTypes')
cd /Users/admin/builder/spi-builder-workspace/.swiftpm/xcode
builtin-SwiftDriver -- /Applications/Xcode-27.0.0-Release.Candidate.app/Contents/Developer/Toolchains/XcodeDefault.xctoolchain/usr/bin/swiftc -parse-as-library -module-name VerIDCommonTypes -Onone @/Users/admin/builder/spi-builder-workspace/.derivedData/Build/Intermediates.noindex/VerIDCommonTypes.build/Debug-watchos/VerIDCommonTypes-t.build/Objects-normal/arm64/VerIDCommonTypes.SwiftFileList -DSWIFT_PACKAGE -DDEBUG -DSWIFT_MODULE_RESOURCE_BUNDLE_UNAVAILABLE -DXcode -plugin-path /Applications/Xcode-27.0.0-Release.Candidate.app/Contents/Developer/Toolchains/XcodeDefault.xctoolchain/usr/lib/swift/host/plugins/testing -enable-experimental-feature DebugDescriptionMacro -sdk /Applications/Xcode-27.0.0-Release.Candidate.app/Contents/Developer/Platforms/WatchOS.platform/Developer/SDKs/WatchOS27.0.sdk -target arm64-apple-watchos9.0 -g -module-cache-path /Users/admin/builder/spi-builder-workspace/.derivedData/ModuleCache.noindex -Xfrontend -serialize-debugging-options -profile-coverage-mapping -profile-generate -enable-testing -index-store-path /Users/admin/builder/spi-builder-workspace/.derivedData/Index.noindex/DataStore -Xcc -D_LIBCPP_HARDENING_MODE\=_LIBCPP_HARDENING_MODE_DEBUG -swift-version 5 -I /Users/admin/builder/spi-builder-workspace/.derivedData/Build/Products/Debug-watchos -Isystem /Applications/Xcode-27.0.0-Release.Candidate.app/Contents/Developer/Platforms/WatchOS.platform/Developer/usr/lib -F /Users/admin/builder/spi-builder-workspace/.derivedData/Build/Products/Debug-watchos -F /Applications/Xcode-27.0.0-Release.Candidate.app/Contents/Developer/Platforms/WatchOS.platform/Developer/Library/Frameworks -F /Applications/Xcode-27.0.0-Release.Candidate.app/Contents/Developer/Platforms/WatchOS.platform/Developer/SDKs/WatchOS27.0.sdk/Developer/Library/Frameworks -c -j10 -enable-batch-mode -incremental -Xcc -ivfsstatcache -Xcc /Users/admin/builder/spi-builder-workspace/.derivedData/SDKStatCaches.noindex/watchos27.0-24R360-e829b21a6f8c9b70876ba0858053c04477534ef55a1706bf4c1112bbb242f0a2.sdkstatcache -output-file-map /Users/admin/builder/spi-builder-workspace/.derivedData/Build/Intermediates.noindex/VerIDCommonTypes.build/Debug-watchos/VerIDCommonTypes-t.build/Objects-normal/arm64/VerIDCommonTypes-OutputFileMap.json -save-temps -no-color-diagnostics -explicit-module-build -module-cache-path /Users/admin/builder/spi-builder-workspace/.derivedData/Build/Intermediates.noindex/SwiftExplicitPrecompiledModules -clang-scanner-module-cache-path /Users/admin/builder/spi-builder-workspace/.derivedData/ModuleCache.noindex -sdk-module-cache-path /Users/admin/builder/spi-builder-workspace/.derivedData/SDKExplicitPrecompiledModules -emit-dependencies -emit-module -emit-module-path /Users/admin/builder/spi-builder-workspace/.derivedData/Build/Intermediates.noindex/VerIDCommonTypes.build/Debug-watchos/VerIDCommonTypes-t.build/Objects-normal/arm64/VerIDCommonTypes.swiftmodule -serialize-diagnostics -dependency-scan-serialize-diagnostics-path /Users/admin/builder/spi-builder-workspace/.derivedData/Build/Intermediates.noindex/VerIDCommonTypes.build/Debug-watchos/VerIDCommonTypes-t.build/Objects-normal/arm64/VerIDCommonTypes-dependency-scan.dia -validate-clang-modules-once -clang-build-session-file /Users/admin/builder/spi-builder-workspace/.derivedData/ModuleCache.noindex/Session.modulevalidation -Xcc -fmodules-prune-interval\=86400 -Xcc -fmodules-prune-after\=345600 -package-name spi_builder_workspace -emit-const-values -const-gather-protocols-list /Users/admin/builder/spi-builder-workspace/.derivedData/Build/Intermediates.noindex/VerIDCommonTypes.build/Debug-watchos/VerIDCommonTypes-t.build/Objects-normal/arm64/VerIDCommonTypes_const_extract_protocols.json -Xcc -I/Users/admin/builder/spi-builder-workspace/.derivedData/Build/Products/Debug-watchos/include -Xcc -I/Users/admin/builder/spi-builder-workspace/.derivedData/Build/Intermediates.noindex/VerIDCommonTypes.build/Debug-watchos/VerIDCommonTypes-t.build/DerivedSources-normal/arm64 -Xcc -I/Users/admin/builder/spi-builder-workspace/.derivedData/Build/Intermediates.noindex/VerIDCommonTypes.build/Debug-watchos/VerIDCommonTypes-t.build/DerivedSources/arm64 -Xcc -I/Users/admin/builder/spi-builder-workspace/.derivedData/Build/Intermediates.noindex/VerIDCommonTypes.build/Debug-watchos/VerIDCommonTypes-t.build/DerivedSources -Xcc -DSWIFT_PACKAGE -Xcc -DDEBUG\=1 -emit-objc-header -emit-objc-header-path /Users/admin/builder/spi-builder-workspace/.derivedData/Build/Intermediates.noindex/VerIDCommonTypes.build/Debug-watchos/VerIDCommonTypes-t.build/Objects-normal/arm64/VerIDCommonTypes-Swift.h -working-directory /Users/admin/builder/spi-builder-workspace/.swiftpm/xcode -experimental-emit-module-separately -disable-cmo
/Users/admin/builder/spi-builder-workspace/Sources/VerIDCommonTypes/Image.swift:17:8: error: Unable to resolve module dependency: 'CoreImage' (in target 'VerIDCommonTypes' from project 'VerIDCommonTypes')
note: A dependency of main module 'VerIDCommonTypes'
/Users/admin/builder/spi-builder-workspace/Sources/VerIDCommonTypes/Image.swift:17:8: note: A dependency of main module 'VerIDCommonTypes'
import CoreImage
^ (in target 'VerIDCommonTypes' from project 'VerIDCommonTypes')
PruneExplicitPrecompiledModules /Users/admin/builder/spi-builder-workspace/.derivedData/SDKExplicitPrecompiledModules
PruneExplicitPrecompiledModules /Users/admin/builder/spi-builder-workspace/.derivedData/Build/Intermediates.noindex/ExplicitPrecompiledModules
PruneExplicitPrecompiledModules /Users/admin/builder/spi-builder-workspace/.derivedData/Build/Intermediates.noindex/SwiftExplicitPrecompiledModules
2026-09-23 10:47:42.193 xcodebuild[856:5218] [MT] IDERunDestination: Supported platforms for the buildables in the current scheme is empty.
** BUILD FAILED **
The following build commands failed:
SwiftDriver VerIDCommonTypes normal arm64_32 com.apple.xcode.tools.swift.compiler (in target 'VerIDCommonTypes' from project 'VerIDCommonTypes')
SwiftDriver VerIDCommonTypes normal arm64 com.apple.xcode.tools.swift.compiler (in target 'VerIDCommonTypes' from project 'VerIDCommonTypes')
Building workspace VerIDCommonTypes with scheme VerIDCommonTypes
(3 failures)
BUILD FAILURE 6.4 watchOS