Build Information
Failed to build GoogleProgrammaticAccessLibraryTvOS, reference main (80aa72), with Swift 6.4 for watchOS using Xcode 27.0 on 24 Sep 2026 06:29:30 UTC.
Build Command
env DEVELOPER_DIR=/Applications/Xcode-27.0.0-Release.Candidate.app xcrun xcodebuild -IDEClonedSourcePackagesDirPathOverride=$PWD/.dependencies -skipMacroValidation -skipPackagePluginValidation -derivedDataPath $PWD/.derivedData build -scheme GoogleProgrammaticAccessLibraryTvOS -destination generic/platform=watchOSBuild Log
========================================
RunAll
========================================
Builder version: 5.1.0
Interrupt handler set up.
========================================
Checkout
========================================
Clone URL: https://github.com/googleads/swift-package-manager-google-programmatic-access-library-tvos.git
Reference: main
Initialized empty Git repository in /Users/admin/builder/spi-builder-workspace/.git/
From https://github.com/googleads/swift-package-manager-google-programmatic-access-library-tvos
* branch main -> FETCH_HEAD
* [new branch] main -> origin/main
HEAD is now at 80aa720 Merge pull request #4 from googleads/update
Cloned https://github.com/googleads/swift-package-manager-google-programmatic-access-library-tvos.git
Revision (git rev-parse @):
80aa720b58af8d8a66e056ae9331cbdf3ba2d92b
SUCCESS checkout https://github.com/googleads/swift-package-manager-google-programmatic-access-library-tvos.git at main
========================================
Build
========================================
Selected platform: watchOS
Swift version: 6.4
Building package at path: $PWD
https://github.com/googleads/swift-package-manager-google-programmatic-access-library-tvos.git
Command line invocation:
/Applications/Xcode-27.0.0-Release.Candidate.app/Contents/Developer/usr/bin/xcodebuild -IDEClonedSourcePackagesDirPathOverride=/Users/admin/builder/spi-builder-workspace/.dependencies -resolvePackageDependencies
Resolve Package Graph
Error Domain=NSCocoaErrorDomain Code=513 "“89BCEC08-2755-4691-87A9-70330F0BF5B2” couldn’t be removed because you don’t have permission to access it." UserInfo={NSUserStringVariant=(
Remove
), NSFilePath=/Users/admin/builder/spi-builder-workspace/.dependencies/artifacts/extract/spi-builder-workspace/GoogleProgrammaticAccessLibraryTvOS/89BCEC08-2755-4691-87A9-70330F0BF5B2, NSURL=file:///Users/admin/builder/spi-builder-workspace/.dependencies/artifacts/extract/spi-builder-workspace/GoogleProgrammaticAccessLibraryTvOS/89BCEC08-2755-4691-87A9-70330F0BF5B2, NSUnderlyingError=0x9ce3ba0a0 {Error Domain=NSPOSIXErrorDomain Code=13 "Permission denied"}}fatalError
Resolve Package Graph
Resolved source packages:
GoogleProgrammaticAccessLibraryTvOS: /Users/admin/builder/spi-builder-workspace
resolved source packages: GoogleProgrammaticAccessLibraryTvOS
2026-09-24 02:28:42.982 xcodebuild[529:3036] [MT] IDERunDestination: Supported platforms for the buildables in the current scheme is empty.
{
"dependencies" : [
],
"manifest_display_name" : "GoogleProgrammaticAccessLibraryTvOS",
"name" : "GoogleProgrammaticAccessLibraryTvOS",
"path" : "/Users/admin/builder/spi-builder-workspace",
"platforms" : [
{
"name" : "tvos",
"version" : "11.0"
}
],
"products" : [
{
"name" : "GoogleProgrammaticAccessLibraryTvOS",
"targets" : [
"GoogleProgrammaticAccessLibraryTvOS"
],
"type" : {
"library" : [
"automatic"
]
}
}
],
"targets" : [
{
"c99name" : "GoogleProgrammaticAccessLibraryTvOS",
"module_type" : "BinaryTarget",
"name" : "GoogleProgrammaticAccessLibraryTvOS",
"path" : "remote/archive/pal-tvos-v3.1.4.zip",
"product_memberships" : [
"GoogleProgrammaticAccessLibraryTvOS"
],
"sources" : [
],
"type" : "binary"
}
],
"tools_version" : "5.3"
}
{
"workspace" : {
"name" : "GoogleProgrammaticAccessLibraryTvOS",
"schemes" : [
"GoogleProgrammaticAccessLibraryTvOS"
]
}
}
2026-09-24 02:29:24.293 xcodebuild[659:4148] [MT] IDERunDestination: Supported platforms for the buildables in the current scheme is empty.
Running build ...
env DEVELOPER_DIR=/Applications/Xcode-27.0.0-Release.Candidate.app xcrun xcodebuild -IDEClonedSourcePackagesDirPathOverride=$PWD/.dependencies -skipMacroValidation -skipPackagePluginValidation -derivedDataPath $PWD/.derivedData build -scheme GoogleProgrammaticAccessLibraryTvOS -destination generic/platform=watchOS
Command line invocation:
/Applications/Xcode-27.0.0-Release.Candidate.app/Contents/Developer/usr/bin/xcodebuild -IDEClonedSourcePackagesDirPathOverride=/Users/admin/builder/spi-builder-workspace/.dependencies -skipMacroValidation -skipPackagePluginValidation -derivedDataPath /Users/admin/builder/spi-builder-workspace/.derivedData build -scheme GoogleProgrammaticAccessLibraryTvOS -destination generic/platform=watchOS
Resolve Package Graph
Resolved source packages:
GoogleProgrammaticAccessLibraryTvOS: /Users/admin/builder/spi-builder-workspace
ComputePackagePrebuildTargetDependencyGraph
Prepare packages
CreateBuildRequest
SendProjectDescription
CreateBuildOperation
ComputeTargetDependencyGraph
note: Building targets in dependency order
note: Target dependency graph (1 target)
Target 'GoogleProgrammaticAccessLibraryTvOS-product' in project 'GoogleProgrammaticAccessLibraryTvOS' (no dependencies)
GatherProvisioningInputs
CreateBuildDescription
ExecuteExternalTool /Applications/Xcode-27.0.0-Release.Candidate.app/Contents/Developer/Toolchains/XcodeDefault.xctoolchain/usr/bin/clang -v -E -dM -isysroot /Applications/Xcode-27.0.0-Release.Candidate.app/Contents/Developer/Platforms/WatchOS.platform/Developer/SDKs/WatchOS27.0.sdk -x c -c /dev/null
Build description signature: 29b618e7ccf489b45a072dd8f791ad0e
Build description path: /Users/admin/builder/spi-builder-workspace/.derivedData/Build/Intermediates.noindex/XCBuildData/29b618e7ccf489b45a072dd8f791ad0e.xcbuilddata
/Users/admin/builder/spi-builder-workspace/.dependencies/artifacts/spi-builder-workspace/GoogleProgrammaticAccessLibraryTvOS/ProgrammaticAccessLibrary.xcframework:1:1: error: While building for watchOS, no library for this platform was found in '/Users/admin/builder/spi-builder-workspace/.dependencies/artifacts/spi-builder-workspace/GoogleProgrammaticAccessLibraryTvOS/ProgrammaticAccessLibrary.xcframework'. (in target 'GoogleProgrammaticAccessLibraryTvOS-product' from project 'GoogleProgrammaticAccessLibraryTvOS')
2026-09-24 02:29:25.833 xcodebuild[660:4189] [MT] IDERunDestination: Supported platforms for the buildables in the current scheme is empty.
** BUILD FAILED **
The following build commands failed:
Building workspace GoogleProgrammaticAccessLibraryTvOS with scheme GoogleProgrammaticAccessLibraryTvOS
(1 failure)
Command line invocation:
/Applications/Xcode-27.0.0-Release.Candidate.app/Contents/Developer/usr/bin/xcodebuild -IDEClonedSourcePackagesDirPathOverride=/Users/admin/builder/spi-builder-workspace/.dependencies -resolvePackageDependencies
Resolve Package Graph
Resolved source packages:
GoogleProgrammaticAccessLibraryTvOS: /Users/admin/builder/spi-builder-workspace
resolved source packages: GoogleProgrammaticAccessLibraryTvOS
2026-09-24 02:29:27.394 xcodebuild[672:4286] [MT] IDERunDestination: Supported platforms for the buildables in the current scheme is empty.
{
"dependencies" : [
],
"manifest_display_name" : "GoogleProgrammaticAccessLibraryTvOS",
"name" : "GoogleProgrammaticAccessLibraryTvOS",
"path" : "/Users/admin/builder/spi-builder-workspace",
"platforms" : [
{
"name" : "tvos",
"version" : "11.0"
}
],
"products" : [
{
"name" : "GoogleProgrammaticAccessLibraryTvOS",
"targets" : [
"GoogleProgrammaticAccessLibraryTvOS"
],
"type" : {
"library" : [
"automatic"
]
}
}
],
"targets" : [
{
"c99name" : "GoogleProgrammaticAccessLibraryTvOS",
"module_type" : "BinaryTarget",
"name" : "GoogleProgrammaticAccessLibraryTvOS",
"path" : "remote/archive/pal-tvos-v3.1.4.zip",
"product_memberships" : [
"GoogleProgrammaticAccessLibraryTvOS"
],
"sources" : [
],
"type" : "binary"
}
],
"tools_version" : "5.3"
}
{
"workspace" : {
"name" : "GoogleProgrammaticAccessLibraryTvOS",
"schemes" : [
"GoogleProgrammaticAccessLibraryTvOS"
]
}
}
2026-09-24 02:29:28.602 xcodebuild[680:4350] [MT] IDERunDestination: Supported platforms for the buildables in the current scheme is empty.
Running build ...
env DEVELOPER_DIR=/Applications/Xcode-27.0.0-Release.Candidate.app xcrun xcodebuild -IDEClonedSourcePackagesDirPathOverride=$PWD/.dependencies -skipMacroValidation -skipPackagePluginValidation -derivedDataPath $PWD/.derivedData build -scheme GoogleProgrammaticAccessLibraryTvOS -destination generic/platform=watchOS
Command line invocation:
/Applications/Xcode-27.0.0-Release.Candidate.app/Contents/Developer/usr/bin/xcodebuild -IDEClonedSourcePackagesDirPathOverride=/Users/admin/builder/spi-builder-workspace/.dependencies -skipMacroValidation -skipPackagePluginValidation -derivedDataPath /Users/admin/builder/spi-builder-workspace/.derivedData build -scheme GoogleProgrammaticAccessLibraryTvOS -destination generic/platform=watchOS
Resolve Package Graph
Resolved source packages:
GoogleProgrammaticAccessLibraryTvOS: /Users/admin/builder/spi-builder-workspace
ComputePackagePrebuildTargetDependencyGraph
Prepare packages
CreateBuildRequest
SendProjectDescription
CreateBuildOperation
ComputeTargetDependencyGraph
note: Building targets in dependency order
note: Target dependency graph (1 target)
Target 'GoogleProgrammaticAccessLibraryTvOS-product' in project 'GoogleProgrammaticAccessLibraryTvOS' (no dependencies)
GatherProvisioningInputs
CreateBuildDescription
/Users/admin/builder/spi-builder-workspace/.dependencies/artifacts/spi-builder-workspace/GoogleProgrammaticAccessLibraryTvOS/ProgrammaticAccessLibrary.xcframework:1:1: error: While building for watchOS, no library for this platform was found in '/Users/admin/builder/spi-builder-workspace/.dependencies/artifacts/spi-builder-workspace/GoogleProgrammaticAccessLibraryTvOS/ProgrammaticAccessLibrary.xcframework'. (in target 'GoogleProgrammaticAccessLibraryTvOS-product' from project 'GoogleProgrammaticAccessLibraryTvOS')
2026-09-24 02:29:29.549 xcodebuild[681:4377] [MT] IDERunDestination: Supported platforms for the buildables in the current scheme is empty.
** BUILD FAILED **
The following build commands failed:
Building workspace GoogleProgrammaticAccessLibraryTvOS with scheme GoogleProgrammaticAccessLibraryTvOS
(1 failure)
BUILD FAILURE 6.4 watchOS