The Swift Package Index logo.Swift Package Index

Build Information

Failed to build LeakedViewControllerDetector, reference 1.4.1 (e5200a), with Swift 6.1 for watchOS using Xcode 16.3 on 16 Aug 2026 22:49:48 UTC.

Build Command

env DEVELOPER_DIR=/Applications/Xcode-16.3.0.app xcrun xcodebuild -IDEClonedSourcePackagesDirPathOverride=$PWD/.dependencies -skipMacroValidation -skipPackagePluginValidation -derivedDataPath $PWD/.derivedData build -scheme LeakedViewControllerDetector -destination generic/platform=watchOS

Build Log

========================================
RunAll
========================================
Builder version: undefined version: run 'make version' to update
Interrupt handler set up.
========================================
Checkout
========================================
Clone URL: https://github.com/Janneman84/LeakedViewControllerDetector.git
Reference: 1.4.1
Initialized empty Git repository in /Users/admin/builder/spi-builder-workspace/.git/
From https://github.com/Janneman84/LeakedViewControllerDetector
 * tag               1.4.1      -> FETCH_HEAD
HEAD is now at e5200a4 updated ci script
Cloned https://github.com/Janneman84/LeakedViewControllerDetector.git
Revision (git rev-parse @):
e5200a479ec003f8621773aca55b8e2cd3f59ebc
SUCCESS checkout https://github.com/Janneman84/LeakedViewControllerDetector.git at 1.4.1
========================================
Build
========================================
Selected platform:         watchOS
Swift version:             6.1
Building package at path:  $PWD
https://github.com/Janneman84/LeakedViewControllerDetector.git
https://github.com/Janneman84/LeakedViewControllerDetector.git
{
  "dependencies" : [
  ],
  "manifest_display_name" : "LeakedViewControllerDetector",
  "name" : "LeakedViewControllerDetector",
  "path" : "/Users/admin/builder/spi-builder-workspace",
  "platforms" : [
    {
      "name" : "ios",
      "version" : "13.0"
    },
    {
      "name" : "tvos",
      "version" : "13.0"
    }
  ],
  "products" : [
    {
      "name" : "LeakedViewControllerDetector",
      "targets" : [
        "LeakedViewControllerDetector"
      ],
      "type" : {
        "library" : [
          "automatic"
        ]
      }
    }
  ],
  "swift_languages_versions" : [
    "6"
  ],
  "targets" : [
    {
      "c99name" : "LeakedViewControllerDetectorTests",
      "module_type" : "SwiftTarget",
      "name" : "LeakedViewControllerDetectorTests",
      "path" : "Tests/LeakedViewControllerDetectorTests",
      "sources" : [
        "BasicTests.swift",
        "EdgeCaseTests.swift",
        "LeakedViewControllerDetectorTests.swift",
        "ViewControllerLeakTests.swift",
        "ViewLeakTests.swift"
      ],
      "target_dependencies" : [
        "LeakedViewControllerDetector"
      ],
      "type" : "test"
    },
    {
      "c99name" : "LeakedViewControllerDetector",
      "module_type" : "SwiftTarget",
      "name" : "LeakedViewControllerDetector",
      "path" : "Sources/LeakedViewControllerDetector",
      "product_memberships" : [
        "LeakedViewControllerDetector"
      ],
      "sources" : [
        "LeakedViewControllerDetector.swift"
      ],
      "type" : "library"
    }
  ],
  "tools_version" : "6.0"
}
Command line invocation:
    /Applications/Xcode-16.3.0.app/Contents/Developer/usr/bin/xcodebuild -IDEClonedSourcePackagesDirPathOverride=/Users/admin/builder/spi-builder-workspace/.dependencies -resolvePackageDependencies
Resolve Package Graph
Resolve Package Graph
Resolved source packages:
  LeakedViewControllerDetector: /Users/admin/builder/spi-builder-workspace
resolved source packages: LeakedViewControllerDetector
{
  "dependencies" : [
  ],
  "manifest_display_name" : "LeakedViewControllerDetector",
  "name" : "LeakedViewControllerDetector",
  "path" : "/Users/admin/builder/spi-builder-workspace",
  "platforms" : [
    {
      "name" : "ios",
      "version" : "13.0"
    },
    {
      "name" : "tvos",
      "version" : "13.0"
    }
  ],
  "products" : [
    {
      "name" : "LeakedViewControllerDetector",
      "targets" : [
        "LeakedViewControllerDetector"
      ],
      "type" : {
        "library" : [
          "automatic"
        ]
      }
    }
  ],
  "swift_languages_versions" : [
    "6"
  ],
  "targets" : [
    {
      "c99name" : "LeakedViewControllerDetectorTests",
      "module_type" : "SwiftTarget",
      "name" : "LeakedViewControllerDetectorTests",
      "path" : "Tests/LeakedViewControllerDetectorTests",
      "sources" : [
        "BasicTests.swift",
        "EdgeCaseTests.swift",
        "LeakedViewControllerDetectorTests.swift",
        "ViewControllerLeakTests.swift",
        "ViewLeakTests.swift"
      ],
      "target_dependencies" : [
        "LeakedViewControllerDetector"
      ],
      "type" : "test"
    },
    {
      "c99name" : "LeakedViewControllerDetector",
      "module_type" : "SwiftTarget",
      "name" : "LeakedViewControllerDetector",
      "path" : "Sources/LeakedViewControllerDetector",
      "product_memberships" : [
        "LeakedViewControllerDetector"
      ],
      "sources" : [
        "LeakedViewControllerDetector.swift"
      ],
      "type" : "library"
    }
  ],
  "tools_version" : "6.0"
}
{
  "workspace" : {
    "name" : "spi-builder-workspace",
    "schemes" : [
      "LeakedViewControllerDetector"
    ]
  }
}
Running build ...
env DEVELOPER_DIR=/Applications/Xcode-16.3.0.app xcrun xcodebuild -IDEClonedSourcePackagesDirPathOverride=$PWD/.dependencies -skipMacroValidation -skipPackagePluginValidation -derivedDataPath $PWD/.derivedData build -scheme LeakedViewControllerDetector -destination generic/platform=watchOS OTHER_SWIFT_FLAGS=-stats-output-dir .stats
Command line invocation:
    /Applications/Xcode-16.3.0.app/Contents/Developer/usr/bin/xcodebuild -IDEClonedSourcePackagesDirPathOverride=/Users/admin/builder/spi-builder-workspace/.dependencies -skipMacroValidation -skipPackagePluginValidation -derivedDataPath /Users/admin/builder/spi-builder-workspace/.derivedData build -scheme LeakedViewControllerDetector -destination generic/platform=watchOS "OTHER_SWIFT_FLAGS=-stats-output-dir .stats"
Build settings from command line:
    OTHER_SWIFT_FLAGS = -stats-output-dir .stats
Resolve Package Graph
Resolved source packages:
  LeakedViewControllerDetector: /Users/admin/builder/spi-builder-workspace
ComputePackagePrebuildTargetDependencyGraph
Prepare packages
CreateBuildRequest
SendProjectDescription
CreateBuildOperation
ComputeTargetDependencyGraph
note: Building targets in dependency order
note: Target dependency graph (2 targets)
    Target 'LeakedViewControllerDetector' in project 'LeakedViewControllerDetector'
        ➜ Explicit dependency on target 'LeakedViewControllerDetector' in project 'LeakedViewControllerDetector'
    Target 'LeakedViewControllerDetector' in project 'LeakedViewControllerDetector' (no dependencies)
GatherProvisioningInputs
CreateBuildDescription
ExecuteExternalTool /Applications/Xcode-16.3.0.app/Contents/Developer/Toolchains/XcodeDefault.xctoolchain/usr/bin/clang -v -E -dM -isysroot /Applications/Xcode-16.3.0.app/Contents/Developer/Platforms/WatchOS.platform/Developer/SDKs/WatchOS11.4.sdk -x c -c /dev/null
ExecuteExternalTool /Applications/Xcode-16.3.0.app/Contents/Developer/Toolchains/XcodeDefault.xctoolchain/usr/bin/swiftc --version
ExecuteExternalTool /Applications/Xcode-16.3.0.app/Contents/Developer/Toolchains/XcodeDefault.xctoolchain/usr/bin/ld -version_details
Build description signature: 6915619850acbf94b862b13a325ee004
Build description path: /Users/admin/builder/spi-builder-workspace/.derivedData/Build/Intermediates.noindex/XCBuildData/6915619850acbf94b862b13a325ee004.xcbuilddata
CreateBuildDirectory /Users/admin/builder/spi-builder-workspace/.derivedData/Build/Intermediates.noindex
    cd /Users/admin/builder/spi-builder-workspace/.swiftpm/xcode
    builtin-create-build-directory /Users/admin/builder/spi-builder-workspace/.derivedData/Build/Intermediates.noindex
ClangStatCache /Applications/Xcode-16.3.0.app/Contents/Developer/Toolchains/XcodeDefault.xctoolchain/usr/bin/clang-stat-cache /Applications/Xcode-16.3.0.app/Contents/Developer/Platforms/WatchOS.platform/Developer/SDKs/WatchOS11.4.sdk /Users/admin/builder/spi-builder-workspace/.derivedData/SDKStatCaches.noindex/watchos11.4-22T246-43efb940ff07ba2497b70ec94253f576.sdkstatcache
    cd /Users/admin/builder/spi-builder-workspace/.swiftpm/xcode
    /Applications/Xcode-16.3.0.app/Contents/Developer/Toolchains/XcodeDefault.xctoolchain/usr/bin/clang-stat-cache /Applications/Xcode-16.3.0.app/Contents/Developer/Platforms/WatchOS.platform/Developer/SDKs/WatchOS11.4.sdk -o /Users/admin/builder/spi-builder-workspace/.derivedData/SDKStatCaches.noindex/watchos11.4-22T246-43efb940ff07ba2497b70ec94253f576.sdkstatcache
CreateBuildDirectory /Users/admin/builder/spi-builder-workspace/.derivedData/Build/Products
    cd /Users/admin/builder/spi-builder-workspace/.swiftpm/xcode
    builtin-create-build-directory /Users/admin/builder/spi-builder-workspace/.derivedData/Build/Products
CreateBuildDirectory /Users/admin/builder/spi-builder-workspace/.derivedData/Build/Intermediates.noindex/EagerLinkingTBDs/Debug-watchos
    cd /Users/admin/builder/spi-builder-workspace/.swiftpm/xcode
    builtin-create-build-directory /Users/admin/builder/spi-builder-workspace/.derivedData/Build/Intermediates.noindex/EagerLinkingTBDs/Debug-watchos
CreateBuildDirectory /Users/admin/builder/spi-builder-workspace/.derivedData/Build/Products/Debug-watchos
    cd /Users/admin/builder/spi-builder-workspace/.swiftpm/xcode
    builtin-create-build-directory /Users/admin/builder/spi-builder-workspace/.derivedData/Build/Products/Debug-watchos
CreateBuildDirectory /Users/admin/builder/spi-builder-workspace/.derivedData/Build/Products/Debug-watchos/PackageFrameworks
    cd /Users/admin/builder/spi-builder-workspace/.swiftpm/xcode
    builtin-create-build-directory /Users/admin/builder/spi-builder-workspace/.derivedData/Build/Products/Debug-watchos/PackageFrameworks
WriteAuxiliaryFile /Users/admin/builder/spi-builder-workspace/.derivedData/Build/Intermediates.noindex/LeakedViewControllerDetector.build/Debug-watchos/LeakedViewControllerDetector.build/Objects-normal/arm64_32/LeakedViewControllerDetector.LinkFileList (in target 'LeakedViewControllerDetector' from project 'LeakedViewControllerDetector')
    cd /Users/admin/builder/spi-builder-workspace
    write-file /Users/admin/builder/spi-builder-workspace/.derivedData/Build/Intermediates.noindex/LeakedViewControllerDetector.build/Debug-watchos/LeakedViewControllerDetector.build/Objects-normal/arm64_32/LeakedViewControllerDetector.LinkFileList
WriteAuxiliaryFile /Users/admin/builder/spi-builder-workspace/.derivedData/Build/Intermediates.noindex/LeakedViewControllerDetector.build/Debug-watchos/LeakedViewControllerDetector.build/Objects-normal/arm64_32/LeakedViewControllerDetector_const_extract_protocols.json (in target 'LeakedViewControllerDetector' from project 'LeakedViewControllerDetector')
    cd /Users/admin/builder/spi-builder-workspace
    write-file /Users/admin/builder/spi-builder-workspace/.derivedData/Build/Intermediates.noindex/LeakedViewControllerDetector.build/Debug-watchos/LeakedViewControllerDetector.build/Objects-normal/arm64_32/LeakedViewControllerDetector_const_extract_protocols.json
WriteAuxiliaryFile /Users/admin/builder/spi-builder-workspace/.derivedData/Build/Intermediates.noindex/LeakedViewControllerDetector.build/Debug-watchos/LeakedViewControllerDetector.build/Objects-normal/arm64_32/LeakedViewControllerDetector.SwiftConstValuesFileList (in target 'LeakedViewControllerDetector' from project 'LeakedViewControllerDetector')
    cd /Users/admin/builder/spi-builder-workspace
    write-file /Users/admin/builder/spi-builder-workspace/.derivedData/Build/Intermediates.noindex/LeakedViewControllerDetector.build/Debug-watchos/LeakedViewControllerDetector.build/Objects-normal/arm64_32/LeakedViewControllerDetector.SwiftConstValuesFileList
WriteAuxiliaryFile /Users/admin/builder/spi-builder-workspace/.derivedData/Build/Intermediates.noindex/LeakedViewControllerDetector.build/Debug-watchos/LeakedViewControllerDetector.build/Objects-normal/armv7k/LeakedViewControllerDetector-OutputFileMap.json (in target 'LeakedViewControllerDetector' from project 'LeakedViewControllerDetector')
    cd /Users/admin/builder/spi-builder-workspace
    write-file /Users/admin/builder/spi-builder-workspace/.derivedData/Build/Intermediates.noindex/LeakedViewControllerDetector.build/Debug-watchos/LeakedViewControllerDetector.build/Objects-normal/armv7k/LeakedViewControllerDetector-OutputFileMap.json
WriteAuxiliaryFile /Users/admin/builder/spi-builder-workspace/.derivedData/Build/Intermediates.noindex/LeakedViewControllerDetector.build/Debug-watchos/LeakedViewControllerDetector.build/Objects-normal/armv7k/LeakedViewControllerDetector.SwiftConstValuesFileList (in target 'LeakedViewControllerDetector' from project 'LeakedViewControllerDetector')
    cd /Users/admin/builder/spi-builder-workspace
    write-file /Users/admin/builder/spi-builder-workspace/.derivedData/Build/Intermediates.noindex/LeakedViewControllerDetector.build/Debug-watchos/LeakedViewControllerDetector.build/Objects-normal/armv7k/LeakedViewControllerDetector.SwiftConstValuesFileList
WriteAuxiliaryFile /Users/admin/builder/spi-builder-workspace/.derivedData/Build/Intermediates.noindex/LeakedViewControllerDetector.build/Debug-watchos/LeakedViewControllerDetector.build/Objects-normal/armv7k/LeakedViewControllerDetector_const_extract_protocols.json (in target 'LeakedViewControllerDetector' from project 'LeakedViewControllerDetector')
    cd /Users/admin/builder/spi-builder-workspace
    write-file /Users/admin/builder/spi-builder-workspace/.derivedData/Build/Intermediates.noindex/LeakedViewControllerDetector.build/Debug-watchos/LeakedViewControllerDetector.build/Objects-normal/armv7k/LeakedViewControllerDetector_const_extract_protocols.json
WriteAuxiliaryFile /Users/admin/builder/spi-builder-workspace/.derivedData/Build/Intermediates.noindex/LeakedViewControllerDetector.build/Debug-watchos/LeakedViewControllerDetector.build/Objects-normal/armv7k/LeakedViewControllerDetector.LinkFileList (in target 'LeakedViewControllerDetector' from project 'LeakedViewControllerDetector')
    cd /Users/admin/builder/spi-builder-workspace
    write-file /Users/admin/builder/spi-builder-workspace/.derivedData/Build/Intermediates.noindex/LeakedViewControllerDetector.build/Debug-watchos/LeakedViewControllerDetector.build/Objects-normal/armv7k/LeakedViewControllerDetector.LinkFileList
WriteAuxiliaryFile /Users/admin/builder/spi-builder-workspace/.derivedData/Build/Intermediates.noindex/LeakedViewControllerDetector.build/Debug-watchos/LeakedViewControllerDetector.build/Objects-normal/arm64_32/LeakedViewControllerDetector.SwiftFileList (in target 'LeakedViewControllerDetector' from project 'LeakedViewControllerDetector')
    cd /Users/admin/builder/spi-builder-workspace
    write-file /Users/admin/builder/spi-builder-workspace/.derivedData/Build/Intermediates.noindex/LeakedViewControllerDetector.build/Debug-watchos/LeakedViewControllerDetector.build/Objects-normal/arm64_32/LeakedViewControllerDetector.SwiftFileList
WriteAuxiliaryFile /Users/admin/builder/spi-builder-workspace/.derivedData/Build/Intermediates.noindex/LeakedViewControllerDetector.build/Debug-watchos/LeakedViewControllerDetector.build/Objects-normal/armv7k/LeakedViewControllerDetector.SwiftFileList (in target 'LeakedViewControllerDetector' from project 'LeakedViewControllerDetector')
    cd /Users/admin/builder/spi-builder-workspace
    write-file /Users/admin/builder/spi-builder-workspace/.derivedData/Build/Intermediates.noindex/LeakedViewControllerDetector.build/Debug-watchos/LeakedViewControllerDetector.build/Objects-normal/armv7k/LeakedViewControllerDetector.SwiftFileList
WriteAuxiliaryFile /Users/admin/builder/spi-builder-workspace/.derivedData/Build/Intermediates.noindex/LeakedViewControllerDetector.build/Debug-watchos/LeakedViewControllerDetector.build/Objects-normal/arm64_32/LeakedViewControllerDetector-OutputFileMap.json (in target 'LeakedViewControllerDetector' from project 'LeakedViewControllerDetector')
    cd /Users/admin/builder/spi-builder-workspace
    write-file /Users/admin/builder/spi-builder-workspace/.derivedData/Build/Intermediates.noindex/LeakedViewControllerDetector.build/Debug-watchos/LeakedViewControllerDetector.build/Objects-normal/arm64_32/LeakedViewControllerDetector-OutputFileMap.json
WriteAuxiliaryFile /Users/admin/builder/spi-builder-workspace/.derivedData/Build/Intermediates.noindex/LeakedViewControllerDetector.build/Debug-watchos/LeakedViewControllerDetector.build/Objects-normal/arm64/LeakedViewControllerDetector.SwiftFileList (in target 'LeakedViewControllerDetector' from project 'LeakedViewControllerDetector')
    cd /Users/admin/builder/spi-builder-workspace
    write-file /Users/admin/builder/spi-builder-workspace/.derivedData/Build/Intermediates.noindex/LeakedViewControllerDetector.build/Debug-watchos/LeakedViewControllerDetector.build/Objects-normal/arm64/LeakedViewControllerDetector.SwiftFileList
WriteAuxiliaryFile /Users/admin/builder/spi-builder-workspace/.derivedData/Build/Intermediates.noindex/LeakedViewControllerDetector.build/Debug-watchos/LeakedViewControllerDetector.build/Objects-normal/arm64/LeakedViewControllerDetector_const_extract_protocols.json (in target 'LeakedViewControllerDetector' from project 'LeakedViewControllerDetector')
    cd /Users/admin/builder/spi-builder-workspace
    write-file /Users/admin/builder/spi-builder-workspace/.derivedData/Build/Intermediates.noindex/LeakedViewControllerDetector.build/Debug-watchos/LeakedViewControllerDetector.build/Objects-normal/arm64/LeakedViewControllerDetector_const_extract_protocols.json
WriteAuxiliaryFile /Users/admin/builder/spi-builder-workspace/.derivedData/Build/Intermediates.noindex/LeakedViewControllerDetector.build/Debug-watchos/LeakedViewControllerDetector.build/Objects-normal/arm64/LeakedViewControllerDetector.SwiftConstValuesFileList (in target 'LeakedViewControllerDetector' from project 'LeakedViewControllerDetector')
    cd /Users/admin/builder/spi-builder-workspace
    write-file /Users/admin/builder/spi-builder-workspace/.derivedData/Build/Intermediates.noindex/LeakedViewControllerDetector.build/Debug-watchos/LeakedViewControllerDetector.build/Objects-normal/arm64/LeakedViewControllerDetector.SwiftConstValuesFileList
WriteAuxiliaryFile /Users/admin/builder/spi-builder-workspace/.derivedData/Build/Intermediates.noindex/LeakedViewControllerDetector.build/Debug-watchos/LeakedViewControllerDetector.build/Objects-normal/arm64/LeakedViewControllerDetector-OutputFileMap.json (in target 'LeakedViewControllerDetector' from project 'LeakedViewControllerDetector')
    cd /Users/admin/builder/spi-builder-workspace
    write-file /Users/admin/builder/spi-builder-workspace/.derivedData/Build/Intermediates.noindex/LeakedViewControllerDetector.build/Debug-watchos/LeakedViewControllerDetector.build/Objects-normal/arm64/LeakedViewControllerDetector-OutputFileMap.json
WriteAuxiliaryFile /Users/admin/builder/spi-builder-workspace/.derivedData/Build/Intermediates.noindex/LeakedViewControllerDetector.build/Debug-watchos/LeakedViewControllerDetector.build/Objects-normal/arm64/LeakedViewControllerDetector.LinkFileList (in target 'LeakedViewControllerDetector' from project 'LeakedViewControllerDetector')
    cd /Users/admin/builder/spi-builder-workspace
    write-file /Users/admin/builder/spi-builder-workspace/.derivedData/Build/Intermediates.noindex/LeakedViewControllerDetector.build/Debug-watchos/LeakedViewControllerDetector.build/Objects-normal/arm64/LeakedViewControllerDetector.LinkFileList
WriteAuxiliaryFile /Users/admin/builder/spi-builder-workspace/.derivedData/Build/Intermediates.noindex/LeakedViewControllerDetector.build/Debug-watchos/LeakedViewControllerDetector.build/LeakedViewControllerDetector.modulemap (in target 'LeakedViewControllerDetector' from project 'LeakedViewControllerDetector')
    cd /Users/admin/builder/spi-builder-workspace
    write-file /Users/admin/builder/spi-builder-workspace/.derivedData/Build/Intermediates.noindex/LeakedViewControllerDetector.build/Debug-watchos/LeakedViewControllerDetector.build/LeakedViewControllerDetector.modulemap
WriteAuxiliaryFile /Users/admin/builder/spi-builder-workspace/.derivedData/Build/Intermediates.noindex/LeakedViewControllerDetector.build/Debug-watchos/LeakedViewControllerDetector.build/LeakedViewControllerDetector.DependencyStaticMetadataFileList (in target 'LeakedViewControllerDetector' from project 'LeakedViewControllerDetector')
    cd /Users/admin/builder/spi-builder-workspace
    write-file /Users/admin/builder/spi-builder-workspace/.derivedData/Build/Intermediates.noindex/LeakedViewControllerDetector.build/Debug-watchos/LeakedViewControllerDetector.build/LeakedViewControllerDetector.DependencyStaticMetadataFileList
WriteAuxiliaryFile /Users/admin/builder/spi-builder-workspace/.derivedData/Build/Intermediates.noindex/LeakedViewControllerDetector.build/Debug-watchos/LeakedViewControllerDetector.build/LeakedViewControllerDetector.DependencyMetadataFileList (in target 'LeakedViewControllerDetector' from project 'LeakedViewControllerDetector')
    cd /Users/admin/builder/spi-builder-workspace
    write-file /Users/admin/builder/spi-builder-workspace/.derivedData/Build/Intermediates.noindex/LeakedViewControllerDetector.build/Debug-watchos/LeakedViewControllerDetector.build/LeakedViewControllerDetector.DependencyMetadataFileList
Copy /Users/admin/builder/spi-builder-workspace/.derivedData/Build/Intermediates.noindex/GeneratedModuleMaps-watchos/LeakedViewControllerDetector.modulemap /Users/admin/builder/spi-builder-workspace/.derivedData/Build/Intermediates.noindex/LeakedViewControllerDetector.build/Debug-watchos/LeakedViewControllerDetector.build/LeakedViewControllerDetector.modulemap (in target 'LeakedViewControllerDetector' from project 'LeakedViewControllerDetector')
    cd /Users/admin/builder/spi-builder-workspace
    builtin-copy -exclude .DS_Store -exclude CVS -exclude .svn -exclude .git -exclude .hg -resolve-src-symlinks /Users/admin/builder/spi-builder-workspace/.derivedData/Build/Intermediates.noindex/LeakedViewControllerDetector.build/Debug-watchos/LeakedViewControllerDetector.build/LeakedViewControllerDetector.modulemap /Users/admin/builder/spi-builder-workspace/.derivedData/Build/Intermediates.noindex/GeneratedModuleMaps-watchos
SwiftDriver LeakedViewControllerDetector normal armv7k com.apple.xcode.tools.swift.compiler (in target 'LeakedViewControllerDetector' from project 'LeakedViewControllerDetector')
    cd /Users/admin/builder/spi-builder-workspace/.swiftpm/xcode
    builtin-SwiftDriver -- /Applications/Xcode-16.3.0.app/Contents/Developer/Toolchains/XcodeDefault.xctoolchain/usr/bin/swiftc -module-name LeakedViewControllerDetector -Onone -enforce-exclusivity\=checked @/Users/admin/builder/spi-builder-workspace/.derivedData/Build/Intermediates.noindex/LeakedViewControllerDetector.build/Debug-watchos/LeakedViewControllerDetector.build/Objects-normal/armv7k/LeakedViewControllerDetector.SwiftFileList -DSWIFT_PACKAGE -DDEBUG -stats-output-dir .stats -plugin-path /Applications/Xcode-16.3.0.app/Contents/Developer/Toolchains/XcodeDefault.xctoolchain/usr/lib/swift/host/plugins/testing -enable-experimental-feature DebugDescriptionMacro -sdk /Applications/Xcode-16.3.0.app/Contents/Developer/Platforms/WatchOS.platform/Developer/SDKs/WatchOS11.4.sdk -target armv7k-apple-watchos6.0 -g -module-cache-path /Users/admin/builder/spi-builder-workspace/.derivedData/ModuleCache.noindex -Xfrontend -serialize-debugging-options -profile-coverage-mapping -profile-generate -enable-testing -index-store-path /Users/admin/builder/spi-builder-workspace/.derivedData/Index.noindex/DataStore -swift-version 6 -I /Users/admin/builder/spi-builder-workspace/.derivedData/Build/Products/Debug-watchos -I /Applications/Xcode-16.3.0.app/Contents/Developer/Platforms/WatchOS.platform/Developer/usr/lib -F /Users/admin/builder/spi-builder-workspace/.derivedData/Build/Products/Debug-watchos -F /Applications/Xcode-16.3.0.app/Contents/Developer/Platforms/WatchOS.platform/Developer/Library/Frameworks -F /Applications/Xcode-16.3.0.app/Contents/Developer/Platforms/WatchOS.platform/Developer/SDKs/WatchOS11.4.sdk/Developer/Library/Frameworks -parse-as-library -c -j10 -enable-batch-mode -incremental -Xcc -ivfsstatcache -Xcc /Users/admin/builder/spi-builder-workspace/.derivedData/SDKStatCaches.noindex/watchos11.4-22T246-43efb940ff07ba2497b70ec94253f576.sdkstatcache -output-file-map /Users/admin/builder/spi-builder-workspace/.derivedData/Build/Intermediates.noindex/LeakedViewControllerDetector.build/Debug-watchos/LeakedViewControllerDetector.build/Objects-normal/armv7k/LeakedViewControllerDetector-OutputFileMap.json -use-frontend-parseable-output -save-temps -no-color-diagnostics -serialize-diagnostics -emit-dependencies -emit-module -emit-module-path /Users/admin/builder/spi-builder-workspace/.derivedData/Build/Intermediates.noindex/LeakedViewControllerDetector.build/Debug-watchos/LeakedViewControllerDetector.build/Objects-normal/armv7k/LeakedViewControllerDetector.swiftmodule -validate-clang-modules-once -clang-build-session-file /Users/admin/builder/spi-builder-workspace/.derivedData/ModuleCache.noindex/Session.modulevalidation -package-name spi_builder_workspace -Xcc -I/Users/admin/builder/spi-builder-workspace/.derivedData/Build/Intermediates.noindex/LeakedViewControllerDetector.build/Debug-watchos/LeakedViewControllerDetector.build/swift-overrides.hmap -emit-const-values -Xfrontend -const-gather-protocols-file -Xfrontend /Users/admin/builder/spi-builder-workspace/.derivedData/Build/Intermediates.noindex/LeakedViewControllerDetector.build/Debug-watchos/LeakedViewControllerDetector.build/Objects-normal/armv7k/LeakedViewControllerDetector_const_extract_protocols.json -Xcc -I/Users/admin/builder/spi-builder-workspace/.derivedData/Build/Products/Debug-watchos/include -Xcc -I/Users/admin/builder/spi-builder-workspace/.derivedData/Build/Intermediates.noindex/LeakedViewControllerDetector.build/Debug-watchos/LeakedViewControllerDetector.build/DerivedSources-normal/armv7k -Xcc -I/Users/admin/builder/spi-builder-workspace/.derivedData/Build/Intermediates.noindex/LeakedViewControllerDetector.build/Debug-watchos/LeakedViewControllerDetector.build/DerivedSources/armv7k -Xcc -I/Users/admin/builder/spi-builder-workspace/.derivedData/Build/Intermediates.noindex/LeakedViewControllerDetector.build/Debug-watchos/LeakedViewControllerDetector.build/DerivedSources -Xcc -DSWIFT_PACKAGE -Xcc -DDEBUG\=1 -emit-objc-header -emit-objc-header-path /Users/admin/builder/spi-builder-workspace/.derivedData/Build/Intermediates.noindex/LeakedViewControllerDetector.build/Debug-watchos/LeakedViewControllerDetector.build/Objects-normal/armv7k/LeakedViewControllerDetector-Swift.h -working-directory /Users/admin/builder/spi-builder-workspace/.swiftpm/xcode -experimental-emit-module-separately -disable-cmo
SwiftDriver LeakedViewControllerDetector normal arm64 com.apple.xcode.tools.swift.compiler (in target 'LeakedViewControllerDetector' from project 'LeakedViewControllerDetector')
    cd /Users/admin/builder/spi-builder-workspace/.swiftpm/xcode
    builtin-SwiftDriver -- /Applications/Xcode-16.3.0.app/Contents/Developer/Toolchains/XcodeDefault.xctoolchain/usr/bin/swiftc -module-name LeakedViewControllerDetector -Onone -enforce-exclusivity\=checked @/Users/admin/builder/spi-builder-workspace/.derivedData/Build/Intermediates.noindex/LeakedViewControllerDetector.build/Debug-watchos/LeakedViewControllerDetector.build/Objects-normal/arm64/LeakedViewControllerDetector.SwiftFileList -DSWIFT_PACKAGE -DDEBUG -stats-output-dir .stats -plugin-path /Applications/Xcode-16.3.0.app/Contents/Developer/Toolchains/XcodeDefault.xctoolchain/usr/lib/swift/host/plugins/testing -enable-experimental-feature DebugDescriptionMacro -sdk /Applications/Xcode-16.3.0.app/Contents/Developer/Platforms/WatchOS.platform/Developer/SDKs/WatchOS11.4.sdk -target arm64-apple-watchos6.0 -g -module-cache-path /Users/admin/builder/spi-builder-workspace/.derivedData/ModuleCache.noindex -Xfrontend -serialize-debugging-options -profile-coverage-mapping -profile-generate -enable-testing -index-store-path /Users/admin/builder/spi-builder-workspace/.derivedData/Index.noindex/DataStore -swift-version 6 -I /Users/admin/builder/spi-builder-workspace/.derivedData/Build/Products/Debug-watchos -I /Applications/Xcode-16.3.0.app/Contents/Developer/Platforms/WatchOS.platform/Developer/usr/lib -F /Users/admin/builder/spi-builder-workspace/.derivedData/Build/Products/Debug-watchos -F /Applications/Xcode-16.3.0.app/Contents/Developer/Platforms/WatchOS.platform/Developer/Library/Frameworks -F /Applications/Xcode-16.3.0.app/Contents/Developer/Platforms/WatchOS.platform/Developer/SDKs/WatchOS11.4.sdk/Developer/Library/Frameworks -parse-as-library -c -j10 -enable-batch-mode -incremental -Xcc -ivfsstatcache -Xcc /Users/admin/builder/spi-builder-workspace/.derivedData/SDKStatCaches.noindex/watchos11.4-22T246-43efb940ff07ba2497b70ec94253f576.sdkstatcache -output-file-map /Users/admin/builder/spi-builder-workspace/.derivedData/Build/Intermediates.noindex/LeakedViewControllerDetector.build/Debug-watchos/LeakedViewControllerDetector.build/Objects-normal/arm64/LeakedViewControllerDetector-OutputFileMap.json -use-frontend-parseable-output -save-temps -no-color-diagnostics -serialize-diagnostics -emit-dependencies -emit-module -emit-module-path /Users/admin/builder/spi-builder-workspace/.derivedData/Build/Intermediates.noindex/LeakedViewControllerDetector.build/Debug-watchos/LeakedViewControllerDetector.build/Objects-normal/arm64/LeakedViewControllerDetector.swiftmodule -validate-clang-modules-once -clang-build-session-file /Users/admin/builder/spi-builder-workspace/.derivedData/ModuleCache.noindex/Session.modulevalidation -package-name spi_builder_workspace -Xcc -I/Users/admin/builder/spi-builder-workspace/.derivedData/Build/Intermediates.noindex/LeakedViewControllerDetector.build/Debug-watchos/LeakedViewControllerDetector.build/swift-overrides.hmap -emit-const-values -Xfrontend -const-gather-protocols-file -Xfrontend /Users/admin/builder/spi-builder-workspace/.derivedData/Build/Intermediates.noindex/LeakedViewControllerDetector.build/Debug-watchos/LeakedViewControllerDetector.build/Objects-normal/arm64/LeakedViewControllerDetector_const_extract_protocols.json -Xcc -I/Users/admin/builder/spi-builder-workspace/.derivedData/Build/Products/Debug-watchos/include -Xcc -I/Users/admin/builder/spi-builder-workspace/.derivedData/Build/Intermediates.noindex/LeakedViewControllerDetector.build/Debug-watchos/LeakedViewControllerDetector.build/DerivedSources-normal/arm64 -Xcc -I/Users/admin/builder/spi-builder-workspace/.derivedData/Build/Intermediates.noindex/LeakedViewControllerDetector.build/Debug-watchos/LeakedViewControllerDetector.build/DerivedSources/arm64 -Xcc -I/Users/admin/builder/spi-builder-workspace/.derivedData/Build/Intermediates.noindex/LeakedViewControllerDetector.build/Debug-watchos/LeakedViewControllerDetector.build/DerivedSources -Xcc -DSWIFT_PACKAGE -Xcc -DDEBUG\=1 -emit-objc-header -emit-objc-header-path /Users/admin/builder/spi-builder-workspace/.derivedData/Build/Intermediates.noindex/LeakedViewControllerDetector.build/Debug-watchos/LeakedViewControllerDetector.build/Objects-normal/arm64/LeakedViewControllerDetector-Swift.h -working-directory /Users/admin/builder/spi-builder-workspace/.swiftpm/xcode -experimental-emit-module-separately -disable-cmo
SwiftDriver LeakedViewControllerDetector normal arm64_32 com.apple.xcode.tools.swift.compiler (in target 'LeakedViewControllerDetector' from project 'LeakedViewControllerDetector')
    cd /Users/admin/builder/spi-builder-workspace/.swiftpm/xcode
    builtin-SwiftDriver -- /Applications/Xcode-16.3.0.app/Contents/Developer/Toolchains/XcodeDefault.xctoolchain/usr/bin/swiftc -module-name LeakedViewControllerDetector -Onone -enforce-exclusivity\=checked @/Users/admin/builder/spi-builder-workspace/.derivedData/Build/Intermediates.noindex/LeakedViewControllerDetector.build/Debug-watchos/LeakedViewControllerDetector.build/Objects-normal/arm64_32/LeakedViewControllerDetector.SwiftFileList -DSWIFT_PACKAGE -DDEBUG -stats-output-dir .stats -plugin-path /Applications/Xcode-16.3.0.app/Contents/Developer/Toolchains/XcodeDefault.xctoolchain/usr/lib/swift/host/plugins/testing -enable-experimental-feature DebugDescriptionMacro -sdk /Applications/Xcode-16.3.0.app/Contents/Developer/Platforms/WatchOS.platform/Developer/SDKs/WatchOS11.4.sdk -target arm64_32-apple-watchos6.0 -g -module-cache-path /Users/admin/builder/spi-builder-workspace/.derivedData/ModuleCache.noindex -Xfrontend -serialize-debugging-options -profile-coverage-mapping -profile-generate -enable-testing -index-store-path /Users/admin/builder/spi-builder-workspace/.derivedData/Index.noindex/DataStore -swift-version 6 -I /Users/admin/builder/spi-builder-workspace/.derivedData/Build/Products/Debug-watchos -I /Applications/Xcode-16.3.0.app/Contents/Developer/Platforms/WatchOS.platform/Developer/usr/lib -F /Users/admin/builder/spi-builder-workspace/.derivedData/Build/Products/Debug-watchos -F /Applications/Xcode-16.3.0.app/Contents/Developer/Platforms/WatchOS.platform/Developer/Library/Frameworks -F /Applications/Xcode-16.3.0.app/Contents/Developer/Platforms/WatchOS.platform/Developer/SDKs/WatchOS11.4.sdk/Developer/Library/Frameworks -parse-as-library -c -j10 -enable-batch-mode -incremental -Xcc -ivfsstatcache -Xcc /Users/admin/builder/spi-builder-workspace/.derivedData/SDKStatCaches.noindex/watchos11.4-22T246-43efb940ff07ba2497b70ec94253f576.sdkstatcache -output-file-map /Users/admin/builder/spi-builder-workspace/.derivedData/Build/Intermediates.noindex/LeakedViewControllerDetector.build/Debug-watchos/LeakedViewControllerDetector.build/Objects-normal/arm64_32/LeakedViewControllerDetector-OutputFileMap.json -use-frontend-parseable-output -save-temps -no-color-diagnostics -serialize-diagnostics -emit-dependencies -emit-module -emit-module-path /Users/admin/builder/spi-builder-workspace/.derivedData/Build/Intermediates.noindex/LeakedViewControllerDetector.build/Debug-watchos/LeakedViewControllerDetector.build/Objects-normal/arm64_32/LeakedViewControllerDetector.swiftmodule -validate-clang-modules-once -clang-build-session-file /Users/admin/builder/spi-builder-workspace/.derivedData/ModuleCache.noindex/Session.modulevalidation -package-name spi_builder_workspace -Xcc -I/Users/admin/builder/spi-builder-workspace/.derivedData/Build/Intermediates.noindex/LeakedViewControllerDetector.build/Debug-watchos/LeakedViewControllerDetector.build/swift-overrides.hmap -emit-const-values -Xfrontend -const-gather-protocols-file -Xfrontend /Users/admin/builder/spi-builder-workspace/.derivedData/Build/Intermediates.noindex/LeakedViewControllerDetector.build/Debug-watchos/LeakedViewControllerDetector.build/Objects-normal/arm64_32/LeakedViewControllerDetector_const_extract_protocols.json -Xcc -I/Users/admin/builder/spi-builder-workspace/.derivedData/Build/Products/Debug-watchos/include -Xcc -I/Users/admin/builder/spi-builder-workspace/.derivedData/Build/Intermediates.noindex/LeakedViewControllerDetector.build/Debug-watchos/LeakedViewControllerDetector.build/DerivedSources-normal/arm64_32 -Xcc -I/Users/admin/builder/spi-builder-workspace/.derivedData/Build/Intermediates.noindex/LeakedViewControllerDetector.build/Debug-watchos/LeakedViewControllerDetector.build/DerivedSources/arm64_32 -Xcc -I/Users/admin/builder/spi-builder-workspace/.derivedData/Build/Intermediates.noindex/LeakedViewControllerDetector.build/Debug-watchos/LeakedViewControllerDetector.build/DerivedSources -Xcc -DSWIFT_PACKAGE -Xcc -DDEBUG\=1 -emit-objc-header -emit-objc-header-path /Users/admin/builder/spi-builder-workspace/.derivedData/Build/Intermediates.noindex/LeakedViewControllerDetector.build/Debug-watchos/LeakedViewControllerDetector.build/Objects-normal/arm64_32/LeakedViewControllerDetector-Swift.h -working-directory /Users/admin/builder/spi-builder-workspace/.swiftpm/xcode -experimental-emit-module-separately -disable-cmo
SwiftEmitModule normal arm64 Emitting\ module\ for\ LeakedViewControllerDetector (in target 'LeakedViewControllerDetector' from project 'LeakedViewControllerDetector')
SwiftCompile normal arm64 /Users/admin/builder/spi-builder-workspace/Sources/LeakedViewControllerDetector/LeakedViewControllerDetector.swift (in target 'LeakedViewControllerDetector' from project 'LeakedViewControllerDetector')
    cd /Users/admin/builder/spi-builder-workspace/.swiftpm/xcode

/Users/admin/builder/spi-builder-workspace/Sources/LeakedViewControllerDetector/LeakedViewControllerDetector.swift:19:51: error: cannot find type 'UIViewController' in scope
    fileprivate static var callback: (@MainActor (UIViewController?, UIView?, String) -> Action)?
                                                  ^~~~~~~~~~~~~~~~
/Users/admin/builder/spi-builder-workspace/Sources/LeakedViewControllerDetector/LeakedViewControllerDetector.swift:21:43: error: cannot find type 'UIWindow' in scope
    fileprivate static var warningWindow: UIWindow?
                                          ^~~~~~~~
/Users/admin/builder/spi-builder-workspace/Sources/LeakedViewControllerDetector/LeakedViewControllerDetector.swift:32:41: error: cannot find type 'UIViewController' in scope
        callback: @escaping @MainActor (UIViewController?, UIView?, String) -> Action
                                        ^~~~~~~~~~~~~~~~
/Users/admin/builder/spi-builder-workspace/Sources/LeakedViewControllerDetector/LeakedViewControllerDetector.swift:91:18: error: 'UIView' is unavailable: This Objective-C class has only been forward-declared; import its owning module to use it
public extension UIView {
                 ^~~~~~
UIKit.UIView:2:14: note: 'UIView' has been explicitly marked unavailable here
public class UIView {
             ^
/Users/admin/builder/spi-builder-workspace/Sources/LeakedViewControllerDetector/LeakedViewControllerDetector.swift:365:43: error: 'UIView' is unavailable: This Objective-C class has only been forward-declared; import its owning module to use it
    func iterateTopSubviews(onViewFound: (UIView) -> Void) {
                                          ^~~~~~
UIKit.UIView:2:14: note: 'UIView' has been explicitly marked unavailable here
public class UIView {
             ^
/Users/admin/builder/spi-builder-workspace/Sources/LeakedViewControllerDetector/LeakedViewControllerDetector.swift:379:82: error: 'UIView' is unavailable: This Objective-C class has only been forward-declared; import its owning module to use it
    func iterateSubviews(maxLevel: UInt = UInt.max, level: UInt = 0, onSubview: (UIView, UInt) -> (Bool)) {
                                                                                 ^~~~~~
UIKit.UIView:2:14: note: 'UIView' has been explicitly marked unavailable here
public class UIView {
             ^
/Users/admin/builder/spi-builder-workspace/Sources/LeakedViewControllerDetector/LeakedViewControllerDetector.swift:390:19: error: 'UIView' is unavailable: This Objective-C class has only been forward-declared; import its owning module to use it
    var rootView: UIView {
                  ^~~~~~
UIKit.UIView:2:14: note: 'UIView' has been explicitly marked unavailable here
public class UIView {
             ^
/Users/admin/builder/spi-builder-workspace/Sources/LeakedViewControllerDetector/LeakedViewControllerDetector.swift:394:30: error: cannot find type 'UIViewController' in scope
    var firstViewController: UIViewController? {
                             ^~~~~~~~~~~~~~~~
/Users/admin/builder/spi-builder-workspace/Sources/LeakedViewControllerDetector/LeakedViewControllerDetector.swift:115:19: error: 'UIView' is unavailable: This Objective-C class has only been forward-declared; import its owning module to use it
private extension UIView {
                  ^~~~~~
UIKit.UIView:2:14: note: 'UIView' has been explicitly marked unavailable here
public class UIView {
             ^
/Users/admin/builder/spi-builder-workspace/Sources/LeakedViewControllerDetector/LeakedViewControllerDetector.swift:399:19: error: cannot find type 'UIViewController' in scope
private extension UIViewController {
                  ^~~~~~~~~~~~~~~~
/Users/admin/builder/spi-builder-workspace/Sources/LeakedViewControllerDetector/LeakedViewControllerDetector.swift:1032:21: error: 'UIView' is unavailable: This Objective-C class has only been forward-declared; import its owning module to use it
    var strongView: UIView?
                    ^~~~~~
UIKit.UIView:2:14: note: 'UIView' has been explicitly marked unavailable here
public class UIView {
             ^
/Users/admin/builder/spi-builder-workspace/Sources/LeakedViewControllerDetector/LeakedViewControllerDetector.swift:1035:20: error: 'UIView' is unavailable: This Objective-C class has only been forward-declared; import its owning module to use it
    var subviews: [UIView]?
                   ^~~~~~
UIKit.UIView:2:14: note: 'UIView' has been explicitly marked unavailable here
public class UIView {
             ^
/Users/admin/builder/spi-builder-workspace/Sources/LeakedViewControllerDetector/LeakedViewControllerDetector.swift:1039:37: error: value of type 'UIView' has no member 'layer'
        subviewObserver = weakView?.layer.observe(\.sublayers, options: [.old, .new]) { [weak self] _, _ in
                          ~~~~~~~~~ ^~~~~
/Applications/Xcode-16.3.0.app/Contents/Developer/Platforms/WatchOS.platform/Developer/SDKs/WatchOS11.4.sdk/System/Library/Frameworks/UIKit.framework/Headers/NSTextAttachment.h:23:1: note: class 'UIView' will be imported as an opaque placeholder class and may be missing members; import the definition to access the complete interface
@class UIView;
^
/Applications/Xcode-16.3.0.app/Contents/Developer/Platforms/WatchOS.platform/Developer/SDKs/WatchOS11.4.sdk/System/Library/Frameworks/UIKit.framework/Headers/NSTextAttachment.h:23:1: note: interface 'UIView' forward declared here
@class UIView;
^
/Users/admin/builder/spi-builder-workspace/Sources/LeakedViewControllerDetector/LeakedViewControllerDetector.swift:1039:51: error: cannot infer key path type from context; consider explicitly specifying a root type
        subviewObserver = weakView?.layer.observe(\.sublayers, options: [.old, .new]) { [weak self] _, _ in
                                                  ^
                                                   <#Root#>
/Users/admin/builder/spi-builder-workspace/Sources/LeakedViewControllerDetector/LeakedViewControllerDetector.swift:1039:101: error: cannot infer type of closure parameter '_' without a type annotation
        subviewObserver = weakView?.layer.observe(\.sublayers, options: [.old, .new]) { [weak self] _, _ in
                                                                                                    ^
/Users/admin/builder/spi-builder-workspace/Sources/LeakedViewControllerDetector/LeakedViewControllerDetector.swift:1039:104: error: cannot infer type of closure parameter '_' without a type annotation
        subviewObserver = weakView?.layer.observe(\.sublayers, options: [.old, .new]) { [weak self] _, _ in
                                                                                                       ^
/Users/admin/builder/spi-builder-workspace/Sources/LeakedViewControllerDetector/LeakedViewControllerDetector.swift:1039:81: error: reference to member 'new' cannot be resolved without a contextual type
        subviewObserver = weakView?.layer.observe(\.sublayers, options: [.old, .new]) { [weak self] _, _ in
                                                                                ^
/Users/admin/builder/spi-builder-workspace/Sources/LeakedViewControllerDetector/LeakedViewControllerDetector.swift:1039:75: error: reference to member 'old' cannot be resolved without a contextual type
        subviewObserver = weakView?.layer.observe(\.sublayers, options: [.old, .new]) { [weak self] _, _ in
                                                                          ^
/Users/admin/builder/spi-builder-workspace/Sources/LeakedViewControllerDetector/LeakedViewControllerDetector.swift:1042:43: error: value of type 'UIView' has no member 'subviews'
                    self?.subviews = view.subviews
                                     ~~~~ ^~~~~~~~
/Applications/Xcode-16.3.0.app/Contents/Developer/Platforms/WatchOS.platform/Developer/SDKs/WatchOS11.4.sdk/System/Library/Frameworks/UIKit.framework/Headers/NSTextAttachment.h:23:1: note: class 'UIView' will be imported as an opaque placeholder class and may be missing members; import the definition to access the complete interface
@class UIView;
^
/Applications/Xcode-16.3.0.app/Contents/Developer/Platforms/WatchOS.platform/Developer/SDKs/WatchOS11.4.sdk/System/Library/Frameworks/UIKit.framework/Headers/NSTextAttachment.h:23:1: note: interface 'UIView' forward declared here
@class UIView;
^
/Users/admin/builder/spi-builder-workspace/Sources/LeakedViewControllerDetector/LeakedViewControllerDetector.swift:1037:24: error: 'UIView' is unavailable: This Objective-C class has only been forward-declared; import its owning module to use it
    weak var weakView: UIView? { didSet {
                       ^~~~~~
UIKit.UIView:2:14: note: 'UIView' has been explicitly marked unavailable here
public class UIView {
             ^
/Users/admin/builder/spi-builder-workspace/Sources/LeakedViewControllerDetector/LeakedViewControllerDetector.swift:1050:18: error: 'UIView' is unavailable: This Objective-C class has only been forward-declared; import its owning module to use it
    init(_ view: UIView? = nil) {
                 ^~~~~~
UIKit.UIView:2:14: note: 'UIView' has been explicitly marked unavailable here
public class UIView {
             ^
/Users/admin/builder/spi-builder-workspace/Sources/LeakedViewControllerDetector/LeakedViewControllerDetector.swift:1089:19: error: cannot find type 'UIResponder' in scope
private extension UIResponder {
                  ^~~~~~~~~~~
/Users/admin/builder/spi-builder-workspace/Sources/LeakedViewControllerDetector/LeakedViewControllerDetector.swift:1095:19: error: cannot find type 'UIApplication' in scope
private extension UIApplication {
                  ^~~~~~~~~~~~~
Failed frontend command:
/Applications/Xcode-16.3.0.app/Contents/Developer/Toolchains/XcodeDefault.xctoolchain/usr/bin/swift-frontend -frontend -emit-module -experimental-skip-non-inlinable-function-bodies-without-types /Users/admin/builder/spi-builder-workspace/Sources/LeakedViewControllerDetector/LeakedViewControllerDetector.swift -target arm64-apple-watchos6.0 -Xllvm -aarch64-use-tbi -enable-objc-interop -stack-check -sdk /Applications/Xcode-16.3.0.app/Contents/Developer/Platforms/WatchOS.platform/Developer/SDKs/WatchOS11.4.sdk -I /Users/admin/builder/spi-builder-workspace/.derivedData/Build/Products/Debug-watchos -I /Applications/Xcode-16.3.0.app/Contents/Developer/Platforms/WatchOS.platform/Developer/usr/lib -F /Users/admin/builder/spi-builder-workspace/.derivedData/Build/Products/Debug-watchos -F /Applications/Xcode-16.3.0.app/Contents/Developer/Platforms/WatchOS.platform/Developer/Library/Frameworks -F /Applications/Xcode-16.3.0.app/Contents/Developer/Platforms/WatchOS.platform/Developer/SDKs/WatchOS11.4.sdk/Developer/Library/Frameworks -no-color-diagnostics -enable-testing -g -debug-info-format\=dwarf -dwarf-version\=4 -module-cache-path /Users/admin/builder/spi-builder-workspace/.derivedData/ModuleCache.noindex -profile-generate -profile-coverage-mapping -swift-version 6 -enforce-exclusivity\=checked -stats-output-dir /Users/admin/builder/spi-builder-workspace/.swiftpm/xcode/.stats -Onone -D SWIFT_PACKAGE -D DEBUG -serialize-debugging-options -const-gather-protocols-file /Users/admin/builder/spi-builder-workspace/.derivedData/Build/Intermediates.noindex/LeakedViewControllerDetector.build/Debug-watchos/LeakedViewControllerDetector.build/Objects-normal/arm64/LeakedViewControllerDetector_const_extract_protocols.json -enable-experimental-feature DebugDescriptionMacro -empty-abi-descriptor -plugin-path /Applications/Xcode-16.3.0.app/Contents/Developer/Toolchains/XcodeDefault.xctoolchain/usr/lib/swift/host/plugins/testing -validate-clang-modules-once -clang-build-session-file /Users/admin/builder/spi-builder-workspace/.derivedData/ModuleCache.noindex/Session.modulevalidation -Xcc -working-directory -Xcc /Users/admin/builder/spi-builder-workspace/.swiftpm/xcode -resource-dir /Applications/Xcode-16.3.0.app/Contents/Developer/Toolchains/XcodeDefault.xctoolchain/usr/lib/swift -enable-anonymous-context-mangled-names -file-compilation-dir /Users/admin/builder/spi-builder-workspace/.swiftpm/xcode -Xcc -ivfsstatcache -Xcc /Users/admin/builder/spi-builder-workspace/.derivedData/SDKStatCaches.noindex/watchos11.4-22T246-43efb940ff07ba2497b70ec94253f576.sdkstatcache -Xcc -I/Users/admin/builder/spi-builder-workspace/.derivedData/Build/Intermediates.noindex/LeakedViewControllerDetector.build/Debug-watchos/LeakedViewControllerDetector.build/swift-overrides.hmap -Xcc -I/Users/admin/builder/spi-builder-workspace/.derivedData/Build/Products/Debug-watchos/include -Xcc -I/Users/admin/builder/spi-builder-workspace/.derivedData/Build/Intermediates.noindex/LeakedViewControllerDetector.build/Debug-watchos/LeakedViewControllerDetector.build/DerivedSources-normal/arm64 -Xcc -I/Users/admin/builder/spi-builder-workspace/.derivedData/Build/Intermediates.noindex/LeakedViewControllerDetector.build/Debug-watchos/LeakedViewControllerDetector.build/DerivedSources/arm64 -Xcc -I/Users/admin/builder/spi-builder-workspace/.derivedData/Build/Intermediates.noindex/LeakedViewControllerDetector.build/Debug-watchos/LeakedViewControllerDetector.build/DerivedSources -Xcc -DSWIFT_PACKAGE -Xcc -DDEBUG\=1 -module-name LeakedViewControllerDetector -package-name spi_builder_workspace -frontend-parseable-output -disable-clang-spi -target-sdk-version 11.4 -target-sdk-name watchos11.4 -external-plugin-path /Applications/Xcode-16.3.0.app/Contents/Developer/Platforms/WatchOS.platform/Developer/usr/lib/swift/host/plugins\#/Applications/Xcode-16.3.0.app/Contents/Developer/Platforms/WatchOS.platform/Developer/usr/bin/swift-plugin-server -external-plugin-path /Applications/Xcode-16.3.0.app/Contents/Developer/Platforms/WatchOS.platform/Developer/usr/local/lib/swift/host/plugins\#/Applications/Xcode-16.3.0.app/Contents/Developer/Platforms/WatchOS.platform/Developer/usr/bin/swift-plugin-server -in-process-plugin-server-path /Applications/Xcode-16.3.0.app/Contents/Developer/Toolchains/XcodeDefault.xctoolchain/usr/lib/swift/host/libSwiftInProcPluginServer.dylib -plugin-path /Applications/Xcode-16.3.0.app/Contents/Developer/Toolchains/XcodeDefault.xctoolchain/usr/lib/swift/host/plugins -plugin-path /Applications/Xcode-16.3.0.app/Contents/Developer/Toolchains/XcodeDefault.xctoolchain/usr/local/lib/swift/host/plugins -emit-module-doc-path /Users/admin/builder/spi-builder-workspace/.derivedData/Build/Intermediates.noindex/LeakedViewControllerDetector.build/Debug-watchos/LeakedViewControllerDetector.build/Objects-normal/arm64/LeakedViewControllerDetector.swiftdoc -emit-module-source-info-path /Users/admin/builder/spi-builder-workspace/.derivedData/Build/Intermediates.noindex/LeakedViewControllerDetector.build/Debug-watchos/LeakedViewControllerDetector.build/Objects-normal/arm64/LeakedViewControllerDetector.swiftsourceinfo -emit-objc-header-path /Users/admin/builder/spi-builder-workspace/.derivedData/Build/Intermediates.noindex/LeakedViewControllerDetector.build/Debug-watchos/LeakedViewControllerDetector.build/Objects-normal/arm64/LeakedViewControllerDetector-Swift.h -serialize-diagnostics-path /Users/admin/builder/spi-builder-workspace/.derivedData/Build/Intermediates.noindex/LeakedViewControllerDetector.build/Debug-watchos/LeakedViewControllerDetector.build/Objects-normal/arm64/LeakedViewControllerDetector-master-emit-module.dia -emit-dependencies-path /Users/admin/builder/spi-builder-workspace/.derivedData/Build/Intermediates.noindex/LeakedViewControllerDetector.build/Debug-watchos/LeakedViewControllerDetector.build/Objects-normal/arm64/LeakedViewControllerDetector-master-emit-module.d -parse-as-library -o /Users/admin/builder/spi-builder-workspace/.derivedData/Build/Intermediates.noindex/LeakedViewControllerDetector.build/Debug-watchos/LeakedViewControllerDetector.build/Objects-normal/arm64/LeakedViewControllerDetector.swiftmodule -emit-abi-descriptor-path /Users/admin/builder/spi-builder-workspace/.derivedData/Build/Intermediates.noindex/LeakedViewControllerDetector.build/Debug-watchos/LeakedViewControllerDetector.build/Objects-normal/arm64/LeakedViewControllerDetector.abi.json
SwiftEmitModule normal arm64_32 Emitting\ module\ for\ LeakedViewControllerDetector (in target 'LeakedViewControllerDetector' from project 'LeakedViewControllerDetector')
Failed frontend command:
/Applications/Xcode-16.3.0.app/Contents/Developer/Toolchains/XcodeDefault.xctoolchain/usr/bin/swift-frontend -frontend -emit-module -experimental-skip-non-inlinable-function-bodies-without-types /Users/admin/builder/spi-builder-workspace/Sources/LeakedViewControllerDetector/LeakedViewControllerDetector.swift -target arm64_32-apple-watchos6.0 -enable-objc-interop -sdk /Applications/Xcode-16.3.0.app/Contents/Developer/Platforms/WatchOS.platform/Developer/SDKs/WatchOS11.4.sdk -I /Users/admin/builder/spi-builder-workspace/.derivedData/Build/Products/Debug-watchos -I /Applications/Xcode-16.3.0.app/Contents/Developer/Platforms/WatchOS.platform/Developer/usr/lib -F /Users/admin/builder/spi-builder-workspace/.derivedData/Build/Products/Debug-watchos -F /Applications/Xcode-16.3.0.app/Contents/Developer/Platforms/WatchOS.platform/Developer/Library/Frameworks -F /Applications/Xcode-16.3.0.app/Contents/Developer/Platforms/WatchOS.platform/Developer/SDKs/WatchOS11.4.sdk/Developer/Library/Frameworks -no-color-diagnostics -enable-testing -g -debug-info-format\=dwarf -dwarf-version\=4 -module-cache-path /Users/admin/builder/spi-builder-workspace/.derivedData/ModuleCache.noindex -profile-generate -profile-coverage-mapping -swift-version 6 -enforce-exclusivity\=checked -stats-output-dir /Users/admin/builder/spi-builder-workspace/.swiftpm/xcode/.stats -Onone -D SWIFT_PACKAGE -D DEBUG -serialize-debugging-options -const-gather-protocols-file /Users/admin/builder/spi-builder-workspace/.derivedData/Build/Intermediates.noindex/LeakedViewControllerDetector.build/Debug-watchos/LeakedViewControllerDetector.build/Objects-normal/arm64_32/LeakedViewControllerDetector_const_extract_protocols.json -enable-experimental-feature DebugDescriptionMacro -empty-abi-descriptor -plugin-path /Applications/Xcode-16.3.0.app/Contents/Developer/Toolchains/XcodeDefault.xctoolchain/usr/lib/swift/host/plugins/testing -validate-clang-modules-once -clang-build-session-file /Users/admin/builder/spi-builder-workspace/.derivedData/ModuleCache.noindex/Session.modulevalidation -Xcc -working-directory -Xcc /Users/admin/builder/spi-builder-workspace/.swiftpm/xcode -resource-dir /Applications/Xcode-16.3.0.app/Contents/Developer/Toolchains/XcodeDefault.xctoolchain/usr/lib/swift -enable-anonymous-context-mangled-names -file-compilation-dir /Users/admin/builder/spi-builder-workspace/.swiftpm/xcode -Xcc -ivfsstatcache -Xcc /Users/admin/builder/spi-builder-workspace/.derivedData/SDKStatCaches.noindex/watchos11.4-22T246-43efb940ff07ba2497b70ec94253f576.sdkstatcache -Xcc -I/Users/admin/builder/spi-builder-workspace/.derivedData/Build/Intermediates.noindex/LeakedViewControllerDetector.build/Debug-watchos/LeakedViewControllerDetector.build/swift-overrides.hmap -Xcc -I/Users/admin/builder/spi-builder-workspace/.derivedData/Build/Products/Debug-watchos/include -Xcc -I/Users/admin/builder/spi-builder-workspace/.derivedData/Build/Intermediates.noindex/LeakedViewControllerDetector.build/Debug-watchos/LeakedViewControllerDetector.build/DerivedSources-normal/arm64_32 -Xcc -I/Users/admin/builder/spi-builder-workspace/.derivedData/Build/Intermediates.noindex/LeakedViewControllerDetector.build/Debug-watchos/LeakedViewControllerDetector.build/DerivedSources/arm64_32 -Xcc -I/Users/admin/builder/spi-builder-workspace/.derivedData/Build/Intermediates.noindex/LeakedViewControllerDetector.build/Debug-watchos/LeakedViewControllerDetector.build/DerivedSources -Xcc -DSWIFT_PACKAGE -Xcc -DDEBUG\=1 -module-name LeakedViewControllerDetector -package-name spi_builder_workspace -frontend-parseable-output -disable-clang-spi -target-sdk-version 11.4 -target-sdk-name watchos11.4 -external-plugin-path /Applications/Xcode-16.3.0.app/Contents/Developer/Platforms/WatchOS.platform/Developer/usr/lib/swift/host/plugins\#/Applications/Xcode-16.3.0.app/Contents/Developer/Platforms/WatchOS.platform/Developer/usr/bin/swift-plugin-server -external-plugin-path /Applications/Xcode-16.3.0.app/Contents/Developer/Platforms/WatchOS.platform/Developer/usr/local/lib/swift/host/plugins\#/Applications/Xcode-16.3.0.app/Contents/Developer/Platforms/WatchOS.platform/Developer/usr/bin/swift-plugin-server -in-process-plugin-server-path /Applications/Xcode-16.3.0.app/Contents/Developer/Toolchains/XcodeDefault.xctoolchain/usr/lib/swift/host/libSwiftInProcPluginServer.dylib -plugin-path /Applications/Xcode-16.3.0.app/Contents/Developer/Toolchains/XcodeDefault.xctoolchain/usr/lib/swift/host/plugins -plugin-path /Applications/Xcode-16.3.0.app/Contents/Developer/Toolchains/XcodeDefault.xctoolchain/usr/local/lib/swift/host/plugins -emit-module-doc-path /Users/admin/builder/spi-builder-workspace/.derivedData/Build/Intermediates.noindex/LeakedViewControllerDetector.build/Debug-watchos/LeakedViewControllerDetector.build/Objects-normal/arm64_32/LeakedViewControllerDetector.swiftdoc -emit-module-source-info-path /Users/admin/builder/spi-builder-workspace/.derivedData/Build/Intermediates.noindex/LeakedViewControllerDetector.build/Debug-watchos/LeakedViewControllerDetector.build/Objects-normal/arm64_32/LeakedViewControllerDetector.swiftsourceinfo -emit-objc-header-path /Users/admin/builder/spi-builder-workspace/.derivedData/Build/Intermediates.noindex/LeakedViewControllerDetector.build/Debug-watchos/LeakedViewControllerDetector.build/Objects-normal/arm64_32/LeakedViewControllerDetector-Swift.h -serialize-diagnostics-path /Users/admin/builder/spi-builder-workspace/.derivedData/Build/Intermediates.noindex/LeakedViewControllerDetector.build/Debug-watchos/LeakedViewControllerDetector.build/Objects-normal/arm64_32/LeakedViewControllerDetector-master-emit-module.dia -emit-dependencies-path /Users/admin/builder/spi-builder-workspace/.derivedData/Build/Intermediates.noindex/LeakedViewControllerDetector.build/Debug-watchos/LeakedViewControllerDetector.build/Objects-normal/arm64_32/LeakedViewControllerDetector-master-emit-module.d -parse-as-library -o /Users/admin/builder/spi-builder-workspace/.derivedData/Build/Intermediates.noindex/LeakedViewControllerDetector.build/Debug-watchos/LeakedViewControllerDetector.build/Objects-normal/arm64_32/LeakedViewControllerDetector.swiftmodule -emit-abi-descriptor-path /Users/admin/builder/spi-builder-workspace/.derivedData/Build/Intermediates.noindex/LeakedViewControllerDetector.build/Debug-watchos/LeakedViewControllerDetector.build/Objects-normal/arm64_32/LeakedViewControllerDetector.abi.json
SwiftCompile normal arm64_32 /Users/admin/builder/spi-builder-workspace/Sources/LeakedViewControllerDetector/LeakedViewControllerDetector.swift (in target 'LeakedViewControllerDetector' from project 'LeakedViewControllerDetector')
    cd /Users/admin/builder/spi-builder-workspace/.swiftpm/xcode

/Users/admin/builder/spi-builder-workspace/Sources/LeakedViewControllerDetector/LeakedViewControllerDetector.swift:19:51: error: cannot find type 'UIViewController' in scope
    fileprivate static var callback: (@MainActor (UIViewController?, UIView?, String) -> Action)?
                                                  ^~~~~~~~~~~~~~~~
/Users/admin/builder/spi-builder-workspace/Sources/LeakedViewControllerDetector/LeakedViewControllerDetector.swift:21:43: error: cannot find type 'UIWindow' in scope
    fileprivate static var warningWindow: UIWindow?
                                          ^~~~~~~~
/Users/admin/builder/spi-builder-workspace/Sources/LeakedViewControllerDetector/LeakedViewControllerDetector.swift:32:41: error: cannot find type 'UIViewController' in scope
        callback: @escaping @MainActor (UIViewController?, UIView?, String) -> Action
                                        ^~~~~~~~~~~~~~~~
/Users/admin/builder/spi-builder-workspace/Sources/LeakedViewControllerDetector/LeakedViewControllerDetector.swift:91:18: error: 'UIView' is unavailable: This Objective-C class has only been forward-declared; import its owning module to use it
public extension UIView {
                 ^~~~~~
UIKit.UIView:2:14: note: 'UIView' has been explicitly marked unavailable here
public class UIView {
             ^
/Users/admin/builder/spi-builder-workspace/Sources/LeakedViewControllerDetector/LeakedViewControllerDetector.swift:365:43: error: 'UIView' is unavailable: This Objective-C class has only been forward-declared; import its owning module to use it
    func iterateTopSubviews(onViewFound: (UIView) -> Void) {
                                          ^~~~~~
UIKit.UIView:2:14: note: 'UIView' has been explicitly marked unavailable here
public class UIView {
             ^
/Users/admin/builder/spi-builder-workspace/Sources/LeakedViewControllerDetector/LeakedViewControllerDetector.swift:379:82: error: 'UIView' is unavailable: This Objective-C class has only been forward-declared; import its owning module to use it
    func iterateSubviews(maxLevel: UInt = UInt.max, level: UInt = 0, onSubview: (UIView, UInt) -> (Bool)) {
                                                                                 ^~~~~~
UIKit.UIView:2:14: note: 'UIView' has been explicitly marked unavailable here
public class UIView {
             ^
/Users/admin/builder/spi-builder-workspace/Sources/LeakedViewControllerDetector/LeakedViewControllerDetector.swift:390:19: error: 'UIView' is unavailable: This Objective-C class has only been forward-declared; import its owning module to use it
    var rootView: UIView {
                  ^~~~~~
UIKit.UIView:2:14: note: 'UIView' has been explicitly marked unavailable here
public class UIView {
             ^
/Users/admin/builder/spi-builder-workspace/Sources/LeakedViewControllerDetector/LeakedViewControllerDetector.swift:394:30: error: cannot find type 'UIViewController' in scope
    var firstViewController: UIViewController? {
                             ^~~~~~~~~~~~~~~~
/Users/admin/builder/spi-builder-workspace/Sources/LeakedViewControllerDetector/LeakedViewControllerDetector.swift:115:19: error: 'UIView' is unavailable: This Objective-C class has only been forward-declared; import its owning module to use it
private extension UIView {
                  ^~~~~~
UIKit.UIView:2:14: note: 'UIView' has been explicitly marked unavailable here
public class UIView {
             ^
/Users/admin/builder/spi-builder-workspace/Sources/LeakedViewControllerDetector/LeakedViewControllerDetector.swift:399:19: error: cannot find type 'UIViewController' in scope
private extension UIViewController {
                  ^~~~~~~~~~~~~~~~
/Users/admin/builder/spi-builder-workspace/Sources/LeakedViewControllerDetector/LeakedViewControllerDetector.swift:1032:21: error: 'UIView' is unavailable: This Objective-C class has only been forward-declared; import its owning module to use it
    var strongView: UIView?
                    ^~~~~~
UIKit.UIView:2:14: note: 'UIView' has been explicitly marked unavailable here
public class UIView {
             ^
/Users/admin/builder/spi-builder-workspace/Sources/LeakedViewControllerDetector/LeakedViewControllerDetector.swift:1035:20: error: 'UIView' is unavailable: This Objective-C class has only been forward-declared; import its owning module to use it
    var subviews: [UIView]?
                   ^~~~~~
UIKit.UIView:2:14: note: 'UIView' has been explicitly marked unavailable here
public class UIView {
             ^
/Users/admin/builder/spi-builder-workspace/Sources/LeakedViewControllerDetector/LeakedViewControllerDetector.swift:1039:37: error: value of type 'UIView' has no member 'layer'
        subviewObserver = weakView?.layer.observe(\.sublayers, options: [.old, .new]) { [weak self] _, _ in
                          ~~~~~~~~~ ^~~~~
/Applications/Xcode-16.3.0.app/Contents/Developer/Platforms/WatchOS.platform/Developer/SDKs/WatchOS11.4.sdk/System/Library/Frameworks/UIKit.framework/Headers/NSTextAttachment.h:23:1: note: class 'UIView' will be imported as an opaque placeholder class and may be missing members; import the definition to access the complete interface
@class UIView;
^
/Applications/Xcode-16.3.0.app/Contents/Developer/Platforms/WatchOS.platform/Developer/SDKs/WatchOS11.4.sdk/System/Library/Frameworks/UIKit.framework/Headers/NSTextAttachment.h:23:1: note: interface 'UIView' forward declared here
@class UIView;
^
/Users/admin/builder/spi-builder-workspace/Sources/LeakedViewControllerDetector/LeakedViewControllerDetector.swift:1039:51: error: cannot infer key path type from context; consider explicitly specifying a root type
        subviewObserver = weakView?.layer.observe(\.sublayers, options: [.old, .new]) { [weak self] _, _ in
                                                  ^
                                                   <#Root#>
/Users/admin/builder/spi-builder-workspace/Sources/LeakedViewControllerDetector/LeakedViewControllerDetector.swift:1039:101: error: cannot infer type of closure parameter '_' without a type annotation
        subviewObserver = weakView?.layer.observe(\.sublayers, options: [.old, .new]) { [weak self] _, _ in
                                                                                                    ^
/Users/admin/builder/spi-builder-workspace/Sources/LeakedViewControllerDetector/LeakedViewControllerDetector.swift:1039:104: error: cannot infer type of closure parameter '_' without a type annotation
        subviewObserver = weakView?.layer.observe(\.sublayers, options: [.old, .new]) { [weak self] _, _ in
                                                                                                       ^
/Users/admin/builder/spi-builder-workspace/Sources/LeakedViewControllerDetector/LeakedViewControllerDetector.swift:1039:81: error: reference to member 'new' cannot be resolved without a contextual type
        subviewObserver = weakView?.layer.observe(\.sublayers, options: [.old, .new]) { [weak self] _, _ in
                                                                                ^
/Users/admin/builder/spi-builder-workspace/Sources/LeakedViewControllerDetector/LeakedViewControllerDetector.swift:1039:75: error: reference to member 'old' cannot be resolved without a contextual type
        subviewObserver = weakView?.layer.observe(\.sublayers, options: [.old, .new]) { [weak self] _, _ in
                                                                          ^
/Users/admin/builder/spi-builder-workspace/Sources/LeakedViewControllerDetector/LeakedViewControllerDetector.swift:1042:43: error: value of type 'UIView' has no member 'subviews'
                    self?.subviews = view.subviews
                                     ~~~~ ^~~~~~~~
/Applications/Xcode-16.3.0.app/Contents/Developer/Platforms/WatchOS.platform/Developer/SDKs/WatchOS11.4.sdk/System/Library/Frameworks/UIKit.framework/Headers/NSTextAttachment.h:23:1: note: class 'UIView' will be imported as an opaque placeholder class and may be missing members; import the definition to access the complete interface
@class UIView;
^
/Applications/Xcode-16.3.0.app/Contents/Developer/Platforms/WatchOS.platform/Developer/SDKs/WatchOS11.4.sdk/System/Library/Frameworks/UIKit.framework/Headers/NSTextAttachment.h:23:1: note: interface 'UIView' forward declared here
@class UIView;
^
/Users/admin/builder/spi-builder-workspace/Sources/LeakedViewControllerDetector/LeakedViewControllerDetector.swift:1037:24: error: 'UIView' is unavailable: This Objective-C class has only been forward-declared; import its owning module to use it
    weak var weakView: UIView? { didSet {
                       ^~~~~~
UIKit.UIView:2:14: note: 'UIView' has been explicitly marked unavailable here
public class UIView {
             ^
/Users/admin/builder/spi-builder-workspace/Sources/LeakedViewControllerDetector/LeakedViewControllerDetector.swift:1050:18: error: 'UIView' is unavailable: This Objective-C class has only been forward-declared; import its owning module to use it
    init(_ view: UIView? = nil) {
                 ^~~~~~
UIKit.UIView:2:14: note: 'UIView' has been explicitly marked unavailable here
public class UIView {
             ^
/Users/admin/builder/spi-builder-workspace/Sources/LeakedViewControllerDetector/LeakedViewControllerDetector.swift:1089:19: error: cannot find type 'UIResponder' in scope
private extension UIResponder {
                  ^~~~~~~~~~~
/Users/admin/builder/spi-builder-workspace/Sources/LeakedViewControllerDetector/LeakedViewControllerDetector.swift:1095:19: error: cannot find type 'UIApplication' in scope
private extension UIApplication {
                  ^~~~~~~~~~~~~
SwiftCompile normal arm64_32 Compiling\ LeakedViewControllerDetector.swift /Users/admin/builder/spi-builder-workspace/Sources/LeakedViewControllerDetector/LeakedViewControllerDetector.swift (in target 'LeakedViewControllerDetector' from project 'LeakedViewControllerDetector')
SwiftCompile normal arm64_32 /Users/admin/builder/spi-builder-workspace/Sources/LeakedViewControllerDetector/LeakedViewControllerDetector.swift (in target 'LeakedViewControllerDetector' from project 'LeakedViewControllerDetector')
    cd /Users/admin/builder/spi-builder-workspace/.swiftpm/xcode

SwiftEmitModule normal armv7k Emitting\ module\ for\ LeakedViewControllerDetector (in target 'LeakedViewControllerDetector' from project 'LeakedViewControllerDetector')
Failed frontend command:
/Applications/Xcode-16.3.0.app/Contents/Developer/Toolchains/XcodeDefault.xctoolchain/usr/bin/swift-frontend -frontend -emit-module -experimental-skip-non-inlinable-function-bodies-without-types /Users/admin/builder/spi-builder-workspace/Sources/LeakedViewControllerDetector/LeakedViewControllerDetector.swift -target armv7k-apple-watchos6.0 -enable-objc-interop -stack-check -sdk /Applications/Xcode-16.3.0.app/Contents/Developer/Platforms/WatchOS.platform/Developer/SDKs/WatchOS11.4.sdk -I /Users/admin/builder/spi-builder-workspace/.derivedData/Build/Products/Debug-watchos -I /Applications/Xcode-16.3.0.app/Contents/Developer/Platforms/WatchOS.platform/Developer/usr/lib -F /Users/admin/builder/spi-builder-workspace/.derivedData/Build/Products/Debug-watchos -F /Applications/Xcode-16.3.0.app/Contents/Developer/Platforms/WatchOS.platform/Developer/Library/Frameworks -F /Applications/Xcode-16.3.0.app/Contents/Developer/Platforms/WatchOS.platform/Developer/SDKs/WatchOS11.4.sdk/Developer/Library/Frameworks -no-color-diagnostics -enable-testing -g -debug-info-format\=dwarf -dwarf-version\=4 -module-cache-path /Users/admin/builder/spi-builder-workspace/.derivedData/ModuleCache.noindex -profile-generate -profile-coverage-mapping -swift-version 6 -enforce-exclusivity\=checked -stats-output-dir /Users/admin/builder/spi-builder-workspace/.swiftpm/xcode/.stats -Onone -D SWIFT_PACKAGE -D DEBUG -serialize-debugging-options -const-gather-protocols-file /Users/admin/builder/spi-builder-workspace/.derivedData/Build/Intermediates.noindex/LeakedViewControllerDetector.build/Debug-watchos/LeakedViewControllerDetector.build/Objects-normal/armv7k/LeakedViewControllerDetector_const_extract_protocols.json -enable-experimental-feature DebugDescriptionMacro -empty-abi-descriptor -plugin-path /Applications/Xcode-16.3.0.app/Contents/Developer/Toolchains/XcodeDefault.xctoolchain/usr/lib/swift/host/plugins/testing -validate-clang-modules-once -clang-build-session-file /Users/admin/builder/spi-builder-workspace/.derivedData/ModuleCache.noindex/Session.modulevalidation -Xcc -working-directory -Xcc /Users/admin/builder/spi-builder-workspace/.swiftpm/xcode -resource-dir /Applications/Xcode-16.3.0.app/Contents/Developer/Toolchains/XcodeDefault.xctoolchain/usr/lib/swift -enable-anonymous-context-mangled-names -file-compilation-dir /Users/admin/builder/spi-builder-workspace/.swiftpm/xcode -Xcc -ivfsstatcache -Xcc /Users/admin/builder/spi-builder-workspace/.derivedData/SDKStatCaches.noindex/watchos11.4-22T246-43efb940ff07ba2497b70ec94253f576.sdkstatcache -Xcc -I/Users/admin/builder/spi-builder-workspace/.derivedData/Build/Intermediates.noindex/LeakedViewControllerDetector.build/Debug-watchos/LeakedViewControllerDetector.build/swift-overrides.hmap -Xcc -I/Users/admin/builder/spi-builder-workspace/.derivedData/Build/Products/Debug-watchos/include -Xcc -I/Users/admin/builder/spi-builder-workspace/.derivedData/Build/Intermediates.noindex/LeakedViewControllerDetector.build/Debug-watchos/LeakedViewControllerDetector.build/DerivedSources-normal/armv7k -Xcc -I/Users/admin/builder/spi-builder-workspace/.derivedData/Build/Intermediates.noindex/LeakedViewControllerDetector.build/Debug-watchos/LeakedViewControllerDetector.build/DerivedSources/armv7k -Xcc -I/Users/admin/builder/spi-builder-workspace/.derivedData/Build/Intermediates.noindex/LeakedViewControllerDetector.build/Debug-watchos/LeakedViewControllerDetector.build/DerivedSources -Xcc -DSWIFT_PACKAGE -Xcc -DDEBUG\=1 -module-name LeakedViewControllerDetector -package-name spi_builder_workspace -frontend-parseable-output -disable-clang-spi -target-sdk-version 11.4 -target-sdk-name watchos11.4 -external-plugin-path /Applications/Xcode-16.3.0.app/Contents/Developer/Platforms/WatchOS.platform/Developer/usr/lib/swift/host/plugins\#/Applications/Xcode-16.3.0.app/Contents/Developer/Platforms/WatchOS.platform/Developer/usr/bin/swift-plugin-server -external-plugin-path /Applications/Xcode-16.3.0.app/Contents/Developer/Platforms/WatchOS.platform/Developer/usr/local/lib/swift/host/plugins\#/Applications/Xcode-16.3.0.app/Contents/Developer/Platforms/WatchOS.platform/Developer/usr/bin/swift-plugin-server -in-process-plugin-server-path /Applications/Xcode-16.3.0.app/Contents/Developer/Toolchains/XcodeDefault.xctoolchain/usr/lib/swift/host/libSwiftInProcPluginServer.dylib -plugin-path /Applications/Xcode-16.3.0.app/Contents/Developer/Toolchains/XcodeDefault.xctoolchain/usr/lib/swift/host/plugins -plugin-path /Applications/Xcode-16.3.0.app/Contents/Developer/Toolchains/XcodeDefault.xctoolchain/usr/local/lib/swift/host/plugins -emit-module-doc-path /Users/admin/builder/spi-builder-workspace/.derivedData/Build/Intermediates.noindex/LeakedViewControllerDetector.build/Debug-watchos/LeakedViewControllerDetector.build/Objects-normal/armv7k/LeakedViewControllerDetector.swiftdoc -emit-module-source-info-path /Users/admin/builder/spi-builder-workspace/.derivedData/Build/Intermediates.noindex/LeakedViewControllerDetector.build/Debug-watchos/LeakedViewControllerDetector.build/Objects-normal/armv7k/LeakedViewControllerDetector.swiftsourceinfo -emit-objc-header-path /Users/admin/builder/spi-builder-workspace/.derivedData/Build/Intermediates.noindex/LeakedViewControllerDetector.build/Debug-watchos/LeakedViewControllerDetector.build/Objects-normal/armv7k/LeakedViewControllerDetector-Swift.h -serialize-diagnostics-path /Users/admin/builder/spi-builder-workspace/.derivedData/Build/Intermediates.noindex/LeakedViewControllerDetector.build/Debug-watchos/LeakedViewControllerDetector.build/Objects-normal/armv7k/LeakedViewControllerDetector-master-emit-module.dia -emit-dependencies-path /Users/admin/builder/spi-builder-workspace/.derivedData/Build/Intermediates.noindex/LeakedViewControllerDetector.build/Debug-watchos/LeakedViewControllerDetector.build/Objects-normal/armv7k/LeakedViewControllerDetector-master-emit-module.d -parse-as-library -o /Users/admin/builder/spi-builder-workspace/.derivedData/Build/Intermediates.noindex/LeakedViewControllerDetector.build/Debug-watchos/LeakedViewControllerDetector.build/Objects-normal/armv7k/LeakedViewControllerDetector.swiftmodule -emit-abi-descriptor-path /Users/admin/builder/spi-builder-workspace/.derivedData/Build/Intermediates.noindex/LeakedViewControllerDetector.build/Debug-watchos/LeakedViewControllerDetector.build/Objects-normal/armv7k/LeakedViewControllerDetector.abi.json
SwiftCompile normal armv7k /Users/admin/builder/spi-builder-workspace/Sources/LeakedViewControllerDetector/LeakedViewControllerDetector.swift (in target 'LeakedViewControllerDetector' from project 'LeakedViewControllerDetector')
    cd /Users/admin/builder/spi-builder-workspace/.swiftpm/xcode

/Users/admin/builder/spi-builder-workspace/Sources/LeakedViewControllerDetector/LeakedViewControllerDetector.swift:19:51: error: cannot find type 'UIViewController' in scope
    fileprivate static var callback: (@MainActor (UIViewController?, UIView?, String) -> Action)?
                                                  ^~~~~~~~~~~~~~~~
/Users/admin/builder/spi-builder-workspace/Sources/LeakedViewControllerDetector/LeakedViewControllerDetector.swift:21:43: error: cannot find type 'UIWindow' in scope
    fileprivate static var warningWindow: UIWindow?
                                          ^~~~~~~~
/Users/admin/builder/spi-builder-workspace/Sources/LeakedViewControllerDetector/LeakedViewControllerDetector.swift:32:41: error: cannot find type 'UIViewController' in scope
        callback: @escaping @MainActor (UIViewController?, UIView?, String) -> Action
                                        ^~~~~~~~~~~~~~~~
/Users/admin/builder/spi-builder-workspace/Sources/LeakedViewControllerDetector/LeakedViewControllerDetector.swift:91:18: error: 'UIView' is unavailable: This Objective-C class has only been forward-declared; import its owning module to use it
public extension UIView {
                 ^~~~~~
UIKit.UIView:2:14: note: 'UIView' has been explicitly marked unavailable here
public class UIView {
             ^
/Users/admin/builder/spi-builder-workspace/Sources/LeakedViewControllerDetector/LeakedViewControllerDetector.swift:365:43: error: 'UIView' is unavailable: This Objective-C class has only been forward-declared; import its owning module to use it
    func iterateTopSubviews(onViewFound: (UIView) -> Void) {
                                          ^~~~~~
UIKit.UIView:2:14: note: 'UIView' has been explicitly marked unavailable here
public class UIView {
             ^
/Users/admin/builder/spi-builder-workspace/Sources/LeakedViewControllerDetector/LeakedViewControllerDetector.swift:379:82: error: 'UIView' is unavailable: This Objective-C class has only been forward-declared; import its owning module to use it
    func iterateSubviews(maxLevel: UInt = UInt.max, level: UInt = 0, onSubview: (UIView, UInt) -> (Bool)) {
                                                                                 ^~~~~~
UIKit.UIView:2:14: note: 'UIView' has been explicitly marked unavailable here
public class UIView {
             ^
/Users/admin/builder/spi-builder-workspace/Sources/LeakedViewControllerDetector/LeakedViewControllerDetector.swift:390:19: error: 'UIView' is unavailable: This Objective-C class has only been forward-declared; import its owning module to use it
    var rootView: UIView {
                  ^~~~~~
UIKit.UIView:2:14: note: 'UIView' has been explicitly marked unavailable here
public class UIView {
             ^
/Users/admin/builder/spi-builder-workspace/Sources/LeakedViewControllerDetector/LeakedViewControllerDetector.swift:394:30: error: cannot find type 'UIViewController' in scope
    var firstViewController: UIViewController? {
                             ^~~~~~~~~~~~~~~~
/Users/admin/builder/spi-builder-workspace/Sources/LeakedViewControllerDetector/LeakedViewControllerDetector.swift:115:19: error: 'UIView' is unavailable: This Objective-C class has only been forward-declared; import its owning module to use it
private extension UIView {
                  ^~~~~~
UIKit.UIView:2:14: note: 'UIView' has been explicitly marked unavailable here
public class UIView {
             ^
/Users/admin/builder/spi-builder-workspace/Sources/LeakedViewControllerDetector/LeakedViewControllerDetector.swift:399:19: error: cannot find type 'UIViewController' in scope
private extension UIViewController {
                  ^~~~~~~~~~~~~~~~
/Users/admin/builder/spi-builder-workspace/Sources/LeakedViewControllerDetector/LeakedViewControllerDetector.swift:1032:21: error: 'UIView' is unavailable: This Objective-C class has only been forward-declared; import its owning module to use it
    var strongView: UIView?
                    ^~~~~~
UIKit.UIView:2:14: note: 'UIView' has been explicitly marked unavailable here
public class UIView {
             ^
/Users/admin/builder/spi-builder-workspace/Sources/LeakedViewControllerDetector/LeakedViewControllerDetector.swift:1035:20: error: 'UIView' is unavailable: This Objective-C class has only been forward-declared; import its owning module to use it
    var subviews: [UIView]?
                   ^~~~~~
UIKit.UIView:2:14: note: 'UIView' has been explicitly marked unavailable here
public class UIView {
             ^
/Users/admin/builder/spi-builder-workspace/Sources/LeakedViewControllerDetector/LeakedViewControllerDetector.swift:1039:37: error: value of type 'UIView' has no member 'layer'
        subviewObserver = weakView?.layer.observe(\.sublayers, options: [.old, .new]) { [weak self] _, _ in
                          ~~~~~~~~~ ^~~~~
/Applications/Xcode-16.3.0.app/Contents/Developer/Platforms/WatchOS.platform/Developer/SDKs/WatchOS11.4.sdk/System/Library/Frameworks/UIKit.framework/Headers/NSTextAttachment.h:23:1: note: class 'UIView' will be imported as an opaque placeholder class and may be missing members; import the definition to access the complete interface
@class UIView;
^
/Applications/Xcode-16.3.0.app/Contents/Developer/Platforms/WatchOS.platform/Developer/SDKs/WatchOS11.4.sdk/System/Library/Frameworks/UIKit.framework/Headers/NSTextAttachment.h:23:1: note: interface 'UIView' forward declared here
@class UIView;
^
/Users/admin/builder/spi-builder-workspace/Sources/LeakedViewControllerDetector/LeakedViewControllerDetector.swift:1039:51: error: cannot infer key path type from context; consider explicitly specifying a root type
        subviewObserver = weakView?.layer.observe(\.sublayers, options: [.old, .new]) { [weak self] _, _ in
                                                  ^
                                                   <#Root#>
/Users/admin/builder/spi-builder-workspace/Sources/LeakedViewControllerDetector/LeakedViewControllerDetector.swift:1039:101: error: cannot infer type of closure parameter '_' without a type annotation
        subviewObserver = weakView?.layer.observe(\.sublayers, options: [.old, .new]) { [weak self] _, _ in
                                                                                                    ^
/Users/admin/builder/spi-builder-workspace/Sources/LeakedViewControllerDetector/LeakedViewControllerDetector.swift:1039:104: error: cannot infer type of closure parameter '_' without a type annotation
        subviewObserver = weakView?.layer.observe(\.sublayers, options: [.old, .new]) { [weak self] _, _ in
                                                                                                       ^
/Users/admin/builder/spi-builder-workspace/Sources/LeakedViewControllerDetector/LeakedViewControllerDetector.swift:1039:81: error: reference to member 'new' cannot be resolved without a contextual type
        subviewObserver = weakView?.layer.observe(\.sublayers, options: [.old, .new]) { [weak self] _, _ in
                                                                                ^
/Users/admin/builder/spi-builder-workspace/Sources/LeakedViewControllerDetector/LeakedViewControllerDetector.swift:1039:75: error: reference to member 'old' cannot be resolved without a contextual type
        subviewObserver = weakView?.layer.observe(\.sublayers, options: [.old, .new]) { [weak self] _, _ in
                                                                          ^
/Users/admin/builder/spi-builder-workspace/Sources/LeakedViewControllerDetector/LeakedViewControllerDetector.swift:1042:43: error: value of type 'UIView' has no member 'subviews'
                    self?.subviews = view.subviews
                                     ~~~~ ^~~~~~~~
/Applications/Xcode-16.3.0.app/Contents/Developer/Platforms/WatchOS.platform/Developer/SDKs/WatchOS11.4.sdk/System/Library/Frameworks/UIKit.framework/Headers/NSTextAttachment.h:23:1: note: class 'UIView' will be imported as an opaque placeholder class and may be missing members; import the definition to access the complete interface
@class UIView;
^
/Applications/Xcode-16.3.0.app/Contents/Developer/Platforms/WatchOS.platform/Developer/SDKs/WatchOS11.4.sdk/System/Library/Frameworks/UIKit.framework/Headers/NSTextAttachment.h:23:1: note: interface 'UIView' forward declared here
@class UIView;
^
/Users/admin/builder/spi-builder-workspace/Sources/LeakedViewControllerDetector/LeakedViewControllerDetector.swift:1037:24: error: 'UIView' is unavailable: This Objective-C class has only been forward-declared; import its owning module to use it
    weak var weakView: UIView? { didSet {
                       ^~~~~~
UIKit.UIView:2:14: note: 'UIView' has been explicitly marked unavailable here
public class UIView {
             ^
/Users/admin/builder/spi-builder-workspace/Sources/LeakedViewControllerDetector/LeakedViewControllerDetector.swift:1050:18: error: 'UIView' is unavailable: This Objective-C class has only been forward-declared; import its owning module to use it
    init(_ view: UIView? = nil) {
                 ^~~~~~
UIKit.UIView:2:14: note: 'UIView' has been explicitly marked unavailable here
public class UIView {
             ^
/Users/admin/builder/spi-builder-workspace/Sources/LeakedViewControllerDetector/LeakedViewControllerDetector.swift:1089:19: error: cannot find type 'UIResponder' in scope
private extension UIResponder {
                  ^~~~~~~~~~~
/Users/admin/builder/spi-builder-workspace/Sources/LeakedViewControllerDetector/LeakedViewControllerDetector.swift:1095:19: error: cannot find type 'UIApplication' in scope
private extension UIApplication {
                  ^~~~~~~~~~~~~
SwiftCompile normal arm64 Compiling\ LeakedViewControllerDetector.swift /Users/admin/builder/spi-builder-workspace/Sources/LeakedViewControllerDetector/LeakedViewControllerDetector.swift (in target 'LeakedViewControllerDetector' from project 'LeakedViewControllerDetector')
SwiftCompile normal arm64 /Users/admin/builder/spi-builder-workspace/Sources/LeakedViewControllerDetector/LeakedViewControllerDetector.swift (in target 'LeakedViewControllerDetector' from project 'LeakedViewControllerDetector')
    cd /Users/admin/builder/spi-builder-workspace/.swiftpm/xcode

SwiftCompile normal armv7k Compiling\ LeakedViewControllerDetector.swift /Users/admin/builder/spi-builder-workspace/Sources/LeakedViewControllerDetector/LeakedViewControllerDetector.swift (in target 'LeakedViewControllerDetector' from project 'LeakedViewControllerDetector')
SwiftCompile normal armv7k /Users/admin/builder/spi-builder-workspace/Sources/LeakedViewControllerDetector/LeakedViewControllerDetector.swift (in target 'LeakedViewControllerDetector' from project 'LeakedViewControllerDetector')
    cd /Users/admin/builder/spi-builder-workspace/.swiftpm/xcode

** BUILD FAILED **
The following build commands failed:
	SwiftCompile normal arm64 /Users/admin/builder/spi-builder-workspace/Sources/LeakedViewControllerDetector/LeakedViewControllerDetector.swift (in target 'LeakedViewControllerDetector' from project 'LeakedViewControllerDetector')
	SwiftEmitModule normal arm64 Emitting\ module\ for\ LeakedViewControllerDetector (in target 'LeakedViewControllerDetector' from project 'LeakedViewControllerDetector')
	SwiftEmitModule normal arm64_32 Emitting\ module\ for\ LeakedViewControllerDetector (in target 'LeakedViewControllerDetector' from project 'LeakedViewControllerDetector')
	SwiftCompile normal arm64_32 /Users/admin/builder/spi-builder-workspace/Sources/LeakedViewControllerDetector/LeakedViewControllerDetector.swift (in target 'LeakedViewControllerDetector' from project 'LeakedViewControllerDetector')
	SwiftEmitModule normal armv7k Emitting\ module\ for\ LeakedViewControllerDetector (in target 'LeakedViewControllerDetector' from project 'LeakedViewControllerDetector')
	SwiftCompile normal armv7k /Users/admin/builder/spi-builder-workspace/Sources/LeakedViewControllerDetector/LeakedViewControllerDetector.swift (in target 'LeakedViewControllerDetector' from project 'LeakedViewControllerDetector')
	Building workspace spi-builder-workspace with scheme LeakedViewControllerDetector
(7 failures)
Command line invocation:
    /Applications/Xcode-16.3.0.app/Contents/Developer/usr/bin/xcodebuild -IDEClonedSourcePackagesDirPathOverride=/Users/admin/builder/spi-builder-workspace/.dependencies -resolvePackageDependencies
Resolve Package Graph
Resolved source packages:
  LeakedViewControllerDetector: /Users/admin/builder/spi-builder-workspace
resolved source packages: LeakedViewControllerDetector
{
  "dependencies" : [
  ],
  "manifest_display_name" : "LeakedViewControllerDetector",
  "name" : "LeakedViewControllerDetector",
  "path" : "/Users/admin/builder/spi-builder-workspace",
  "platforms" : [
    {
      "name" : "ios",
      "version" : "13.0"
    },
    {
      "name" : "tvos",
      "version" : "13.0"
    }
  ],
  "products" : [
    {
      "name" : "LeakedViewControllerDetector",
      "targets" : [
        "LeakedViewControllerDetector"
      ],
      "type" : {
        "library" : [
          "automatic"
        ]
      }
    }
  ],
  "swift_languages_versions" : [
    "6"
  ],
  "targets" : [
    {
      "c99name" : "LeakedViewControllerDetectorTests",
      "module_type" : "SwiftTarget",
      "name" : "LeakedViewControllerDetectorTests",
      "path" : "Tests/LeakedViewControllerDetectorTests",
      "sources" : [
        "BasicTests.swift",
        "EdgeCaseTests.swift",
        "LeakedViewControllerDetectorTests.swift",
        "ViewControllerLeakTests.swift",
        "ViewLeakTests.swift"
      ],
      "target_dependencies" : [
        "LeakedViewControllerDetector"
      ],
      "type" : "test"
    },
    {
      "c99name" : "LeakedViewControllerDetector",
      "module_type" : "SwiftTarget",
      "name" : "LeakedViewControllerDetector",
      "path" : "Sources/LeakedViewControllerDetector",
      "product_memberships" : [
        "LeakedViewControllerDetector"
      ],
      "sources" : [
        "LeakedViewControllerDetector.swift"
      ],
      "type" : "library"
    }
  ],
  "tools_version" : "6.0"
}
{
  "workspace" : {
    "name" : "spi-builder-workspace",
    "schemes" : [
      "LeakedViewControllerDetector"
    ]
  }
}
Running build ...
env DEVELOPER_DIR=/Applications/Xcode-16.3.0.app xcrun xcodebuild -IDEClonedSourcePackagesDirPathOverride=$PWD/.dependencies -skipMacroValidation -skipPackagePluginValidation -derivedDataPath $PWD/.derivedData build -scheme LeakedViewControllerDetector -destination generic/platform=watchOS
Command line invocation:
    /Applications/Xcode-16.3.0.app/Contents/Developer/usr/bin/xcodebuild -IDEClonedSourcePackagesDirPathOverride=/Users/admin/builder/spi-builder-workspace/.dependencies -skipMacroValidation -skipPackagePluginValidation -derivedDataPath /Users/admin/builder/spi-builder-workspace/.derivedData build -scheme LeakedViewControllerDetector -destination generic/platform=watchOS
Resolve Package Graph
Resolved source packages:
  LeakedViewControllerDetector: /Users/admin/builder/spi-builder-workspace
ComputePackagePrebuildTargetDependencyGraph
Prepare packages
CreateBuildRequest
SendProjectDescription
CreateBuildOperation
ComputeTargetDependencyGraph
note: Building targets in dependency order
note: Target dependency graph (2 targets)
    Target 'LeakedViewControllerDetector' in project 'LeakedViewControllerDetector'
        ➜ Explicit dependency on target 'LeakedViewControllerDetector' in project 'LeakedViewControllerDetector'
    Target 'LeakedViewControllerDetector' in project 'LeakedViewControllerDetector' (no dependencies)
GatherProvisioningInputs
CreateBuildDescription
ExecuteExternalTool /Applications/Xcode-16.3.0.app/Contents/Developer/Toolchains/XcodeDefault.xctoolchain/usr/bin/clang -v -E -dM -isysroot /Applications/Xcode-16.3.0.app/Contents/Developer/Platforms/WatchOS.platform/Developer/SDKs/WatchOS11.4.sdk -x c -c /dev/null
ExecuteExternalTool /Applications/Xcode-16.3.0.app/Contents/Developer/Toolchains/XcodeDefault.xctoolchain/usr/bin/swiftc --version
ExecuteExternalTool /Applications/Xcode-16.3.0.app/Contents/Developer/Toolchains/XcodeDefault.xctoolchain/usr/bin/ld -version_details
Build description signature: e8c3e62deb30c5a01d7b50544ca6b645
Build description path: /Users/admin/builder/spi-builder-workspace/.derivedData/Build/Intermediates.noindex/XCBuildData/e8c3e62deb30c5a01d7b50544ca6b645.xcbuilddata
ClangStatCache /Applications/Xcode-16.3.0.app/Contents/Developer/Toolchains/XcodeDefault.xctoolchain/usr/bin/clang-stat-cache /Applications/Xcode-16.3.0.app/Contents/Developer/Platforms/WatchOS.platform/Developer/SDKs/WatchOS11.4.sdk /Users/admin/builder/spi-builder-workspace/.derivedData/SDKStatCaches.noindex/watchos11.4-22T246-43efb940ff07ba2497b70ec94253f576.sdkstatcache
    cd /Users/admin/builder/spi-builder-workspace/.swiftpm/xcode
    /Applications/Xcode-16.3.0.app/Contents/Developer/Toolchains/XcodeDefault.xctoolchain/usr/bin/clang-stat-cache /Applications/Xcode-16.3.0.app/Contents/Developer/Platforms/WatchOS.platform/Developer/SDKs/WatchOS11.4.sdk -o /Users/admin/builder/spi-builder-workspace/.derivedData/SDKStatCaches.noindex/watchos11.4-22T246-43efb940ff07ba2497b70ec94253f576.sdkstatcache
SwiftDriver LeakedViewControllerDetector normal armv7k com.apple.xcode.tools.swift.compiler (in target 'LeakedViewControllerDetector' from project 'LeakedViewControllerDetector')
    cd /Users/admin/builder/spi-builder-workspace/.swiftpm/xcode
    builtin-SwiftDriver -- /Applications/Xcode-16.3.0.app/Contents/Developer/Toolchains/XcodeDefault.xctoolchain/usr/bin/swiftc -module-name LeakedViewControllerDetector -Onone -enforce-exclusivity\=checked @/Users/admin/builder/spi-builder-workspace/.derivedData/Build/Intermediates.noindex/LeakedViewControllerDetector.build/Debug-watchos/LeakedViewControllerDetector.build/Objects-normal/armv7k/LeakedViewControllerDetector.SwiftFileList -DSWIFT_PACKAGE -DDEBUG -DXcode -plugin-path /Applications/Xcode-16.3.0.app/Contents/Developer/Toolchains/XcodeDefault.xctoolchain/usr/lib/swift/host/plugins/testing -enable-experimental-feature DebugDescriptionMacro -sdk /Applications/Xcode-16.3.0.app/Contents/Developer/Platforms/WatchOS.platform/Developer/SDKs/WatchOS11.4.sdk -target armv7k-apple-watchos6.0 -g -module-cache-path /Users/admin/builder/spi-builder-workspace/.derivedData/ModuleCache.noindex -Xfrontend -serialize-debugging-options -profile-coverage-mapping -profile-generate -enable-testing -index-store-path /Users/admin/builder/spi-builder-workspace/.derivedData/Index.noindex/DataStore -swift-version 6 -I /Users/admin/builder/spi-builder-workspace/.derivedData/Build/Products/Debug-watchos -I /Applications/Xcode-16.3.0.app/Contents/Developer/Platforms/WatchOS.platform/Developer/usr/lib -F /Users/admin/builder/spi-builder-workspace/.derivedData/Build/Products/Debug-watchos -F /Applications/Xcode-16.3.0.app/Contents/Developer/Platforms/WatchOS.platform/Developer/Library/Frameworks -F /Applications/Xcode-16.3.0.app/Contents/Developer/Platforms/WatchOS.platform/Developer/SDKs/WatchOS11.4.sdk/Developer/Library/Frameworks -parse-as-library -c -j10 -enable-batch-mode -incremental -Xcc -ivfsstatcache -Xcc /Users/admin/builder/spi-builder-workspace/.derivedData/SDKStatCaches.noindex/watchos11.4-22T246-43efb940ff07ba2497b70ec94253f576.sdkstatcache -output-file-map /Users/admin/builder/spi-builder-workspace/.derivedData/Build/Intermediates.noindex/LeakedViewControllerDetector.build/Debug-watchos/LeakedViewControllerDetector.build/Objects-normal/armv7k/LeakedViewControllerDetector-OutputFileMap.json -use-frontend-parseable-output -save-temps -no-color-diagnostics -serialize-diagnostics -emit-dependencies -emit-module -emit-module-path /Users/admin/builder/spi-builder-workspace/.derivedData/Build/Intermediates.noindex/LeakedViewControllerDetector.build/Debug-watchos/LeakedViewControllerDetector.build/Objects-normal/armv7k/LeakedViewControllerDetector.swiftmodule -validate-clang-modules-once -clang-build-session-file /Users/admin/builder/spi-builder-workspace/.derivedData/ModuleCache.noindex/Session.modulevalidation -package-name spi_builder_workspace -Xcc -I/Users/admin/builder/spi-builder-workspace/.derivedData/Build/Intermediates.noindex/LeakedViewControllerDetector.build/Debug-watchos/LeakedViewControllerDetector.build/swift-overrides.hmap -emit-const-values -Xfrontend -const-gather-protocols-file -Xfrontend /Users/admin/builder/spi-builder-workspace/.derivedData/Build/Intermediates.noindex/LeakedViewControllerDetector.build/Debug-watchos/LeakedViewControllerDetector.build/Objects-normal/armv7k/LeakedViewControllerDetector_const_extract_protocols.json -Xcc -I/Users/admin/builder/spi-builder-workspace/.derivedData/Build/Products/Debug-watchos/include -Xcc -I/Users/admin/builder/spi-builder-workspace/.derivedData/Build/Intermediates.noindex/LeakedViewControllerDetector.build/Debug-watchos/LeakedViewControllerDetector.build/DerivedSources-normal/armv7k -Xcc -I/Users/admin/builder/spi-builder-workspace/.derivedData/Build/Intermediates.noindex/LeakedViewControllerDetector.build/Debug-watchos/LeakedViewControllerDetector.build/DerivedSources/armv7k -Xcc -I/Users/admin/builder/spi-builder-workspace/.derivedData/Build/Intermediates.noindex/LeakedViewControllerDetector.build/Debug-watchos/LeakedViewControllerDetector.build/DerivedSources -Xcc -DSWIFT_PACKAGE -Xcc -DDEBUG\=1 -emit-objc-header -emit-objc-header-path /Users/admin/builder/spi-builder-workspace/.derivedData/Build/Intermediates.noindex/LeakedViewControllerDetector.build/Debug-watchos/LeakedViewControllerDetector.build/Objects-normal/armv7k/LeakedViewControllerDetector-Swift.h -working-directory /Users/admin/builder/spi-builder-workspace/.swiftpm/xcode -experimental-emit-module-separately -disable-cmo
SwiftDriver LeakedViewControllerDetector normal arm64_32 com.apple.xcode.tools.swift.compiler (in target 'LeakedViewControllerDetector' from project 'LeakedViewControllerDetector')
    cd /Users/admin/builder/spi-builder-workspace/.swiftpm/xcode
    builtin-SwiftDriver -- /Applications/Xcode-16.3.0.app/Contents/Developer/Toolchains/XcodeDefault.xctoolchain/usr/bin/swiftc -module-name LeakedViewControllerDetector -Onone -enforce-exclusivity\=checked @/Users/admin/builder/spi-builder-workspace/.derivedData/Build/Intermediates.noindex/LeakedViewControllerDetector.build/Debug-watchos/LeakedViewControllerDetector.build/Objects-normal/arm64_32/LeakedViewControllerDetector.SwiftFileList -DSWIFT_PACKAGE -DDEBUG -DXcode -plugin-path /Applications/Xcode-16.3.0.app/Contents/Developer/Toolchains/XcodeDefault.xctoolchain/usr/lib/swift/host/plugins/testing -enable-experimental-feature DebugDescriptionMacro -sdk /Applications/Xcode-16.3.0.app/Contents/Developer/Platforms/WatchOS.platform/Developer/SDKs/WatchOS11.4.sdk -target arm64_32-apple-watchos6.0 -g -module-cache-path /Users/admin/builder/spi-builder-workspace/.derivedData/ModuleCache.noindex -Xfrontend -serialize-debugging-options -profile-coverage-mapping -profile-generate -enable-testing -index-store-path /Users/admin/builder/spi-builder-workspace/.derivedData/Index.noindex/DataStore -swift-version 6 -I /Users/admin/builder/spi-builder-workspace/.derivedData/Build/Products/Debug-watchos -I /Applications/Xcode-16.3.0.app/Contents/Developer/Platforms/WatchOS.platform/Developer/usr/lib -F /Users/admin/builder/spi-builder-workspace/.derivedData/Build/Products/Debug-watchos -F /Applications/Xcode-16.3.0.app/Contents/Developer/Platforms/WatchOS.platform/Developer/Library/Frameworks -F /Applications/Xcode-16.3.0.app/Contents/Developer/Platforms/WatchOS.platform/Developer/SDKs/WatchOS11.4.sdk/Developer/Library/Frameworks -parse-as-library -c -j10 -enable-batch-mode -incremental -Xcc -ivfsstatcache -Xcc /Users/admin/builder/spi-builder-workspace/.derivedData/SDKStatCaches.noindex/watchos11.4-22T246-43efb940ff07ba2497b70ec94253f576.sdkstatcache -output-file-map /Users/admin/builder/spi-builder-workspace/.derivedData/Build/Intermediates.noindex/LeakedViewControllerDetector.build/Debug-watchos/LeakedViewControllerDetector.build/Objects-normal/arm64_32/LeakedViewControllerDetector-OutputFileMap.json -use-frontend-parseable-output -save-temps -no-color-diagnostics -serialize-diagnostics -emit-dependencies -emit-module -emit-module-path /Users/admin/builder/spi-builder-workspace/.derivedData/Build/Intermediates.noindex/LeakedViewControllerDetector.build/Debug-watchos/LeakedViewControllerDetector.build/Objects-normal/arm64_32/LeakedViewControllerDetector.swiftmodule -validate-clang-modules-once -clang-build-session-file /Users/admin/builder/spi-builder-workspace/.derivedData/ModuleCache.noindex/Session.modulevalidation -package-name spi_builder_workspace -Xcc -I/Users/admin/builder/spi-builder-workspace/.derivedData/Build/Intermediates.noindex/LeakedViewControllerDetector.build/Debug-watchos/LeakedViewControllerDetector.build/swift-overrides.hmap -emit-const-values -Xfrontend -const-gather-protocols-file -Xfrontend /Users/admin/builder/spi-builder-workspace/.derivedData/Build/Intermediates.noindex/LeakedViewControllerDetector.build/Debug-watchos/LeakedViewControllerDetector.build/Objects-normal/arm64_32/LeakedViewControllerDetector_const_extract_protocols.json -Xcc -I/Users/admin/builder/spi-builder-workspace/.derivedData/Build/Products/Debug-watchos/include -Xcc -I/Users/admin/builder/spi-builder-workspace/.derivedData/Build/Intermediates.noindex/LeakedViewControllerDetector.build/Debug-watchos/LeakedViewControllerDetector.build/DerivedSources-normal/arm64_32 -Xcc -I/Users/admin/builder/spi-builder-workspace/.derivedData/Build/Intermediates.noindex/LeakedViewControllerDetector.build/Debug-watchos/LeakedViewControllerDetector.build/DerivedSources/arm64_32 -Xcc -I/Users/admin/builder/spi-builder-workspace/.derivedData/Build/Intermediates.noindex/LeakedViewControllerDetector.build/Debug-watchos/LeakedViewControllerDetector.build/DerivedSources -Xcc -DSWIFT_PACKAGE -Xcc -DDEBUG\=1 -emit-objc-header -emit-objc-header-path /Users/admin/builder/spi-builder-workspace/.derivedData/Build/Intermediates.noindex/LeakedViewControllerDetector.build/Debug-watchos/LeakedViewControllerDetector.build/Objects-normal/arm64_32/LeakedViewControllerDetector-Swift.h -working-directory /Users/admin/builder/spi-builder-workspace/.swiftpm/xcode -experimental-emit-module-separately -disable-cmo
SwiftDriver LeakedViewControllerDetector normal arm64 com.apple.xcode.tools.swift.compiler (in target 'LeakedViewControllerDetector' from project 'LeakedViewControllerDetector')
    cd /Users/admin/builder/spi-builder-workspace/.swiftpm/xcode
    builtin-SwiftDriver -- /Applications/Xcode-16.3.0.app/Contents/Developer/Toolchains/XcodeDefault.xctoolchain/usr/bin/swiftc -module-name LeakedViewControllerDetector -Onone -enforce-exclusivity\=checked @/Users/admin/builder/spi-builder-workspace/.derivedData/Build/Intermediates.noindex/LeakedViewControllerDetector.build/Debug-watchos/LeakedViewControllerDetector.build/Objects-normal/arm64/LeakedViewControllerDetector.SwiftFileList -DSWIFT_PACKAGE -DDEBUG -DXcode -plugin-path /Applications/Xcode-16.3.0.app/Contents/Developer/Toolchains/XcodeDefault.xctoolchain/usr/lib/swift/host/plugins/testing -enable-experimental-feature DebugDescriptionMacro -sdk /Applications/Xcode-16.3.0.app/Contents/Developer/Platforms/WatchOS.platform/Developer/SDKs/WatchOS11.4.sdk -target arm64-apple-watchos6.0 -g -module-cache-path /Users/admin/builder/spi-builder-workspace/.derivedData/ModuleCache.noindex -Xfrontend -serialize-debugging-options -profile-coverage-mapping -profile-generate -enable-testing -index-store-path /Users/admin/builder/spi-builder-workspace/.derivedData/Index.noindex/DataStore -swift-version 6 -I /Users/admin/builder/spi-builder-workspace/.derivedData/Build/Products/Debug-watchos -I /Applications/Xcode-16.3.0.app/Contents/Developer/Platforms/WatchOS.platform/Developer/usr/lib -F /Users/admin/builder/spi-builder-workspace/.derivedData/Build/Products/Debug-watchos -F /Applications/Xcode-16.3.0.app/Contents/Developer/Platforms/WatchOS.platform/Developer/Library/Frameworks -F /Applications/Xcode-16.3.0.app/Contents/Developer/Platforms/WatchOS.platform/Developer/SDKs/WatchOS11.4.sdk/Developer/Library/Frameworks -parse-as-library -c -j10 -enable-batch-mode -incremental -Xcc -ivfsstatcache -Xcc /Users/admin/builder/spi-builder-workspace/.derivedData/SDKStatCaches.noindex/watchos11.4-22T246-43efb940ff07ba2497b70ec94253f576.sdkstatcache -output-file-map /Users/admin/builder/spi-builder-workspace/.derivedData/Build/Intermediates.noindex/LeakedViewControllerDetector.build/Debug-watchos/LeakedViewControllerDetector.build/Objects-normal/arm64/LeakedViewControllerDetector-OutputFileMap.json -use-frontend-parseable-output -save-temps -no-color-diagnostics -serialize-diagnostics -emit-dependencies -emit-module -emit-module-path /Users/admin/builder/spi-builder-workspace/.derivedData/Build/Intermediates.noindex/LeakedViewControllerDetector.build/Debug-watchos/LeakedViewControllerDetector.build/Objects-normal/arm64/LeakedViewControllerDetector.swiftmodule -validate-clang-modules-once -clang-build-session-file /Users/admin/builder/spi-builder-workspace/.derivedData/ModuleCache.noindex/Session.modulevalidation -package-name spi_builder_workspace -Xcc -I/Users/admin/builder/spi-builder-workspace/.derivedData/Build/Intermediates.noindex/LeakedViewControllerDetector.build/Debug-watchos/LeakedViewControllerDetector.build/swift-overrides.hmap -emit-const-values -Xfrontend -const-gather-protocols-file -Xfrontend /Users/admin/builder/spi-builder-workspace/.derivedData/Build/Intermediates.noindex/LeakedViewControllerDetector.build/Debug-watchos/LeakedViewControllerDetector.build/Objects-normal/arm64/LeakedViewControllerDetector_const_extract_protocols.json -Xcc -I/Users/admin/builder/spi-builder-workspace/.derivedData/Build/Products/Debug-watchos/include -Xcc -I/Users/admin/builder/spi-builder-workspace/.derivedData/Build/Intermediates.noindex/LeakedViewControllerDetector.build/Debug-watchos/LeakedViewControllerDetector.build/DerivedSources-normal/arm64 -Xcc -I/Users/admin/builder/spi-builder-workspace/.derivedData/Build/Intermediates.noindex/LeakedViewControllerDetector.build/Debug-watchos/LeakedViewControllerDetector.build/DerivedSources/arm64 -Xcc -I/Users/admin/builder/spi-builder-workspace/.derivedData/Build/Intermediates.noindex/LeakedViewControllerDetector.build/Debug-watchos/LeakedViewControllerDetector.build/DerivedSources -Xcc -DSWIFT_PACKAGE -Xcc -DDEBUG\=1 -emit-objc-header -emit-objc-header-path /Users/admin/builder/spi-builder-workspace/.derivedData/Build/Intermediates.noindex/LeakedViewControllerDetector.build/Debug-watchos/LeakedViewControllerDetector.build/Objects-normal/arm64/LeakedViewControllerDetector-Swift.h -working-directory /Users/admin/builder/spi-builder-workspace/.swiftpm/xcode -experimental-emit-module-separately -disable-cmo
SwiftEmitModule normal armv7k Emitting\ module\ for\ LeakedViewControllerDetector (in target 'LeakedViewControllerDetector' from project 'LeakedViewControllerDetector')
SwiftCompile normal armv7k /Users/admin/builder/spi-builder-workspace/Sources/LeakedViewControllerDetector/LeakedViewControllerDetector.swift (in target 'LeakedViewControllerDetector' from project 'LeakedViewControllerDetector')
    cd /Users/admin/builder/spi-builder-workspace/.swiftpm/xcode

/Users/admin/builder/spi-builder-workspace/Sources/LeakedViewControllerDetector/LeakedViewControllerDetector.swift:19:51: error: cannot find type 'UIViewController' in scope
    fileprivate static var callback: (@MainActor (UIViewController?, UIView?, String) -> Action)?
                                                  ^~~~~~~~~~~~~~~~
/Users/admin/builder/spi-builder-workspace/Sources/LeakedViewControllerDetector/LeakedViewControllerDetector.swift:21:43: error: cannot find type 'UIWindow' in scope
    fileprivate static var warningWindow: UIWindow?
                                          ^~~~~~~~
/Users/admin/builder/spi-builder-workspace/Sources/LeakedViewControllerDetector/LeakedViewControllerDetector.swift:32:41: error: cannot find type 'UIViewController' in scope
        callback: @escaping @MainActor (UIViewController?, UIView?, String) -> Action
                                        ^~~~~~~~~~~~~~~~
/Users/admin/builder/spi-builder-workspace/Sources/LeakedViewControllerDetector/LeakedViewControllerDetector.swift:91:18: error: 'UIView' is unavailable: This Objective-C class has only been forward-declared; import its owning module to use it
public extension UIView {
                 ^~~~~~
UIKit.UIView:2:14: note: 'UIView' has been explicitly marked unavailable here
public class UIView {
             ^
/Users/admin/builder/spi-builder-workspace/Sources/LeakedViewControllerDetector/LeakedViewControllerDetector.swift:365:43: error: 'UIView' is unavailable: This Objective-C class has only been forward-declared; import its owning module to use it
    func iterateTopSubviews(onViewFound: (UIView) -> Void) {
                                          ^~~~~~
UIKit.UIView:2:14: note: 'UIView' has been explicitly marked unavailable here
public class UIView {
             ^
/Users/admin/builder/spi-builder-workspace/Sources/LeakedViewControllerDetector/LeakedViewControllerDetector.swift:379:82: error: 'UIView' is unavailable: This Objective-C class has only been forward-declared; import its owning module to use it
    func iterateSubviews(maxLevel: UInt = UInt.max, level: UInt = 0, onSubview: (UIView, UInt) -> (Bool)) {
                                                                                 ^~~~~~
UIKit.UIView:2:14: note: 'UIView' has been explicitly marked unavailable here
public class UIView {
             ^
/Users/admin/builder/spi-builder-workspace/Sources/LeakedViewControllerDetector/LeakedViewControllerDetector.swift:390:19: error: 'UIView' is unavailable: This Objective-C class has only been forward-declared; import its owning module to use it
    var rootView: UIView {
                  ^~~~~~
UIKit.UIView:2:14: note: 'UIView' has been explicitly marked unavailable here
public class UIView {
             ^
/Users/admin/builder/spi-builder-workspace/Sources/LeakedViewControllerDetector/LeakedViewControllerDetector.swift:394:30: error: cannot find type 'UIViewController' in scope
    var firstViewController: UIViewController? {
                             ^~~~~~~~~~~~~~~~
/Users/admin/builder/spi-builder-workspace/Sources/LeakedViewControllerDetector/LeakedViewControllerDetector.swift:115:19: error: 'UIView' is unavailable: This Objective-C class has only been forward-declared; import its owning module to use it
private extension UIView {
                  ^~~~~~
UIKit.UIView:2:14: note: 'UIView' has been explicitly marked unavailable here
public class UIView {
             ^
/Users/admin/builder/spi-builder-workspace/Sources/LeakedViewControllerDetector/LeakedViewControllerDetector.swift:399:19: error: cannot find type 'UIViewController' in scope
private extension UIViewController {
                  ^~~~~~~~~~~~~~~~
/Users/admin/builder/spi-builder-workspace/Sources/LeakedViewControllerDetector/LeakedViewControllerDetector.swift:1032:21: error: 'UIView' is unavailable: This Objective-C class has only been forward-declared; import its owning module to use it
    var strongView: UIView?
                    ^~~~~~
UIKit.UIView:2:14: note: 'UIView' has been explicitly marked unavailable here
public class UIView {
             ^
/Users/admin/builder/spi-builder-workspace/Sources/LeakedViewControllerDetector/LeakedViewControllerDetector.swift:1035:20: error: 'UIView' is unavailable: This Objective-C class has only been forward-declared; import its owning module to use it
    var subviews: [UIView]?
                   ^~~~~~
UIKit.UIView:2:14: note: 'UIView' has been explicitly marked unavailable here
public class UIView {
             ^
/Users/admin/builder/spi-builder-workspace/Sources/LeakedViewControllerDetector/LeakedViewControllerDetector.swift:1039:37: error: value of type 'UIView' has no member 'layer'
        subviewObserver = weakView?.layer.observe(\.sublayers, options: [.old, .new]) { [weak self] _, _ in
                          ~~~~~~~~~ ^~~~~
/Applications/Xcode-16.3.0.app/Contents/Developer/Platforms/WatchOS.platform/Developer/SDKs/WatchOS11.4.sdk/System/Library/Frameworks/UIKit.framework/Headers/NSTextAttachment.h:23:1: note: class 'UIView' will be imported as an opaque placeholder class and may be missing members; import the definition to access the complete interface
@class UIView;
^
/Applications/Xcode-16.3.0.app/Contents/Developer/Platforms/WatchOS.platform/Developer/SDKs/WatchOS11.4.sdk/System/Library/Frameworks/UIKit.framework/Headers/NSTextAttachment.h:23:1: note: interface 'UIView' forward declared here
@class UIView;
^
/Users/admin/builder/spi-builder-workspace/Sources/LeakedViewControllerDetector/LeakedViewControllerDetector.swift:1039:51: error: cannot infer key path type from context; consider explicitly specifying a root type
        subviewObserver = weakView?.layer.observe(\.sublayers, options: [.old, .new]) { [weak self] _, _ in
                                                  ^
                                                   <#Root#>
/Users/admin/builder/spi-builder-workspace/Sources/LeakedViewControllerDetector/LeakedViewControllerDetector.swift:1039:101: error: cannot infer type of closure parameter '_' without a type annotation
        subviewObserver = weakView?.layer.observe(\.sublayers, options: [.old, .new]) { [weak self] _, _ in
                                                                                                    ^
/Users/admin/builder/spi-builder-workspace/Sources/LeakedViewControllerDetector/LeakedViewControllerDetector.swift:1039:104: error: cannot infer type of closure parameter '_' without a type annotation
        subviewObserver = weakView?.layer.observe(\.sublayers, options: [.old, .new]) { [weak self] _, _ in
                                                                                                       ^
/Users/admin/builder/spi-builder-workspace/Sources/LeakedViewControllerDetector/LeakedViewControllerDetector.swift:1039:81: error: reference to member 'new' cannot be resolved without a contextual type
        subviewObserver = weakView?.layer.observe(\.sublayers, options: [.old, .new]) { [weak self] _, _ in
                                                                                ^
/Users/admin/builder/spi-builder-workspace/Sources/LeakedViewControllerDetector/LeakedViewControllerDetector.swift:1039:75: error: reference to member 'old' cannot be resolved without a contextual type
        subviewObserver = weakView?.layer.observe(\.sublayers, options: [.old, .new]) { [weak self] _, _ in
                                                                          ^
/Users/admin/builder/spi-builder-workspace/Sources/LeakedViewControllerDetector/LeakedViewControllerDetector.swift:1042:43: error: value of type 'UIView' has no member 'subviews'
                    self?.subviews = view.subviews
                                     ~~~~ ^~~~~~~~
/Applications/Xcode-16.3.0.app/Contents/Developer/Platforms/WatchOS.platform/Developer/SDKs/WatchOS11.4.sdk/System/Library/Frameworks/UIKit.framework/Headers/NSTextAttachment.h:23:1: note: class 'UIView' will be imported as an opaque placeholder class and may be missing members; import the definition to access the complete interface
@class UIView;
^
/Applications/Xcode-16.3.0.app/Contents/Developer/Platforms/WatchOS.platform/Developer/SDKs/WatchOS11.4.sdk/System/Library/Frameworks/UIKit.framework/Headers/NSTextAttachment.h:23:1: note: interface 'UIView' forward declared here
@class UIView;
^
/Users/admin/builder/spi-builder-workspace/Sources/LeakedViewControllerDetector/LeakedViewControllerDetector.swift:1037:24: error: 'UIView' is unavailable: This Objective-C class has only been forward-declared; import its owning module to use it
    weak var weakView: UIView? { didSet {
                       ^~~~~~
UIKit.UIView:2:14: note: 'UIView' has been explicitly marked unavailable here
public class UIView {
             ^
/Users/admin/builder/spi-builder-workspace/Sources/LeakedViewControllerDetector/LeakedViewControllerDetector.swift:1050:18: error: 'UIView' is unavailable: This Objective-C class has only been forward-declared; import its owning module to use it
    init(_ view: UIView? = nil) {
                 ^~~~~~
UIKit.UIView:2:14: note: 'UIView' has been explicitly marked unavailable here
public class UIView {
             ^
/Users/admin/builder/spi-builder-workspace/Sources/LeakedViewControllerDetector/LeakedViewControllerDetector.swift:1089:19: error: cannot find type 'UIResponder' in scope
private extension UIResponder {
                  ^~~~~~~~~~~
/Users/admin/builder/spi-builder-workspace/Sources/LeakedViewControllerDetector/LeakedViewControllerDetector.swift:1095:19: error: cannot find type 'UIApplication' in scope
private extension UIApplication {
                  ^~~~~~~~~~~~~
Failed frontend command:
/Applications/Xcode-16.3.0.app/Contents/Developer/Toolchains/XcodeDefault.xctoolchain/usr/bin/swift-frontend -frontend -emit-module -experimental-skip-non-inlinable-function-bodies-without-types /Users/admin/builder/spi-builder-workspace/Sources/LeakedViewControllerDetector/LeakedViewControllerDetector.swift -target armv7k-apple-watchos6.0 -enable-objc-interop -stack-check -sdk /Applications/Xcode-16.3.0.app/Contents/Developer/Platforms/WatchOS.platform/Developer/SDKs/WatchOS11.4.sdk -I /Users/admin/builder/spi-builder-workspace/.derivedData/Build/Products/Debug-watchos -I /Applications/Xcode-16.3.0.app/Contents/Developer/Platforms/WatchOS.platform/Developer/usr/lib -F /Users/admin/builder/spi-builder-workspace/.derivedData/Build/Products/Debug-watchos -F /Applications/Xcode-16.3.0.app/Contents/Developer/Platforms/WatchOS.platform/Developer/Library/Frameworks -F /Applications/Xcode-16.3.0.app/Contents/Developer/Platforms/WatchOS.platform/Developer/SDKs/WatchOS11.4.sdk/Developer/Library/Frameworks -no-color-diagnostics -enable-testing -g -debug-info-format\=dwarf -dwarf-version\=4 -module-cache-path /Users/admin/builder/spi-builder-workspace/.derivedData/ModuleCache.noindex -profile-generate -profile-coverage-mapping -swift-version 6 -enforce-exclusivity\=checked -Onone -D SWIFT_PACKAGE -D DEBUG -D Xcode -serialize-debugging-options -const-gather-protocols-file /Users/admin/builder/spi-builder-workspace/.derivedData/Build/Intermediates.noindex/LeakedViewControllerDetector.build/Debug-watchos/LeakedViewControllerDetector.build/Objects-normal/armv7k/LeakedViewControllerDetector_const_extract_protocols.json -enable-experimental-feature DebugDescriptionMacro -empty-abi-descriptor -plugin-path /Applications/Xcode-16.3.0.app/Contents/Developer/Toolchains/XcodeDefault.xctoolchain/usr/lib/swift/host/plugins/testing -validate-clang-modules-once -clang-build-session-file /Users/admin/builder/spi-builder-workspace/.derivedData/ModuleCache.noindex/Session.modulevalidation -Xcc -working-directory -Xcc /Users/admin/builder/spi-builder-workspace/.swiftpm/xcode -resource-dir /Applications/Xcode-16.3.0.app/Contents/Developer/Toolchains/XcodeDefault.xctoolchain/usr/lib/swift -enable-anonymous-context-mangled-names -file-compilation-dir /Users/admin/builder/spi-builder-workspace/.swiftpm/xcode -Xcc -ivfsstatcache -Xcc /Users/admin/builder/spi-builder-workspace/.derivedData/SDKStatCaches.noindex/watchos11.4-22T246-43efb940ff07ba2497b70ec94253f576.sdkstatcache -Xcc -I/Users/admin/builder/spi-builder-workspace/.derivedData/Build/Intermediates.noindex/LeakedViewControllerDetector.build/Debug-watchos/LeakedViewControllerDetector.build/swift-overrides.hmap -Xcc -I/Users/admin/builder/spi-builder-workspace/.derivedData/Build/Products/Debug-watchos/include -Xcc -I/Users/admin/builder/spi-builder-workspace/.derivedData/Build/Intermediates.noindex/LeakedViewControllerDetector.build/Debug-watchos/LeakedViewControllerDetector.build/DerivedSources-normal/armv7k -Xcc -I/Users/admin/builder/spi-builder-workspace/.derivedData/Build/Intermediates.noindex/LeakedViewControllerDetector.build/Debug-watchos/LeakedViewControllerDetector.build/DerivedSources/armv7k -Xcc -I/Users/admin/builder/spi-builder-workspace/.derivedData/Build/Intermediates.noindex/LeakedViewControllerDetector.build/Debug-watchos/LeakedViewControllerDetector.build/DerivedSources -Xcc -DSWIFT_PACKAGE -Xcc -DDEBUG\=1 -module-name LeakedViewControllerDetector -package-name spi_builder_workspace -frontend-parseable-output -disable-clang-spi -target-sdk-version 11.4 -target-sdk-name watchos11.4 -external-plugin-path /Applications/Xcode-16.3.0.app/Contents/Developer/Platforms/WatchOS.platform/Developer/usr/lib/swift/host/plugins\#/Applications/Xcode-16.3.0.app/Contents/Developer/Platforms/WatchOS.platform/Developer/usr/bin/swift-plugin-server -external-plugin-path /Applications/Xcode-16.3.0.app/Contents/Developer/Platforms/WatchOS.platform/Developer/usr/local/lib/swift/host/plugins\#/Applications/Xcode-16.3.0.app/Contents/Developer/Platforms/WatchOS.platform/Developer/usr/bin/swift-plugin-server -in-process-plugin-server-path /Applications/Xcode-16.3.0.app/Contents/Developer/Toolchains/XcodeDefault.xctoolchain/usr/lib/swift/host/libSwiftInProcPluginServer.dylib -plugin-path /Applications/Xcode-16.3.0.app/Contents/Developer/Toolchains/XcodeDefault.xctoolchain/usr/lib/swift/host/plugins -plugin-path /Applications/Xcode-16.3.0.app/Contents/Developer/Toolchains/XcodeDefault.xctoolchain/usr/local/lib/swift/host/plugins -emit-module-doc-path /Users/admin/builder/spi-builder-workspace/.derivedData/Build/Intermediates.noindex/LeakedViewControllerDetector.build/Debug-watchos/LeakedViewControllerDetector.build/Objects-normal/armv7k/LeakedViewControllerDetector.swiftdoc -emit-module-source-info-path /Users/admin/builder/spi-builder-workspace/.derivedData/Build/Intermediates.noindex/LeakedViewControllerDetector.build/Debug-watchos/LeakedViewControllerDetector.build/Objects-normal/armv7k/LeakedViewControllerDetector.swiftsourceinfo -emit-objc-header-path /Users/admin/builder/spi-builder-workspace/.derivedData/Build/Intermediates.noindex/LeakedViewControllerDetector.build/Debug-watchos/LeakedViewControllerDetector.build/Objects-normal/armv7k/LeakedViewControllerDetector-Swift.h -serialize-diagnostics-path /Users/admin/builder/spi-builder-workspace/.derivedData/Build/Intermediates.noindex/LeakedViewControllerDetector.build/Debug-watchos/LeakedViewControllerDetector.build/Objects-normal/armv7k/LeakedViewControllerDetector-master-emit-module.dia -emit-dependencies-path /Users/admin/builder/spi-builder-workspace/.derivedData/Build/Intermediates.noindex/LeakedViewControllerDetector.build/Debug-watchos/LeakedViewControllerDetector.build/Objects-normal/armv7k/LeakedViewControllerDetector-master-emit-module.d -parse-as-library -o /Users/admin/builder/spi-builder-workspace/.derivedData/Build/Intermediates.noindex/LeakedViewControllerDetector.build/Debug-watchos/LeakedViewControllerDetector.build/Objects-normal/armv7k/LeakedViewControllerDetector.swiftmodule -emit-abi-descriptor-path /Users/admin/builder/spi-builder-workspace/.derivedData/Build/Intermediates.noindex/LeakedViewControllerDetector.build/Debug-watchos/LeakedViewControllerDetector.build/Objects-normal/armv7k/LeakedViewControllerDetector.abi.json
SwiftEmitModule normal arm64_32 Emitting\ module\ for\ LeakedViewControllerDetector (in target 'LeakedViewControllerDetector' from project 'LeakedViewControllerDetector')
SwiftCompile normal arm64_32 /Users/admin/builder/spi-builder-workspace/Sources/LeakedViewControllerDetector/LeakedViewControllerDetector.swift (in target 'LeakedViewControllerDetector' from project 'LeakedViewControllerDetector')
    cd /Users/admin/builder/spi-builder-workspace/.swiftpm/xcode

/Users/admin/builder/spi-builder-workspace/Sources/LeakedViewControllerDetector/LeakedViewControllerDetector.swift:19:51: error: cannot find type 'UIViewController' in scope
    fileprivate static var callback: (@MainActor (UIViewController?, UIView?, String) -> Action)?
                                                  ^~~~~~~~~~~~~~~~
/Users/admin/builder/spi-builder-workspace/Sources/LeakedViewControllerDetector/LeakedViewControllerDetector.swift:21:43: error: cannot find type 'UIWindow' in scope
    fileprivate static var warningWindow: UIWindow?
                                          ^~~~~~~~
/Users/admin/builder/spi-builder-workspace/Sources/LeakedViewControllerDetector/LeakedViewControllerDetector.swift:32:41: error: cannot find type 'UIViewController' in scope
        callback: @escaping @MainActor (UIViewController?, UIView?, String) -> Action
                                        ^~~~~~~~~~~~~~~~
/Users/admin/builder/spi-builder-workspace/Sources/LeakedViewControllerDetector/LeakedViewControllerDetector.swift:91:18: error: 'UIView' is unavailable: This Objective-C class has only been forward-declared; import its owning module to use it
public extension UIView {
                 ^~~~~~
UIKit.UIView:2:14: note: 'UIView' has been explicitly marked unavailable here
public class UIView {
             ^
/Users/admin/builder/spi-builder-workspace/Sources/LeakedViewControllerDetector/LeakedViewControllerDetector.swift:365:43: error: 'UIView' is unavailable: This Objective-C class has only been forward-declared; import its owning module to use it
    func iterateTopSubviews(onViewFound: (UIView) -> Void) {
                                          ^~~~~~
UIKit.UIView:2:14: note: 'UIView' has been explicitly marked unavailable here
public class UIView {
             ^
/Users/admin/builder/spi-builder-workspace/Sources/LeakedViewControllerDetector/LeakedViewControllerDetector.swift:379:82: error: 'UIView' is unavailable: This Objective-C class has only been forward-declared; import its owning module to use it
    func iterateSubviews(maxLevel: UInt = UInt.max, level: UInt = 0, onSubview: (UIView, UInt) -> (Bool)) {
                                                                                 ^~~~~~
UIKit.UIView:2:14: note: 'UIView' has been explicitly marked unavailable here
public class UIView {
             ^
/Users/admin/builder/spi-builder-workspace/Sources/LeakedViewControllerDetector/LeakedViewControllerDetector.swift:390:19: error: 'UIView' is unavailable: This Objective-C class has only been forward-declared; import its owning module to use it
    var rootView: UIView {
                  ^~~~~~
UIKit.UIView:2:14: note: 'UIView' has been explicitly marked unavailable here
public class UIView {
             ^
/Users/admin/builder/spi-builder-workspace/Sources/LeakedViewControllerDetector/LeakedViewControllerDetector.swift:394:30: error: cannot find type 'UIViewController' in scope
    var firstViewController: UIViewController? {
                             ^~~~~~~~~~~~~~~~
/Users/admin/builder/spi-builder-workspace/Sources/LeakedViewControllerDetector/LeakedViewControllerDetector.swift:115:19: error: 'UIView' is unavailable: This Objective-C class has only been forward-declared; import its owning module to use it
private extension UIView {
                  ^~~~~~
UIKit.UIView:2:14: note: 'UIView' has been explicitly marked unavailable here
public class UIView {
             ^
/Users/admin/builder/spi-builder-workspace/Sources/LeakedViewControllerDetector/LeakedViewControllerDetector.swift:399:19: error: cannot find type 'UIViewController' in scope
private extension UIViewController {
                  ^~~~~~~~~~~~~~~~
/Users/admin/builder/spi-builder-workspace/Sources/LeakedViewControllerDetector/LeakedViewControllerDetector.swift:1032:21: error: 'UIView' is unavailable: This Objective-C class has only been forward-declared; import its owning module to use it
    var strongView: UIView?
                    ^~~~~~
UIKit.UIView:2:14: note: 'UIView' has been explicitly marked unavailable here
public class UIView {
             ^
/Users/admin/builder/spi-builder-workspace/Sources/LeakedViewControllerDetector/LeakedViewControllerDetector.swift:1035:20: error: 'UIView' is unavailable: This Objective-C class has only been forward-declared; import its owning module to use it
    var subviews: [UIView]?
                   ^~~~~~
UIKit.UIView:2:14: note: 'UIView' has been explicitly marked unavailable here
public class UIView {
             ^
/Users/admin/builder/spi-builder-workspace/Sources/LeakedViewControllerDetector/LeakedViewControllerDetector.swift:1039:37: error: value of type 'UIView' has no member 'layer'
        subviewObserver = weakView?.layer.observe(\.sublayers, options: [.old, .new]) { [weak self] _, _ in
                          ~~~~~~~~~ ^~~~~
/Applications/Xcode-16.3.0.app/Contents/Developer/Platforms/WatchOS.platform/Developer/SDKs/WatchOS11.4.sdk/System/Library/Frameworks/UIKit.framework/Headers/NSTextAttachment.h:23:1: note: class 'UIView' will be imported as an opaque placeholder class and may be missing members; import the definition to access the complete interface
@class UIView;
^
/Applications/Xcode-16.3.0.app/Contents/Developer/Platforms/WatchOS.platform/Developer/SDKs/WatchOS11.4.sdk/System/Library/Frameworks/UIKit.framework/Headers/NSTextAttachment.h:23:1: note: interface 'UIView' forward declared here
@class UIView;
^
/Users/admin/builder/spi-builder-workspace/Sources/LeakedViewControllerDetector/LeakedViewControllerDetector.swift:1039:51: error: cannot infer key path type from context; consider explicitly specifying a root type
        subviewObserver = weakView?.layer.observe(\.sublayers, options: [.old, .new]) { [weak self] _, _ in
                                                  ^
                                                   <#Root#>
/Users/admin/builder/spi-builder-workspace/Sources/LeakedViewControllerDetector/LeakedViewControllerDetector.swift:1039:101: error: cannot infer type of closure parameter '_' without a type annotation
        subviewObserver = weakView?.layer.observe(\.sublayers, options: [.old, .new]) { [weak self] _, _ in
                                                                                                    ^
/Users/admin/builder/spi-builder-workspace/Sources/LeakedViewControllerDetector/LeakedViewControllerDetector.swift:1039:104: error: cannot infer type of closure parameter '_' without a type annotation
        subviewObserver = weakView?.layer.observe(\.sublayers, options: [.old, .new]) { [weak self] _, _ in
                                                                                                       ^
/Users/admin/builder/spi-builder-workspace/Sources/LeakedViewControllerDetector/LeakedViewControllerDetector.swift:1039:81: error: reference to member 'new' cannot be resolved without a contextual type
        subviewObserver = weakView?.layer.observe(\.sublayers, options: [.old, .new]) { [weak self] _, _ in
                                                                                ^
/Users/admin/builder/spi-builder-workspace/Sources/LeakedViewControllerDetector/LeakedViewControllerDetector.swift:1039:75: error: reference to member 'old' cannot be resolved without a contextual type
        subviewObserver = weakView?.layer.observe(\.sublayers, options: [.old, .new]) { [weak self] _, _ in
                                                                          ^
/Users/admin/builder/spi-builder-workspace/Sources/LeakedViewControllerDetector/LeakedViewControllerDetector.swift:1042:43: error: value of type 'UIView' has no member 'subviews'
                    self?.subviews = view.subviews
                                     ~~~~ ^~~~~~~~
/Applications/Xcode-16.3.0.app/Contents/Developer/Platforms/WatchOS.platform/Developer/SDKs/WatchOS11.4.sdk/System/Library/Frameworks/UIKit.framework/Headers/NSTextAttachment.h:23:1: note: class 'UIView' will be imported as an opaque placeholder class and may be missing members; import the definition to access the complete interface
@class UIView;
^
/Applications/Xcode-16.3.0.app/Contents/Developer/Platforms/WatchOS.platform/Developer/SDKs/WatchOS11.4.sdk/System/Library/Frameworks/UIKit.framework/Headers/NSTextAttachment.h:23:1: note: interface 'UIView' forward declared here
@class UIView;
^
/Users/admin/builder/spi-builder-workspace/Sources/LeakedViewControllerDetector/LeakedViewControllerDetector.swift:1037:24: error: 'UIView' is unavailable: This Objective-C class has only been forward-declared; import its owning module to use it
    weak var weakView: UIView? { didSet {
                       ^~~~~~
UIKit.UIView:2:14: note: 'UIView' has been explicitly marked unavailable here
public class UIView {
             ^
/Users/admin/builder/spi-builder-workspace/Sources/LeakedViewControllerDetector/LeakedViewControllerDetector.swift:1050:18: error: 'UIView' is unavailable: This Objective-C class has only been forward-declared; import its owning module to use it
    init(_ view: UIView? = nil) {
                 ^~~~~~
UIKit.UIView:2:14: note: 'UIView' has been explicitly marked unavailable here
public class UIView {
             ^
/Users/admin/builder/spi-builder-workspace/Sources/LeakedViewControllerDetector/LeakedViewControllerDetector.swift:1089:19: error: cannot find type 'UIResponder' in scope
private extension UIResponder {
                  ^~~~~~~~~~~
/Users/admin/builder/spi-builder-workspace/Sources/LeakedViewControllerDetector/LeakedViewControllerDetector.swift:1095:19: error: cannot find type 'UIApplication' in scope
private extension UIApplication {
                  ^~~~~~~~~~~~~
Failed frontend command:
/Applications/Xcode-16.3.0.app/Contents/Developer/Toolchains/XcodeDefault.xctoolchain/usr/bin/swift-frontend -frontend -emit-module -experimental-skip-non-inlinable-function-bodies-without-types /Users/admin/builder/spi-builder-workspace/Sources/LeakedViewControllerDetector/LeakedViewControllerDetector.swift -target arm64_32-apple-watchos6.0 -enable-objc-interop -sdk /Applications/Xcode-16.3.0.app/Contents/Developer/Platforms/WatchOS.platform/Developer/SDKs/WatchOS11.4.sdk -I /Users/admin/builder/spi-builder-workspace/.derivedData/Build/Products/Debug-watchos -I /Applications/Xcode-16.3.0.app/Contents/Developer/Platforms/WatchOS.platform/Developer/usr/lib -F /Users/admin/builder/spi-builder-workspace/.derivedData/Build/Products/Debug-watchos -F /Applications/Xcode-16.3.0.app/Contents/Developer/Platforms/WatchOS.platform/Developer/Library/Frameworks -F /Applications/Xcode-16.3.0.app/Contents/Developer/Platforms/WatchOS.platform/Developer/SDKs/WatchOS11.4.sdk/Developer/Library/Frameworks -no-color-diagnostics -enable-testing -g -debug-info-format\=dwarf -dwarf-version\=4 -module-cache-path /Users/admin/builder/spi-builder-workspace/.derivedData/ModuleCache.noindex -profile-generate -profile-coverage-mapping -swift-version 6 -enforce-exclusivity\=checked -Onone -D SWIFT_PACKAGE -D DEBUG -D Xcode -serialize-debugging-options -const-gather-protocols-file /Users/admin/builder/spi-builder-workspace/.derivedData/Build/Intermediates.noindex/LeakedViewControllerDetector.build/Debug-watchos/LeakedViewControllerDetector.build/Objects-normal/arm64_32/LeakedViewControllerDetector_const_extract_protocols.json -enable-experimental-feature DebugDescriptionMacro -empty-abi-descriptor -plugin-path /Applications/Xcode-16.3.0.app/Contents/Developer/Toolchains/XcodeDefault.xctoolchain/usr/lib/swift/host/plugins/testing -validate-clang-modules-once -clang-build-session-file /Users/admin/builder/spi-builder-workspace/.derivedData/ModuleCache.noindex/Session.modulevalidation -Xcc -working-directory -Xcc /Users/admin/builder/spi-builder-workspace/.swiftpm/xcode -resource-dir /Applications/Xcode-16.3.0.app/Contents/Developer/Toolchains/XcodeDefault.xctoolchain/usr/lib/swift -enable-anonymous-context-mangled-names -file-compilation-dir /Users/admin/builder/spi-builder-workspace/.swiftpm/xcode -Xcc -ivfsstatcache -Xcc /Users/admin/builder/spi-builder-workspace/.derivedData/SDKStatCaches.noindex/watchos11.4-22T246-43efb940ff07ba2497b70ec94253f576.sdkstatcache -Xcc -I/Users/admin/builder/spi-builder-workspace/.derivedData/Build/Intermediates.noindex/LeakedViewControllerDetector.build/Debug-watchos/LeakedViewControllerDetector.build/swift-overrides.hmap -Xcc -I/Users/admin/builder/spi-builder-workspace/.derivedData/Build/Products/Debug-watchos/include -Xcc -I/Users/admin/builder/spi-builder-workspace/.derivedData/Build/Intermediates.noindex/LeakedViewControllerDetector.build/Debug-watchos/LeakedViewControllerDetector.build/DerivedSources-normal/arm64_32 -Xcc -I/Users/admin/builder/spi-builder-workspace/.derivedData/Build/Intermediates.noindex/LeakedViewControllerDetector.build/Debug-watchos/LeakedViewControllerDetector.build/DerivedSources/arm64_32 -Xcc -I/Users/admin/builder/spi-builder-workspace/.derivedData/Build/Intermediates.noindex/LeakedViewControllerDetector.build/Debug-watchos/LeakedViewControllerDetector.build/DerivedSources -Xcc -DSWIFT_PACKAGE -Xcc -DDEBUG\=1 -module-name LeakedViewControllerDetector -package-name spi_builder_workspace -frontend-parseable-output -disable-clang-spi -target-sdk-version 11.4 -target-sdk-name watchos11.4 -external-plugin-path /Applications/Xcode-16.3.0.app/Contents/Developer/Platforms/WatchOS.platform/Developer/usr/lib/swift/host/plugins\#/Applications/Xcode-16.3.0.app/Contents/Developer/Platforms/WatchOS.platform/Developer/usr/bin/swift-plugin-server -external-plugin-path /Applications/Xcode-16.3.0.app/Contents/Developer/Platforms/WatchOS.platform/Developer/usr/local/lib/swift/host/plugins\#/Applications/Xcode-16.3.0.app/Contents/Developer/Platforms/WatchOS.platform/Developer/usr/bin/swift-plugin-server -in-process-plugin-server-path /Applications/Xcode-16.3.0.app/Contents/Developer/Toolchains/XcodeDefault.xctoolchain/usr/lib/swift/host/libSwiftInProcPluginServer.dylib -plugin-path /Applications/Xcode-16.3.0.app/Contents/Developer/Toolchains/XcodeDefault.xctoolchain/usr/lib/swift/host/plugins -plugin-path /Applications/Xcode-16.3.0.app/Contents/Developer/Toolchains/XcodeDefault.xctoolchain/usr/local/lib/swift/host/plugins -emit-module-doc-path /Users/admin/builder/spi-builder-workspace/.derivedData/Build/Intermediates.noindex/LeakedViewControllerDetector.build/Debug-watchos/LeakedViewControllerDetector.build/Objects-normal/arm64_32/LeakedViewControllerDetector.swiftdoc -emit-module-source-info-path /Users/admin/builder/spi-builder-workspace/.derivedData/Build/Intermediates.noindex/LeakedViewControllerDetector.build/Debug-watchos/LeakedViewControllerDetector.build/Objects-normal/arm64_32/LeakedViewControllerDetector.swiftsourceinfo -emit-objc-header-path /Users/admin/builder/spi-builder-workspace/.derivedData/Build/Intermediates.noindex/LeakedViewControllerDetector.build/Debug-watchos/LeakedViewControllerDetector.build/Objects-normal/arm64_32/LeakedViewControllerDetector-Swift.h -serialize-diagnostics-path /Users/admin/builder/spi-builder-workspace/.derivedData/Build/Intermediates.noindex/LeakedViewControllerDetector.build/Debug-watchos/LeakedViewControllerDetector.build/Objects-normal/arm64_32/LeakedViewControllerDetector-master-emit-module.dia -emit-dependencies-path /Users/admin/builder/spi-builder-workspace/.derivedData/Build/Intermediates.noindex/LeakedViewControllerDetector.build/Debug-watchos/LeakedViewControllerDetector.build/Objects-normal/arm64_32/LeakedViewControllerDetector-master-emit-module.d -parse-as-library -o /Users/admin/builder/spi-builder-workspace/.derivedData/Build/Intermediates.noindex/LeakedViewControllerDetector.build/Debug-watchos/LeakedViewControllerDetector.build/Objects-normal/arm64_32/LeakedViewControllerDetector.swiftmodule -emit-abi-descriptor-path /Users/admin/builder/spi-builder-workspace/.derivedData/Build/Intermediates.noindex/LeakedViewControllerDetector.build/Debug-watchos/LeakedViewControllerDetector.build/Objects-normal/arm64_32/LeakedViewControllerDetector.abi.json
SwiftEmitModule normal arm64 Emitting\ module\ for\ LeakedViewControllerDetector (in target 'LeakedViewControllerDetector' from project 'LeakedViewControllerDetector')
SwiftCompile normal arm64 /Users/admin/builder/spi-builder-workspace/Sources/LeakedViewControllerDetector/LeakedViewControllerDetector.swift (in target 'LeakedViewControllerDetector' from project 'LeakedViewControllerDetector')
    cd /Users/admin/builder/spi-builder-workspace/.swiftpm/xcode

/Users/admin/builder/spi-builder-workspace/Sources/LeakedViewControllerDetector/LeakedViewControllerDetector.swift:19:51: error: cannot find type 'UIViewController' in scope
    fileprivate static var callback: (@MainActor (UIViewController?, UIView?, String) -> Action)?
                                                  ^~~~~~~~~~~~~~~~
/Users/admin/builder/spi-builder-workspace/Sources/LeakedViewControllerDetector/LeakedViewControllerDetector.swift:21:43: error: cannot find type 'UIWindow' in scope
    fileprivate static var warningWindow: UIWindow?
                                          ^~~~~~~~
/Users/admin/builder/spi-builder-workspace/Sources/LeakedViewControllerDetector/LeakedViewControllerDetector.swift:32:41: error: cannot find type 'UIViewController' in scope
        callback: @escaping @MainActor (UIViewController?, UIView?, String) -> Action
                                        ^~~~~~~~~~~~~~~~
/Users/admin/builder/spi-builder-workspace/Sources/LeakedViewControllerDetector/LeakedViewControllerDetector.swift:91:18: error: 'UIView' is unavailable: This Objective-C class has only been forward-declared; import its owning module to use it
public extension UIView {
                 ^~~~~~
UIKit.UIView:2:14: note: 'UIView' has been explicitly marked unavailable here
public class UIView {
             ^
/Users/admin/builder/spi-builder-workspace/Sources/LeakedViewControllerDetector/LeakedViewControllerDetector.swift:365:43: error: 'UIView' is unavailable: This Objective-C class has only been forward-declared; import its owning module to use it
    func iterateTopSubviews(onViewFound: (UIView) -> Void) {
                                          ^~~~~~
UIKit.UIView:2:14: note: 'UIView' has been explicitly marked unavailable here
public class UIView {
             ^
/Users/admin/builder/spi-builder-workspace/Sources/LeakedViewControllerDetector/LeakedViewControllerDetector.swift:379:82: error: 'UIView' is unavailable: This Objective-C class has only been forward-declared; import its owning module to use it
    func iterateSubviews(maxLevel: UInt = UInt.max, level: UInt = 0, onSubview: (UIView, UInt) -> (Bool)) {
                                                                                 ^~~~~~
UIKit.UIView:2:14: note: 'UIView' has been explicitly marked unavailable here
public class UIView {
             ^
/Users/admin/builder/spi-builder-workspace/Sources/LeakedViewControllerDetector/LeakedViewControllerDetector.swift:390:19: error: 'UIView' is unavailable: This Objective-C class has only been forward-declared; import its owning module to use it
    var rootView: UIView {
                  ^~~~~~
UIKit.UIView:2:14: note: 'UIView' has been explicitly marked unavailable here
public class UIView {
             ^
/Users/admin/builder/spi-builder-workspace/Sources/LeakedViewControllerDetector/LeakedViewControllerDetector.swift:394:30: error: cannot find type 'UIViewController' in scope
    var firstViewController: UIViewController? {
                             ^~~~~~~~~~~~~~~~
/Users/admin/builder/spi-builder-workspace/Sources/LeakedViewControllerDetector/LeakedViewControllerDetector.swift:115:19: error: 'UIView' is unavailable: This Objective-C class has only been forward-declared; import its owning module to use it
private extension UIView {
                  ^~~~~~
UIKit.UIView:2:14: note: 'UIView' has been explicitly marked unavailable here
public class UIView {
             ^
/Users/admin/builder/spi-builder-workspace/Sources/LeakedViewControllerDetector/LeakedViewControllerDetector.swift:399:19: error: cannot find type 'UIViewController' in scope
private extension UIViewController {
                  ^~~~~~~~~~~~~~~~
/Users/admin/builder/spi-builder-workspace/Sources/LeakedViewControllerDetector/LeakedViewControllerDetector.swift:1032:21: error: 'UIView' is unavailable: This Objective-C class has only been forward-declared; import its owning module to use it
    var strongView: UIView?
                    ^~~~~~
UIKit.UIView:2:14: note: 'UIView' has been explicitly marked unavailable here
public class UIView {
             ^
/Users/admin/builder/spi-builder-workspace/Sources/LeakedViewControllerDetector/LeakedViewControllerDetector.swift:1035:20: error: 'UIView' is unavailable: This Objective-C class has only been forward-declared; import its owning module to use it
    var subviews: [UIView]?
                   ^~~~~~
UIKit.UIView:2:14: note: 'UIView' has been explicitly marked unavailable here
public class UIView {
             ^
/Users/admin/builder/spi-builder-workspace/Sources/LeakedViewControllerDetector/LeakedViewControllerDetector.swift:1039:37: error: value of type 'UIView' has no member 'layer'
        subviewObserver = weakView?.layer.observe(\.sublayers, options: [.old, .new]) { [weak self] _, _ in
                          ~~~~~~~~~ ^~~~~
/Applications/Xcode-16.3.0.app/Contents/Developer/Platforms/WatchOS.platform/Developer/SDKs/WatchOS11.4.sdk/System/Library/Frameworks/UIKit.framework/Headers/NSTextAttachment.h:23:1: note: class 'UIView' will be imported as an opaque placeholder class and may be missing members; import the definition to access the complete interface
@class UIView;
^
/Applications/Xcode-16.3.0.app/Contents/Developer/Platforms/WatchOS.platform/Developer/SDKs/WatchOS11.4.sdk/System/Library/Frameworks/UIKit.framework/Headers/NSTextAttachment.h:23:1: note: interface 'UIView' forward declared here
@class UIView;
^
/Users/admin/builder/spi-builder-workspace/Sources/LeakedViewControllerDetector/LeakedViewControllerDetector.swift:1039:51: error: cannot infer key path type from context; consider explicitly specifying a root type
        subviewObserver = weakView?.layer.observe(\.sublayers, options: [.old, .new]) { [weak self] _, _ in
                                                  ^
                                                   <#Root#>
/Users/admin/builder/spi-builder-workspace/Sources/LeakedViewControllerDetector/LeakedViewControllerDetector.swift:1039:101: error: cannot infer type of closure parameter '_' without a type annotation
        subviewObserver = weakView?.layer.observe(\.sublayers, options: [.old, .new]) { [weak self] _, _ in
                                                                                                    ^
/Users/admin/builder/spi-builder-workspace/Sources/LeakedViewControllerDetector/LeakedViewControllerDetector.swift:1039:104: error: cannot infer type of closure parameter '_' without a type annotation
        subviewObserver = weakView?.layer.observe(\.sublayers, options: [.old, .new]) { [weak self] _, _ in
                                                                                                       ^
/Users/admin/builder/spi-builder-workspace/Sources/LeakedViewControllerDetector/LeakedViewControllerDetector.swift:1039:81: error: reference to member 'new' cannot be resolved without a contextual type
        subviewObserver = weakView?.layer.observe(\.sublayers, options: [.old, .new]) { [weak self] _, _ in
                                                                                ^
/Users/admin/builder/spi-builder-workspace/Sources/LeakedViewControllerDetector/LeakedViewControllerDetector.swift:1039:75: error: reference to member 'old' cannot be resolved without a contextual type
        subviewObserver = weakView?.layer.observe(\.sublayers, options: [.old, .new]) { [weak self] _, _ in
                                                                          ^
/Users/admin/builder/spi-builder-workspace/Sources/LeakedViewControllerDetector/LeakedViewControllerDetector.swift:1042:43: error: value of type 'UIView' has no member 'subviews'
                    self?.subviews = view.subviews
                                     ~~~~ ^~~~~~~~
/Applications/Xcode-16.3.0.app/Contents/Developer/Platforms/WatchOS.platform/Developer/SDKs/WatchOS11.4.sdk/System/Library/Frameworks/UIKit.framework/Headers/NSTextAttachment.h:23:1: note: class 'UIView' will be imported as an opaque placeholder class and may be missing members; import the definition to access the complete interface
@class UIView;
^
/Applications/Xcode-16.3.0.app/Contents/Developer/Platforms/WatchOS.platform/Developer/SDKs/WatchOS11.4.sdk/System/Library/Frameworks/UIKit.framework/Headers/NSTextAttachment.h:23:1: note: interface 'UIView' forward declared here
@class UIView;
^
/Users/admin/builder/spi-builder-workspace/Sources/LeakedViewControllerDetector/LeakedViewControllerDetector.swift:1037:24: error: 'UIView' is unavailable: This Objective-C class has only been forward-declared; import its owning module to use it
    weak var weakView: UIView? { didSet {
                       ^~~~~~
UIKit.UIView:2:14: note: 'UIView' has been explicitly marked unavailable here
public class UIView {
             ^
/Users/admin/builder/spi-builder-workspace/Sources/LeakedViewControllerDetector/LeakedViewControllerDetector.swift:1050:18: error: 'UIView' is unavailable: This Objective-C class has only been forward-declared; import its owning module to use it
    init(_ view: UIView? = nil) {
                 ^~~~~~
UIKit.UIView:2:14: note: 'UIView' has been explicitly marked unavailable here
public class UIView {
             ^
/Users/admin/builder/spi-builder-workspace/Sources/LeakedViewControllerDetector/LeakedViewControllerDetector.swift:1089:19: error: cannot find type 'UIResponder' in scope
private extension UIResponder {
                  ^~~~~~~~~~~
/Users/admin/builder/spi-builder-workspace/Sources/LeakedViewControllerDetector/LeakedViewControllerDetector.swift:1095:19: error: cannot find type 'UIApplication' in scope
private extension UIApplication {
                  ^~~~~~~~~~~~~
Failed frontend command:
/Applications/Xcode-16.3.0.app/Contents/Developer/Toolchains/XcodeDefault.xctoolchain/usr/bin/swift-frontend -frontend -emit-module -experimental-skip-non-inlinable-function-bodies-without-types /Users/admin/builder/spi-builder-workspace/Sources/LeakedViewControllerDetector/LeakedViewControllerDetector.swift -target arm64-apple-watchos6.0 -Xllvm -aarch64-use-tbi -enable-objc-interop -stack-check -sdk /Applications/Xcode-16.3.0.app/Contents/Developer/Platforms/WatchOS.platform/Developer/SDKs/WatchOS11.4.sdk -I /Users/admin/builder/spi-builder-workspace/.derivedData/Build/Products/Debug-watchos -I /Applications/Xcode-16.3.0.app/Contents/Developer/Platforms/WatchOS.platform/Developer/usr/lib -F /Users/admin/builder/spi-builder-workspace/.derivedData/Build/Products/Debug-watchos -F /Applications/Xcode-16.3.0.app/Contents/Developer/Platforms/WatchOS.platform/Developer/Library/Frameworks -F /Applications/Xcode-16.3.0.app/Contents/Developer/Platforms/WatchOS.platform/Developer/SDKs/WatchOS11.4.sdk/Developer/Library/Frameworks -no-color-diagnostics -enable-testing -g -debug-info-format\=dwarf -dwarf-version\=4 -module-cache-path /Users/admin/builder/spi-builder-workspace/.derivedData/ModuleCache.noindex -profile-generate -profile-coverage-mapping -swift-version 6 -enforce-exclusivity\=checked -Onone -D SWIFT_PACKAGE -D DEBUG -D Xcode -serialize-debugging-options -const-gather-protocols-file /Users/admin/builder/spi-builder-workspace/.derivedData/Build/Intermediates.noindex/LeakedViewControllerDetector.build/Debug-watchos/LeakedViewControllerDetector.build/Objects-normal/arm64/LeakedViewControllerDetector_const_extract_protocols.json -enable-experimental-feature DebugDescriptionMacro -empty-abi-descriptor -plugin-path /Applications/Xcode-16.3.0.app/Contents/Developer/Toolchains/XcodeDefault.xctoolchain/usr/lib/swift/host/plugins/testing -validate-clang-modules-once -clang-build-session-file /Users/admin/builder/spi-builder-workspace/.derivedData/ModuleCache.noindex/Session.modulevalidation -Xcc -working-directory -Xcc /Users/admin/builder/spi-builder-workspace/.swiftpm/xcode -resource-dir /Applications/Xcode-16.3.0.app/Contents/Developer/Toolchains/XcodeDefault.xctoolchain/usr/lib/swift -enable-anonymous-context-mangled-names -file-compilation-dir /Users/admin/builder/spi-builder-workspace/.swiftpm/xcode -Xcc -ivfsstatcache -Xcc /Users/admin/builder/spi-builder-workspace/.derivedData/SDKStatCaches.noindex/watchos11.4-22T246-43efb940ff07ba2497b70ec94253f576.sdkstatcache -Xcc -I/Users/admin/builder/spi-builder-workspace/.derivedData/Build/Intermediates.noindex/LeakedViewControllerDetector.build/Debug-watchos/LeakedViewControllerDetector.build/swift-overrides.hmap -Xcc -I/Users/admin/builder/spi-builder-workspace/.derivedData/Build/Products/Debug-watchos/include -Xcc -I/Users/admin/builder/spi-builder-workspace/.derivedData/Build/Intermediates.noindex/LeakedViewControllerDetector.build/Debug-watchos/LeakedViewControllerDetector.build/DerivedSources-normal/arm64 -Xcc -I/Users/admin/builder/spi-builder-workspace/.derivedData/Build/Intermediates.noindex/LeakedViewControllerDetector.build/Debug-watchos/LeakedViewControllerDetector.build/DerivedSources/arm64 -Xcc -I/Users/admin/builder/spi-builder-workspace/.derivedData/Build/Intermediates.noindex/LeakedViewControllerDetector.build/Debug-watchos/LeakedViewControllerDetector.build/DerivedSources -Xcc -DSWIFT_PACKAGE -Xcc -DDEBUG\=1 -module-name LeakedViewControllerDetector -package-name spi_builder_workspace -frontend-parseable-output -disable-clang-spi -target-sdk-version 11.4 -target-sdk-name watchos11.4 -external-plugin-path /Applications/Xcode-16.3.0.app/Contents/Developer/Platforms/WatchOS.platform/Developer/usr/lib/swift/host/plugins\#/Applications/Xcode-16.3.0.app/Contents/Developer/Platforms/WatchOS.platform/Developer/usr/bin/swift-plugin-server -external-plugin-path /Applications/Xcode-16.3.0.app/Contents/Developer/Platforms/WatchOS.platform/Developer/usr/local/lib/swift/host/plugins\#/Applications/Xcode-16.3.0.app/Contents/Developer/Platforms/WatchOS.platform/Developer/usr/bin/swift-plugin-server -in-process-plugin-server-path /Applications/Xcode-16.3.0.app/Contents/Developer/Toolchains/XcodeDefault.xctoolchain/usr/lib/swift/host/libSwiftInProcPluginServer.dylib -plugin-path /Applications/Xcode-16.3.0.app/Contents/Developer/Toolchains/XcodeDefault.xctoolchain/usr/lib/swift/host/plugins -plugin-path /Applications/Xcode-16.3.0.app/Contents/Developer/Toolchains/XcodeDefault.xctoolchain/usr/local/lib/swift/host/plugins -emit-module-doc-path /Users/admin/builder/spi-builder-workspace/.derivedData/Build/Intermediates.noindex/LeakedViewControllerDetector.build/Debug-watchos/LeakedViewControllerDetector.build/Objects-normal/arm64/LeakedViewControllerDetector.swiftdoc -emit-module-source-info-path /Users/admin/builder/spi-builder-workspace/.derivedData/Build/Intermediates.noindex/LeakedViewControllerDetector.build/Debug-watchos/LeakedViewControllerDetector.build/Objects-normal/arm64/LeakedViewControllerDetector.swiftsourceinfo -emit-objc-header-path /Users/admin/builder/spi-builder-workspace/.derivedData/Build/Intermediates.noindex/LeakedViewControllerDetector.build/Debug-watchos/LeakedViewControllerDetector.build/Objects-normal/arm64/LeakedViewControllerDetector-Swift.h -serialize-diagnostics-path /Users/admin/builder/spi-builder-workspace/.derivedData/Build/Intermediates.noindex/LeakedViewControllerDetector.build/Debug-watchos/LeakedViewControllerDetector.build/Objects-normal/arm64/LeakedViewControllerDetector-master-emit-module.dia -emit-dependencies-path /Users/admin/builder/spi-builder-workspace/.derivedData/Build/Intermediates.noindex/LeakedViewControllerDetector.build/Debug-watchos/LeakedViewControllerDetector.build/Objects-normal/arm64/LeakedViewControllerDetector-master-emit-module.d -parse-as-library -o /Users/admin/builder/spi-builder-workspace/.derivedData/Build/Intermediates.noindex/LeakedViewControllerDetector.build/Debug-watchos/LeakedViewControllerDetector.build/Objects-normal/arm64/LeakedViewControllerDetector.swiftmodule -emit-abi-descriptor-path /Users/admin/builder/spi-builder-workspace/.derivedData/Build/Intermediates.noindex/LeakedViewControllerDetector.build/Debug-watchos/LeakedViewControllerDetector.build/Objects-normal/arm64/LeakedViewControllerDetector.abi.json
SwiftCompile normal armv7k Compiling\ LeakedViewControllerDetector.swift /Users/admin/builder/spi-builder-workspace/Sources/LeakedViewControllerDetector/LeakedViewControllerDetector.swift (in target 'LeakedViewControllerDetector' from project 'LeakedViewControllerDetector')
SwiftCompile normal armv7k /Users/admin/builder/spi-builder-workspace/Sources/LeakedViewControllerDetector/LeakedViewControllerDetector.swift (in target 'LeakedViewControllerDetector' from project 'LeakedViewControllerDetector')
    cd /Users/admin/builder/spi-builder-workspace/.swiftpm/xcode

SwiftCompile normal arm64_32 Compiling\ LeakedViewControllerDetector.swift /Users/admin/builder/spi-builder-workspace/Sources/LeakedViewControllerDetector/LeakedViewControllerDetector.swift (in target 'LeakedViewControllerDetector' from project 'LeakedViewControllerDetector')
SwiftCompile normal arm64_32 /Users/admin/builder/spi-builder-workspace/Sources/LeakedViewControllerDetector/LeakedViewControllerDetector.swift (in target 'LeakedViewControllerDetector' from project 'LeakedViewControllerDetector')
    cd /Users/admin/builder/spi-builder-workspace/.swiftpm/xcode

SwiftCompile normal arm64 Compiling\ LeakedViewControllerDetector.swift /Users/admin/builder/spi-builder-workspace/Sources/LeakedViewControllerDetector/LeakedViewControllerDetector.swift (in target 'LeakedViewControllerDetector' from project 'LeakedViewControllerDetector')
SwiftCompile normal arm64 /Users/admin/builder/spi-builder-workspace/Sources/LeakedViewControllerDetector/LeakedViewControllerDetector.swift (in target 'LeakedViewControllerDetector' from project 'LeakedViewControllerDetector')
    cd /Users/admin/builder/spi-builder-workspace/.swiftpm/xcode

** BUILD FAILED **
The following build commands failed:
	SwiftCompile normal armv7k /Users/admin/builder/spi-builder-workspace/Sources/LeakedViewControllerDetector/LeakedViewControllerDetector.swift (in target 'LeakedViewControllerDetector' from project 'LeakedViewControllerDetector')
	SwiftEmitModule normal armv7k Emitting\ module\ for\ LeakedViewControllerDetector (in target 'LeakedViewControllerDetector' from project 'LeakedViewControllerDetector')
	SwiftCompile normal arm64_32 /Users/admin/builder/spi-builder-workspace/Sources/LeakedViewControllerDetector/LeakedViewControllerDetector.swift (in target 'LeakedViewControllerDetector' from project 'LeakedViewControllerDetector')
	SwiftEmitModule normal arm64_32 Emitting\ module\ for\ LeakedViewControllerDetector (in target 'LeakedViewControllerDetector' from project 'LeakedViewControllerDetector')
	SwiftCompile normal arm64 /Users/admin/builder/spi-builder-workspace/Sources/LeakedViewControllerDetector/LeakedViewControllerDetector.swift (in target 'LeakedViewControllerDetector' from project 'LeakedViewControllerDetector')
	SwiftEmitModule normal arm64 Emitting\ module\ for\ LeakedViewControllerDetector (in target 'LeakedViewControllerDetector' from project 'LeakedViewControllerDetector')
	Building workspace spi-builder-workspace with scheme LeakedViewControllerDetector
(7 failures)
BUILD FAILURE 6.1 watchOS