The Swift Package Index logo.Swift Package Index

Build Information

Failed to build Pharos, reference 4.0.0 (454d8f), with Swift 6.4 for Wasm on 18 Sep 2026 19:55:39 UTC.

Build Command

bash -c docker run --pull=always --rm -v "checkouts-53886770-1":/host -w "$PWD" -e JAVA_HOME="/root/.sdkman/candidates/java/current" -e SPI_BUILD="1" -e SPI_PROCESSING="1" registry.gitlab.com/saguaro1/spi-images:wasm-6.4-latest swift build --swift-sdk swift-6.4.x-DEVELOPMENT-SNAPSHOT-2026-09-04-a_wasm 2>&1

Build Log

========================================
RunAll
========================================
Builder version: 5.1.0
Interrupt handler set up.
========================================
Checkout
========================================
Clone URL: https://github.com/hainayanda/Pharos.git
Reference: 4.0.0
Initialized empty Git repository in /host/spi-builder-workspace/.git/
hint: Using 'master' as the name for the initial branch. This default branch name
hint: is subject to change. To configure the initial branch name to use in all
hint: of your new repositories, which will suppress this warning, call:
hint:
hint: 	git config --global init.defaultBranch <name>
hint:
hint: Names commonly chosen instead of 'master' are 'main', 'trunk' and
hint: 'development'. The just-created branch can be renamed via this command:
hint:
hint: 	git branch -m <name>
From https://github.com/hainayanda/Pharos
 * tag               4.0.0      -> FETCH_HEAD
HEAD is now at 454d8fe Merge pull request #29 from hainayanda/second-rewrite
Cloned https://github.com/hainayanda/Pharos.git
Revision (git rev-parse @):
454d8fec32933ae262078957dce6622f449c9ba6
SUCCESS checkout https://github.com/hainayanda/Pharos.git at 4.0.0
========================================
Build
========================================
Selected platform:         wasm
Swift version:             6.4
Building package at path:  $PWD
https://github.com/hainayanda/Pharos.git
Running build ...
bash -c docker run --pull=always --rm -v "checkouts-53886770-1":/host -w "$PWD" -e JAVA_HOME="/root/.sdkman/candidates/java/current" -e SPI_BUILD="1" -e SPI_PROCESSING="1" registry.gitlab.com/saguaro1/spi-images:wasm-6.4-latest swift build --swift-sdk swift-6.4.x-DEVELOPMENT-SNAPSHOT-2026-09-04-a_wasm 2>&1
wasm-6.4-latest: Pulling from saguaro1/spi-images
Digest: sha256:4328fdb43c680d205c1d6761b1e3267aa38277eefdda9ddfb17b6a0f1a77857a
Status: Image is up to date for registry.gitlab.com/saguaro1/spi-images:wasm-6.4-latest
Fetching https://github.com/hainayanda/Chary.git
[1/514] Fetching chary
Fetched https://github.com/hainayanda/Chary.git (0.45s)
Computing version for https://github.com/hainayanda/Chary.git
Computed https://github.com/hainayanda/Chary.git at 1.0.7 (0.65s)
Creating working copy for https://github.com/hainayanda/Chary.git
Working copy of https://github.com/hainayanda/Chary.git resolved at 1.0.7
Building for debugging...
[Pre-planning 1 / 96]
error: SwiftCompile normal wasm32 failed with a nonzero exit code. Command line:     cd /host

[26 / 41] Chary
/host/spi-builder-workspace/.build/checkouts/Chary/Chary/Classes/Atomic.swift:29:32: error: cannot find type 'DispatchQueue' in scope
27 |
28 |     /// The queue where the atomic run
29 |     public var projectedValue: DispatchQueue {
   |                                `- error: cannot find type 'DispatchQueue' in scope
30 |         get {
31 |             dispatcher
/host/spi-builder-workspace/.build/checkouts/Chary/Chary/Classes/Atomic.swift:13:21: error: cannot find type 'DispatchQueue' in scope
11 | /// Property marked by this property wrapper will set and get atomically
12 | public final class Atomic<Wrapped> {
13 |     var dispatcher: DispatchQueue
   |                     `- error: cannot find type 'DispatchQueue' in scope
14 |     var _wrappedValue: Wrapped
15 |     public var wrappedValue: Wrapped {
/host/spi-builder-workspace/.build/checkouts/Chary/Chary/Classes/Atomic.swift:45:31: error: cannot find type 'DispatchQueue' in scope
43 |     }
44 |
45 |     public init(_ dispatcher: DispatchQueue, wrappedValue: Wrapped) {
   |                               `- error: cannot find type 'DispatchQueue' in scope
46 |         self.dispatcher = dispatcher
47 |         self._wrappedValue = wrappedValue
/host/spi-builder-workspace/.build/checkouts/Chary/Chary/Classes/DispatchQueue+Extensions.swift:13:21: error: cannot find type 'DispatchQueue' in scope
 11 |
 12 | struct QueueReference {
 13 |     weak var queue: DispatchQueue?
    |                     `- error: cannot find type 'DispatchQueue' in scope
 14 | }
 15 |
/host/spi-builder-workspace/.build/checkouts/Chary/Chary/Classes/DispatchQueue+Extensions.swift:16:32: error: cannot find 'DispatchSpecificKey' in scope
 14 | }
 15 |
 16 | fileprivate let detectionKey = DispatchSpecificKey<QueueReference>()
    |                                `- error: cannot find 'DispatchSpecificKey' in scope
 17 |
 18 | extension DispatchQueue {
/host/spi-builder-workspace/.build/checkouts/Chary/Chary/Classes/DispatchQueue+Extensions.swift:18:11: error: cannot find type 'DispatchQueue' in scope
 16 | fileprivate let detectionKey = DispatchSpecificKey<QueueReference>()
 17 |
 18 | extension DispatchQueue {
    |           `- error: cannot find type 'DispatchQueue' in scope
 19 |
 20 |     /// Try to get current queue. It will only show the one registered or accessible from OperationQueue.current, or SystemThread
/host/spi-builder-workspace/.build/checkouts/Chary/Chary/Classes/DispatchQueue+Extensions.swift:66:11: error: cannot find type 'DispatchQueue' in scope
 64 | // MARK: SafeSync
 65 |
 66 | extension DispatchQueue {
    |           `- error: cannot find type 'DispatchQueue' in scope
 67 |
 68 |     /// Perform safe synchronous task. It will run the block right away if turns out its on the same queue as the target
Failed frontend command:
/usr/bin/swift-frontend -frontend -emit-module -experimental-skip-non-inlinable-function-bodies-without-types /host/spi-builder-workspace/.build/checkouts/Chary/Chary/Classes/Atomic.swift /host/spi-builder-workspace/.build/checkouts/Chary/Chary/Classes/DispatchQueue+Extensions.swift -target wasm32-unknown-wasip1 -disable-objc-interop -sdk /root/.swiftpm/swift-sdks/swift-6.4.x-DEVELOPMENT-SNAPSHOT-2026-09-04-a_wasm.artifactbundle/swift-6.4.x-DEVELOPMENT-SNAPSHOT-2026-09-04-a_wasm/wasm32-unknown-wasip1/WASI.sdk -sysroot /root/.swiftpm/swift-sdks/swift-6.4.x-DEVELOPMENT-SNAPSHOT-2026-09-04-a_wasm.artifactbundle/swift-6.4.x-DEVELOPMENT-SNAPSHOT-2026-09-04-a_wasm/wasm32-unknown-wasip1/WASI.sdk -I /host/spi-builder-workspace/.build/out/Products/Debug-webassembly-wasm32 -module-cache-path /host/spi-builder-workspace/.build/out/ModuleCache.noindex -color-diagnostics -Xcc -fcolor-diagnostics -enable-testing -g -debug-info-format\=dwarf -dwarf-version\=4 -suppress-warnings -swift-version 5 -Onone -D SWIFT_PACKAGE -D DEBUG -D SWIFT_MODULE_RESOURCE_BUNDLE_UNAVAILABLE -D Xcode -serialize-debugging-options -enable-experimental-feature DebugDescriptionMacro -empty-abi-descriptor -external-plugin-path /usr/lib/swift/host/plugins/testing\#/usr/bin/swift-plugin-server -validate-clang-modules-once -clang-build-session-file /host/spi-builder-workspace/.build/out/ModuleCache.noindex/Session.modulevalidation -Xcc -working-directory -Xcc /host -resource-dir /root/.swiftpm/swift-sdks/swift-6.4.x-DEVELOPMENT-SNAPSHOT-2026-09-04-a_wasm.artifactbundle/swift-6.4.x-DEVELOPMENT-SNAPSHOT-2026-09-04-a_wasm/wasm32-unknown-wasip1/swift.xctoolchain/usr/lib/swift_static -use-static-resource-dir -enable-anonymous-context-mangled-names -file-compilation-dir /host -Xcc -resource-dir -Xcc /root/.swiftpm/swift-sdks/swift-6.4.x-DEVELOPMENT-SNAPSHOT-2026-09-04-a_wasm.artifactbundle/swift-6.4.x-DEVELOPMENT-SNAPSHOT-2026-09-04-a_wasm/wasm32-unknown-wasip1/swift.xctoolchain/usr/lib/swift_static/clang -Xcc -D_LIBCPP_HARDENING_MODE\=_LIBCPP_HARDENING_MODE_DEBUG -Xcc -fmodules-prune-interval\=86400 -Xcc -fmodules-prune-after\=345600 -Xcc -I/host/spi-builder-workspace/.build/out/Products/Debug-webassembly-wasm32/include -Xcc -I/host/spi-builder-workspace/.build/out/Intermediates.noindex/Chary.build/Debug-webassembly-wasm32/Chary-t.build/DerivedSources-normal/wasm32 -Xcc -I/host/spi-builder-workspace/.build/out/Intermediates.noindex/Chary.build/Debug-webassembly-wasm32/Chary-t.build/DerivedSources/wasm32 -Xcc -I/host/spi-builder-workspace/.build/out/Intermediates.noindex/Chary.build/Debug-webassembly-wasm32/Chary-t.build/DerivedSources -Xcc -DSWIFT_PACKAGE -Xcc -DDEBUG\=1 -no-auto-bridging-header-chaining -module-name Chary -const-gather-protocols-file /host/spi-builder-workspace/.build/out/Intermediates.noindex/Chary.build/Debug-webassembly-wasm32/Chary-t.build/Objects-normal/wasm32/Chary_const_extract_protocols.json -in-process-plugin-server-path /usr/lib/swift/host/libSwiftInProcPluginServer.so -plugin-path /usr/lib/swift/host/plugins -plugin-path /usr/local/lib/swift/host/plugins -emit-module-doc-path /host/spi-builder-workspace/.build/out/Intermediates.noindex/Chary.build/Debug-webassembly-wasm32/Chary-t.build/Objects-normal/wasm32/Modules/Chary.swiftdoc -emit-module-source-info-path /host/spi-builder-workspace/.build/out/Intermediates.noindex/Chary.build/Debug-webassembly-wasm32/Chary-t.build/Objects-normal/wasm32/Modules/Chary.swiftsourceinfo -emit-objc-header-path /host/spi-builder-workspace/.build/out/Intermediates.noindex/Chary.build/Debug-webassembly-wasm32/Chary-t.build/Objects-normal/wasm32/Chary-Swift.h -serialize-diagnostics-path /host/spi-builder-workspace/.build/out/Intermediates.noindex/Chary.build/Debug-webassembly-wasm32/Chary-t.build/Objects-normal/wasm32/Chary-primary-emit-module.dia -emit-dependencies-path /host/spi-builder-workspace/.build/out/Intermediates.noindex/Chary.build/Debug-webassembly-wasm32/Chary-t.build/Objects-normal/wasm32/Chary-primary-emit-module.d -parse-as-library -o /host/spi-builder-workspace/.build/out/Intermediates.noindex/Chary.build/Debug-webassembly-wasm32/Chary-t.build/Objects-normal/wasm32/Modules/Chary.swiftmodule
error: Build failed
BUILD FAILURE 6.4 wasm