Build Information
Failed to build SwiftSH, reference master (64ce28), with Swift 6.4 for visionOS using Xcode 27.0 on 17 Sep 2026 17:37:15 UTC.
Build Command
No build command. This typically means the build failed at an early stage where we determine the build command.Build Log
========================================
RunAll
========================================
Builder version: 5.1.0
Interrupt handler set up.
========================================
Checkout
========================================
Clone URL: https://github.com/migueldeicaza/SwiftSH.git
Reference: master
Initialized empty Git repository in /Users/admin/builder/spi-builder-workspace/.git/
From https://github.com/migueldeicaza/SwiftSH
* branch master -> FETCH_HEAD
* [new branch] master -> origin/master
HEAD is now at 64ce28f Allows the session to be reused for more than one task at a time.
Cloned https://github.com/migueldeicaza/SwiftSH.git
Revision (git rev-parse @):
64ce28f05cd023ac29b12a00b8680553caf58a37
SUCCESS checkout https://github.com/migueldeicaza/SwiftSH.git at master
========================================
Build
========================================
Selected platform: visionOS
Swift version: 6.4
Building package at path: $PWD
https://github.com/migueldeicaza/SwiftSH.git
Command line invocation:
/Applications/Xcode-27.0.0-Release.Candidate.app/Contents/Developer/usr/bin/xcodebuild -IDEClonedSourcePackagesDirPathOverride=/Users/admin/builder/spi-builder-workspace/.dependencies -resolvePackageDependencies
2026-09-17 13:37:14.746 xcodebuild[525:3004] Writing error result bundle to /var/folders/xq/y_g06wb113726d38xsyx71_h0000gn/T/ResultBundle_2026-17-09_13-37-0014.xcresult
xcodebuild: error: The directory /Users/admin/builder/spi-builder-workspace contains 2 projects, including multiple projects with the current extension (.xcodeproj). Specify the project to use with the -project option.
Command line invocation:
/Applications/Xcode-27.0.0-Release.Candidate.app/Contents/Developer/usr/bin/xcodebuild -IDEClonedSourcePackagesDirPathOverride=/Users/admin/builder/spi-builder-workspace/.dependencies -resolvePackageDependencies
2026-09-17 13:37:15.747 xcodebuild[535:3087] Writing error result bundle to /var/folders/xq/y_g06wb113726d38xsyx71_h0000gn/T/ResultBundle_2026-17-09_13-37-0015.xcresult
xcodebuild: error: The directory /Users/admin/builder/spi-builder-workspace contains 2 projects, including multiple projects with the current extension (.xcodeproj). Specify the project to use with the -project option.
BUILD FAILURE 6.4 visionOS