Build Information
Failed to build HealthKitCombine, reference 0.1.0 (77be91), with Swift 6.4 for macOS (Xcode) using Xcode 27.0 on 16 Sep 2026 04:03:17 UTC.
Build Command
env DEVELOPER_DIR=/Applications/Xcode-27.0.0-Release.Candidate.app xcrun xcodebuild -IDEClonedSourcePackagesDirPathOverride=$PWD/.dependencies -skipMacroValidation -skipPackagePluginValidation -derivedDataPath $PWD/.derivedData build -scheme HealthKitCombine -destination platform=macOS,arch=arm64Build Log
========================================
RunAll
========================================
Builder version: 5.1.0
Interrupt handler set up.
========================================
Checkout
========================================
Clone URL: https://github.com/CombineHarvesters/HealthKitCombine.git
Reference: 0.1.0
Initialized empty Git repository in /Users/admin/builder/spi-builder-workspace/.git/
From https://github.com/CombineHarvesters/HealthKitCombine
* tag 0.1.0 -> FETCH_HEAD
HEAD is now at 77be917 Add license
Cloned https://github.com/CombineHarvesters/HealthKitCombine.git
Revision (git rev-parse @):
77be917c84b1cd065e5451fcb3dc244613399b8b
SUCCESS checkout https://github.com/CombineHarvesters/HealthKitCombine.git at 0.1.0
========================================
Build
========================================
Selected platform: macosXcodebuild
Swift version: 6.4
Building package at path: $PWD
https://github.com/CombineHarvesters/HealthKitCombine.git
Command line invocation:
/Applications/Xcode-27.0.0-Release.Candidate.app/Contents/Developer/usr/bin/xcodebuild -IDEClonedSourcePackagesDirPathOverride=/Users/admin/builder/spi-builder-workspace/.dependencies -resolvePackageDependencies
Resolve Package Graph
Resolve Package Graph
Resolved source packages:
HealthKitCombine: /Users/admin/builder/spi-builder-workspace
resolved source packages: HealthKitCombine
2026-09-16 00:02:24.385 xcodebuild[529:3046] [MT] IDERunDestination: Supported platforms for the buildables in the current scheme is empty.
{
"dependencies" : [
],
"manifest_display_name" : "HealthKitCombine",
"name" : "HealthKitCombine",
"path" : "/Users/admin/builder/spi-builder-workspace",
"platforms" : [
{
"name" : "ios",
"version" : "13.0"
},
{
"name" : "watchos",
"version" : "6.0"
}
],
"products" : [
{
"name" : "HealthKitCombine",
"targets" : [
"HealthKitCombine"
],
"type" : {
"library" : [
"automatic"
]
}
}
],
"targets" : [
{
"c99name" : "HealthKitCombineTests",
"module_type" : "SwiftTarget",
"name" : "HealthKitCombineTests",
"path" : "Tests/HealthKitCombineTests",
"sources" : [
"QueryPublisherTests.swift"
],
"target_dependencies" : [
"HealthKitCombine"
],
"type" : "test"
},
{
"c99name" : "HealthKitCombine",
"module_type" : "SwiftTarget",
"name" : "HealthKitCombine",
"path" : "Sources/HealthKitCombine",
"product_memberships" : [
"HealthKitCombine"
],
"sources" : [
"AuthorizationRequest.swift",
"HealthStore+Publishers.swift",
"QueryPublisher.swift"
],
"type" : "library"
}
],
"tools_version" : "5.1"
}
{
"workspace" : {
"name" : "HealthKitCombine",
"schemes" : [
"HealthKitCombine"
]
}
}
2026-09-16 00:03:05.486 xcodebuild[647:4149] [MT] IDERunDestination: Supported platforms for the buildables in the current scheme is empty.
Running build ...
env DEVELOPER_DIR=/Applications/Xcode-27.0.0-Release.Candidate.app xcrun xcodebuild -IDEClonedSourcePackagesDirPathOverride=$PWD/.dependencies -skipMacroValidation -skipPackagePluginValidation -derivedDataPath $PWD/.derivedData build -scheme HealthKitCombine -destination platform=macOS,arch=arm64
Command line invocation:
/Applications/Xcode-27.0.0-Release.Candidate.app/Contents/Developer/usr/bin/xcodebuild -IDEClonedSourcePackagesDirPathOverride=/Users/admin/builder/spi-builder-workspace/.dependencies -skipMacroValidation -skipPackagePluginValidation -derivedDataPath /Users/admin/builder/spi-builder-workspace/.derivedData build -scheme HealthKitCombine -destination platform=macOS,arch=arm64
Resolve Package Graph
Resolved source packages:
HealthKitCombine: /Users/admin/builder/spi-builder-workspace
ComputePackagePrebuildTargetDependencyGraph
Prepare packages
CreateBuildRequest
SendProjectDescription
CreateBuildOperation
ComputeTargetDependencyGraph
note: Building targets in dependency order
note: Target dependency graph (2 targets)
Target 'HealthKitCombine-product' in project 'HealthKitCombine'
➜ Explicit dependency on target 'HealthKitCombine' in project 'HealthKitCombine'
Target 'HealthKitCombine' in project 'HealthKitCombine' (no dependencies)
GatherProvisioningInputs
CreateBuildDescription
ExecuteExternalTool /Applications/Xcode-27.0.0-Release.Candidate.app/Contents/Developer/Toolchains/XcodeDefault.xctoolchain/usr/bin/clang -v -E -dM -isysroot /Applications/Xcode-27.0.0-Release.Candidate.app/Contents/Developer/Platforms/MacOSX.platform/Developer/SDKs/MacOSX27.0.sdk -x c -c /dev/null
ExecuteExternalTool /Applications/Xcode-27.0.0-Release.Candidate.app/Contents/Developer/Toolchains/XcodeDefault.xctoolchain/usr/bin/swiftc --version
ExecuteExternalTool /Applications/Xcode-27.0.0-Release.Candidate.app/Contents/Developer/Toolchains/XcodeDefault.xctoolchain/usr/bin/ld -version_details
Build description signature: f2ed206f0fdbc3144de196d0073be461
Build description path: /Users/admin/builder/spi-builder-workspace/.derivedData/Build/Intermediates.noindex/XCBuildData/f2ed206f0fdbc3144de196d0073be461.xcbuilddata
CreateBuildDirectory /Users/admin/builder/spi-builder-workspace/.derivedData/SDKExplicitPrecompiledModules
cd /Users/admin/builder/spi-builder-workspace/.swiftpm/xcode
builtin-create-build-directory /Users/admin/builder/spi-builder-workspace/.derivedData/SDKExplicitPrecompiledModules
CreateBuildDirectory /Users/admin/builder/spi-builder-workspace/.derivedData/ModuleCache.noindex
cd /Users/admin/builder/spi-builder-workspace/.swiftpm/xcode
builtin-create-build-directory /Users/admin/builder/spi-builder-workspace/.derivedData/ModuleCache.noindex
CreateBuildDirectory /Users/admin/builder/spi-builder-workspace/.derivedData/Build/Products
cd /Users/admin/builder/spi-builder-workspace/.swiftpm/xcode
builtin-create-build-directory /Users/admin/builder/spi-builder-workspace/.derivedData/Build/Products
CreateBuildDirectory /Users/admin/builder/spi-builder-workspace/.derivedData/Build/Intermediates.noindex
cd /Users/admin/builder/spi-builder-workspace/.swiftpm/xcode
builtin-create-build-directory /Users/admin/builder/spi-builder-workspace/.derivedData/Build/Intermediates.noindex
CreateBuildDirectory /Users/admin/builder/spi-builder-workspace/.derivedData/CompilationCache.noindex
cd /Users/admin/builder/spi-builder-workspace/.swiftpm/xcode
builtin-create-build-directory /Users/admin/builder/spi-builder-workspace/.derivedData/CompilationCache.noindex
ClangStatCache /Applications/Xcode-27.0.0-Release.Candidate.app/Contents/Developer/Toolchains/XcodeDefault.xctoolchain/usr/bin/clang-stat-cache /Applications/Xcode-27.0.0-Release.Candidate.app/Contents/Developer/Platforms/MacOSX.platform/Developer/SDKs/MacOSX27.0.sdk /Users/admin/builder/spi-builder-workspace/.derivedData/SDKStatCaches.noindex/macosx27.0-26A425-e829b21a6f8c9b70876ba0858053c0446a22442a12e9d48fe1a705f55a1adfc4.sdkstatcache
cd /Users/admin/builder/spi-builder-workspace/.swiftpm/xcode
/Applications/Xcode-27.0.0-Release.Candidate.app/Contents/Developer/Toolchains/XcodeDefault.xctoolchain/usr/bin/clang-stat-cache /Applications/Xcode-27.0.0-Release.Candidate.app/Contents/Developer/Platforms/MacOSX.platform/Developer/SDKs/MacOSX27.0.sdk -o /Users/admin/builder/spi-builder-workspace/.derivedData/SDKStatCaches.noindex/macosx27.0-26A425-e829b21a6f8c9b70876ba0858053c0446a22442a12e9d48fe1a705f55a1adfc4.sdkstatcache
CreateBuildDirectory /Users/admin/builder/spi-builder-workspace/.derivedData/Build/Intermediates.noindex/SwiftExplicitPrecompiledModules
cd /Users/admin/builder/spi-builder-workspace/.swiftpm/xcode
builtin-create-build-directory /Users/admin/builder/spi-builder-workspace/.derivedData/Build/Intermediates.noindex/SwiftExplicitPrecompiledModules
CreateBuildDirectory /Users/admin/builder/spi-builder-workspace/.derivedData/Build/Intermediates.noindex/PrecompiledHeaders
cd /Users/admin/builder/spi-builder-workspace/.swiftpm/xcode
builtin-create-build-directory /Users/admin/builder/spi-builder-workspace/.derivedData/Build/Intermediates.noindex/PrecompiledHeaders
CreateBuildDirectory /Users/admin/builder/spi-builder-workspace/.derivedData/Build/Products/Debug
cd /Users/admin/builder/spi-builder-workspace/.swiftpm/xcode
builtin-create-build-directory /Users/admin/builder/spi-builder-workspace/.derivedData/Build/Products/Debug
CreateBuildDirectory /Users/admin/builder/spi-builder-workspace/.derivedData/Build/Intermediates.noindex/ExplicitPrecompiledModules
cd /Users/admin/builder/spi-builder-workspace/.swiftpm/xcode
builtin-create-build-directory /Users/admin/builder/spi-builder-workspace/.derivedData/Build/Intermediates.noindex/ExplicitPrecompiledModules
CreateBuildDirectory /Users/admin/builder/spi-builder-workspace/.derivedData/Build/Intermediates.noindex/EagerLinkingTBDs/Debug
cd /Users/admin/builder/spi-builder-workspace/.swiftpm/xcode
builtin-create-build-directory /Users/admin/builder/spi-builder-workspace/.derivedData/Build/Intermediates.noindex/EagerLinkingTBDs/Debug
CreateBuildDirectory /Users/admin/builder/spi-builder-workspace/.derivedData/Build/Products/Debug/PackageFrameworks
cd /Users/admin/builder/spi-builder-workspace/.swiftpm/xcode
builtin-create-build-directory /Users/admin/builder/spi-builder-workspace/.derivedData/Build/Products/Debug/PackageFrameworks
WriteAuxiliaryFile /Users/admin/builder/spi-builder-workspace/.derivedData/Build/Intermediates.noindex/HealthKitCombine.build/Debug/HealthKitCombine-t.build/HealthKitCombine.modulemap (in target 'HealthKitCombine' from project 'HealthKitCombine')
cd /Users/admin/builder/spi-builder-workspace
write-file /Users/admin/builder/spi-builder-workspace/.derivedData/Build/Intermediates.noindex/HealthKitCombine.build/Debug/HealthKitCombine-t.build/HealthKitCombine.modulemap
WriteAuxiliaryFile /Users/admin/builder/spi-builder-workspace/.derivedData/Build/Intermediates.noindex/HealthKitCombine.build/Debug/HealthKitCombine-t.build/HealthKitCombine.DependencyStaticMetadataFileList (in target 'HealthKitCombine' from project 'HealthKitCombine')
cd /Users/admin/builder/spi-builder-workspace
write-file /Users/admin/builder/spi-builder-workspace/.derivedData/Build/Intermediates.noindex/HealthKitCombine.build/Debug/HealthKitCombine-t.build/HealthKitCombine.DependencyStaticMetadataFileList
WriteAuxiliaryFile /Users/admin/builder/spi-builder-workspace/.derivedData/Build/Intermediates.noindex/HealthKitCombine.build/Debug/HealthKitCombine-t.build/HealthKitCombine.DependencyMetadataFileList (in target 'HealthKitCombine' from project 'HealthKitCombine')
cd /Users/admin/builder/spi-builder-workspace
write-file /Users/admin/builder/spi-builder-workspace/.derivedData/Build/Intermediates.noindex/HealthKitCombine.build/Debug/HealthKitCombine-t.build/HealthKitCombine.DependencyMetadataFileList
WriteAuxiliaryFile /Users/admin/builder/spi-builder-workspace/.derivedData/Build/Intermediates.noindex/HealthKitCombine.build/Debug/HealthKitCombine-t.build/Objects-normal/arm64/HealthKitCombine_const_extract_protocols.json (in target 'HealthKitCombine' from project 'HealthKitCombine')
cd /Users/admin/builder/spi-builder-workspace
write-file /Users/admin/builder/spi-builder-workspace/.derivedData/Build/Intermediates.noindex/HealthKitCombine.build/Debug/HealthKitCombine-t.build/Objects-normal/arm64/HealthKitCombine_const_extract_protocols.json
WriteAuxiliaryFile /Users/admin/builder/spi-builder-workspace/.derivedData/Build/Intermediates.noindex/HealthKitCombine.build/Debug/HealthKitCombine-t.build/Objects-normal/arm64/HealthKitCombine.SwiftFileList (in target 'HealthKitCombine' from project 'HealthKitCombine')
cd /Users/admin/builder/spi-builder-workspace
write-file /Users/admin/builder/spi-builder-workspace/.derivedData/Build/Intermediates.noindex/HealthKitCombine.build/Debug/HealthKitCombine-t.build/Objects-normal/arm64/HealthKitCombine.SwiftFileList
WriteAuxiliaryFile /Users/admin/builder/spi-builder-workspace/.derivedData/Build/Intermediates.noindex/HealthKitCombine.build/Debug/HealthKitCombine-t.build/Objects-normal/arm64/HealthKitCombine-OutputFileMap.json (in target 'HealthKitCombine' from project 'HealthKitCombine')
cd /Users/admin/builder/spi-builder-workspace
write-file /Users/admin/builder/spi-builder-workspace/.derivedData/Build/Intermediates.noindex/HealthKitCombine.build/Debug/HealthKitCombine-t.build/Objects-normal/arm64/HealthKitCombine-OutputFileMap.json
WriteAuxiliaryFile /Users/admin/builder/spi-builder-workspace/.derivedData/Build/Intermediates.noindex/HealthKitCombine.build/Debug/HealthKitCombine-t.build/Objects-normal/arm64/HealthKitCombine.LinkFileList (in target 'HealthKitCombine' from project 'HealthKitCombine')
cd /Users/admin/builder/spi-builder-workspace
write-file /Users/admin/builder/spi-builder-workspace/.derivedData/Build/Intermediates.noindex/HealthKitCombine.build/Debug/HealthKitCombine-t.build/Objects-normal/arm64/HealthKitCombine.LinkFileList
WriteAuxiliaryFile /Users/admin/builder/spi-builder-workspace/.derivedData/Build/Intermediates.noindex/HealthKitCombine.build/Debug/HealthKitCombine-t.build/Objects-normal/arm64/HealthKitCombine.SwiftConstValuesFileList (in target 'HealthKitCombine' from project 'HealthKitCombine')
cd /Users/admin/builder/spi-builder-workspace
write-file /Users/admin/builder/spi-builder-workspace/.derivedData/Build/Intermediates.noindex/HealthKitCombine.build/Debug/HealthKitCombine-t.build/Objects-normal/arm64/HealthKitCombine.SwiftConstValuesFileList
Copy /Users/admin/builder/spi-builder-workspace/.derivedData/Build/Intermediates.noindex/GeneratedModuleMaps/HealthKitCombine.modulemap /Users/admin/builder/spi-builder-workspace/.derivedData/Build/Intermediates.noindex/HealthKitCombine.build/Debug/HealthKitCombine-t.build/HealthKitCombine.modulemap (in target 'HealthKitCombine' from project 'HealthKitCombine')
cd /Users/admin/builder/spi-builder-workspace
builtin-copy -exclude .DS_Store -exclude CVS -exclude .svn -exclude .git -exclude .hg -resolve-src-symlinks /Users/admin/builder/spi-builder-workspace/.derivedData/Build/Intermediates.noindex/HealthKitCombine.build/Debug/HealthKitCombine-t.build/HealthKitCombine.modulemap /Users/admin/builder/spi-builder-workspace/.derivedData/Build/Intermediates.noindex/GeneratedModuleMaps
SwiftDriver HealthKitCombine normal arm64 com.apple.xcode.tools.swift.compiler (in target 'HealthKitCombine' from project 'HealthKitCombine')
cd /Users/admin/builder/spi-builder-workspace/.swiftpm/xcode
builtin-SwiftDriver -- /Applications/Xcode-27.0.0-Release.Candidate.app/Contents/Developer/Toolchains/XcodeDefault.xctoolchain/usr/bin/swiftc -parse-as-library -module-name HealthKitCombine -Onone @/Users/admin/builder/spi-builder-workspace/.derivedData/Build/Intermediates.noindex/HealthKitCombine.build/Debug/HealthKitCombine-t.build/Objects-normal/arm64/HealthKitCombine.SwiftFileList -DSWIFT_PACKAGE -DDEBUG -DSWIFT_MODULE_RESOURCE_BUNDLE_UNAVAILABLE -DXcode -plugin-path /Applications/Xcode-27.0.0-Release.Candidate.app/Contents/Developer/Toolchains/XcodeDefault.xctoolchain/usr/lib/swift/host/plugins/testing -enable-experimental-feature DebugDescriptionMacro -sdk /Applications/Xcode-27.0.0-Release.Candidate.app/Contents/Developer/Platforms/MacOSX.platform/Developer/SDKs/MacOSX27.0.sdk -target arm64-apple-macos12.0 -g -module-cache-path /Users/admin/builder/spi-builder-workspace/.derivedData/ModuleCache.noindex -Xfrontend -serialize-debugging-options -profile-coverage-mapping -profile-generate -enable-testing -index-store-path /Users/admin/builder/spi-builder-workspace/.derivedData/Index.noindex/DataStore -Xcc -D_LIBCPP_HARDENING_MODE\=_LIBCPP_HARDENING_MODE_DEBUG -swift-version 5 -I /Users/admin/builder/spi-builder-workspace/.derivedData/Build/Products/Debug -Isystem /Applications/Xcode-27.0.0-Release.Candidate.app/Contents/Developer/Platforms/MacOSX.platform/Developer/usr/lib -F /Users/admin/builder/spi-builder-workspace/.derivedData/Build/Products/Debug -F /Applications/Xcode-27.0.0-Release.Candidate.app/Contents/Developer/Platforms/MacOSX.platform/Developer/Library/Frameworks -c -j10 -enable-batch-mode -incremental -Xcc -ivfsstatcache -Xcc /Users/admin/builder/spi-builder-workspace/.derivedData/SDKStatCaches.noindex/macosx27.0-26A425-e829b21a6f8c9b70876ba0858053c0446a22442a12e9d48fe1a705f55a1adfc4.sdkstatcache -output-file-map /Users/admin/builder/spi-builder-workspace/.derivedData/Build/Intermediates.noindex/HealthKitCombine.build/Debug/HealthKitCombine-t.build/Objects-normal/arm64/HealthKitCombine-OutputFileMap.json -save-temps -no-color-diagnostics -explicit-module-build -module-cache-path /Users/admin/builder/spi-builder-workspace/.derivedData/Build/Intermediates.noindex/SwiftExplicitPrecompiledModules -clang-scanner-module-cache-path /Users/admin/builder/spi-builder-workspace/.derivedData/ModuleCache.noindex -sdk-module-cache-path /Users/admin/builder/spi-builder-workspace/.derivedData/SDKExplicitPrecompiledModules -emit-dependencies -emit-module -emit-module-path /Users/admin/builder/spi-builder-workspace/.derivedData/Build/Intermediates.noindex/HealthKitCombine.build/Debug/HealthKitCombine-t.build/Objects-normal/arm64/HealthKitCombine.swiftmodule -serialize-diagnostics -dependency-scan-serialize-diagnostics-path /Users/admin/builder/spi-builder-workspace/.derivedData/Build/Intermediates.noindex/HealthKitCombine.build/Debug/HealthKitCombine-t.build/Objects-normal/arm64/HealthKitCombine-dependency-scan.dia -validate-clang-modules-once -clang-build-session-file /Users/admin/builder/spi-builder-workspace/.derivedData/ModuleCache.noindex/Session.modulevalidation -Xcc -fmodules-prune-interval\=86400 -Xcc -fmodules-prune-after\=345600 -emit-const-values -const-gather-protocols-list /Users/admin/builder/spi-builder-workspace/.derivedData/Build/Intermediates.noindex/HealthKitCombine.build/Debug/HealthKitCombine-t.build/Objects-normal/arm64/HealthKitCombine_const_extract_protocols.json -Xcc -I/Users/admin/builder/spi-builder-workspace/.derivedData/Build/Products/Debug/include -Xcc -I/Users/admin/builder/spi-builder-workspace/.derivedData/Build/Intermediates.noindex/HealthKitCombine.build/Debug/HealthKitCombine-t.build/DerivedSources-normal/arm64 -Xcc -I/Users/admin/builder/spi-builder-workspace/.derivedData/Build/Intermediates.noindex/HealthKitCombine.build/Debug/HealthKitCombine-t.build/DerivedSources/arm64 -Xcc -I/Users/admin/builder/spi-builder-workspace/.derivedData/Build/Intermediates.noindex/HealthKitCombine.build/Debug/HealthKitCombine-t.build/DerivedSources -Xcc -DSWIFT_PACKAGE -Xcc -DDEBUG\=1 -emit-objc-header -emit-objc-header-path /Users/admin/builder/spi-builder-workspace/.derivedData/Build/Intermediates.noindex/HealthKitCombine.build/Debug/HealthKitCombine-t.build/Objects-normal/arm64/HealthKitCombine-Swift.h -working-directory /Users/admin/builder/spi-builder-workspace/.swiftpm/xcode -experimental-emit-module-separately -disable-cmo
SwiftExplicitDependencyGeneratePcm arm64 /Users/admin/builder/spi-builder-workspace/.derivedData/SDKExplicitPrecompiledModules/_SwiftConcurrencyShims-BLUUWKI6AGMD7TJ4RGYS7DP6T.pcm
SwiftExplicitDependencyGeneratePcm arm64 /Users/admin/builder/spi-builder-workspace/.derivedData/SDKExplicitPrecompiledModules/SwiftShims-C4V0DQ62WSTCYBYGILXXGQNO3.pcm
SwiftExplicitDependencyGeneratePcm arm64 /Users/admin/builder/spi-builder-workspace/.derivedData/SDKExplicitPrecompiledModules/_AvailabilityInternal-CJTV5E7EL3MWRA437DUFPBVN2.pcm
SwiftExplicitDependencyGeneratePcm arm64 /Users/admin/builder/spi-builder-workspace/.derivedData/SDKExplicitPrecompiledModules/_Builtin_stddef-3GI9GOKXSW3QCTFOI1USFLDZO.pcm
SwiftExplicitDependencyGeneratePcm arm64 /Users/admin/builder/spi-builder-workspace/.derivedData/SDKExplicitPrecompiledModules/ptrcheck-DHLCBWKPNUZOYTPJ1J3QVTCXK.pcm
SwiftExplicitDependencyGeneratePcm arm64 /Users/admin/builder/spi-builder-workspace/.derivedData/SDKExplicitPrecompiledModules/ptrauth-2W92ZJRLNJU99RJUQGGJG3OC3.pcm
SwiftExplicitDependencyGeneratePcm arm64 /Users/admin/builder/spi-builder-workspace/.derivedData/SDKExplicitPrecompiledModules/_Builtin_float-105CRCDRP90FQCQO5ZX1LHV7H.pcm
SwiftExplicitDependencyGeneratePcm arm64 /Users/admin/builder/spi-builder-workspace/.derivedData/SDKExplicitPrecompiledModules/_Builtin_stdarg-7CFWA9OSW5N24E7PG4ZOCF1VH.pcm
SwiftExplicitDependencyGeneratePcm arm64 /Users/admin/builder/spi-builder-workspace/.derivedData/SDKExplicitPrecompiledModules/_Builtin_stdbool-KYV2HKP8IKLKMKQS9DGA2GUQ.pcm
SwiftExplicitDependencyGeneratePcm arm64 /Users/admin/builder/spi-builder-workspace/.derivedData/SDKExplicitPrecompiledModules/_DarwinFoundation1-7PRJIG163YE9KSKYA3BS35ZZP.pcm
SwiftExplicitDependencyGeneratePcm arm64 /Users/admin/builder/spi-builder-workspace/.derivedData/SDKExplicitPrecompiledModules/_Builtin_limits-AXGUGXBFPC0I7QDLJFB0K341Y.pcm
SwiftExplicitDependencyGeneratePcm arm64 /Users/admin/builder/spi-builder-workspace/.derivedData/SDKExplicitPrecompiledModules/_DarwinFoundation2-94WUUGE4H5R03OWXE0QFZX1DN.pcm
SwiftExplicitDependencyGeneratePcm arm64 /Users/admin/builder/spi-builder-workspace/.derivedData/SDKExplicitPrecompiledModules/string_h-10WPXBF3YFYMX5HUAW06LSABR.pcm
SwiftExplicitDependencyGeneratePcm arm64 /Users/admin/builder/spi-builder-workspace/.derivedData/SDKExplicitPrecompiledModules/sys_types-F4RNCN6UR5R5OWTLTOUM7TN3E.pcm
SwiftExplicitDependencyGeneratePcm arm64 /Users/admin/builder/spi-builder-workspace/.derivedData/SDKExplicitPrecompiledModules/_Builtin_stdint-22CBBOK8BNSF0UELDCAXSHGB.pcm
SwiftExplicitDependencyGeneratePcm arm64 /Users/admin/builder/spi-builder-workspace/.derivedData/SDKExplicitPrecompiledModules/libDER-5RCYOD0PCUUY2UGMBNE9LI8N9.pcm
SwiftExplicitDependencyGeneratePcm arm64 /Users/admin/builder/spi-builder-workspace/.derivedData/SDKExplicitPrecompiledModules/_DarwinFoundation3-32PO5Q4RCB6WXH5VFO3HA3AVS.pcm
SwiftExplicitDependencyGeneratePcm arm64 /Users/admin/builder/spi-builder-workspace/.derivedData/SDKExplicitPrecompiledModules/_Builtin_stdatomic-8LN7S35C6I48KJOCW7VPXX04X.pcm
SwiftExplicitDependencyGeneratePcm arm64 /Users/admin/builder/spi-builder-workspace/.derivedData/SDKExplicitPrecompiledModules/_Builtin_inttypes-1U6AP9A8AJ4G9WD98E9RHLGTJ.pcm
SwiftExplicitDependencyGeneratePcm arm64 /Users/admin/builder/spi-builder-workspace/.derivedData/SDKExplicitPrecompiledModules/Darwin-1RAAWNGKQM8YGHV0YJNNN5YDY.pcm
SwiftExplicitDependencyGeneratePcm arm64 /Users/admin/builder/spi-builder-workspace/.derivedData/SDKExplicitPrecompiledModules/libkern-22MDXN9G35RPO3OLKX9B2PN16.pcm
SwiftExplicitDependencyGeneratePcm arm64 /Users/admin/builder/spi-builder-workspace/.derivedData/SDKExplicitPrecompiledModules/launch-2XAORMJNLLVS0OVKC1M0752GY.pcm
SwiftExplicitDependencyGeneratePcm arm64 /Users/admin/builder/spi-builder-workspace/.derivedData/SDKExplicitPrecompiledModules/MachO-AWTJ65TFR7TMST2NUE6ZCC1SL.pcm
SwiftExplicitDependencyGeneratePcm arm64 /Users/admin/builder/spi-builder-workspace/.derivedData/SDKExplicitPrecompiledModules/ObjectiveC-B89IQP2TC4CFSWOUMTUZRI1VZ.pcm
SwiftExplicitDependencyGeneratePcm arm64 /Users/admin/builder/spi-builder-workspace/.derivedData/SDKExplicitPrecompiledModules/os_object-3KLCCI03OX6OQTLJ92KQH2KIO.pcm
SwiftExplicitDependencyGeneratePcm arm64 /Users/admin/builder/spi-builder-workspace/.derivedData/SDKExplicitPrecompiledModules/os_workgroup-10SJ5M8R2OB4BG1TPFL9SZMKV.pcm
SwiftExplicitDependencyGeneratePcm arm64 /Users/admin/builder/spi-builder-workspace/.derivedData/SDKExplicitPrecompiledModules/Dispatch-NAMWF9KN29KC7Z5OS3TTTAE8.pcm
SwiftExplicitDependencyGeneratePcm arm64 /Users/admin/builder/spi-builder-workspace/.derivedData/SDKExplicitPrecompiledModules/CoreFoundation-4ZIITQ30SOGUQE8KJAB99ZV0Q.pcm
SwiftExplicitDependencyGeneratePcm arm64 /Users/admin/builder/spi-builder-workspace/.derivedData/SDKExplicitPrecompiledModules/XPC-E1MSAZG4ZNL24S2WK6K6Y7GWW.pcm
SwiftExplicitDependencyGeneratePcm arm64 /Users/admin/builder/spi-builder-workspace/.derivedData/SDKExplicitPrecompiledModules/os-BYOEVK2GEMB4Q8WWHGZGREA00.pcm
SwiftExplicitDependencyGeneratePcm arm64 /Users/admin/builder/spi-builder-workspace/.derivedData/SDKExplicitPrecompiledModules/CFNetwork-CVHS5CT20191MFYXQIEDWSRGJ.pcm
SwiftExplicitDependencyGeneratePcm arm64 /Users/admin/builder/spi-builder-workspace/.derivedData/SDKExplicitPrecompiledModules/IOKit-6H3X691EDBH124EYTC2PEOP5T.pcm
SwiftExplicitDependencyGeneratePcm arm64 /Users/admin/builder/spi-builder-workspace/.derivedData/SDKExplicitPrecompiledModules/Security-ESPJ7FP0YAY1EL3VXBGY9MCZ8.pcm
SwiftExplicitDependencyGeneratePcm arm64 /Users/admin/builder/spi-builder-workspace/.derivedData/SDKExplicitPrecompiledModules/DiskArbitration-ZNZZU7T0SYELB0DAR56WQF0R.pcm
SwiftExplicitDependencyGeneratePcm arm64 /Users/admin/builder/spi-builder-workspace/.derivedData/SDKExplicitPrecompiledModules/CoreServices-CGCGY0FOMEQGSNMO3HQSC09XU.pcm
SwiftExplicitDependencyGeneratePcm arm64 /Users/admin/builder/spi-builder-workspace/.derivedData/SDKExplicitPrecompiledModules/Foundation-44WR0NU86C67CV5BW8W1MGKNG.pcm
SwiftExplicitDependencyGeneratePcm arm64 /Users/admin/builder/spi-builder-workspace/.derivedData/SDKExplicitPrecompiledModules/UniformTypeIdentifiers-5LG8RE3Q01MBLZVRR3FFHHL5H.pcm
SwiftExplicitDependencyGeneratePcm arm64 /Users/admin/builder/spi-builder-workspace/.derivedData/SDKExplicitPrecompiledModules/_LocationEssentials-CV55KC6C4HGASVU6279M2TPYS.pcm
SwiftExplicitDependencyGeneratePcm arm64 /Users/admin/builder/spi-builder-workspace/.derivedData/SDKExplicitPrecompiledModules/CoreLocation-6PHJES15W7TUABDNQ1VHCJETV.pcm
SwiftExplicitDependencyGeneratePcm arm64 /Users/admin/builder/spi-builder-workspace/.derivedData/SDKExplicitPrecompiledModules/HealthKit-A7V8NSXFUY16UW8V95US0O61Z.pcm
SwiftEmitModule normal arm64 Emitting\ module\ for\ HealthKitCombine (in target 'HealthKitCombine' from project 'HealthKitCombine')
/Users/admin/builder/spi-builder-workspace/Sources/HealthKitCombine/AuthorizationRequest.swift:8:20: error: 'HKSampleType' is only available in macOS 13.0 or newer
3 | import HealthKit
4 |
5 | extension HKHealthStore {
| `- note: add '@available' attribute to enclosing extension
6 |
7 | public func requestAuthorization(
| `- note: add '@available' attribute to enclosing instance method
8 | share: Set<HKSampleType>? = nil,
| `- error: 'HKSampleType' is only available in macOS 13.0 or newer
9 | read: Set<HKSampleType>? = nil
10 | ) -> AuthorizationRequest {
/Users/admin/builder/spi-builder-workspace/Sources/HealthKitCombine/AuthorizationRequest.swift:9:19: error: 'HKSampleType' is only available in macOS 13.0 or newer
3 | import HealthKit
4 |
5 | extension HKHealthStore {
| `- note: add '@available' attribute to enclosing extension
6 |
7 | public func requestAuthorization(
| `- note: add '@available' attribute to enclosing instance method
8 | share: Set<HKSampleType>? = nil,
9 | read: Set<HKSampleType>? = nil
| `- error: 'HKSampleType' is only available in macOS 13.0 or newer
10 | ) -> AuthorizationRequest {
11 | AuthorizationRequest(store: self, share: share, read: read)
/Users/admin/builder/spi-builder-workspace/Sources/HealthKitCombine/AuthorizationRequest.swift:5:11: error: 'HKHealthStore' is only available in macOS 13.0 or newer
3 | import HealthKit
4 |
5 | extension HKHealthStore {
| | `- error: 'HKHealthStore' is only available in macOS 13.0 or newer
| `- note: add '@available' attribute to enclosing extension
6 |
7 | public func requestAuthorization(
/Users/admin/builder/spi-builder-workspace/Sources/HealthKitCombine/AuthorizationRequest.swift:16:28: error: 'HKHealthStore' is only available in macOS 13.0 or newer
13 | }
14 |
15 | public struct AuthorizationRequest {
| `- note: add '@available' attribute to enclosing struct
16 | fileprivate let store: HKHealthStore
| `- error: 'HKHealthStore' is only available in macOS 13.0 or newer
17 | fileprivate let share: Set<HKSampleType>?
18 | fileprivate let read: Set<HKSampleType>?
/Users/admin/builder/spi-builder-workspace/Sources/HealthKitCombine/AuthorizationRequest.swift:17:32: error: 'HKSampleType' is only available in macOS 13.0 or newer
13 | }
14 |
15 | public struct AuthorizationRequest {
| `- note: add '@available' attribute to enclosing struct
16 | fileprivate let store: HKHealthStore
17 | fileprivate let share: Set<HKSampleType>?
| `- error: 'HKSampleType' is only available in macOS 13.0 or newer
18 | fileprivate let read: Set<HKSampleType>?
19 | }
/Users/admin/builder/spi-builder-workspace/Sources/HealthKitCombine/AuthorizationRequest.swift:18:31: error: 'HKSampleType' is only available in macOS 13.0 or newer
13 | }
14 |
15 | public struct AuthorizationRequest {
| `- note: add '@available' attribute to enclosing struct
16 | fileprivate let store: HKHealthStore
17 | fileprivate let share: Set<HKSampleType>?
18 | fileprivate let read: Set<HKSampleType>?
| `- error: 'HKSampleType' is only available in macOS 13.0 or newer
19 | }
20 |
/Users/admin/builder/spi-builder-workspace/Sources/HealthKitCombine/AuthorizationRequest.swift:49:28: error: 'HKHealthStore' is only available in macOS 13.0 or newer
40 | extension AuthorizationRequest {
41 |
42 | fileprivate final class Subscription<Subscriber>
| `- note: add '@available' attribute to enclosing generic class
43 | where
44 | Subscriber: Combine.Subscriber,
:
47 | {
48 | private let subscriber: Subscriber
49 | private let store: HKHealthStore
| `- error: 'HKHealthStore' is only available in macOS 13.0 or newer
50 | private let share: Set<HKSampleType>?
51 | private let read: Set<HKSampleType>?
/Users/admin/builder/spi-builder-workspace/Sources/HealthKitCombine/AuthorizationRequest.swift:50:32: error: 'HKSampleType' is only available in macOS 13.0 or newer
40 | extension AuthorizationRequest {
41 |
42 | fileprivate final class Subscription<Subscriber>
| `- note: add '@available' attribute to enclosing generic class
43 | where
44 | Subscriber: Combine.Subscriber,
:
48 | private let subscriber: Subscriber
49 | private let store: HKHealthStore
50 | private let share: Set<HKSampleType>?
| `- error: 'HKSampleType' is only available in macOS 13.0 or newer
51 | private let read: Set<HKSampleType>?
52 |
/Users/admin/builder/spi-builder-workspace/Sources/HealthKitCombine/AuthorizationRequest.swift:51:31: error: 'HKSampleType' is only available in macOS 13.0 or newer
40 | extension AuthorizationRequest {
41 |
42 | fileprivate final class Subscription<Subscriber>
| `- note: add '@available' attribute to enclosing generic class
43 | where
44 | Subscriber: Combine.Subscriber,
:
49 | private let store: HKHealthStore
50 | private let share: Set<HKSampleType>?
51 | private let read: Set<HKSampleType>?
| `- error: 'HKSampleType' is only available in macOS 13.0 or newer
52 |
53 | fileprivate init(subscriber: Subscriber,
/Users/admin/builder/spi-builder-workspace/Sources/HealthKitCombine/AuthorizationRequest.swift:54:33: error: 'HKHealthStore' is only available in macOS 13.0 or newer
40 | extension AuthorizationRequest {
41 |
42 | fileprivate final class Subscription<Subscriber>
| `- note: add '@available' attribute to enclosing generic class
43 | where
44 | Subscriber: Combine.Subscriber,
:
51 | private let read: Set<HKSampleType>?
52 |
53 | fileprivate init(subscriber: Subscriber,
| `- note: add '@available' attribute to enclosing initializer
54 | store: HKHealthStore,
| `- error: 'HKHealthStore' is only available in macOS 13.0 or newer
55 | share: Set<HKSampleType>?,
56 | read: Set<HKSampleType>?) {
/Users/admin/builder/spi-builder-workspace/Sources/HealthKitCombine/AuthorizationRequest.swift:55:37: error: 'HKSampleType' is only available in macOS 13.0 or newer
40 | extension AuthorizationRequest {
41 |
42 | fileprivate final class Subscription<Subscriber>
| `- note: add '@available' attribute to enclosing generic class
43 | where
44 | Subscriber: Combine.Subscriber,
:
51 | private let read: Set<HKSampleType>?
52 |
53 | fileprivate init(subscriber: Subscriber,
| `- note: add '@available' attribute to enclosing initializer
54 | store: HKHealthStore,
55 | share: Set<HKSampleType>?,
| `- error: 'HKSampleType' is only available in macOS 13.0 or newer
56 | read: Set<HKSampleType>?) {
57 |
/Users/admin/builder/spi-builder-workspace/Sources/HealthKitCombine/AuthorizationRequest.swift:56:36: error: 'HKSampleType' is only available in macOS 13.0 or newer
40 | extension AuthorizationRequest {
41 |
42 | fileprivate final class Subscription<Subscriber>
| `- note: add '@available' attribute to enclosing generic class
43 | where
44 | Subscriber: Combine.Subscriber,
:
51 | private let read: Set<HKSampleType>?
52 |
53 | fileprivate init(subscriber: Subscriber,
| `- note: add '@available' attribute to enclosing initializer
54 | store: HKHealthStore,
55 | share: Set<HKSampleType>?,
56 | read: Set<HKSampleType>?) {
| `- error: 'HKSampleType' is only available in macOS 13.0 or newer
57 |
58 | self.subscriber = subscriber
/Users/admin/builder/spi-builder-workspace/Sources/HealthKitCombine/HealthStore+Publishers.swift:9:50: error: 'HKActivitySummary' is only available in macOS 13.0 or newer
3 | import HealthKit
4 |
5 | extension HKHealthStore {
| `- note: add '@available' attribute to enclosing extension
6 |
7 | public func activitySummaryPublisher(
| `- note: add '@available' attribute to enclosing instance method
8 | predicate: NSPredicate?
9 | ) -> QueryPublisher<HKActivitySummaryQuery, [HKActivitySummary], Error> {
| `- error: 'HKActivitySummary' is only available in macOS 13.0 or newer
10 |
11 | publisher(for: {
/Users/admin/builder/spi-builder-workspace/Sources/HealthKitCombine/HealthStore+Publishers.swift:5:11: error: 'HKHealthStore' is only available in macOS 13.0 or newer
3 | import HealthKit
4 |
5 | extension HKHealthStore {
| | `- error: 'HKHealthStore' is only available in macOS 13.0 or newer
| `- note: add '@available' attribute to enclosing extension
6 |
7 | public func activitySummaryPublisher(
/Users/admin/builder/spi-builder-workspace/Sources/HealthKitCombine/HealthStore+Publishers.swift:22:15: error: 'HKCorrelationType' is only available in macOS 13.0 or newer
17 | }
18 |
19 | extension HKHealthStore {
| `- note: add '@available' attribute to enclosing extension
20 |
21 | public func correlationPublisher(
| `- note: add '@available' attribute to enclosing instance method
22 | type: HKCorrelationType,
| `- error: 'HKCorrelationType' is only available in macOS 13.0 or newer
23 | predicate: NSPredicate?,
24 | samplePredicates: [HKSampleType : NSPredicate]?
/Users/admin/builder/spi-builder-workspace/Sources/HealthKitCombine/HealthStore+Publishers.swift:24:28: error: 'HKSampleType' is only available in macOS 13.0 or newer
17 | }
18 |
19 | extension HKHealthStore {
| `- note: add '@available' attribute to enclosing extension
20 |
21 | public func correlationPublisher(
| `- note: add '@available' attribute to enclosing instance method
22 | type: HKCorrelationType,
23 | predicate: NSPredicate?,
24 | samplePredicates: [HKSampleType : NSPredicate]?
| `- error: 'HKSampleType' is only available in macOS 13.0 or newer
25 | ) -> QueryPublisher<HKCorrelationQuery, [HKCorrelation], Error> {
26 |
/Users/admin/builder/spi-builder-workspace/Sources/HealthKitCombine/HealthStore+Publishers.swift:25:25: error: 'HKCorrelationQuery' is only available in macOS 13.0 or newer
17 | }
18 |
19 | extension HKHealthStore {
| `- note: add '@available' attribute to enclosing extension
20 |
21 | public func correlationPublisher(
| `- note: add '@available' attribute to enclosing instance method
22 | type: HKCorrelationType,
23 | predicate: NSPredicate?,
24 | samplePredicates: [HKSampleType : NSPredicate]?
25 | ) -> QueryPublisher<HKCorrelationQuery, [HKCorrelation], Error> {
| `- error: 'HKCorrelationQuery' is only available in macOS 13.0 or newer
26 |
27 | publisher(for: {
/Users/admin/builder/spi-builder-workspace/Sources/HealthKitCombine/HealthStore+Publishers.swift:25:46: error: 'HKCorrelation' is only available in macOS 13.0 or newer
17 | }
18 |
19 | extension HKHealthStore {
| `- note: add '@available' attribute to enclosing extension
20 |
21 | public func correlationPublisher(
| `- note: add '@available' attribute to enclosing instance method
22 | type: HKCorrelationType,
23 | predicate: NSPredicate?,
24 | samplePredicates: [HKSampleType : NSPredicate]?
25 | ) -> QueryPublisher<HKCorrelationQuery, [HKCorrelation], Error> {
| `- error: 'HKCorrelation' is only available in macOS 13.0 or newer
26 |
27 | publisher(for: {
/Users/admin/builder/spi-builder-workspace/Sources/HealthKitCombine/HealthStore+Publishers.swift:19:11: error: 'HKHealthStore' is only available in macOS 13.0 or newer
17 | }
18 |
19 | extension HKHealthStore {
| | `- error: 'HKHealthStore' is only available in macOS 13.0 or newer
| `- note: add '@available' attribute to enclosing extension
20 |
21 | public func correlationPublisher(
/Users/admin/builder/spi-builder-workspace/Sources/HealthKitCombine/HealthStore+Publishers.swift:40:21: error: 'HKSampleType' is only available in macOS 13.0 or newer
35 | }
36 |
37 | extension HKHealthStore {
| `- note: add '@available' attribute to enclosing extension
38 |
39 | public func samplePublisher(
| `- note: add '@available' attribute to enclosing instance method
40 | sampleType: HKSampleType,
| `- error: 'HKSampleType' is only available in macOS 13.0 or newer
41 | predicate: NSPredicate?,
42 | limit: Int,
/Users/admin/builder/spi-builder-workspace/Sources/HealthKitCombine/HealthStore+Publishers.swift:44:41: error: 'HKSample' is only available in macOS 13.0 or newer
35 | }
36 |
37 | extension HKHealthStore {
| `- note: add '@available' attribute to enclosing extension
38 |
39 | public func samplePublisher(
| `- note: add '@available' attribute to enclosing instance method
40 | sampleType: HKSampleType,
41 | predicate: NSPredicate?,
42 | limit: Int,
43 | sortDescriptors: [NSSortDescriptor]?
44 | ) -> QueryPublisher<HKSampleQuery, [HKSample], Error> {
| `- error: 'HKSample' is only available in macOS 13.0 or newer
45 |
46 | publisher(for: {
/Users/admin/builder/spi-builder-workspace/Sources/HealthKitCombine/HealthStore+Publishers.swift:37:11: error: 'HKHealthStore' is only available in macOS 13.0 or newer
35 | }
36 |
37 | extension HKHealthStore {
| | `- error: 'HKHealthStore' is only available in macOS 13.0 or newer
| `- note: add '@available' attribute to enclosing extension
38 |
39 | public func samplePublisher(
/Users/admin/builder/spi-builder-workspace/Sources/HealthKitCombine/HealthStore+Publishers.swift:60:21: error: 'HKSampleType' is only available in macOS 13.0 or newer
55 | }
56 |
57 | extension HKHealthStore {
| `- note: add '@available' attribute to enclosing extension
58 |
59 | public func sourcePublisher(
| `- note: add '@available' attribute to enclosing instance method
60 | sampleType: HKSampleType,
| `- error: 'HKSampleType' is only available in macOS 13.0 or newer
61 | samplePredicate: NSPredicate?
62 | ) -> QueryPublisher<HKSourceQuery, Set<HKSource>, Error> {
/Users/admin/builder/spi-builder-workspace/Sources/HealthKitCombine/HealthStore+Publishers.swift:62:44: error: 'HKSource' is only available in macOS 13.0 or newer
55 | }
56 |
57 | extension HKHealthStore {
| `- note: add '@available' attribute to enclosing extension
58 |
59 | public func sourcePublisher(
| `- note: add '@available' attribute to enclosing instance method
60 | sampleType: HKSampleType,
61 | samplePredicate: NSPredicate?
62 | ) -> QueryPublisher<HKSourceQuery, Set<HKSource>, Error> {
| `- error: 'HKSource' is only available in macOS 13.0 or newer
63 |
64 | publisher(for: {
/Users/admin/builder/spi-builder-workspace/Sources/HealthKitCombine/HealthStore+Publishers.swift:57:11: error: 'HKHealthStore' is only available in macOS 13.0 or newer
55 | }
56 |
57 | extension HKHealthStore {
| | `- error: 'HKHealthStore' is only available in macOS 13.0 or newer
| `- note: add '@available' attribute to enclosing extension
58 |
59 | public func sourcePublisher(
/Users/admin/builder/spi-builder-workspace/Sources/HealthKitCombine/HealthStore+Publishers.swift:76:23: error: 'HKQuantityType' is only available in macOS 13.0 or newer
71 | }
72 |
73 | extension HKHealthStore {
| `- note: add '@available' attribute to enclosing extension
74 |
75 | public func statisticsPublisher(
| `- note: add '@available' attribute to enclosing instance method
76 | quantityType: HKQuantityType,
| `- error: 'HKQuantityType' is only available in macOS 13.0 or newer
77 | quantitySamplePredicate: NSPredicate?,
78 | options: HKStatisticsOptions
/Users/admin/builder/spi-builder-workspace/Sources/HealthKitCombine/HealthStore+Publishers.swift:78:18: error: 'HKStatisticsOptions' is only available in macOS 13.0 or newer
71 | }
72 |
73 | extension HKHealthStore {
| `- note: add '@available' attribute to enclosing extension
74 |
75 | public func statisticsPublisher(
| `- note: add '@available' attribute to enclosing instance method
76 | quantityType: HKQuantityType,
77 | quantitySamplePredicate: NSPredicate?,
78 | options: HKStatisticsOptions
| `- error: 'HKStatisticsOptions' is only available in macOS 13.0 or newer
79 | ) -> QueryPublisher<HKStatisticsQuery, HKStatistics, Error> {
80 |
/Users/admin/builder/spi-builder-workspace/Sources/HealthKitCombine/HealthStore+Publishers.swift:79:44: error: 'HKStatistics' is only available in macOS 13.0 or newer
71 | }
72 |
73 | extension HKHealthStore {
| `- note: add '@available' attribute to enclosing extension
74 |
75 | public func statisticsPublisher(
| `- note: add '@available' attribute to enclosing instance method
76 | quantityType: HKQuantityType,
77 | quantitySamplePredicate: NSPredicate?,
78 | options: HKStatisticsOptions
79 | ) -> QueryPublisher<HKStatisticsQuery, HKStatistics, Error> {
| `- error: 'HKStatistics' is only available in macOS 13.0 or newer
80 |
81 | publisher(for: {
/Users/admin/builder/spi-builder-workspace/Sources/HealthKitCombine/HealthStore+Publishers.swift:73:11: error: 'HKHealthStore' is only available in macOS 13.0 or newer
71 | }
72 |
73 | extension HKHealthStore {
| | `- error: 'HKHealthStore' is only available in macOS 13.0 or newer
| `- note: add '@available' attribute to enclosing extension
74 |
75 | public func statisticsPublisher(
/Users/admin/builder/spi-builder-workspace/Sources/HealthKitCombine/QueryPublisher.swift:7:34: error: 'HKQuery' is only available in macOS 13.0 or newer
3 | import HealthKit
4 |
5 | extension HKHealthStore {
| `- note: add '@available' attribute to enclosing extension
6 |
7 | public func publisher<Query: HKQuery, Output, Failure: Error>(
| | `- error: 'HKQuery' is only available in macOS 13.0 or newer
| `- note: add '@available' attribute to enclosing instance method
8 | for query: @escaping (@escaping (Query, Output?, Failure?) -> ()) -> Query
9 | ) -> QueryPublisher<Query, Output, Failure> {
/Users/admin/builder/spi-builder-workspace/Sources/HealthKitCombine/QueryPublisher.swift:5:11: error: 'HKHealthStore' is only available in macOS 13.0 or newer
3 | import HealthKit
4 |
5 | extension HKHealthStore {
| | `- error: 'HKHealthStore' is only available in macOS 13.0 or newer
| `- note: add '@available' attribute to enclosing extension
6 |
7 | public func publisher<Query: HKQuery, Output, Failure: Error>(
SwiftCompile normal arm64 (in target 'HealthKitCombine' from project 'HealthKitCombine')
cd /Users/admin/builder/spi-builder-workspace/.swiftpm/xcode
/Users/admin/builder/spi-builder-workspace/Sources/HealthKitCombine/QueryPublisher.swift:18:28: error: 'HKHealthStore' is only available in macOS 13.0 or newer
12 | }
13 |
14 | public struct QueryPublisher<Query: HKQuery, Output, Failure: Error> {
| `- note: add '@available' attribute to enclosing generic struct
15 |
16 | typealias Completion = (Query, Output?, Failure?) -> ()
17 |
18 | fileprivate let store: HKHealthStore
| `- error: 'HKHealthStore' is only available in macOS 13.0 or newer
19 | fileprivate let query: (@escaping Completion) -> Query
20 | }
/Users/admin/builder/spi-builder-workspace/Sources/HealthKitCombine/QueryPublisher.swift:14:37: error: 'HKQuery' is only available in macOS 13.0 or newer
12 | }
13 |
14 | public struct QueryPublisher<Query: HKQuery, Output, Failure: Error> {
| | `- error: 'HKQuery' is only available in macOS 13.0 or newer
| `- note: add '@available' attribute to enclosing generic struct
15 |
16 | typealias Completion = (Query, Output?, Failure?) -> ()
/Users/admin/builder/spi-builder-workspace/Sources/HealthKitCombine/QueryPublisher.swift:43:28: error: 'HKHealthStore' is only available in macOS 13.0 or newer
35 | extension QueryPublisher {
36 |
37 | fileprivate final class Subscription<Subscriber>
| `- note: add '@available' attribute to enclosing generic class
38 | where
39 | Subscriber: Combine.Subscriber,
:
41 | Subscriber.Input == Output
42 | {
43 | private let store: HKHealthStore
| `- error: 'HKHealthStore' is only available in macOS 13.0 or newer
44 | private let query: Query
45 | fileprivate init(subscriber: Subscriber,
/Users/admin/builder/spi-builder-workspace/Sources/HealthKitCombine/QueryPublisher.swift:46:33: error: 'HKHealthStore' is only available in macOS 13.0 or newer
35 | extension QueryPublisher {
36 |
37 | fileprivate final class Subscription<Subscriber>
| `- note: add '@available' attribute to enclosing generic class
38 | where
39 | Subscriber: Combine.Subscriber,
:
43 | private let store: HKHealthStore
44 | private let query: Query
45 | fileprivate init(subscriber: Subscriber,
| `- note: add '@available' attribute to enclosing initializer
46 | store: HKHealthStore,
| `- error: 'HKHealthStore' is only available in macOS 13.0 or newer
47 | query: (@escaping Completion) -> Query) {
48 |
Failed frontend command:
/Applications/Xcode-27.0.0-Release.Candidate.app/Contents/Developer/Toolchains/XcodeDefault.xctoolchain/usr/bin/swift-frontend -frontend -emit-module -experimental-skip-non-inlinable-function-bodies-without-types /Users/admin/builder/spi-builder-workspace/Sources/HealthKitCombine/AuthorizationRequest.swift /Users/admin/builder/spi-builder-workspace/Sources/HealthKitCombine/HealthStore+Publishers.swift /Users/admin/builder/spi-builder-workspace/Sources/HealthKitCombine/QueryPublisher.swift -target arm64-apple-macos12.0 -disable-cross-import-overlay-search -load-resolved-plugin /Applications/Xcode-27.0.0-Release.Candidate.app/Contents/Developer/Platforms/MacOSX.platform/Developer/usr/lib/swift/host/plugins/libFoundationMacros.dylib\#/Applications/Xcode-27.0.0-Release.Candidate.app/Contents/Developer/Platforms/MacOSX.platform/Developer/usr/bin/swift-plugin-server\#FoundationMacros -load-resolved-plugin /Applications/Xcode-27.0.0-Release.Candidate.app/Contents/Developer/Platforms/MacOSX.platform/Developer/usr/lib/swift/host/plugins/libObservationMacros.dylib\#/Applications/Xcode-27.0.0-Release.Candidate.app/Contents/Developer/Platforms/MacOSX.platform/Developer/usr/bin/swift-plugin-server\#ObservationMacros -load-resolved-plugin /Applications/Xcode-27.0.0-Release.Candidate.app/Contents/Developer/Platforms/MacOSX.platform/Developer/usr/lib/swift/host/plugins/libSwiftMacros.dylib\#/Applications/Xcode-27.0.0-Release.Candidate.app/Contents/Developer/Platforms/MacOSX.platform/Developer/usr/bin/swift-plugin-server\#SwiftMacros -disable-implicit-swift-modules -Xcc -fno-implicit-modules -Xcc -fno-implicit-module-maps -explicit-swift-module-map-file /Users/admin/builder/spi-builder-workspace/.derivedData/Build/Intermediates.noindex/HealthKitCombine.build/Debug/HealthKitCombine-t.build/Objects-normal/arm64/HealthKitCombine-dependencies-1.json -Xllvm -aarch64-use-tbi -enable-objc-interop -stack-check -sdk /Applications/Xcode-27.0.0-Release.Candidate.app/Contents/Developer/Platforms/MacOSX.platform/Developer/SDKs/MacOSX27.0.sdk -I /Users/admin/builder/spi-builder-workspace/.derivedData/Build/Products/Debug -Isystem /Applications/Xcode-27.0.0-Release.Candidate.app/Contents/Developer/Platforms/MacOSX.platform/Developer/usr/lib -F /Users/admin/builder/spi-builder-workspace/.derivedData/Build/Products/Debug -F /Applications/Xcode-27.0.0-Release.Candidate.app/Contents/Developer/Platforms/MacOSX.platform/Developer/Library/Frameworks -module-cache-path /Users/admin/builder/spi-builder-workspace/.derivedData/Build/Intermediates.noindex/SwiftExplicitPrecompiledModules -no-color-diagnostics -Xcc -fno-color-diagnostics -enable-testing -g -debug-info-format\=dwarf -dwarf-version\=4 -profile-generate -profile-coverage-mapping -swift-version 5 -Onone -D SWIFT_PACKAGE -D DEBUG -D SWIFT_MODULE_RESOURCE_BUNDLE_UNAVAILABLE -D Xcode -serialize-debugging-options -enable-experimental-feature DebugDescriptionMacro -empty-abi-descriptor -validate-clang-modules-once -clang-build-session-file /Users/admin/builder/spi-builder-workspace/.derivedData/ModuleCache.noindex/Session.modulevalidation -Xcc -working-directory -Xcc /Users/admin/builder/spi-builder-workspace/.swiftpm/xcode -enable-anonymous-context-mangled-names -file-compilation-dir /Users/admin/builder/spi-builder-workspace/.swiftpm/xcode -Xcc -D_LIBCPP_HARDENING_MODE\=_LIBCPP_HARDENING_MODE_DEBUG -Xcc -ivfsstatcache -Xcc /Users/admin/builder/spi-builder-workspace/.derivedData/SDKStatCaches.noindex/macosx27.0-26A425-e829b21a6f8c9b70876ba0858053c0446a22442a12e9d48fe1a705f55a1adfc4.sdkstatcache -Xcc -fmodules-prune-interval\=86400 -Xcc -fmodules-prune-after\=345600 -Xcc -I/Users/admin/builder/spi-builder-workspace/.derivedData/Build/Products/Debug/include -Xcc -I/Users/admin/builder/spi-builder-workspace/.derivedData/Build/Intermediates.noindex/HealthKitCombine.build/Debug/HealthKitCombine-t.build/DerivedSources-normal/arm64 -Xcc -I/Users/admin/builder/spi-builder-workspace/.derivedData/Build/Intermediates.noindex/HealthKitCombine.build/Debug/HealthKitCombine-t.build/DerivedSources/arm64 -Xcc -I/Users/admin/builder/spi-builder-workspace/.derivedData/Build/Intermediates.noindex/HealthKitCombine.build/Debug/HealthKitCombine-t.build/DerivedSources -Xcc -DSWIFT_PACKAGE -Xcc -DDEBUG\=1 -no-auto-bridging-header-chaining -module-name HealthKitCombine -const-gather-protocols-file /Users/admin/builder/spi-builder-workspace/.derivedData/Build/Intermediates.noindex/HealthKitCombine.build/Debug/HealthKitCombine-t.build/Objects-normal/arm64/HealthKitCombine_const_extract_protocols.json -disable-clang-spi -clang-target arm64-apple-macos27.0 -target-sdk-version 27.0 -target-sdk-name macosx27.0 -in-process-plugin-server-path /Applications/Xcode-27.0.0-Release.Candidate.app/Contents/Developer/Toolchains/XcodeDefault.xctoolchain/usr/lib/swift/host/libSwiftInProcPluginServer.dylib -emit-module-doc-path /Users/admin/builder/spi-builder-workspace/.derivedData/Build/Intermediates.noindex/HealthKitCombine.build/Debug/HealthKitCombine-t.build/Objects-normal/arm64/HealthKitCombine.swiftdoc -emit-module-source-info-path /Users/admin/builder/spi-builder-workspace/.derivedData/Build/Intermediates.noindex/HealthKitCombine.build/Debug/HealthKitCombine-t.build/Objects-normal/arm64/HealthKitCombine.swiftsourceinfo -emit-objc-header-path /Users/admin/builder/spi-builder-workspace/.derivedData/Build/Intermediates.noindex/HealthKitCombine.build/Debug/HealthKitCombine-t.build/Objects-normal/arm64/HealthKitCombine-Swift.h -serialize-diagnostics-path /Users/admin/builder/spi-builder-workspace/.derivedData/Build/Intermediates.noindex/HealthKitCombine.build/Debug/HealthKitCombine-t.build/Objects-normal/arm64/HealthKitCombine-primary-emit-module.dia -emit-dependencies-path /Users/admin/builder/spi-builder-workspace/.derivedData/Build/Intermediates.noindex/HealthKitCombine.build/Debug/HealthKitCombine-t.build/Objects-normal/arm64/HealthKitCombine-primary-emit-module.d -parse-as-library -o /Users/admin/builder/spi-builder-workspace/.derivedData/Build/Intermediates.noindex/HealthKitCombine.build/Debug/HealthKitCombine-t.build/Objects-normal/arm64/HealthKitCombine.swiftmodule -emit-abi-descriptor-path /Users/admin/builder/spi-builder-workspace/.derivedData/Build/Intermediates.noindex/HealthKitCombine.build/Debug/HealthKitCombine-t.build/Objects-normal/arm64/HealthKitCombine.abi.json
SwiftCompile normal arm64 Compiling\ HealthStore+Publishers.swift /Users/admin/builder/spi-builder-workspace/Sources/HealthKitCombine/HealthStore+Publishers.swift (in target 'HealthKitCombine' from project 'HealthKitCombine')
/Users/admin/builder/spi-builder-workspace/Sources/HealthKitCombine/HealthStore+Publishers.swift:9:50: error: 'HKActivitySummary' is only available in macOS 13.0 or newer
3 | import HealthKit
4 |
5 | extension HKHealthStore {
| `- note: add '@available' attribute to enclosing extension
6 |
7 | public func activitySummaryPublisher(
| `- note: add '@available' attribute to enclosing instance method
8 | predicate: NSPredicate?
9 | ) -> QueryPublisher<HKActivitySummaryQuery, [HKActivitySummary], Error> {
| `- error: 'HKActivitySummary' is only available in macOS 13.0 or newer
10 |
11 | publisher(for: {
/Users/admin/builder/spi-builder-workspace/Sources/HealthKitCombine/HealthStore+Publishers.swift:5:11: error: 'HKHealthStore' is only available in macOS 13.0 or newer
3 | import HealthKit
4 |
5 | extension HKHealthStore {
| | `- error: 'HKHealthStore' is only available in macOS 13.0 or newer
| `- note: add '@available' attribute to enclosing extension
6 |
7 | public func activitySummaryPublisher(
/Users/admin/builder/spi-builder-workspace/Sources/HealthKitCombine/HealthStore+Publishers.swift:22:15: error: 'HKCorrelationType' is only available in macOS 13.0 or newer
17 | }
18 |
19 | extension HKHealthStore {
| `- note: add '@available' attribute to enclosing extension
20 |
21 | public func correlationPublisher(
| `- note: add '@available' attribute to enclosing instance method
22 | type: HKCorrelationType,
| `- error: 'HKCorrelationType' is only available in macOS 13.0 or newer
23 | predicate: NSPredicate?,
24 | samplePredicates: [HKSampleType : NSPredicate]?
/Users/admin/builder/spi-builder-workspace/Sources/HealthKitCombine/HealthStore+Publishers.swift:24:28: error: 'HKSampleType' is only available in macOS 13.0 or newer
17 | }
18 |
19 | extension HKHealthStore {
| `- note: add '@available' attribute to enclosing extension
20 |
21 | public func correlationPublisher(
| `- note: add '@available' attribute to enclosing instance method
22 | type: HKCorrelationType,
23 | predicate: NSPredicate?,
24 | samplePredicates: [HKSampleType : NSPredicate]?
| `- error: 'HKSampleType' is only available in macOS 13.0 or newer
25 | ) -> QueryPublisher<HKCorrelationQuery, [HKCorrelation], Error> {
26 |
/Users/admin/builder/spi-builder-workspace/Sources/HealthKitCombine/HealthStore+Publishers.swift:25:25: error: 'HKCorrelationQuery' is only available in macOS 13.0 or newer
17 | }
18 |
19 | extension HKHealthStore {
| `- note: add '@available' attribute to enclosing extension
20 |
21 | public func correlationPublisher(
| `- note: add '@available' attribute to enclosing instance method
22 | type: HKCorrelationType,
23 | predicate: NSPredicate?,
24 | samplePredicates: [HKSampleType : NSPredicate]?
25 | ) -> QueryPublisher<HKCorrelationQuery, [HKCorrelation], Error> {
| `- error: 'HKCorrelationQuery' is only available in macOS 13.0 or newer
26 |
27 | publisher(for: {
/Users/admin/builder/spi-builder-workspace/Sources/HealthKitCombine/HealthStore+Publishers.swift:25:46: error: 'HKCorrelation' is only available in macOS 13.0 or newer
17 | }
18 |
19 | extension HKHealthStore {
| `- note: add '@available' attribute to enclosing extension
20 |
21 | public func correlationPublisher(
| `- note: add '@available' attribute to enclosing instance method
22 | type: HKCorrelationType,
23 | predicate: NSPredicate?,
24 | samplePredicates: [HKSampleType : NSPredicate]?
25 | ) -> QueryPublisher<HKCorrelationQuery, [HKCorrelation], Error> {
| `- error: 'HKCorrelation' is only available in macOS 13.0 or newer
26 |
27 | publisher(for: {
/Users/admin/builder/spi-builder-workspace/Sources/HealthKitCombine/HealthStore+Publishers.swift:19:11: error: 'HKHealthStore' is only available in macOS 13.0 or newer
17 | }
18 |
19 | extension HKHealthStore {
| | `- error: 'HKHealthStore' is only available in macOS 13.0 or newer
| `- note: add '@available' attribute to enclosing extension
20 |
21 | public func correlationPublisher(
/Users/admin/builder/spi-builder-workspace/Sources/HealthKitCombine/HealthStore+Publishers.swift:40:21: error: 'HKSampleType' is only available in macOS 13.0 or newer
35 | }
36 |
37 | extension HKHealthStore {
| `- note: add '@available' attribute to enclosing extension
38 |
39 | public func samplePublisher(
| `- note: add '@available' attribute to enclosing instance method
40 | sampleType: HKSampleType,
| `- error: 'HKSampleType' is only available in macOS 13.0 or newer
41 | predicate: NSPredicate?,
42 | limit: Int,
/Users/admin/builder/spi-builder-workspace/Sources/HealthKitCombine/HealthStore+Publishers.swift:44:41: error: 'HKSample' is only available in macOS 13.0 or newer
35 | }
36 |
37 | extension HKHealthStore {
| `- note: add '@available' attribute to enclosing extension
38 |
39 | public func samplePublisher(
| `- note: add '@available' attribute to enclosing instance method
40 | sampleType: HKSampleType,
41 | predicate: NSPredicate?,
42 | limit: Int,
43 | sortDescriptors: [NSSortDescriptor]?
44 | ) -> QueryPublisher<HKSampleQuery, [HKSample], Error> {
| `- error: 'HKSample' is only available in macOS 13.0 or newer
45 |
46 | publisher(for: {
/Users/admin/builder/spi-builder-workspace/Sources/HealthKitCombine/HealthStore+Publishers.swift:37:11: error: 'HKHealthStore' is only available in macOS 13.0 or newer
35 | }
36 |
37 | extension HKHealthStore {
| | `- error: 'HKHealthStore' is only available in macOS 13.0 or newer
| `- note: add '@available' attribute to enclosing extension
38 |
39 | public func samplePublisher(
/Users/admin/builder/spi-builder-workspace/Sources/HealthKitCombine/HealthStore+Publishers.swift:60:21: error: 'HKSampleType' is only available in macOS 13.0 or newer
55 | }
56 |
57 | extension HKHealthStore {
| `- note: add '@available' attribute to enclosing extension
58 |
59 | public func sourcePublisher(
| `- note: add '@available' attribute to enclosing instance method
60 | sampleType: HKSampleType,
| `- error: 'HKSampleType' is only available in macOS 13.0 or newer
61 | samplePredicate: NSPredicate?
62 | ) -> QueryPublisher<HKSourceQuery, Set<HKSource>, Error> {
/Users/admin/builder/spi-builder-workspace/Sources/HealthKitCombine/HealthStore+Publishers.swift:62:44: error: 'HKSource' is only available in macOS 13.0 or newer
55 | }
56 |
57 | extension HKHealthStore {
| `- note: add '@available' attribute to enclosing extension
58 |
59 | public func sourcePublisher(
| `- note: add '@available' attribute to enclosing instance method
60 | sampleType: HKSampleType,
61 | samplePredicate: NSPredicate?
62 | ) -> QueryPublisher<HKSourceQuery, Set<HKSource>, Error> {
| `- error: 'HKSource' is only available in macOS 13.0 or newer
63 |
64 | publisher(for: {
/Users/admin/builder/spi-builder-workspace/Sources/HealthKitCombine/HealthStore+Publishers.swift:57:11: error: 'HKHealthStore' is only available in macOS 13.0 or newer
55 | }
56 |
57 | extension HKHealthStore {
| | `- error: 'HKHealthStore' is only available in macOS 13.0 or newer
| `- note: add '@available' attribute to enclosing extension
58 |
59 | public func sourcePublisher(
/Users/admin/builder/spi-builder-workspace/Sources/HealthKitCombine/HealthStore+Publishers.swift:76:23: error: 'HKQuantityType' is only available in macOS 13.0 or newer
71 | }
72 |
73 | extension HKHealthStore {
| `- note: add '@available' attribute to enclosing extension
74 |
75 | public func statisticsPublisher(
| `- note: add '@available' attribute to enclosing instance method
76 | quantityType: HKQuantityType,
| `- error: 'HKQuantityType' is only available in macOS 13.0 or newer
77 | quantitySamplePredicate: NSPredicate?,
78 | options: HKStatisticsOptions
/Users/admin/builder/spi-builder-workspace/Sources/HealthKitCombine/HealthStore+Publishers.swift:78:18: error: 'HKStatisticsOptions' is only available in macOS 13.0 or newer
71 | }
72 |
73 | extension HKHealthStore {
| `- note: add '@available' attribute to enclosing extension
74 |
75 | public func statisticsPublisher(
| `- note: add '@available' attribute to enclosing instance method
76 | quantityType: HKQuantityType,
77 | quantitySamplePredicate: NSPredicate?,
78 | options: HKStatisticsOptions
| `- error: 'HKStatisticsOptions' is only available in macOS 13.0 or newer
79 | ) -> QueryPublisher<HKStatisticsQuery, HKStatistics, Error> {
80 |
/Users/admin/builder/spi-builder-workspace/Sources/HealthKitCombine/HealthStore+Publishers.swift:79:44: error: 'HKStatistics' is only available in macOS 13.0 or newer
71 | }
72 |
73 | extension HKHealthStore {
| `- note: add '@available' attribute to enclosing extension
74 |
75 | public func statisticsPublisher(
| `- note: add '@available' attribute to enclosing instance method
76 | quantityType: HKQuantityType,
77 | quantitySamplePredicate: NSPredicate?,
78 | options: HKStatisticsOptions
79 | ) -> QueryPublisher<HKStatisticsQuery, HKStatistics, Error> {
| `- error: 'HKStatistics' is only available in macOS 13.0 or newer
80 |
81 | publisher(for: {
SwiftCompile normal arm64 /Users/admin/builder/spi-builder-workspace/Sources/HealthKitCombine/HealthStore+Publishers.swift (in target 'HealthKitCombine' from project 'HealthKitCombine')
cd /Users/admin/builder/spi-builder-workspace/.swiftpm/xcode
builtin-SwiftPerFileCompile HealthStore+Publishers.swift
/Users/admin/builder/spi-builder-workspace/Sources/HealthKitCombine/HealthStore+Publishers.swift:73:11: error: 'HKHealthStore' is only available in macOS 13.0 or newer
71 | }
72 |
73 | extension HKHealthStore {
| | `- error: 'HKHealthStore' is only available in macOS 13.0 or newer
| `- note: add '@available' attribute to enclosing extension
74 |
75 | public func statisticsPublisher(
SwiftCompile normal arm64 Compiling\ AuthorizationRequest.swift /Users/admin/builder/spi-builder-workspace/Sources/HealthKitCombine/AuthorizationRequest.swift (in target 'HealthKitCombine' from project 'HealthKitCombine')
/Users/admin/builder/spi-builder-workspace/Sources/HealthKitCombine/AuthorizationRequest.swift:8:20: error: 'HKSampleType' is only available in macOS 13.0 or newer
3 | import HealthKit
4 |
5 | extension HKHealthStore {
| `- note: add '@available' attribute to enclosing extension
6 |
7 | public func requestAuthorization(
| `- note: add '@available' attribute to enclosing instance method
8 | share: Set<HKSampleType>? = nil,
| `- error: 'HKSampleType' is only available in macOS 13.0 or newer
9 | read: Set<HKSampleType>? = nil
10 | ) -> AuthorizationRequest {
/Users/admin/builder/spi-builder-workspace/Sources/HealthKitCombine/AuthorizationRequest.swift:9:19: error: 'HKSampleType' is only available in macOS 13.0 or newer
3 | import HealthKit
4 |
5 | extension HKHealthStore {
| `- note: add '@available' attribute to enclosing extension
6 |
7 | public func requestAuthorization(
| `- note: add '@available' attribute to enclosing instance method
8 | share: Set<HKSampleType>? = nil,
9 | read: Set<HKSampleType>? = nil
| `- error: 'HKSampleType' is only available in macOS 13.0 or newer
10 | ) -> AuthorizationRequest {
11 | AuthorizationRequest(store: self, share: share, read: read)
/Users/admin/builder/spi-builder-workspace/Sources/HealthKitCombine/AuthorizationRequest.swift:5:11: error: 'HKHealthStore' is only available in macOS 13.0 or newer
3 | import HealthKit
4 |
5 | extension HKHealthStore {
| | `- error: 'HKHealthStore' is only available in macOS 13.0 or newer
| `- note: add '@available' attribute to enclosing extension
6 |
7 | public func requestAuthorization(
/Users/admin/builder/spi-builder-workspace/Sources/HealthKitCombine/AuthorizationRequest.swift:16:28: error: 'HKHealthStore' is only available in macOS 13.0 or newer
13 | }
14 |
15 | public struct AuthorizationRequest {
| `- note: add '@available' attribute to enclosing struct
16 | fileprivate let store: HKHealthStore
| `- error: 'HKHealthStore' is only available in macOS 13.0 or newer
17 | fileprivate let share: Set<HKSampleType>?
18 | fileprivate let read: Set<HKSampleType>?
/Users/admin/builder/spi-builder-workspace/Sources/HealthKitCombine/AuthorizationRequest.swift:17:32: error: 'HKSampleType' is only available in macOS 13.0 or newer
13 | }
14 |
15 | public struct AuthorizationRequest {
| `- note: add '@available' attribute to enclosing struct
16 | fileprivate let store: HKHealthStore
17 | fileprivate let share: Set<HKSampleType>?
| `- error: 'HKSampleType' is only available in macOS 13.0 or newer
18 | fileprivate let read: Set<HKSampleType>?
19 | }
/Users/admin/builder/spi-builder-workspace/Sources/HealthKitCombine/AuthorizationRequest.swift:18:31: error: 'HKSampleType' is only available in macOS 13.0 or newer
13 | }
14 |
15 | public struct AuthorizationRequest {
| `- note: add '@available' attribute to enclosing struct
16 | fileprivate let store: HKHealthStore
17 | fileprivate let share: Set<HKSampleType>?
18 | fileprivate let read: Set<HKSampleType>?
| `- error: 'HKSampleType' is only available in macOS 13.0 or newer
19 | }
20 |
/Users/admin/builder/spi-builder-workspace/Sources/HealthKitCombine/AuthorizationRequest.swift:49:28: error: 'HKHealthStore' is only available in macOS 13.0 or newer
40 | extension AuthorizationRequest {
41 |
42 | fileprivate final class Subscription<Subscriber>
| `- note: add '@available' attribute to enclosing generic class
43 | where
44 | Subscriber: Combine.Subscriber,
:
47 | {
48 | private let subscriber: Subscriber
49 | private let store: HKHealthStore
| `- error: 'HKHealthStore' is only available in macOS 13.0 or newer
50 | private let share: Set<HKSampleType>?
51 | private let read: Set<HKSampleType>?
/Users/admin/builder/spi-builder-workspace/Sources/HealthKitCombine/AuthorizationRequest.swift:50:32: error: 'HKSampleType' is only available in macOS 13.0 or newer
40 | extension AuthorizationRequest {
41 |
42 | fileprivate final class Subscription<Subscriber>
| `- note: add '@available' attribute to enclosing generic class
43 | where
44 | Subscriber: Combine.Subscriber,
:
48 | private let subscriber: Subscriber
49 | private let store: HKHealthStore
50 | private let share: Set<HKSampleType>?
| `- error: 'HKSampleType' is only available in macOS 13.0 or newer
51 | private let read: Set<HKSampleType>?
52 |
/Users/admin/builder/spi-builder-workspace/Sources/HealthKitCombine/AuthorizationRequest.swift:51:31: error: 'HKSampleType' is only available in macOS 13.0 or newer
40 | extension AuthorizationRequest {
41 |
42 | fileprivate final class Subscription<Subscriber>
| `- note: add '@available' attribute to enclosing generic class
43 | where
44 | Subscriber: Combine.Subscriber,
:
49 | private let store: HKHealthStore
50 | private let share: Set<HKSampleType>?
51 | private let read: Set<HKSampleType>?
| `- error: 'HKSampleType' is only available in macOS 13.0 or newer
52 |
53 | fileprivate init(subscriber: Subscriber,
/Users/admin/builder/spi-builder-workspace/Sources/HealthKitCombine/AuthorizationRequest.swift:54:33: error: 'HKHealthStore' is only available in macOS 13.0 or newer
40 | extension AuthorizationRequest {
41 |
42 | fileprivate final class Subscription<Subscriber>
| `- note: add '@available' attribute to enclosing generic class
43 | where
44 | Subscriber: Combine.Subscriber,
:
51 | private let read: Set<HKSampleType>?
52 |
53 | fileprivate init(subscriber: Subscriber,
| `- note: add '@available' attribute to enclosing initializer
54 | store: HKHealthStore,
| `- error: 'HKHealthStore' is only available in macOS 13.0 or newer
55 | share: Set<HKSampleType>?,
56 | read: Set<HKSampleType>?) {
/Users/admin/builder/spi-builder-workspace/Sources/HealthKitCombine/AuthorizationRequest.swift:55:37: error: 'HKSampleType' is only available in macOS 13.0 or newer
40 | extension AuthorizationRequest {
41 |
42 | fileprivate final class Subscription<Subscriber>
| `- note: add '@available' attribute to enclosing generic class
43 | where
44 | Subscriber: Combine.Subscriber,
:
51 | private let read: Set<HKSampleType>?
52 |
53 | fileprivate init(subscriber: Subscriber,
| `- note: add '@available' attribute to enclosing initializer
54 | store: HKHealthStore,
55 | share: Set<HKSampleType>?,
| `- error: 'HKSampleType' is only available in macOS 13.0 or newer
56 | read: Set<HKSampleType>?) {
57 |
SwiftCompile normal arm64 /Users/admin/builder/spi-builder-workspace/Sources/HealthKitCombine/AuthorizationRequest.swift (in target 'HealthKitCombine' from project 'HealthKitCombine')
cd /Users/admin/builder/spi-builder-workspace/.swiftpm/xcode
builtin-SwiftPerFileCompile AuthorizationRequest.swift
SwiftCompile normal arm64 Compiling\ QueryPublisher.swift /Users/admin/builder/spi-builder-workspace/Sources/HealthKitCombine/QueryPublisher.swift (in target 'HealthKitCombine' from project 'HealthKitCombine')
/Users/admin/builder/spi-builder-workspace/Sources/HealthKitCombine/QueryPublisher.swift:7:34: error: 'HKQuery' is only available in macOS 13.0 or newer
3 | import HealthKit
4 |
5 | extension HKHealthStore {
| `- note: add '@available' attribute to enclosing extension
6 |
7 | public func publisher<Query: HKQuery, Output, Failure: Error>(
| | `- error: 'HKQuery' is only available in macOS 13.0 or newer
| `- note: add '@available' attribute to enclosing instance method
8 | for query: @escaping (@escaping (Query, Output?, Failure?) -> ()) -> Query
9 | ) -> QueryPublisher<Query, Output, Failure> {
/Users/admin/builder/spi-builder-workspace/Sources/HealthKitCombine/QueryPublisher.swift:5:11: error: 'HKHealthStore' is only available in macOS 13.0 or newer
3 | import HealthKit
4 |
5 | extension HKHealthStore {
| | `- error: 'HKHealthStore' is only available in macOS 13.0 or newer
| `- note: add '@available' attribute to enclosing extension
6 |
7 | public func publisher<Query: HKQuery, Output, Failure: Error>(
/Users/admin/builder/spi-builder-workspace/Sources/HealthKitCombine/QueryPublisher.swift:18:28: error: 'HKHealthStore' is only available in macOS 13.0 or newer
12 | }
13 |
14 | public struct QueryPublisher<Query: HKQuery, Output, Failure: Error> {
| `- note: add '@available' attribute to enclosing generic struct
15 |
16 | typealias Completion = (Query, Output?, Failure?) -> ()
17 |
18 | fileprivate let store: HKHealthStore
| `- error: 'HKHealthStore' is only available in macOS 13.0 or newer
19 | fileprivate let query: (@escaping Completion) -> Query
20 | }
/Users/admin/builder/spi-builder-workspace/Sources/HealthKitCombine/QueryPublisher.swift:14:37: error: 'HKQuery' is only available in macOS 13.0 or newer
12 | }
13 |
14 | public struct QueryPublisher<Query: HKQuery, Output, Failure: Error> {
| | `- error: 'HKQuery' is only available in macOS 13.0 or newer
| `- note: add '@available' attribute to enclosing generic struct
15 |
16 | typealias Completion = (Query, Output?, Failure?) -> ()
/Users/admin/builder/spi-builder-workspace/Sources/HealthKitCombine/QueryPublisher.swift:43:28: error: 'HKHealthStore' is only available in macOS 13.0 or newer
35 | extension QueryPublisher {
36 |
37 | fileprivate final class Subscription<Subscriber>
| `- note: add '@available' attribute to enclosing generic class
38 | where
39 | Subscriber: Combine.Subscriber,
:
41 | Subscriber.Input == Output
42 | {
43 | private let store: HKHealthStore
| `- error: 'HKHealthStore' is only available in macOS 13.0 or newer
44 | private let query: Query
45 | fileprivate init(subscriber: Subscriber,
SwiftCompile normal arm64 /Users/admin/builder/spi-builder-workspace/Sources/HealthKitCombine/QueryPublisher.swift (in target 'HealthKitCombine' from project 'HealthKitCombine')
cd /Users/admin/builder/spi-builder-workspace/.swiftpm/xcode
builtin-SwiftPerFileCompile QueryPublisher.swift
PruneExplicitPrecompiledModules /Users/admin/builder/spi-builder-workspace/.derivedData/Build/Intermediates.noindex/ExplicitPrecompiledModules
PruneExplicitPrecompiledModules /Users/admin/builder/spi-builder-workspace/.derivedData/SDKExplicitPrecompiledModules
PruneExplicitPrecompiledModules /Users/admin/builder/spi-builder-workspace/.derivedData/Build/Intermediates.noindex/SwiftExplicitPrecompiledModules
2026-09-16 00:03:07.123 xcodebuild[648:4197] [MT] IDERunDestination: Supported platforms for the buildables in the current scheme is empty.
--- xcodebuild: WARNING: Using the first of multiple matching destinations:
{ platform:macOS, arch:arm64, id:5d8cc3a020f57a54d929da666b2269e48657aa99, name:My Mac }
{ platform:macOS, arch:arm64, variant:Mac Catalyst, id:5d8cc3a020f57a54d929da666b2269e48657aa99, name:My Mac }
{ platform:macOS, arch:arm64, variant:DriverKit, id:5d8cc3a020f57a54d929da666b2269e48657aa99, name:My Mac }
{ platform:macOS, arch:arm64, variant:Designed for [iPad,iPhone], id:5d8cc3a020f57a54d929da666b2269e48657aa99, name:My Mac }
** BUILD FAILED **
The following build commands failed:
SwiftCompile normal arm64 (in target 'HealthKitCombine' from project 'HealthKitCombine')
SwiftEmitModule normal arm64 Emitting\ module\ for\ HealthKitCombine (in target 'HealthKitCombine' from project 'HealthKitCombine')
Building workspace HealthKitCombine with scheme HealthKitCombine
(3 failures)
Command line invocation:
/Applications/Xcode-27.0.0-Release.Candidate.app/Contents/Developer/usr/bin/xcodebuild -IDEClonedSourcePackagesDirPathOverride=/Users/admin/builder/spi-builder-workspace/.dependencies -resolvePackageDependencies
Resolve Package Graph
Resolved source packages:
HealthKitCombine: /Users/admin/builder/spi-builder-workspace
resolved source packages: HealthKitCombine
2026-09-16 00:03:14.745 xcodebuild[707:4482] [MT] IDERunDestination: Supported platforms for the buildables in the current scheme is empty.
{
"dependencies" : [
],
"manifest_display_name" : "HealthKitCombine",
"name" : "HealthKitCombine",
"path" : "/Users/admin/builder/spi-builder-workspace",
"platforms" : [
{
"name" : "ios",
"version" : "13.0"
},
{
"name" : "watchos",
"version" : "6.0"
}
],
"products" : [
{
"name" : "HealthKitCombine",
"targets" : [
"HealthKitCombine"
],
"type" : {
"library" : [
"automatic"
]
}
}
],
"targets" : [
{
"c99name" : "HealthKitCombineTests",
"module_type" : "SwiftTarget",
"name" : "HealthKitCombineTests",
"path" : "Tests/HealthKitCombineTests",
"sources" : [
"QueryPublisherTests.swift"
],
"target_dependencies" : [
"HealthKitCombine"
],
"type" : "test"
},
{
"c99name" : "HealthKitCombine",
"module_type" : "SwiftTarget",
"name" : "HealthKitCombine",
"path" : "Sources/HealthKitCombine",
"product_memberships" : [
"HealthKitCombine"
],
"sources" : [
"AuthorizationRequest.swift",
"HealthStore+Publishers.swift",
"QueryPublisher.swift"
],
"type" : "library"
}
],
"tools_version" : "5.1"
}
{
"workspace" : {
"name" : "HealthKitCombine",
"schemes" : [
"HealthKitCombine"
]
}
}
2026-09-16 00:03:15.987 xcodebuild[715:4555] [MT] IDERunDestination: Supported platforms for the buildables in the current scheme is empty.
Running build ...
env DEVELOPER_DIR=/Applications/Xcode-27.0.0-Release.Candidate.app xcrun xcodebuild -IDEClonedSourcePackagesDirPathOverride=$PWD/.dependencies -skipMacroValidation -skipPackagePluginValidation -derivedDataPath $PWD/.derivedData build -scheme HealthKitCombine -destination platform=macOS,arch=arm64
Command line invocation:
/Applications/Xcode-27.0.0-Release.Candidate.app/Contents/Developer/usr/bin/xcodebuild -IDEClonedSourcePackagesDirPathOverride=/Users/admin/builder/spi-builder-workspace/.dependencies -skipMacroValidation -skipPackagePluginValidation -derivedDataPath /Users/admin/builder/spi-builder-workspace/.derivedData build -scheme HealthKitCombine -destination platform=macOS,arch=arm64
Resolve Package Graph
Resolved source packages:
HealthKitCombine: /Users/admin/builder/spi-builder-workspace
ComputePackagePrebuildTargetDependencyGraph
Prepare packages
CreateBuildRequest
SendProjectDescription
CreateBuildOperation
ComputeTargetDependencyGraph
note: Building targets in dependency order
note: Target dependency graph (2 targets)
Target 'HealthKitCombine-product' in project 'HealthKitCombine'
➜ Explicit dependency on target 'HealthKitCombine' in project 'HealthKitCombine'
Target 'HealthKitCombine' in project 'HealthKitCombine' (no dependencies)
GatherProvisioningInputs
CreateBuildDescription
ClangStatCache /Applications/Xcode-27.0.0-Release.Candidate.app/Contents/Developer/Toolchains/XcodeDefault.xctoolchain/usr/bin/clang-stat-cache /Applications/Xcode-27.0.0-Release.Candidate.app/Contents/Developer/Platforms/MacOSX.platform/Developer/SDKs/MacOSX27.0.sdk /Users/admin/builder/spi-builder-workspace/.derivedData/SDKStatCaches.noindex/macosx27.0-26A425-e829b21a6f8c9b70876ba0858053c0446a22442a12e9d48fe1a705f55a1adfc4.sdkstatcache
cd /Users/admin/builder/spi-builder-workspace/.swiftpm/xcode
/Applications/Xcode-27.0.0-Release.Candidate.app/Contents/Developer/Toolchains/XcodeDefault.xctoolchain/usr/bin/clang-stat-cache /Applications/Xcode-27.0.0-Release.Candidate.app/Contents/Developer/Platforms/MacOSX.platform/Developer/SDKs/MacOSX27.0.sdk -o /Users/admin/builder/spi-builder-workspace/.derivedData/SDKStatCaches.noindex/macosx27.0-26A425-e829b21a6f8c9b70876ba0858053c0446a22442a12e9d48fe1a705f55a1adfc4.sdkstatcache
SwiftDriver HealthKitCombine normal arm64 com.apple.xcode.tools.swift.compiler (in target 'HealthKitCombine' from project 'HealthKitCombine')
cd /Users/admin/builder/spi-builder-workspace/.swiftpm/xcode
builtin-SwiftDriver -- /Applications/Xcode-27.0.0-Release.Candidate.app/Contents/Developer/Toolchains/XcodeDefault.xctoolchain/usr/bin/swiftc -parse-as-library -module-name HealthKitCombine -Onone @/Users/admin/builder/spi-builder-workspace/.derivedData/Build/Intermediates.noindex/HealthKitCombine.build/Debug/HealthKitCombine-t.build/Objects-normal/arm64/HealthKitCombine.SwiftFileList -DSWIFT_PACKAGE -DDEBUG -DSWIFT_MODULE_RESOURCE_BUNDLE_UNAVAILABLE -DXcode -plugin-path /Applications/Xcode-27.0.0-Release.Candidate.app/Contents/Developer/Toolchains/XcodeDefault.xctoolchain/usr/lib/swift/host/plugins/testing -enable-experimental-feature DebugDescriptionMacro -sdk /Applications/Xcode-27.0.0-Release.Candidate.app/Contents/Developer/Platforms/MacOSX.platform/Developer/SDKs/MacOSX27.0.sdk -target arm64-apple-macos12.0 -g -module-cache-path /Users/admin/builder/spi-builder-workspace/.derivedData/ModuleCache.noindex -Xfrontend -serialize-debugging-options -profile-coverage-mapping -profile-generate -enable-testing -index-store-path /Users/admin/builder/spi-builder-workspace/.derivedData/Index.noindex/DataStore -Xcc -D_LIBCPP_HARDENING_MODE\=_LIBCPP_HARDENING_MODE_DEBUG -swift-version 5 -I /Users/admin/builder/spi-builder-workspace/.derivedData/Build/Products/Debug -Isystem /Applications/Xcode-27.0.0-Release.Candidate.app/Contents/Developer/Platforms/MacOSX.platform/Developer/usr/lib -F /Users/admin/builder/spi-builder-workspace/.derivedData/Build/Products/Debug -F /Applications/Xcode-27.0.0-Release.Candidate.app/Contents/Developer/Platforms/MacOSX.platform/Developer/Library/Frameworks -c -j10 -enable-batch-mode -incremental -Xcc -ivfsstatcache -Xcc /Users/admin/builder/spi-builder-workspace/.derivedData/SDKStatCaches.noindex/macosx27.0-26A425-e829b21a6f8c9b70876ba0858053c0446a22442a12e9d48fe1a705f55a1adfc4.sdkstatcache -output-file-map /Users/admin/builder/spi-builder-workspace/.derivedData/Build/Intermediates.noindex/HealthKitCombine.build/Debug/HealthKitCombine-t.build/Objects-normal/arm64/HealthKitCombine-OutputFileMap.json -save-temps -no-color-diagnostics -explicit-module-build -module-cache-path /Users/admin/builder/spi-builder-workspace/.derivedData/Build/Intermediates.noindex/SwiftExplicitPrecompiledModules -clang-scanner-module-cache-path /Users/admin/builder/spi-builder-workspace/.derivedData/ModuleCache.noindex -sdk-module-cache-path /Users/admin/builder/spi-builder-workspace/.derivedData/SDKExplicitPrecompiledModules -emit-dependencies -emit-module -emit-module-path /Users/admin/builder/spi-builder-workspace/.derivedData/Build/Intermediates.noindex/HealthKitCombine.build/Debug/HealthKitCombine-t.build/Objects-normal/arm64/HealthKitCombine.swiftmodule -serialize-diagnostics -dependency-scan-serialize-diagnostics-path /Users/admin/builder/spi-builder-workspace/.derivedData/Build/Intermediates.noindex/HealthKitCombine.build/Debug/HealthKitCombine-t.build/Objects-normal/arm64/HealthKitCombine-dependency-scan.dia -validate-clang-modules-once -clang-build-session-file /Users/admin/builder/spi-builder-workspace/.derivedData/ModuleCache.noindex/Session.modulevalidation -Xcc -fmodules-prune-interval\=86400 -Xcc -fmodules-prune-after\=345600 -emit-const-values -const-gather-protocols-list /Users/admin/builder/spi-builder-workspace/.derivedData/Build/Intermediates.noindex/HealthKitCombine.build/Debug/HealthKitCombine-t.build/Objects-normal/arm64/HealthKitCombine_const_extract_protocols.json -Xcc -I/Users/admin/builder/spi-builder-workspace/.derivedData/Build/Products/Debug/include -Xcc -I/Users/admin/builder/spi-builder-workspace/.derivedData/Build/Intermediates.noindex/HealthKitCombine.build/Debug/HealthKitCombine-t.build/DerivedSources-normal/arm64 -Xcc -I/Users/admin/builder/spi-builder-workspace/.derivedData/Build/Intermediates.noindex/HealthKitCombine.build/Debug/HealthKitCombine-t.build/DerivedSources/arm64 -Xcc -I/Users/admin/builder/spi-builder-workspace/.derivedData/Build/Intermediates.noindex/HealthKitCombine.build/Debug/HealthKitCombine-t.build/DerivedSources -Xcc -DSWIFT_PACKAGE -Xcc -DDEBUG\=1 -emit-objc-header -emit-objc-header-path /Users/admin/builder/spi-builder-workspace/.derivedData/Build/Intermediates.noindex/HealthKitCombine.build/Debug/HealthKitCombine-t.build/Objects-normal/arm64/HealthKitCombine-Swift.h -working-directory /Users/admin/builder/spi-builder-workspace/.swiftpm/xcode -experimental-emit-module-separately -disable-cmo
SwiftEmitModule normal arm64 Emitting\ module\ for\ HealthKitCombine (in target 'HealthKitCombine' from project 'HealthKitCombine')
/Users/admin/builder/spi-builder-workspace/Sources/HealthKitCombine/AuthorizationRequest.swift:8:20: error: 'HKSampleType' is only available in macOS 13.0 or newer
3 | import HealthKit
4 |
5 | extension HKHealthStore {
| `- note: add '@available' attribute to enclosing extension
6 |
7 | public func requestAuthorization(
| `- note: add '@available' attribute to enclosing instance method
8 | share: Set<HKSampleType>? = nil,
| `- error: 'HKSampleType' is only available in macOS 13.0 or newer
9 | read: Set<HKSampleType>? = nil
10 | ) -> AuthorizationRequest {
/Users/admin/builder/spi-builder-workspace/Sources/HealthKitCombine/AuthorizationRequest.swift:9:19: error: 'HKSampleType' is only available in macOS 13.0 or newer
3 | import HealthKit
4 |
5 | extension HKHealthStore {
| `- note: add '@available' attribute to enclosing extension
6 |
7 | public func requestAuthorization(
| `- note: add '@available' attribute to enclosing instance method
8 | share: Set<HKSampleType>? = nil,
9 | read: Set<HKSampleType>? = nil
| `- error: 'HKSampleType' is only available in macOS 13.0 or newer
10 | ) -> AuthorizationRequest {
11 | AuthorizationRequest(store: self, share: share, read: read)
/Users/admin/builder/spi-builder-workspace/Sources/HealthKitCombine/AuthorizationRequest.swift:5:11: error: 'HKHealthStore' is only available in macOS 13.0 or newer
3 | import HealthKit
4 |
5 | extension HKHealthStore {
| | `- error: 'HKHealthStore' is only available in macOS 13.0 or newer
| `- note: add '@available' attribute to enclosing extension
6 |
7 | public func requestAuthorization(
/Users/admin/builder/spi-builder-workspace/Sources/HealthKitCombine/AuthorizationRequest.swift:16:28: error: 'HKHealthStore' is only available in macOS 13.0 or newer
13 | }
14 |
15 | public struct AuthorizationRequest {
| `- note: add '@available' attribute to enclosing struct
16 | fileprivate let store: HKHealthStore
| `- error: 'HKHealthStore' is only available in macOS 13.0 or newer
17 | fileprivate let share: Set<HKSampleType>?
18 | fileprivate let read: Set<HKSampleType>?
/Users/admin/builder/spi-builder-workspace/Sources/HealthKitCombine/AuthorizationRequest.swift:17:32: error: 'HKSampleType' is only available in macOS 13.0 or newer
13 | }
14 |
15 | public struct AuthorizationRequest {
| `- note: add '@available' attribute to enclosing struct
16 | fileprivate let store: HKHealthStore
17 | fileprivate let share: Set<HKSampleType>?
| `- error: 'HKSampleType' is only available in macOS 13.0 or newer
18 | fileprivate let read: Set<HKSampleType>?
19 | }
/Users/admin/builder/spi-builder-workspace/Sources/HealthKitCombine/AuthorizationRequest.swift:18:31: error: 'HKSampleType' is only available in macOS 13.0 or newer
13 | }
14 |
15 | public struct AuthorizationRequest {
| `- note: add '@available' attribute to enclosing struct
16 | fileprivate let store: HKHealthStore
17 | fileprivate let share: Set<HKSampleType>?
18 | fileprivate let read: Set<HKSampleType>?
| `- error: 'HKSampleType' is only available in macOS 13.0 or newer
19 | }
20 |
/Users/admin/builder/spi-builder-workspace/Sources/HealthKitCombine/AuthorizationRequest.swift:49:28: error: 'HKHealthStore' is only available in macOS 13.0 or newer
40 | extension AuthorizationRequest {
41 |
42 | fileprivate final class Subscription<Subscriber>
| `- note: add '@available' attribute to enclosing generic class
43 | where
44 | Subscriber: Combine.Subscriber,
:
47 | {
48 | private let subscriber: Subscriber
49 | private let store: HKHealthStore
| `- error: 'HKHealthStore' is only available in macOS 13.0 or newer
50 | private let share: Set<HKSampleType>?
51 | private let read: Set<HKSampleType>?
/Users/admin/builder/spi-builder-workspace/Sources/HealthKitCombine/AuthorizationRequest.swift:50:32: error: 'HKSampleType' is only available in macOS 13.0 or newer
40 | extension AuthorizationRequest {
41 |
42 | fileprivate final class Subscription<Subscriber>
| `- note: add '@available' attribute to enclosing generic class
43 | where
44 | Subscriber: Combine.Subscriber,
:
48 | private let subscriber: Subscriber
49 | private let store: HKHealthStore
50 | private let share: Set<HKSampleType>?
| `- error: 'HKSampleType' is only available in macOS 13.0 or newer
51 | private let read: Set<HKSampleType>?
52 |
/Users/admin/builder/spi-builder-workspace/Sources/HealthKitCombine/AuthorizationRequest.swift:51:31: error: 'HKSampleType' is only available in macOS 13.0 or newer
40 | extension AuthorizationRequest {
41 |
42 | fileprivate final class Subscription<Subscriber>
| `- note: add '@available' attribute to enclosing generic class
43 | where
44 | Subscriber: Combine.Subscriber,
:
49 | private let store: HKHealthStore
50 | private let share: Set<HKSampleType>?
51 | private let read: Set<HKSampleType>?
| `- error: 'HKSampleType' is only available in macOS 13.0 or newer
52 |
53 | fileprivate init(subscriber: Subscriber,
/Users/admin/builder/spi-builder-workspace/Sources/HealthKitCombine/AuthorizationRequest.swift:54:33: error: 'HKHealthStore' is only available in macOS 13.0 or newer
40 | extension AuthorizationRequest {
41 |
42 | fileprivate final class Subscription<Subscriber>
| `- note: add '@available' attribute to enclosing generic class
43 | where
44 | Subscriber: Combine.Subscriber,
:
51 | private let read: Set<HKSampleType>?
52 |
53 | fileprivate init(subscriber: Subscriber,
| `- note: add '@available' attribute to enclosing initializer
54 | store: HKHealthStore,
| `- error: 'HKHealthStore' is only available in macOS 13.0 or newer
55 | share: Set<HKSampleType>?,
56 | read: Set<HKSampleType>?) {
/Users/admin/builder/spi-builder-workspace/Sources/HealthKitCombine/AuthorizationRequest.swift:55:37: error: 'HKSampleType' is only available in macOS 13.0 or newer
40 | extension AuthorizationRequest {
41 |
42 | fileprivate final class Subscription<Subscriber>
| `- note: add '@available' attribute to enclosing generic class
43 | where
44 | Subscriber: Combine.Subscriber,
:
51 | private let read: Set<HKSampleType>?
52 |
53 | fileprivate init(subscriber: Subscriber,
| `- note: add '@available' attribute to enclosing initializer
54 | store: HKHealthStore,
55 | share: Set<HKSampleType>?,
| `- error: 'HKSampleType' is only available in macOS 13.0 or newer
56 | read: Set<HKSampleType>?) {
57 |
/Users/admin/builder/spi-builder-workspace/Sources/HealthKitCombine/AuthorizationRequest.swift:56:36: error: 'HKSampleType' is only available in macOS 13.0 or newer
40 | extension AuthorizationRequest {
41 |
42 | fileprivate final class Subscription<Subscriber>
| `- note: add '@available' attribute to enclosing generic class
43 | where
44 | Subscriber: Combine.Subscriber,
:
51 | private let read: Set<HKSampleType>?
52 |
53 | fileprivate init(subscriber: Subscriber,
| `- note: add '@available' attribute to enclosing initializer
54 | store: HKHealthStore,
55 | share: Set<HKSampleType>?,
56 | read: Set<HKSampleType>?) {
| `- error: 'HKSampleType' is only available in macOS 13.0 or newer
57 |
58 | self.subscriber = subscriber
/Users/admin/builder/spi-builder-workspace/Sources/HealthKitCombine/HealthStore+Publishers.swift:9:50: error: 'HKActivitySummary' is only available in macOS 13.0 or newer
3 | import HealthKit
4 |
5 | extension HKHealthStore {
| `- note: add '@available' attribute to enclosing extension
6 |
7 | public func activitySummaryPublisher(
| `- note: add '@available' attribute to enclosing instance method
8 | predicate: NSPredicate?
9 | ) -> QueryPublisher<HKActivitySummaryQuery, [HKActivitySummary], Error> {
| `- error: 'HKActivitySummary' is only available in macOS 13.0 or newer
10 |
11 | publisher(for: {
/Users/admin/builder/spi-builder-workspace/Sources/HealthKitCombine/HealthStore+Publishers.swift:5:11: error: 'HKHealthStore' is only available in macOS 13.0 or newer
3 | import HealthKit
4 |
5 | extension HKHealthStore {
| | `- error: 'HKHealthStore' is only available in macOS 13.0 or newer
| `- note: add '@available' attribute to enclosing extension
6 |
7 | public func activitySummaryPublisher(
/Users/admin/builder/spi-builder-workspace/Sources/HealthKitCombine/HealthStore+Publishers.swift:22:15: error: 'HKCorrelationType' is only available in macOS 13.0 or newer
17 | }
18 |
19 | extension HKHealthStore {
| `- note: add '@available' attribute to enclosing extension
20 |
21 | public func correlationPublisher(
| `- note: add '@available' attribute to enclosing instance method
22 | type: HKCorrelationType,
| `- error: 'HKCorrelationType' is only available in macOS 13.0 or newer
23 | predicate: NSPredicate?,
24 | samplePredicates: [HKSampleType : NSPredicate]?
/Users/admin/builder/spi-builder-workspace/Sources/HealthKitCombine/HealthStore+Publishers.swift:24:28: error: 'HKSampleType' is only available in macOS 13.0 or newer
17 | }
18 |
19 | extension HKHealthStore {
| `- note: add '@available' attribute to enclosing extension
20 |
21 | public func correlationPublisher(
| `- note: add '@available' attribute to enclosing instance method
22 | type: HKCorrelationType,
23 | predicate: NSPredicate?,
24 | samplePredicates: [HKSampleType : NSPredicate]?
| `- error: 'HKSampleType' is only available in macOS 13.0 or newer
25 | ) -> QueryPublisher<HKCorrelationQuery, [HKCorrelation], Error> {
26 |
/Users/admin/builder/spi-builder-workspace/Sources/HealthKitCombine/HealthStore+Publishers.swift:25:25: error: 'HKCorrelationQuery' is only available in macOS 13.0 or newer
17 | }
18 |
19 | extension HKHealthStore {
| `- note: add '@available' attribute to enclosing extension
20 |
21 | public func correlationPublisher(
| `- note: add '@available' attribute to enclosing instance method
22 | type: HKCorrelationType,
23 | predicate: NSPredicate?,
24 | samplePredicates: [HKSampleType : NSPredicate]?
25 | ) -> QueryPublisher<HKCorrelationQuery, [HKCorrelation], Error> {
| `- error: 'HKCorrelationQuery' is only available in macOS 13.0 or newer
26 |
27 | publisher(for: {
/Users/admin/builder/spi-builder-workspace/Sources/HealthKitCombine/HealthStore+Publishers.swift:25:46: error: 'HKCorrelation' is only available in macOS 13.0 or newer
17 | }
18 |
19 | extension HKHealthStore {
| `- note: add '@available' attribute to enclosing extension
20 |
21 | public func correlationPublisher(
| `- note: add '@available' attribute to enclosing instance method
22 | type: HKCorrelationType,
23 | predicate: NSPredicate?,
24 | samplePredicates: [HKSampleType : NSPredicate]?
25 | ) -> QueryPublisher<HKCorrelationQuery, [HKCorrelation], Error> {
| `- error: 'HKCorrelation' is only available in macOS 13.0 or newer
26 |
27 | publisher(for: {
/Users/admin/builder/spi-builder-workspace/Sources/HealthKitCombine/HealthStore+Publishers.swift:19:11: error: 'HKHealthStore' is only available in macOS 13.0 or newer
17 | }
18 |
19 | extension HKHealthStore {
| | `- error: 'HKHealthStore' is only available in macOS 13.0 or newer
| `- note: add '@available' attribute to enclosing extension
20 |
21 | public func correlationPublisher(
/Users/admin/builder/spi-builder-workspace/Sources/HealthKitCombine/HealthStore+Publishers.swift:40:21: error: 'HKSampleType' is only available in macOS 13.0 or newer
35 | }
36 |
37 | extension HKHealthStore {
| `- note: add '@available' attribute to enclosing extension
38 |
39 | public func samplePublisher(
| `- note: add '@available' attribute to enclosing instance method
40 | sampleType: HKSampleType,
| `- error: 'HKSampleType' is only available in macOS 13.0 or newer
41 | predicate: NSPredicate?,
42 | limit: Int,
/Users/admin/builder/spi-builder-workspace/Sources/HealthKitCombine/HealthStore+Publishers.swift:44:41: error: 'HKSample' is only available in macOS 13.0 or newer
35 | }
36 |
37 | extension HKHealthStore {
| `- note: add '@available' attribute to enclosing extension
38 |
39 | public func samplePublisher(
| `- note: add '@available' attribute to enclosing instance method
40 | sampleType: HKSampleType,
41 | predicate: NSPredicate?,
42 | limit: Int,
43 | sortDescriptors: [NSSortDescriptor]?
44 | ) -> QueryPublisher<HKSampleQuery, [HKSample], Error> {
| `- error: 'HKSample' is only available in macOS 13.0 or newer
45 |
46 | publisher(for: {
/Users/admin/builder/spi-builder-workspace/Sources/HealthKitCombine/HealthStore+Publishers.swift:37:11: error: 'HKHealthStore' is only available in macOS 13.0 or newer
35 | }
36 |
37 | extension HKHealthStore {
| | `- error: 'HKHealthStore' is only available in macOS 13.0 or newer
| `- note: add '@available' attribute to enclosing extension
38 |
39 | public func samplePublisher(
/Users/admin/builder/spi-builder-workspace/Sources/HealthKitCombine/HealthStore+Publishers.swift:60:21: error: 'HKSampleType' is only available in macOS 13.0 or newer
55 | }
56 |
57 | extension HKHealthStore {
| `- note: add '@available' attribute to enclosing extension
58 |
59 | public func sourcePublisher(
| `- note: add '@available' attribute to enclosing instance method
60 | sampleType: HKSampleType,
| `- error: 'HKSampleType' is only available in macOS 13.0 or newer
61 | samplePredicate: NSPredicate?
62 | ) -> QueryPublisher<HKSourceQuery, Set<HKSource>, Error> {
/Users/admin/builder/spi-builder-workspace/Sources/HealthKitCombine/HealthStore+Publishers.swift:62:44: error: 'HKSource' is only available in macOS 13.0 or newer
55 | }
56 |
57 | extension HKHealthStore {
| `- note: add '@available' attribute to enclosing extension
58 |
59 | public func sourcePublisher(
| `- note: add '@available' attribute to enclosing instance method
60 | sampleType: HKSampleType,
61 | samplePredicate: NSPredicate?
62 | ) -> QueryPublisher<HKSourceQuery, Set<HKSource>, Error> {
| `- error: 'HKSource' is only available in macOS 13.0 or newer
63 |
64 | publisher(for: {
/Users/admin/builder/spi-builder-workspace/Sources/HealthKitCombine/HealthStore+Publishers.swift:57:11: error: 'HKHealthStore' is only available in macOS 13.0 or newer
55 | }
56 |
57 | extension HKHealthStore {
| | `- error: 'HKHealthStore' is only available in macOS 13.0 or newer
| `- note: add '@available' attribute to enclosing extension
58 |
59 | public func sourcePublisher(
/Users/admin/builder/spi-builder-workspace/Sources/HealthKitCombine/HealthStore+Publishers.swift:76:23: error: 'HKQuantityType' is only available in macOS 13.0 or newer
71 | }
72 |
73 | extension HKHealthStore {
| `- note: add '@available' attribute to enclosing extension
74 |
75 | public func statisticsPublisher(
| `- note: add '@available' attribute to enclosing instance method
76 | quantityType: HKQuantityType,
| `- error: 'HKQuantityType' is only available in macOS 13.0 or newer
77 | quantitySamplePredicate: NSPredicate?,
78 | options: HKStatisticsOptions
/Users/admin/builder/spi-builder-workspace/Sources/HealthKitCombine/HealthStore+Publishers.swift:78:18: error: 'HKStatisticsOptions' is only available in macOS 13.0 or newer
71 | }
72 |
73 | extension HKHealthStore {
| `- note: add '@available' attribute to enclosing extension
74 |
75 | public func statisticsPublisher(
| `- note: add '@available' attribute to enclosing instance method
76 | quantityType: HKQuantityType,
77 | quantitySamplePredicate: NSPredicate?,
78 | options: HKStatisticsOptions
| `- error: 'HKStatisticsOptions' is only available in macOS 13.0 or newer
79 | ) -> QueryPublisher<HKStatisticsQuery, HKStatistics, Error> {
80 |
/Users/admin/builder/spi-builder-workspace/Sources/HealthKitCombine/HealthStore+Publishers.swift:79:44: error: 'HKStatistics' is only available in macOS 13.0 or newer
71 | }
72 |
73 | extension HKHealthStore {
| `- note: add '@available' attribute to enclosing extension
74 |
75 | public func statisticsPublisher(
| `- note: add '@available' attribute to enclosing instance method
76 | quantityType: HKQuantityType,
77 | quantitySamplePredicate: NSPredicate?,
78 | options: HKStatisticsOptions
79 | ) -> QueryPublisher<HKStatisticsQuery, HKStatistics, Error> {
| `- error: 'HKStatistics' is only available in macOS 13.0 or newer
80 |
81 | publisher(for: {
/Users/admin/builder/spi-builder-workspace/Sources/HealthKitCombine/HealthStore+Publishers.swift:73:11: error: 'HKHealthStore' is only available in macOS 13.0 or newer
71 | }
72 |
73 | extension HKHealthStore {
| | `- error: 'HKHealthStore' is only available in macOS 13.0 or newer
| `- note: add '@available' attribute to enclosing extension
74 |
75 | public func statisticsPublisher(
/Users/admin/builder/spi-builder-workspace/Sources/HealthKitCombine/QueryPublisher.swift:7:34: error: 'HKQuery' is only available in macOS 13.0 or newer
3 | import HealthKit
4 |
5 | extension HKHealthStore {
| `- note: add '@available' attribute to enclosing extension
6 |
7 | public func publisher<Query: HKQuery, Output, Failure: Error>(
| | `- error: 'HKQuery' is only available in macOS 13.0 or newer
| `- note: add '@available' attribute to enclosing instance method
8 | for query: @escaping (@escaping (Query, Output?, Failure?) -> ()) -> Query
9 | ) -> QueryPublisher<Query, Output, Failure> {
/Users/admin/builder/spi-builder-workspace/Sources/HealthKitCombine/QueryPublisher.swift:5:11: error: 'HKHealthStore' is only available in macOS 13.0 or newer
3 | import HealthKit
4 |
5 | extension HKHealthStore {
| | `- error: 'HKHealthStore' is only available in macOS 13.0 or newer
| `- note: add '@available' attribute to enclosing extension
6 |
7 | public func publisher<Query: HKQuery, Output, Failure: Error>(
SwiftCompile normal arm64 (in target 'HealthKitCombine' from project 'HealthKitCombine')
cd /Users/admin/builder/spi-builder-workspace/.swiftpm/xcode
/Users/admin/builder/spi-builder-workspace/Sources/HealthKitCombine/QueryPublisher.swift:18:28: error: 'HKHealthStore' is only available in macOS 13.0 or newer
12 | }
13 |
14 | public struct QueryPublisher<Query: HKQuery, Output, Failure: Error> {
| `- note: add '@available' attribute to enclosing generic struct
15 |
16 | typealias Completion = (Query, Output?, Failure?) -> ()
17 |
18 | fileprivate let store: HKHealthStore
| `- error: 'HKHealthStore' is only available in macOS 13.0 or newer
19 | fileprivate let query: (@escaping Completion) -> Query
20 | }
/Users/admin/builder/spi-builder-workspace/Sources/HealthKitCombine/QueryPublisher.swift:14:37: error: 'HKQuery' is only available in macOS 13.0 or newer
12 | }
13 |
14 | public struct QueryPublisher<Query: HKQuery, Output, Failure: Error> {
| | `- error: 'HKQuery' is only available in macOS 13.0 or newer
| `- note: add '@available' attribute to enclosing generic struct
15 |
16 | typealias Completion = (Query, Output?, Failure?) -> ()
/Users/admin/builder/spi-builder-workspace/Sources/HealthKitCombine/QueryPublisher.swift:43:28: error: 'HKHealthStore' is only available in macOS 13.0 or newer
35 | extension QueryPublisher {
36 |
37 | fileprivate final class Subscription<Subscriber>
| `- note: add '@available' attribute to enclosing generic class
38 | where
39 | Subscriber: Combine.Subscriber,
:
41 | Subscriber.Input == Output
42 | {
43 | private let store: HKHealthStore
| `- error: 'HKHealthStore' is only available in macOS 13.0 or newer
44 | private let query: Query
45 | fileprivate init(subscriber: Subscriber,
/Users/admin/builder/spi-builder-workspace/Sources/HealthKitCombine/QueryPublisher.swift:46:33: error: 'HKHealthStore' is only available in macOS 13.0 or newer
35 | extension QueryPublisher {
36 |
37 | fileprivate final class Subscription<Subscriber>
| `- note: add '@available' attribute to enclosing generic class
38 | where
39 | Subscriber: Combine.Subscriber,
:
43 | private let store: HKHealthStore
44 | private let query: Query
45 | fileprivate init(subscriber: Subscriber,
| `- note: add '@available' attribute to enclosing initializer
46 | store: HKHealthStore,
| `- error: 'HKHealthStore' is only available in macOS 13.0 or newer
47 | query: (@escaping Completion) -> Query) {
48 |
Failed frontend command:
/Applications/Xcode-27.0.0-Release.Candidate.app/Contents/Developer/Toolchains/XcodeDefault.xctoolchain/usr/bin/swift-frontend -frontend -emit-module -experimental-skip-non-inlinable-function-bodies-without-types /Users/admin/builder/spi-builder-workspace/Sources/HealthKitCombine/AuthorizationRequest.swift /Users/admin/builder/spi-builder-workspace/Sources/HealthKitCombine/HealthStore+Publishers.swift /Users/admin/builder/spi-builder-workspace/Sources/HealthKitCombine/QueryPublisher.swift -target arm64-apple-macos12.0 -disable-cross-import-overlay-search -load-resolved-plugin /Applications/Xcode-27.0.0-Release.Candidate.app/Contents/Developer/Platforms/MacOSX.platform/Developer/usr/lib/swift/host/plugins/libFoundationMacros.dylib\#/Applications/Xcode-27.0.0-Release.Candidate.app/Contents/Developer/Platforms/MacOSX.platform/Developer/usr/bin/swift-plugin-server\#FoundationMacros -load-resolved-plugin /Applications/Xcode-27.0.0-Release.Candidate.app/Contents/Developer/Platforms/MacOSX.platform/Developer/usr/lib/swift/host/plugins/libObservationMacros.dylib\#/Applications/Xcode-27.0.0-Release.Candidate.app/Contents/Developer/Platforms/MacOSX.platform/Developer/usr/bin/swift-plugin-server\#ObservationMacros -load-resolved-plugin /Applications/Xcode-27.0.0-Release.Candidate.app/Contents/Developer/Platforms/MacOSX.platform/Developer/usr/lib/swift/host/plugins/libSwiftMacros.dylib\#/Applications/Xcode-27.0.0-Release.Candidate.app/Contents/Developer/Platforms/MacOSX.platform/Developer/usr/bin/swift-plugin-server\#SwiftMacros -disable-implicit-swift-modules -Xcc -fno-implicit-modules -Xcc -fno-implicit-module-maps -explicit-swift-module-map-file /Users/admin/builder/spi-builder-workspace/.derivedData/Build/Intermediates.noindex/HealthKitCombine.build/Debug/HealthKitCombine-t.build/Objects-normal/arm64/HealthKitCombine-dependencies-1.json -Xllvm -aarch64-use-tbi -enable-objc-interop -stack-check -sdk /Applications/Xcode-27.0.0-Release.Candidate.app/Contents/Developer/Platforms/MacOSX.platform/Developer/SDKs/MacOSX27.0.sdk -I /Users/admin/builder/spi-builder-workspace/.derivedData/Build/Products/Debug -Isystem /Applications/Xcode-27.0.0-Release.Candidate.app/Contents/Developer/Platforms/MacOSX.platform/Developer/usr/lib -F /Users/admin/builder/spi-builder-workspace/.derivedData/Build/Products/Debug -F /Applications/Xcode-27.0.0-Release.Candidate.app/Contents/Developer/Platforms/MacOSX.platform/Developer/Library/Frameworks -module-cache-path /Users/admin/builder/spi-builder-workspace/.derivedData/Build/Intermediates.noindex/SwiftExplicitPrecompiledModules -no-color-diagnostics -Xcc -fno-color-diagnostics -enable-testing -g -debug-info-format\=dwarf -dwarf-version\=4 -profile-generate -profile-coverage-mapping -swift-version 5 -Onone -D SWIFT_PACKAGE -D DEBUG -D SWIFT_MODULE_RESOURCE_BUNDLE_UNAVAILABLE -D Xcode -serialize-debugging-options -enable-experimental-feature DebugDescriptionMacro -empty-abi-descriptor -validate-clang-modules-once -clang-build-session-file /Users/admin/builder/spi-builder-workspace/.derivedData/ModuleCache.noindex/Session.modulevalidation -Xcc -working-directory -Xcc /Users/admin/builder/spi-builder-workspace/.swiftpm/xcode -enable-anonymous-context-mangled-names -file-compilation-dir /Users/admin/builder/spi-builder-workspace/.swiftpm/xcode -Xcc -D_LIBCPP_HARDENING_MODE\=_LIBCPP_HARDENING_MODE_DEBUG -Xcc -ivfsstatcache -Xcc /Users/admin/builder/spi-builder-workspace/.derivedData/SDKStatCaches.noindex/macosx27.0-26A425-e829b21a6f8c9b70876ba0858053c0446a22442a12e9d48fe1a705f55a1adfc4.sdkstatcache -Xcc -fmodules-prune-interval\=86400 -Xcc -fmodules-prune-after\=345600 -Xcc -I/Users/admin/builder/spi-builder-workspace/.derivedData/Build/Products/Debug/include -Xcc -I/Users/admin/builder/spi-builder-workspace/.derivedData/Build/Intermediates.noindex/HealthKitCombine.build/Debug/HealthKitCombine-t.build/DerivedSources-normal/arm64 -Xcc -I/Users/admin/builder/spi-builder-workspace/.derivedData/Build/Intermediates.noindex/HealthKitCombine.build/Debug/HealthKitCombine-t.build/DerivedSources/arm64 -Xcc -I/Users/admin/builder/spi-builder-workspace/.derivedData/Build/Intermediates.noindex/HealthKitCombine.build/Debug/HealthKitCombine-t.build/DerivedSources -Xcc -DSWIFT_PACKAGE -Xcc -DDEBUG\=1 -no-auto-bridging-header-chaining -module-name HealthKitCombine -const-gather-protocols-file /Users/admin/builder/spi-builder-workspace/.derivedData/Build/Intermediates.noindex/HealthKitCombine.build/Debug/HealthKitCombine-t.build/Objects-normal/arm64/HealthKitCombine_const_extract_protocols.json -disable-clang-spi -clang-target arm64-apple-macos27.0 -target-sdk-version 27.0 -target-sdk-name macosx27.0 -in-process-plugin-server-path /Applications/Xcode-27.0.0-Release.Candidate.app/Contents/Developer/Toolchains/XcodeDefault.xctoolchain/usr/lib/swift/host/libSwiftInProcPluginServer.dylib -emit-module-doc-path /Users/admin/builder/spi-builder-workspace/.derivedData/Build/Intermediates.noindex/HealthKitCombine.build/Debug/HealthKitCombine-t.build/Objects-normal/arm64/HealthKitCombine.swiftdoc -emit-module-source-info-path /Users/admin/builder/spi-builder-workspace/.derivedData/Build/Intermediates.noindex/HealthKitCombine.build/Debug/HealthKitCombine-t.build/Objects-normal/arm64/HealthKitCombine.swiftsourceinfo -emit-objc-header-path /Users/admin/builder/spi-builder-workspace/.derivedData/Build/Intermediates.noindex/HealthKitCombine.build/Debug/HealthKitCombine-t.build/Objects-normal/arm64/HealthKitCombine-Swift.h -serialize-diagnostics-path /Users/admin/builder/spi-builder-workspace/.derivedData/Build/Intermediates.noindex/HealthKitCombine.build/Debug/HealthKitCombine-t.build/Objects-normal/arm64/HealthKitCombine-primary-emit-module.dia -emit-dependencies-path /Users/admin/builder/spi-builder-workspace/.derivedData/Build/Intermediates.noindex/HealthKitCombine.build/Debug/HealthKitCombine-t.build/Objects-normal/arm64/HealthKitCombine-primary-emit-module.d -parse-as-library -o /Users/admin/builder/spi-builder-workspace/.derivedData/Build/Intermediates.noindex/HealthKitCombine.build/Debug/HealthKitCombine-t.build/Objects-normal/arm64/HealthKitCombine.swiftmodule -emit-abi-descriptor-path /Users/admin/builder/spi-builder-workspace/.derivedData/Build/Intermediates.noindex/HealthKitCombine.build/Debug/HealthKitCombine-t.build/Objects-normal/arm64/HealthKitCombine.abi.json
SwiftCompile normal arm64 Compiling\ AuthorizationRequest.swift /Users/admin/builder/spi-builder-workspace/Sources/HealthKitCombine/AuthorizationRequest.swift (in target 'HealthKitCombine' from project 'HealthKitCombine')
SwiftCompile normal arm64 /Users/admin/builder/spi-builder-workspace/Sources/HealthKitCombine/AuthorizationRequest.swift (in target 'HealthKitCombine' from project 'HealthKitCombine')
cd /Users/admin/builder/spi-builder-workspace/.swiftpm/xcode
builtin-SwiftPerFileCompile AuthorizationRequest.swift
/Users/admin/builder/spi-builder-workspace/Sources/HealthKitCombine/AuthorizationRequest.swift:8:20: error: 'HKSampleType' is only available in macOS 13.0 or newer
3 | import HealthKit
4 |
5 | extension HKHealthStore {
| `- note: add '@available' attribute to enclosing extension
6 |
7 | public func requestAuthorization(
| `- note: add '@available' attribute to enclosing instance method
8 | share: Set<HKSampleType>? = nil,
| `- error: 'HKSampleType' is only available in macOS 13.0 or newer
9 | read: Set<HKSampleType>? = nil
10 | ) -> AuthorizationRequest {
/Users/admin/builder/spi-builder-workspace/Sources/HealthKitCombine/AuthorizationRequest.swift:9:19: error: 'HKSampleType' is only available in macOS 13.0 or newer
3 | import HealthKit
4 |
5 | extension HKHealthStore {
| `- note: add '@available' attribute to enclosing extension
6 |
7 | public func requestAuthorization(
| `- note: add '@available' attribute to enclosing instance method
8 | share: Set<HKSampleType>? = nil,
9 | read: Set<HKSampleType>? = nil
| `- error: 'HKSampleType' is only available in macOS 13.0 or newer
10 | ) -> AuthorizationRequest {
11 | AuthorizationRequest(store: self, share: share, read: read)
/Users/admin/builder/spi-builder-workspace/Sources/HealthKitCombine/AuthorizationRequest.swift:5:11: error: 'HKHealthStore' is only available in macOS 13.0 or newer
3 | import HealthKit
4 |
5 | extension HKHealthStore {
| | `- error: 'HKHealthStore' is only available in macOS 13.0 or newer
| `- note: add '@available' attribute to enclosing extension
6 |
7 | public func requestAuthorization(
/Users/admin/builder/spi-builder-workspace/Sources/HealthKitCombine/AuthorizationRequest.swift:16:28: error: 'HKHealthStore' is only available in macOS 13.0 or newer
13 | }
14 |
15 | public struct AuthorizationRequest {
| `- note: add '@available' attribute to enclosing struct
16 | fileprivate let store: HKHealthStore
| `- error: 'HKHealthStore' is only available in macOS 13.0 or newer
17 | fileprivate let share: Set<HKSampleType>?
18 | fileprivate let read: Set<HKSampleType>?
/Users/admin/builder/spi-builder-workspace/Sources/HealthKitCombine/AuthorizationRequest.swift:17:32: error: 'HKSampleType' is only available in macOS 13.0 or newer
13 | }
14 |
15 | public struct AuthorizationRequest {
| `- note: add '@available' attribute to enclosing struct
16 | fileprivate let store: HKHealthStore
17 | fileprivate let share: Set<HKSampleType>?
| `- error: 'HKSampleType' is only available in macOS 13.0 or newer
18 | fileprivate let read: Set<HKSampleType>?
19 | }
/Users/admin/builder/spi-builder-workspace/Sources/HealthKitCombine/AuthorizationRequest.swift:18:31: error: 'HKSampleType' is only available in macOS 13.0 or newer
13 | }
14 |
15 | public struct AuthorizationRequest {
| `- note: add '@available' attribute to enclosing struct
16 | fileprivate let store: HKHealthStore
17 | fileprivate let share: Set<HKSampleType>?
18 | fileprivate let read: Set<HKSampleType>?
| `- error: 'HKSampleType' is only available in macOS 13.0 or newer
19 | }
20 |
/Users/admin/builder/spi-builder-workspace/Sources/HealthKitCombine/AuthorizationRequest.swift:49:28: error: 'HKHealthStore' is only available in macOS 13.0 or newer
40 | extension AuthorizationRequest {
41 |
42 | fileprivate final class Subscription<Subscriber>
| `- note: add '@available' attribute to enclosing generic class
43 | where
44 | Subscriber: Combine.Subscriber,
:
47 | {
48 | private let subscriber: Subscriber
49 | private let store: HKHealthStore
| `- error: 'HKHealthStore' is only available in macOS 13.0 or newer
50 | private let share: Set<HKSampleType>?
51 | private let read: Set<HKSampleType>?
/Users/admin/builder/spi-builder-workspace/Sources/HealthKitCombine/AuthorizationRequest.swift:50:32: error: 'HKSampleType' is only available in macOS 13.0 or newer
40 | extension AuthorizationRequest {
41 |
42 | fileprivate final class Subscription<Subscriber>
| `- note: add '@available' attribute to enclosing generic class
43 | where
44 | Subscriber: Combine.Subscriber,
:
48 | private let subscriber: Subscriber
49 | private let store: HKHealthStore
50 | private let share: Set<HKSampleType>?
| `- error: 'HKSampleType' is only available in macOS 13.0 or newer
51 | private let read: Set<HKSampleType>?
52 |
/Users/admin/builder/spi-builder-workspace/Sources/HealthKitCombine/AuthorizationRequest.swift:51:31: error: 'HKSampleType' is only available in macOS 13.0 or newer
40 | extension AuthorizationRequest {
41 |
42 | fileprivate final class Subscription<Subscriber>
| `- note: add '@available' attribute to enclosing generic class
43 | where
44 | Subscriber: Combine.Subscriber,
:
49 | private let store: HKHealthStore
50 | private let share: Set<HKSampleType>?
51 | private let read: Set<HKSampleType>?
| `- error: 'HKSampleType' is only available in macOS 13.0 or newer
52 |
53 | fileprivate init(subscriber: Subscriber,
/Users/admin/builder/spi-builder-workspace/Sources/HealthKitCombine/AuthorizationRequest.swift:54:33: error: 'HKHealthStore' is only available in macOS 13.0 or newer
40 | extension AuthorizationRequest {
41 |
42 | fileprivate final class Subscription<Subscriber>
| `- note: add '@available' attribute to enclosing generic class
43 | where
44 | Subscriber: Combine.Subscriber,
:
51 | private let read: Set<HKSampleType>?
52 |
53 | fileprivate init(subscriber: Subscriber,
| `- note: add '@available' attribute to enclosing initializer
54 | store: HKHealthStore,
| `- error: 'HKHealthStore' is only available in macOS 13.0 or newer
55 | share: Set<HKSampleType>?,
56 | read: Set<HKSampleType>?) {
/Users/admin/builder/spi-builder-workspace/Sources/HealthKitCombine/AuthorizationRequest.swift:55:37: error: 'HKSampleType' is only available in macOS 13.0 or newer
40 | extension AuthorizationRequest {
41 |
42 | fileprivate final class Subscription<Subscriber>
| `- note: add '@available' attribute to enclosing generic class
43 | where
44 | Subscriber: Combine.Subscriber,
:
51 | private let read: Set<HKSampleType>?
52 |
53 | fileprivate init(subscriber: Subscriber,
| `- note: add '@available' attribute to enclosing initializer
54 | store: HKHealthStore,
55 | share: Set<HKSampleType>?,
| `- error: 'HKSampleType' is only available in macOS 13.0 or newer
56 | read: Set<HKSampleType>?) {
57 |
SwiftCompile normal arm64 Compiling\ HealthStore+Publishers.swift /Users/admin/builder/spi-builder-workspace/Sources/HealthKitCombine/HealthStore+Publishers.swift (in target 'HealthKitCombine' from project 'HealthKitCombine')
/Users/admin/builder/spi-builder-workspace/Sources/HealthKitCombine/HealthStore+Publishers.swift:9:50: error: 'HKActivitySummary' is only available in macOS 13.0 or newer
3 | import HealthKit
4 |
5 | extension HKHealthStore {
| `- note: add '@available' attribute to enclosing extension
6 |
7 | public func activitySummaryPublisher(
| `- note: add '@available' attribute to enclosing instance method
8 | predicate: NSPredicate?
9 | ) -> QueryPublisher<HKActivitySummaryQuery, [HKActivitySummary], Error> {
| `- error: 'HKActivitySummary' is only available in macOS 13.0 or newer
10 |
11 | publisher(for: {
/Users/admin/builder/spi-builder-workspace/Sources/HealthKitCombine/HealthStore+Publishers.swift:5:11: error: 'HKHealthStore' is only available in macOS 13.0 or newer
3 | import HealthKit
4 |
5 | extension HKHealthStore {
| | `- error: 'HKHealthStore' is only available in macOS 13.0 or newer
| `- note: add '@available' attribute to enclosing extension
6 |
7 | public func activitySummaryPublisher(
/Users/admin/builder/spi-builder-workspace/Sources/HealthKitCombine/HealthStore+Publishers.swift:22:15: error: 'HKCorrelationType' is only available in macOS 13.0 or newer
17 | }
18 |
19 | extension HKHealthStore {
| `- note: add '@available' attribute to enclosing extension
20 |
21 | public func correlationPublisher(
| `- note: add '@available' attribute to enclosing instance method
22 | type: HKCorrelationType,
| `- error: 'HKCorrelationType' is only available in macOS 13.0 or newer
23 | predicate: NSPredicate?,
24 | samplePredicates: [HKSampleType : NSPredicate]?
/Users/admin/builder/spi-builder-workspace/Sources/HealthKitCombine/HealthStore+Publishers.swift:24:28: error: 'HKSampleType' is only available in macOS 13.0 or newer
17 | }
18 |
19 | extension HKHealthStore {
| `- note: add '@available' attribute to enclosing extension
20 |
21 | public func correlationPublisher(
| `- note: add '@available' attribute to enclosing instance method
22 | type: HKCorrelationType,
23 | predicate: NSPredicate?,
24 | samplePredicates: [HKSampleType : NSPredicate]?
| `- error: 'HKSampleType' is only available in macOS 13.0 or newer
25 | ) -> QueryPublisher<HKCorrelationQuery, [HKCorrelation], Error> {
26 |
/Users/admin/builder/spi-builder-workspace/Sources/HealthKitCombine/HealthStore+Publishers.swift:25:25: error: 'HKCorrelationQuery' is only available in macOS 13.0 or newer
17 | }
18 |
19 | extension HKHealthStore {
| `- note: add '@available' attribute to enclosing extension
20 |
21 | public func correlationPublisher(
| `- note: add '@available' attribute to enclosing instance method
22 | type: HKCorrelationType,
23 | predicate: NSPredicate?,
24 | samplePredicates: [HKSampleType : NSPredicate]?
25 | ) -> QueryPublisher<HKCorrelationQuery, [HKCorrelation], Error> {
| `- error: 'HKCorrelationQuery' is only available in macOS 13.0 or newer
26 |
27 | publisher(for: {
/Users/admin/builder/spi-builder-workspace/Sources/HealthKitCombine/HealthStore+Publishers.swift:25:46: error: 'HKCorrelation' is only available in macOS 13.0 or newer
17 | }
18 |
19 | extension HKHealthStore {
| `- note: add '@available' attribute to enclosing extension
20 |
21 | public func correlationPublisher(
| `- note: add '@available' attribute to enclosing instance method
22 | type: HKCorrelationType,
23 | predicate: NSPredicate?,
24 | samplePredicates: [HKSampleType : NSPredicate]?
25 | ) -> QueryPublisher<HKCorrelationQuery, [HKCorrelation], Error> {
| `- error: 'HKCorrelation' is only available in macOS 13.0 or newer
26 |
27 | publisher(for: {
/Users/admin/builder/spi-builder-workspace/Sources/HealthKitCombine/HealthStore+Publishers.swift:19:11: error: 'HKHealthStore' is only available in macOS 13.0 or newer
17 | }
18 |
19 | extension HKHealthStore {
| | `- error: 'HKHealthStore' is only available in macOS 13.0 or newer
| `- note: add '@available' attribute to enclosing extension
20 |
21 | public func correlationPublisher(
/Users/admin/builder/spi-builder-workspace/Sources/HealthKitCombine/HealthStore+Publishers.swift:40:21: error: 'HKSampleType' is only available in macOS 13.0 or newer
35 | }
36 |
37 | extension HKHealthStore {
| `- note: add '@available' attribute to enclosing extension
38 |
39 | public func samplePublisher(
| `- note: add '@available' attribute to enclosing instance method
40 | sampleType: HKSampleType,
| `- error: 'HKSampleType' is only available in macOS 13.0 or newer
41 | predicate: NSPredicate?,
42 | limit: Int,
/Users/admin/builder/spi-builder-workspace/Sources/HealthKitCombine/HealthStore+Publishers.swift:44:41: error: 'HKSample' is only available in macOS 13.0 or newer
35 | }
36 |
37 | extension HKHealthStore {
| `- note: add '@available' attribute to enclosing extension
38 |
39 | public func samplePublisher(
| `- note: add '@available' attribute to enclosing instance method
40 | sampleType: HKSampleType,
41 | predicate: NSPredicate?,
42 | limit: Int,
43 | sortDescriptors: [NSSortDescriptor]?
44 | ) -> QueryPublisher<HKSampleQuery, [HKSample], Error> {
| `- error: 'HKSample' is only available in macOS 13.0 or newer
45 |
46 | publisher(for: {
/Users/admin/builder/spi-builder-workspace/Sources/HealthKitCombine/HealthStore+Publishers.swift:37:11: error: 'HKHealthStore' is only available in macOS 13.0 or newer
35 | }
36 |
37 | extension HKHealthStore {
| | `- error: 'HKHealthStore' is only available in macOS 13.0 or newer
| `- note: add '@available' attribute to enclosing extension
38 |
39 | public func samplePublisher(
/Users/admin/builder/spi-builder-workspace/Sources/HealthKitCombine/HealthStore+Publishers.swift:60:21: error: 'HKSampleType' is only available in macOS 13.0 or newer
55 | }
56 |
57 | extension HKHealthStore {
| `- note: add '@available' attribute to enclosing extension
58 |
59 | public func sourcePublisher(
| `- note: add '@available' attribute to enclosing instance method
60 | sampleType: HKSampleType,
| `- error: 'HKSampleType' is only available in macOS 13.0 or newer
61 | samplePredicate: NSPredicate?
62 | ) -> QueryPublisher<HKSourceQuery, Set<HKSource>, Error> {
/Users/admin/builder/spi-builder-workspace/Sources/HealthKitCombine/HealthStore+Publishers.swift:62:44: error: 'HKSource' is only available in macOS 13.0 or newer
55 | }
56 |
57 | extension HKHealthStore {
| `- note: add '@available' attribute to enclosing extension
58 |
59 | public func sourcePublisher(
| `- note: add '@available' attribute to enclosing instance method
60 | sampleType: HKSampleType,
61 | samplePredicate: NSPredicate?
62 | ) -> QueryPublisher<HKSourceQuery, Set<HKSource>, Error> {
| `- error: 'HKSource' is only available in macOS 13.0 or newer
63 |
64 | publisher(for: {
/Users/admin/builder/spi-builder-workspace/Sources/HealthKitCombine/HealthStore+Publishers.swift:57:11: error: 'HKHealthStore' is only available in macOS 13.0 or newer
55 | }
56 |
57 | extension HKHealthStore {
| | `- error: 'HKHealthStore' is only available in macOS 13.0 or newer
| `- note: add '@available' attribute to enclosing extension
58 |
59 | public func sourcePublisher(
/Users/admin/builder/spi-builder-workspace/Sources/HealthKitCombine/HealthStore+Publishers.swift:76:23: error: 'HKQuantityType' is only available in macOS 13.0 or newer
71 | }
72 |
73 | extension HKHealthStore {
| `- note: add '@available' attribute to enclosing extension
74 |
75 | public func statisticsPublisher(
| `- note: add '@available' attribute to enclosing instance method
76 | quantityType: HKQuantityType,
| `- error: 'HKQuantityType' is only available in macOS 13.0 or newer
77 | quantitySamplePredicate: NSPredicate?,
78 | options: HKStatisticsOptions
/Users/admin/builder/spi-builder-workspace/Sources/HealthKitCombine/HealthStore+Publishers.swift:78:18: error: 'HKStatisticsOptions' is only available in macOS 13.0 or newer
71 | }
72 |
73 | extension HKHealthStore {
| `- note: add '@available' attribute to enclosing extension
74 |
75 | public func statisticsPublisher(
| `- note: add '@available' attribute to enclosing instance method
76 | quantityType: HKQuantityType,
77 | quantitySamplePredicate: NSPredicate?,
78 | options: HKStatisticsOptions
| `- error: 'HKStatisticsOptions' is only available in macOS 13.0 or newer
79 | ) -> QueryPublisher<HKStatisticsQuery, HKStatistics, Error> {
80 |
/Users/admin/builder/spi-builder-workspace/Sources/HealthKitCombine/HealthStore+Publishers.swift:79:44: error: 'HKStatistics' is only available in macOS 13.0 or newer
71 | }
72 |
73 | extension HKHealthStore {
| `- note: add '@available' attribute to enclosing extension
74 |
75 | public func statisticsPublisher(
| `- note: add '@available' attribute to enclosing instance method
76 | quantityType: HKQuantityType,
77 | quantitySamplePredicate: NSPredicate?,
78 | options: HKStatisticsOptions
79 | ) -> QueryPublisher<HKStatisticsQuery, HKStatistics, Error> {
| `- error: 'HKStatistics' is only available in macOS 13.0 or newer
80 |
81 | publisher(for: {
SwiftCompile normal arm64 /Users/admin/builder/spi-builder-workspace/Sources/HealthKitCombine/HealthStore+Publishers.swift (in target 'HealthKitCombine' from project 'HealthKitCombine')
cd /Users/admin/builder/spi-builder-workspace/.swiftpm/xcode
builtin-SwiftPerFileCompile HealthStore+Publishers.swift
/Users/admin/builder/spi-builder-workspace/Sources/HealthKitCombine/HealthStore+Publishers.swift:73:11: error: 'HKHealthStore' is only available in macOS 13.0 or newer
71 | }
72 |
73 | extension HKHealthStore {
| | `- error: 'HKHealthStore' is only available in macOS 13.0 or newer
| `- note: add '@available' attribute to enclosing extension
74 |
75 | public func statisticsPublisher(
SwiftCompile normal arm64 Compiling\ QueryPublisher.swift /Users/admin/builder/spi-builder-workspace/Sources/HealthKitCombine/QueryPublisher.swift (in target 'HealthKitCombine' from project 'HealthKitCombine')
/Users/admin/builder/spi-builder-workspace/Sources/HealthKitCombine/QueryPublisher.swift:7:34: error: 'HKQuery' is only available in macOS 13.0 or newer
3 | import HealthKit
4 |
5 | extension HKHealthStore {
| `- note: add '@available' attribute to enclosing extension
6 |
7 | public func publisher<Query: HKQuery, Output, Failure: Error>(
| | `- error: 'HKQuery' is only available in macOS 13.0 or newer
| `- note: add '@available' attribute to enclosing instance method
8 | for query: @escaping (@escaping (Query, Output?, Failure?) -> ()) -> Query
9 | ) -> QueryPublisher<Query, Output, Failure> {
/Users/admin/builder/spi-builder-workspace/Sources/HealthKitCombine/QueryPublisher.swift:5:11: error: 'HKHealthStore' is only available in macOS 13.0 or newer
3 | import HealthKit
4 |
5 | extension HKHealthStore {
| | `- error: 'HKHealthStore' is only available in macOS 13.0 or newer
| `- note: add '@available' attribute to enclosing extension
6 |
7 | public func publisher<Query: HKQuery, Output, Failure: Error>(
/Users/admin/builder/spi-builder-workspace/Sources/HealthKitCombine/QueryPublisher.swift:18:28: error: 'HKHealthStore' is only available in macOS 13.0 or newer
12 | }
13 |
14 | public struct QueryPublisher<Query: HKQuery, Output, Failure: Error> {
| `- note: add '@available' attribute to enclosing generic struct
15 |
16 | typealias Completion = (Query, Output?, Failure?) -> ()
17 |
18 | fileprivate let store: HKHealthStore
| `- error: 'HKHealthStore' is only available in macOS 13.0 or newer
19 | fileprivate let query: (@escaping Completion) -> Query
20 | }
/Users/admin/builder/spi-builder-workspace/Sources/HealthKitCombine/QueryPublisher.swift:14:37: error: 'HKQuery' is only available in macOS 13.0 or newer
12 | }
13 |
14 | public struct QueryPublisher<Query: HKQuery, Output, Failure: Error> {
| | `- error: 'HKQuery' is only available in macOS 13.0 or newer
| `- note: add '@available' attribute to enclosing generic struct
15 |
16 | typealias Completion = (Query, Output?, Failure?) -> ()
/Users/admin/builder/spi-builder-workspace/Sources/HealthKitCombine/QueryPublisher.swift:43:28: error: 'HKHealthStore' is only available in macOS 13.0 or newer
35 | extension QueryPublisher {
36 |
37 | fileprivate final class Subscription<Subscriber>
| `- note: add '@available' attribute to enclosing generic class
38 | where
39 | Subscriber: Combine.Subscriber,
:
41 | Subscriber.Input == Output
42 | {
43 | private let store: HKHealthStore
| `- error: 'HKHealthStore' is only available in macOS 13.0 or newer
44 | private let query: Query
45 | fileprivate init(subscriber: Subscriber,
SwiftCompile normal arm64 /Users/admin/builder/spi-builder-workspace/Sources/HealthKitCombine/QueryPublisher.swift (in target 'HealthKitCombine' from project 'HealthKitCombine')
cd /Users/admin/builder/spi-builder-workspace/.swiftpm/xcode
builtin-SwiftPerFileCompile QueryPublisher.swift
PruneExplicitPrecompiledModules /Users/admin/builder/spi-builder-workspace/.derivedData/Build/Intermediates.noindex/SwiftExplicitPrecompiledModules
PruneExplicitPrecompiledModules /Users/admin/builder/spi-builder-workspace/.derivedData/Build/Intermediates.noindex/ExplicitPrecompiledModules
PruneExplicitPrecompiledModules /Users/admin/builder/spi-builder-workspace/.derivedData/SDKExplicitPrecompiledModules
2026-09-16 00:03:16.937 xcodebuild[716:4580] [MT] IDERunDestination: Supported platforms for the buildables in the current scheme is empty.
--- xcodebuild: WARNING: Using the first of multiple matching destinations:
{ platform:macOS, arch:arm64, id:5d8cc3a020f57a54d929da666b2269e48657aa99, name:My Mac }
{ platform:macOS, arch:arm64, variant:Mac Catalyst, id:5d8cc3a020f57a54d929da666b2269e48657aa99, name:My Mac }
{ platform:macOS, arch:arm64, variant:DriverKit, id:5d8cc3a020f57a54d929da666b2269e48657aa99, name:My Mac }
{ platform:macOS, arch:arm64, variant:Designed for [iPad,iPhone], id:5d8cc3a020f57a54d929da666b2269e48657aa99, name:My Mac }
** BUILD FAILED **
The following build commands failed:
SwiftCompile normal arm64 (in target 'HealthKitCombine' from project 'HealthKitCombine')
SwiftEmitModule normal arm64 Emitting\ module\ for\ HealthKitCombine (in target 'HealthKitCombine' from project 'HealthKitCombine')
Building workspace HealthKitCombine with scheme HealthKitCombine
(3 failures)
BUILD FAILURE 6.4 macosXcodebuild