The Swift Package Index logo.Swift Package Index

Build Information

Failed to build CommandLineKit, reference 1.1.1 (58aa1a), with Swift 6.4 for Wasm on 25 Sep 2026 09:10:18 UTC.

Build Command

bash -c docker run --pull=always --rm -v "checkouts-54344845-0":/host -w "$PWD" -e JAVA_HOME="/root/.sdkman/candidates/java/current" -e SPI_BUILD="1" -e SPI_PROCESSING="1" registry.gitlab.com/saguaro1/spi-images:wasm-6.4-latest swift build --swift-sdk swift-6.4.x-DEVELOPMENT-SNAPSHOT-2026-09-04-a_wasm 2>&1

Build Log

========================================
RunAll
========================================
Builder version: 5.1.0
Interrupt handler set up.
========================================
Checkout
========================================
Clone URL: https://github.com/objecthub/swift-commandlinekit.git
Reference: 1.1.1
Initialized empty Git repository in /host/spi-builder-workspace/.git/
hint: Using 'master' as the name for the initial branch. This default branch name
hint: is subject to change. To configure the initial branch name to use in all
hint: of your new repositories, which will suppress this warning, call:
hint:
hint: 	git config --global init.defaultBranch <name>
hint:
hint: Names commonly chosen instead of 'master' are 'main', 'trunk' and
hint: 'development'. The just-created branch can be renamed via this command:
hint:
hint: 	git branch -m <name>
From https://github.com/objecthub/swift-commandlinekit
 * tag               1.1.1      -> FETCH_HEAD
HEAD is now at 58aa1a2 Finalize 1.1.1 release.
Cloned https://github.com/objecthub/swift-commandlinekit.git
Revision (git rev-parse @):
58aa1a2285c5b8ad54e874a2bd66f790eb7e1766
SUCCESS checkout https://github.com/objecthub/swift-commandlinekit.git at 1.1.1
========================================
Build
========================================
Selected platform:         wasm
Swift version:             6.4
Building package at path:  $PWD
https://github.com/objecthub/swift-commandlinekit.git
Running build ...
bash -c docker run --pull=always --rm -v "checkouts-54344845-0":/host -w "$PWD" -e JAVA_HOME="/root/.sdkman/candidates/java/current" -e SPI_BUILD="1" -e SPI_PROCESSING="1" registry.gitlab.com/saguaro1/spi-images:wasm-6.4-latest swift build --swift-sdk swift-6.4.x-DEVELOPMENT-SNAPSHOT-2026-09-04-a_wasm 2>&1
wasm-6.4-latest: Pulling from saguaro1/spi-images
Digest: sha256:4328fdb43c680d205c1d6761b1e3267aa38277eefdda9ddfb17b6a0f1a77857a
Status: Image is up to date for registry.gitlab.com/saguaro1/spi-images:wasm-6.4-latest
Building for debugging...
[Planning deferred tasks]
error: SwiftCompile normal wasm32 failed with a nonzero exit code. Command line:     cd /host

/host/spi-builder-workspace/Sources/CommandLineKit/Terminal.swift:63:27: error: cannot find 'termios' in scope
 61 |     print(prompt, terminator: "")
 62 |     fflush(stdout)
 63 |     var originalTermios = termios()
    |                           `- error: cannot find 'termios' in scope
 64 |     tcgetattr(STDIN_FILENO, &originalTermios)
 65 |     var rawTermios = originalTermios
/host/spi-builder-workspace/Sources/CommandLineKit/Terminal.swift:64:5: error: cannot find 'tcgetattr' in scope
 62 |     fflush(stdout)
 63 |     var originalTermios = termios()
 64 |     tcgetattr(STDIN_FILENO, &originalTermios)
    |     `- error: cannot find 'tcgetattr' in scope
 65 |     var rawTermios = originalTermios
 66 |     rawTermios.c_lflag &= ~tcflag_t(ECHO | ICANON | ISIG)
/host/spi-builder-workspace/Sources/CommandLineKit/Terminal.swift:66:28: error: cannot find 'tcflag_t' in scope
 64 |     tcgetattr(STDIN_FILENO, &originalTermios)
 65 |     var rawTermios = originalTermios
 66 |     rawTermios.c_lflag &= ~tcflag_t(ECHO | ICANON | ISIG)
    |                            `- error: cannot find 'tcflag_t' in scope
 67 |     rawTermios.c_cc.16 = 1  // VMIN
 68 |     rawTermios.c_cc.17 = 0  // VTIME
/host/spi-builder-workspace/Sources/CommandLineKit/Terminal.swift:66:37: error: cannot find 'ECHO' in scope
 64 |     tcgetattr(STDIN_FILENO, &originalTermios)
 65 |     var rawTermios = originalTermios
 66 |     rawTermios.c_lflag &= ~tcflag_t(ECHO | ICANON | ISIG)
    |                                     `- error: cannot find 'ECHO' in scope
 67 |     rawTermios.c_cc.16 = 1  // VMIN
 68 |     rawTermios.c_cc.17 = 0  // VTIME
/host/spi-builder-workspace/Sources/CommandLineKit/Terminal.swift:66:44: error: cannot find 'ICANON' in scope
 64 |     tcgetattr(STDIN_FILENO, &originalTermios)
 65 |     var rawTermios = originalTermios
 66 |     rawTermios.c_lflag &= ~tcflag_t(ECHO | ICANON | ISIG)
    |                                            `- error: cannot find 'ICANON' in scope
 67 |     rawTermios.c_cc.16 = 1  // VMIN
 68 |     rawTermios.c_cc.17 = 0  // VTIME
/host/spi-builder-workspace/Sources/CommandLineKit/Terminal.swift:66:53: error: cannot find 'ISIG' in scope
 64 |     tcgetattr(STDIN_FILENO, &originalTermios)
 65 |     var rawTermios = originalTermios
 66 |     rawTermios.c_lflag &= ~tcflag_t(ECHO | ICANON | ISIG)
    |                                                     `- error: cannot find 'ISIG' in scope
 67 |     rawTermios.c_cc.16 = 1  // VMIN
 68 |     rawTermios.c_cc.17 = 0  // VTIME
/host/spi-builder-workspace/Sources/CommandLineKit/Terminal.swift:69:5: error: cannot find 'tcsetattr' in scope
 67 |     rawTermios.c_cc.16 = 1  // VMIN
 68 |     rawTermios.c_cc.17 = 0  // VTIME
 69 |     tcsetattr(STDIN_FILENO, TCSANOW, &rawTermios)
    |     `- error: cannot find 'tcsetattr' in scope
 70 |     defer {
 71 |       tcsetattr(STDIN_FILENO, TCSANOW, &originalTermios)
/host/spi-builder-workspace/Sources/CommandLineKit/Terminal.swift:69:29: error: cannot find 'TCSANOW' in scope
 67 |     rawTermios.c_cc.16 = 1  // VMIN
 68 |     rawTermios.c_cc.17 = 0  // VTIME
 69 |     tcsetattr(STDIN_FILENO, TCSANOW, &rawTermios)
    |                             `- error: cannot find 'TCSANOW' in scope
 70 |     defer {
 71 |       tcsetattr(STDIN_FILENO, TCSANOW, &originalTermios)
/host/spi-builder-workspace/Sources/CommandLineKit/Terminal.swift:275:11: error: cannot find 'tcsetattr' in scope
273 |         // Ctrl+C
274 |         case 3:
275 |           tcsetattr(STDIN_FILENO, TCSANOW, &originalTermios)
    |           `- error: cannot find 'tcsetattr' in scope
276 |           throw LineReaderError.CTRLC
277 |         // Ctrl+U — clear entire line
/host/spi-builder-workspace/Sources/CommandLineKit/Terminal.swift:275:35: error: cannot find 'TCSANOW' in scope
273 |         // Ctrl+C
274 |         case 3:
275 |           tcsetattr(STDIN_FILENO, TCSANOW, &originalTermios)
    |                                   `- error: cannot find 'TCSANOW' in scope
276 |           throw LineReaderError.CTRLC
277 |         // Ctrl+U — clear entire line
Failed frontend command:
/usr/bin/swift-frontend -frontend -emit-module -experimental-skip-non-inlinable-function-bodies-without-types /host/spi-builder-workspace/Sources/CommandLineKit/AnsiCodes.swift /host/spi-builder-workspace/Sources/CommandLineKit/AnsiText.swift /host/spi-builder-workspace/Sources/CommandLineKit/BackgroundColor.swift /host/spi-builder-workspace/Sources/CommandLineKit/Command.swift /host/spi-builder-workspace/Sources/CommandLineKit/ControlCharacters.swift /host/spi-builder-workspace/Sources/CommandLineKit/ConvertibleFromString.swift /host/spi-builder-workspace/Sources/CommandLineKit/EditState.swift /host/spi-builder-workspace/Sources/CommandLineKit/Flag.swift /host/spi-builder-workspace/Sources/CommandLineKit/FlagError.swift /host/spi-builder-workspace/Sources/CommandLineKit/FlagWrapper.swift /host/spi-builder-workspace/Sources/CommandLineKit/Flags.swift /host/spi-builder-workspace/Sources/CommandLineKit/LineReader.swift /host/spi-builder-workspace/Sources/CommandLineKit/LineReaderError.swift /host/spi-builder-workspace/Sources/CommandLineKit/LineReaderHistory.swift /host/spi-builder-workspace/Sources/CommandLineKit/String.swift /host/spi-builder-workspace/Sources/CommandLineKit/Terminal.swift /host/spi-builder-workspace/Sources/CommandLineKit/TextColor.swift /host/spi-builder-workspace/Sources/CommandLineKit/TextProperties.swift /host/spi-builder-workspace/Sources/CommandLineKit/TextStyle.swift -target wasm32-unknown-wasip1 -disable-objc-interop -sdk /root/.swiftpm/swift-sdks/swift-6.4.x-DEVELOPMENT-SNAPSHOT-2026-09-04-a_wasm.artifactbundle/swift-6.4.x-DEVELOPMENT-SNAPSHOT-2026-09-04-a_wasm/wasm32-unknown-wasip1/WASI.sdk -sysroot /root/.swiftpm/swift-sdks/swift-6.4.x-DEVELOPMENT-SNAPSHOT-2026-09-04-a_wasm.artifactbundle/swift-6.4.x-DEVELOPMENT-SNAPSHOT-2026-09-04-a_wasm/wasm32-unknown-wasip1/WASI.sdk -I /host/spi-builder-workspace/.build/out/Products/Debug-webassembly-wasm32 -module-cache-path /host/spi-builder-workspace/.build/out/ModuleCache.noindex -color-diagnostics -Xcc -fcolor-diagnostics -enable-testing -g -debug-info-format\=dwarf -dwarf-version\=4 -swift-version 5 -Onone -D SWIFT_PACKAGE -D DEBUG -D SWIFT_MODULE_RESOURCE_BUNDLE_UNAVAILABLE -D Xcode -serialize-debugging-options -enable-experimental-feature DebugDescriptionMacro -empty-abi-descriptor -external-plugin-path /usr/lib/swift/host/plugins/testing\#/usr/bin/swift-plugin-server -validate-clang-modules-once -clang-build-session-file /host/spi-builder-workspace/.build/out/ModuleCache.noindex/Session.modulevalidation -Xcc -working-directory -Xcc /host -resource-dir /root/.swiftpm/swift-sdks/swift-6.4.x-DEVELOPMENT-SNAPSHOT-2026-09-04-a_wasm.artifactbundle/swift-6.4.x-DEVELOPMENT-SNAPSHOT-2026-09-04-a_wasm/wasm32-unknown-wasip1/swift.xctoolchain/usr/lib/swift_static -use-static-resource-dir -enable-anonymous-context-mangled-names -file-compilation-dir /host -Xcc -resource-dir -Xcc /root/.swiftpm/swift-sdks/swift-6.4.x-DEVELOPMENT-SNAPSHOT-2026-09-04-a_wasm.artifactbundle/swift-6.4.x-DEVELOPMENT-SNAPSHOT-2026-09-04-a_wasm/wasm32-unknown-wasip1/swift.xctoolchain/usr/lib/swift_static/clang -Xcc -D_LIBCPP_HARDENING_MODE\=_LIBCPP_HARDENING_MODE_DEBUG -Xcc -fmodules-prune-interval\=86400 -Xcc -fmodules-prune-after\=345600 -Xcc -I/host/spi-builder-workspace/.build/out/Products/Debug-webassembly-wasm32/include -Xcc -I/host/spi-builder-workspace/.build/out/Intermediates.noindex/CommandLineKit.build/Debug-webassembly-wasm32/CommandLineKit-t.build/DerivedSources-normal/wasm32 -Xcc -I/host/spi-builder-workspace/.build/out/Intermediates.noindex/CommandLineKit.build/Debug-webassembly-wasm32/CommandLineKit-t.build/DerivedSources/wasm32 -Xcc -I/host/spi-builder-workspace/.build/out/Intermediates.noindex/CommandLineKit.build/Debug-webassembly-wasm32/CommandLineKit-t.build/DerivedSources -Xcc -DSWIFT_PACKAGE -Xcc -DDEBUG\=1 -no-auto-bridging-header-chaining -module-name CommandLineKit -const-gather-protocols-file /host/spi-builder-workspace/.build/out/Intermediates.noindex/CommandLineKit.build/Debug-webassembly-wasm32/CommandLineKit-t.build/Objects-normal/wasm32/CommandLineKit_const_extract_protocols.json -in-process-plugin-server-path /usr/lib/swift/host/libSwiftInProcPluginServer.so -plugin-path /usr/lib/swift/host/plugins -plugin-path /usr/local/lib/swift/host/plugins -emit-module-doc-path /host/spi-builder-workspace/.build/out/Intermediates.noindex/CommandLineKit.build/Debug-webassembly-wasm32/CommandLineKit-t.build/Objects-normal/wasm32/Modules/CommandLineKit.swiftdoc -emit-module-source-info-path /host/spi-builder-workspace/.build/out/Intermediates.noindex/CommandLineKit.build/Debug-webassembly-wasm32/CommandLineKit-t.build/Objects-normal/wasm32/Modules/CommandLineKit.swiftsourceinfo -emit-objc-header-path /host/spi-builder-workspace/.build/out/Intermediates.noindex/CommandLineKit.build/Debug-webassembly-wasm32/CommandLineKit-t.build/Objects-normal/wasm32/CommandLineKit-Swift.h -serialize-diagnostics-path /host/spi-builder-workspace/.build/out/Intermediates.noindex/CommandLineKit.build/Debug-webassembly-wasm32/CommandLineKit-t.build/Objects-normal/wasm32/CommandLineKit-primary-emit-module.dia -emit-dependencies-path /host/spi-builder-workspace/.build/out/Intermediates.noindex/CommandLineKit.build/Debug-webassembly-wasm32/CommandLineKit-t.build/Objects-normal/wasm32/CommandLineKit-primary-emit-module.d -parse-as-library -o /host/spi-builder-workspace/.build/out/Intermediates.noindex/CommandLineKit.build/Debug-webassembly-wasm32/CommandLineKit-t.build/Objects-normal/wasm32/Modules/CommandLineKit.swiftmodule
[31 / 42] CommandLineKit
error: Build failed
BUILD FAILURE 6.4 wasm