Build Information
Failed to build AdvancedKanban, reference 1.0.0 (17c093), with Swift 6.4 for watchOS using Xcode 27.0 on 27 Sep 2026 07:17:31 UTC.
Build Command
env DEVELOPER_DIR=/Applications/Xcode-27.0.0-Release.Candidate.app xcrun xcodebuild -IDEClonedSourcePackagesDirPathOverride=$PWD/.dependencies -skipMacroValidation -skipPackagePluginValidation -derivedDataPath $PWD/.derivedData build -scheme AdvancedKanban-Package -destination generic/platform=watchOSBuild Log
========================================
RunAll
========================================
Builder version: 5.1.0
Interrupt handler set up.
========================================
Checkout
========================================
Clone URL: https://github.com/NerdSnipe-Inc/AdvancedKanban.git
Reference: 1.0.0
Initialized empty Git repository in /Users/admin/builder/spi-builder-workspace/.git/
From https://github.com/NerdSnipe-Inc/AdvancedKanban
* tag 1.0.0 -> FETCH_HEAD
HEAD is now at 17c0936 Add SPM/Swift/platform/license/release badges to README
Cloned https://github.com/NerdSnipe-Inc/AdvancedKanban.git
Revision (git rev-parse @):
17c093670ca6198c9b86ed22cf9c7b0d5f527df9
SUCCESS checkout https://github.com/NerdSnipe-Inc/AdvancedKanban.git at 1.0.0
========================================
Build
========================================
Selected platform: watchOS
Swift version: 6.4
Building package at path: $PWD
https://github.com/NerdSnipe-Inc/AdvancedKanban.git
Command line invocation:
/Applications/Xcode-27.0.0-Release.Candidate.app/Contents/Developer/usr/bin/xcodebuild -IDEClonedSourcePackagesDirPathOverride=/Users/admin/builder/spi-builder-workspace/.dependencies -resolvePackageDependencies
Resolve Package Graph
Resolve Package Graph
Resolved source packages:
AdvancedKanban: /Users/admin/builder/spi-builder-workspace
resolved source packages: AdvancedKanban
2026-09-27 03:16:44.177 xcodebuild[533:3024] [MT] IDERunDestination: Supported platforms for the buildables in the current scheme is empty.
{
"dependencies" : [
],
"manifest_display_name" : "AdvancedKanban",
"name" : "AdvancedKanban",
"path" : "/Users/admin/builder/spi-builder-workspace",
"platforms" : [
{
"name" : "ios",
"version" : "17.0"
},
{
"name" : "macos",
"version" : "14.0"
}
],
"products" : [
{
"name" : "AdvancedKanban",
"targets" : [
"AdvancedKanban"
],
"type" : {
"library" : [
"automatic"
]
}
},
{
"name" : "AdvancedKanbanSwiftData",
"targets" : [
"AdvancedKanbanSwiftData"
],
"type" : {
"library" : [
"automatic"
]
}
}
],
"targets" : [
{
"c99name" : "AdvancedKanbanTests",
"module_type" : "SwiftTarget",
"name" : "AdvancedKanbanTests",
"path" : "Tests/AdvancedKanbanTests",
"sources" : [
"KanbanAutoscrollTests.swift",
"KanbanDragStateTests.swift",
"KanbanInsertionResolverTests.swift",
"KanbanMoveResolverTests.swift",
"KanbanMoveTests.swift",
"KanbanStoreTests.swift",
"KanbanThemeTests.swift",
"WIPLimitEvaluatorTests.swift"
],
"target_dependencies" : [
"AdvancedKanban",
"AdvancedKanbanSwiftData"
],
"type" : "test"
},
{
"c99name" : "AdvancedKanbanSwiftData",
"module_type" : "SwiftTarget",
"name" : "AdvancedKanbanSwiftData",
"path" : "Sources/AdvancedKanbanSwiftData",
"product_memberships" : [
"AdvancedKanbanSwiftData"
],
"sources" : [
"AdvancedKanbanSwiftData.swift",
"KanbanStore.swift",
"SwiftDataKanbanCard.swift",
"SwiftDataKanbanColumn.swift"
],
"target_dependencies" : [
"AdvancedKanban"
],
"type" : "library"
},
{
"c99name" : "AdvancedKanban",
"module_type" : "SwiftTarget",
"name" : "AdvancedKanban",
"path" : "Sources/AdvancedKanban",
"product_memberships" : [
"AdvancedKanban",
"AdvancedKanbanSwiftData"
],
"sources" : [
"AdvancedKanban.swift",
"Engine/KanbanAutoscroll.swift",
"Engine/KanbanDragState.swift",
"Engine/KanbanFramePreferenceKey.swift",
"Engine/KanbanGeometry.swift",
"Engine/KanbanInsertionResolver.swift",
"Engine/KanbanMoveResolver.swift",
"Engine/WIPLimitEvaluator.swift",
"Environment/EnvironmentValues+KanbanTheme.swift",
"Environment/KanbanTheme.swift",
"Model/KanbanMove.swift",
"Model/WIPLimitBehavior.swift",
"Protocols/KanbanCard.swift",
"Protocols/KanbanColumn.swift",
"Views/KanbanBoard.swift",
"Views/KanbanCardView.swift",
"Views/KanbanColumnView.swift",
"Views/KanbanDragGhostOverlay.swift"
],
"type" : "library"
}
],
"tools_version" : "5.9"
}
{
"workspace" : {
"name" : "AdvancedKanban",
"schemes" : [
"AdvancedKanban",
"AdvancedKanban-Package",
"AdvancedKanbanSwiftData"
]
}
}
2026-09-27 03:17:16.819 xcodebuild[630:3834] [MT] IDERunDestination: Supported platforms for the buildables in the current scheme is empty.
Running build ...
env DEVELOPER_DIR=/Applications/Xcode-27.0.0-Release.Candidate.app xcrun xcodebuild -IDEClonedSourcePackagesDirPathOverride=$PWD/.dependencies -skipMacroValidation -skipPackagePluginValidation -derivedDataPath $PWD/.derivedData build -scheme AdvancedKanban-Package -destination generic/platform=watchOS
Command line invocation:
/Applications/Xcode-27.0.0-Release.Candidate.app/Contents/Developer/usr/bin/xcodebuild -IDEClonedSourcePackagesDirPathOverride=/Users/admin/builder/spi-builder-workspace/.dependencies -skipMacroValidation -skipPackagePluginValidation -derivedDataPath /Users/admin/builder/spi-builder-workspace/.derivedData build -scheme AdvancedKanban-Package -destination generic/platform=watchOS
Resolve Package Graph
Resolved source packages:
AdvancedKanban: /Users/admin/builder/spi-builder-workspace
ComputePackagePrebuildTargetDependencyGraph
Prepare packages
CreateBuildRequest
SendProjectDescription
CreateBuildOperation
ComputeTargetDependencyGraph
note: Building targets in dependency order
note: Target dependency graph (4 targets)
Target 'AdvancedKanbanSwiftData-product' in project 'AdvancedKanban'
➜ Explicit dependency on target 'AdvancedKanbanSwiftData' in project 'AdvancedKanban'
➜ Explicit dependency on target 'AdvancedKanban' in project 'AdvancedKanban'
Target 'AdvancedKanbanSwiftData' in project 'AdvancedKanban'
➜ Explicit dependency on target 'AdvancedKanban' in project 'AdvancedKanban'
Target 'AdvancedKanban-product' in project 'AdvancedKanban'
➜ Explicit dependency on target 'AdvancedKanban' in project 'AdvancedKanban'
Target 'AdvancedKanban' in project 'AdvancedKanban' (no dependencies)
GatherProvisioningInputs
CreateBuildDescription
ExecuteExternalTool /Applications/Xcode-27.0.0-Release.Candidate.app/Contents/Developer/Toolchains/XcodeDefault.xctoolchain/usr/bin/clang -v -E -dM -isysroot /Applications/Xcode-27.0.0-Release.Candidate.app/Contents/Developer/Platforms/WatchOS.platform/Developer/SDKs/WatchOS27.0.sdk -x c -c /dev/null
ExecuteExternalTool /Applications/Xcode-27.0.0-Release.Candidate.app/Contents/Developer/Toolchains/XcodeDefault.xctoolchain/usr/bin/swiftc --version
ExecuteExternalTool /Applications/Xcode-27.0.0-Release.Candidate.app/Contents/Developer/Toolchains/XcodeDefault.xctoolchain/usr/bin/ld -version_details
Build description signature: 47bdddd9432e5553bf52f2d38b59aef4
Build description path: /Users/admin/builder/spi-builder-workspace/.derivedData/Build/Intermediates.noindex/XCBuildData/47bdddd9432e5553bf52f2d38b59aef4.xcbuilddata
CreateBuildDirectory /Users/admin/builder/spi-builder-workspace/.derivedData/CompilationCache.noindex
cd /Users/admin/builder/spi-builder-workspace/.swiftpm/xcode
builtin-create-build-directory /Users/admin/builder/spi-builder-workspace/.derivedData/CompilationCache.noindex
CreateBuildDirectory /Users/admin/builder/spi-builder-workspace/.derivedData/SDKExplicitPrecompiledModules
cd /Users/admin/builder/spi-builder-workspace/.swiftpm/xcode
builtin-create-build-directory /Users/admin/builder/spi-builder-workspace/.derivedData/SDKExplicitPrecompiledModules
CreateBuildDirectory /Users/admin/builder/spi-builder-workspace/.derivedData/ModuleCache.noindex
cd /Users/admin/builder/spi-builder-workspace/.swiftpm/xcode
builtin-create-build-directory /Users/admin/builder/spi-builder-workspace/.derivedData/ModuleCache.noindex
CreateBuildDirectory /Users/admin/builder/spi-builder-workspace/.derivedData/Build/Products
cd /Users/admin/builder/spi-builder-workspace/.swiftpm/xcode
builtin-create-build-directory /Users/admin/builder/spi-builder-workspace/.derivedData/Build/Products
ClangStatCache /Applications/Xcode-27.0.0-Release.Candidate.app/Contents/Developer/Toolchains/XcodeDefault.xctoolchain/usr/bin/clang-stat-cache /Applications/Xcode-27.0.0-Release.Candidate.app/Contents/Developer/Platforms/WatchOS.platform/Developer/SDKs/WatchOS27.0.sdk /Users/admin/builder/spi-builder-workspace/.derivedData/SDKStatCaches.noindex/watchos27.0-24R360-e829b21a6f8c9b70876ba0858053c04477534ef55a1706bf4c1112bbb242f0a2.sdkstatcache
cd /Users/admin/builder/spi-builder-workspace/.swiftpm/xcode
/Applications/Xcode-27.0.0-Release.Candidate.app/Contents/Developer/Toolchains/XcodeDefault.xctoolchain/usr/bin/clang-stat-cache /Applications/Xcode-27.0.0-Release.Candidate.app/Contents/Developer/Platforms/WatchOS.platform/Developer/SDKs/WatchOS27.0.sdk -o /Users/admin/builder/spi-builder-workspace/.derivedData/SDKStatCaches.noindex/watchos27.0-24R360-e829b21a6f8c9b70876ba0858053c04477534ef55a1706bf4c1112bbb242f0a2.sdkstatcache
CreateBuildDirectory /Users/admin/builder/spi-builder-workspace/.derivedData/Build/Intermediates.noindex
cd /Users/admin/builder/spi-builder-workspace/.swiftpm/xcode
builtin-create-build-directory /Users/admin/builder/spi-builder-workspace/.derivedData/Build/Intermediates.noindex
CreateBuildDirectory /Users/admin/builder/spi-builder-workspace/.derivedData/Build/Products/Debug-watchos
cd /Users/admin/builder/spi-builder-workspace/.swiftpm/xcode
builtin-create-build-directory /Users/admin/builder/spi-builder-workspace/.derivedData/Build/Products/Debug-watchos
CreateBuildDirectory /Users/admin/builder/spi-builder-workspace/.derivedData/Build/Intermediates.noindex/PrecompiledHeaders
cd /Users/admin/builder/spi-builder-workspace/.swiftpm/xcode
builtin-create-build-directory /Users/admin/builder/spi-builder-workspace/.derivedData/Build/Intermediates.noindex/PrecompiledHeaders
CreateBuildDirectory /Users/admin/builder/spi-builder-workspace/.derivedData/Build/Intermediates.noindex/ExplicitPrecompiledModules
cd /Users/admin/builder/spi-builder-workspace/.swiftpm/xcode
builtin-create-build-directory /Users/admin/builder/spi-builder-workspace/.derivedData/Build/Intermediates.noindex/ExplicitPrecompiledModules
CreateBuildDirectory /Users/admin/builder/spi-builder-workspace/.derivedData/Build/Intermediates.noindex/SwiftExplicitPrecompiledModules
cd /Users/admin/builder/spi-builder-workspace/.swiftpm/xcode
builtin-create-build-directory /Users/admin/builder/spi-builder-workspace/.derivedData/Build/Intermediates.noindex/SwiftExplicitPrecompiledModules
CreateBuildDirectory /Users/admin/builder/spi-builder-workspace/.derivedData/Build/Intermediates.noindex/EagerLinkingTBDs/Debug-watchos
cd /Users/admin/builder/spi-builder-workspace/.swiftpm/xcode
builtin-create-build-directory /Users/admin/builder/spi-builder-workspace/.derivedData/Build/Intermediates.noindex/EagerLinkingTBDs/Debug-watchos
CreateBuildDirectory /Users/admin/builder/spi-builder-workspace/.derivedData/Build/Products/Debug-watchos/PackageFrameworks
cd /Users/admin/builder/spi-builder-workspace/.swiftpm/xcode
builtin-create-build-directory /Users/admin/builder/spi-builder-workspace/.derivedData/Build/Products/Debug-watchos/PackageFrameworks
WriteAuxiliaryFile /Users/admin/builder/spi-builder-workspace/.derivedData/Build/Intermediates.noindex/AdvancedKanban.build/Debug-watchos/AdvancedKanbanSwiftData-t.build/Objects-normal/arm64_32/AdvancedKanbanSwiftData.LinkFileList (in target 'AdvancedKanbanSwiftData' from project 'AdvancedKanban')
cd /Users/admin/builder/spi-builder-workspace
write-file /Users/admin/builder/spi-builder-workspace/.derivedData/Build/Intermediates.noindex/AdvancedKanban.build/Debug-watchos/AdvancedKanbanSwiftData-t.build/Objects-normal/arm64_32/AdvancedKanbanSwiftData.LinkFileList
WriteAuxiliaryFile /Users/admin/builder/spi-builder-workspace/.derivedData/Build/Intermediates.noindex/AdvancedKanban.build/Debug-watchos/AdvancedKanbanSwiftData-t.build/Objects-normal/arm64_32/AdvancedKanbanSwiftData.SwiftFileList (in target 'AdvancedKanbanSwiftData' from project 'AdvancedKanban')
cd /Users/admin/builder/spi-builder-workspace
write-file /Users/admin/builder/spi-builder-workspace/.derivedData/Build/Intermediates.noindex/AdvancedKanban.build/Debug-watchos/AdvancedKanbanSwiftData-t.build/Objects-normal/arm64_32/AdvancedKanbanSwiftData.SwiftFileList
WriteAuxiliaryFile /Users/admin/builder/spi-builder-workspace/.derivedData/Build/Intermediates.noindex/AdvancedKanban.build/Debug-watchos/AdvancedKanbanSwiftData-t.build/Objects-normal/arm64/AdvancedKanbanSwiftData.LinkFileList (in target 'AdvancedKanbanSwiftData' from project 'AdvancedKanban')
cd /Users/admin/builder/spi-builder-workspace
write-file /Users/admin/builder/spi-builder-workspace/.derivedData/Build/Intermediates.noindex/AdvancedKanban.build/Debug-watchos/AdvancedKanbanSwiftData-t.build/Objects-normal/arm64/AdvancedKanbanSwiftData.LinkFileList
WriteAuxiliaryFile /Users/admin/builder/spi-builder-workspace/.derivedData/Build/Intermediates.noindex/AdvancedKanban.build/Debug-watchos/AdvancedKanbanSwiftData-t.build/Objects-normal/arm64/AdvancedKanbanSwiftData.SwiftFileList (in target 'AdvancedKanbanSwiftData' from project 'AdvancedKanban')
cd /Users/admin/builder/spi-builder-workspace
write-file /Users/admin/builder/spi-builder-workspace/.derivedData/Build/Intermediates.noindex/AdvancedKanban.build/Debug-watchos/AdvancedKanbanSwiftData-t.build/Objects-normal/arm64/AdvancedKanbanSwiftData.SwiftFileList
WriteAuxiliaryFile /Users/admin/builder/spi-builder-workspace/.derivedData/Build/Intermediates.noindex/AdvancedKanban.build/Debug-watchos/AdvancedKanbanSwiftData-t.build/Objects-normal/arm64_32/AdvancedKanbanSwiftData_const_extract_protocols.json (in target 'AdvancedKanbanSwiftData' from project 'AdvancedKanban')
cd /Users/admin/builder/spi-builder-workspace
write-file /Users/admin/builder/spi-builder-workspace/.derivedData/Build/Intermediates.noindex/AdvancedKanban.build/Debug-watchos/AdvancedKanbanSwiftData-t.build/Objects-normal/arm64_32/AdvancedKanbanSwiftData_const_extract_protocols.json
WriteAuxiliaryFile /Users/admin/builder/spi-builder-workspace/.derivedData/Build/Intermediates.noindex/AdvancedKanban.build/Debug-watchos/AdvancedKanbanSwiftData-t.build/Objects-normal/arm64/AdvancedKanbanSwiftData.SwiftConstValuesFileList (in target 'AdvancedKanbanSwiftData' from project 'AdvancedKanban')
cd /Users/admin/builder/spi-builder-workspace
write-file /Users/admin/builder/spi-builder-workspace/.derivedData/Build/Intermediates.noindex/AdvancedKanban.build/Debug-watchos/AdvancedKanbanSwiftData-t.build/Objects-normal/arm64/AdvancedKanbanSwiftData.SwiftConstValuesFileList
WriteAuxiliaryFile /Users/admin/builder/spi-builder-workspace/.derivedData/Build/Intermediates.noindex/AdvancedKanban.build/Debug-watchos/AdvancedKanbanSwiftData-t.build/Objects-normal/arm64_32/AdvancedKanbanSwiftData.SwiftConstValuesFileList (in target 'AdvancedKanbanSwiftData' from project 'AdvancedKanban')
cd /Users/admin/builder/spi-builder-workspace
write-file /Users/admin/builder/spi-builder-workspace/.derivedData/Build/Intermediates.noindex/AdvancedKanban.build/Debug-watchos/AdvancedKanbanSwiftData-t.build/Objects-normal/arm64_32/AdvancedKanbanSwiftData.SwiftConstValuesFileList
WriteAuxiliaryFile /Users/admin/builder/spi-builder-workspace/.derivedData/Build/Intermediates.noindex/AdvancedKanban.build/Debug-watchos/AdvancedKanbanSwiftData-t.build/Objects-normal/arm64_32/AdvancedKanbanSwiftData-OutputFileMap.json (in target 'AdvancedKanbanSwiftData' from project 'AdvancedKanban')
cd /Users/admin/builder/spi-builder-workspace
write-file /Users/admin/builder/spi-builder-workspace/.derivedData/Build/Intermediates.noindex/AdvancedKanban.build/Debug-watchos/AdvancedKanbanSwiftData-t.build/Objects-normal/arm64_32/AdvancedKanbanSwiftData-OutputFileMap.json
WriteAuxiliaryFile /Users/admin/builder/spi-builder-workspace/.derivedData/Build/Intermediates.noindex/AdvancedKanban.build/Debug-watchos/AdvancedKanbanSwiftData-t.build/Objects-normal/arm64/AdvancedKanbanSwiftData_const_extract_protocols.json (in target 'AdvancedKanbanSwiftData' from project 'AdvancedKanban')
cd /Users/admin/builder/spi-builder-workspace
write-file /Users/admin/builder/spi-builder-workspace/.derivedData/Build/Intermediates.noindex/AdvancedKanban.build/Debug-watchos/AdvancedKanbanSwiftData-t.build/Objects-normal/arm64/AdvancedKanbanSwiftData_const_extract_protocols.json
WriteAuxiliaryFile /Users/admin/builder/spi-builder-workspace/.derivedData/Build/Intermediates.noindex/AdvancedKanban.build/Debug-watchos/AdvancedKanbanSwiftData-t.build/Objects-normal/arm64/AdvancedKanbanSwiftData-OutputFileMap.json (in target 'AdvancedKanbanSwiftData' from project 'AdvancedKanban')
cd /Users/admin/builder/spi-builder-workspace
write-file /Users/admin/builder/spi-builder-workspace/.derivedData/Build/Intermediates.noindex/AdvancedKanban.build/Debug-watchos/AdvancedKanbanSwiftData-t.build/Objects-normal/arm64/AdvancedKanbanSwiftData-OutputFileMap.json
WriteAuxiliaryFile /Users/admin/builder/spi-builder-workspace/.derivedData/Build/Intermediates.noindex/AdvancedKanban.build/Debug-watchos/AdvancedKanbanSwiftData-t.build/AdvancedKanbanSwiftData.modulemap (in target 'AdvancedKanbanSwiftData' from project 'AdvancedKanban')
cd /Users/admin/builder/spi-builder-workspace
write-file /Users/admin/builder/spi-builder-workspace/.derivedData/Build/Intermediates.noindex/AdvancedKanban.build/Debug-watchos/AdvancedKanbanSwiftData-t.build/AdvancedKanbanSwiftData.modulemap
WriteAuxiliaryFile /Users/admin/builder/spi-builder-workspace/.derivedData/Build/Intermediates.noindex/AdvancedKanban.build/Debug-watchos/AdvancedKanbanSwiftData-t.build/AdvancedKanbanSwiftData.DependencyStaticMetadataFileList (in target 'AdvancedKanbanSwiftData' from project 'AdvancedKanban')
cd /Users/admin/builder/spi-builder-workspace
write-file /Users/admin/builder/spi-builder-workspace/.derivedData/Build/Intermediates.noindex/AdvancedKanban.build/Debug-watchos/AdvancedKanbanSwiftData-t.build/AdvancedKanbanSwiftData.DependencyStaticMetadataFileList
WriteAuxiliaryFile /Users/admin/builder/spi-builder-workspace/.derivedData/Build/Intermediates.noindex/AdvancedKanban.build/Debug-watchos/AdvancedKanbanSwiftData-t.build/AdvancedKanbanSwiftData.DependencyMetadataFileList (in target 'AdvancedKanbanSwiftData' from project 'AdvancedKanban')
cd /Users/admin/builder/spi-builder-workspace
write-file /Users/admin/builder/spi-builder-workspace/.derivedData/Build/Intermediates.noindex/AdvancedKanban.build/Debug-watchos/AdvancedKanbanSwiftData-t.build/AdvancedKanbanSwiftData.DependencyMetadataFileList
WriteAuxiliaryFile /Users/admin/builder/spi-builder-workspace/.derivedData/Build/Intermediates.noindex/AdvancedKanban.build/Debug-watchos/AdvancedKanban-t.build/Objects-normal/arm64_32/AdvancedKanban_const_extract_protocols.json (in target 'AdvancedKanban' from project 'AdvancedKanban')
cd /Users/admin/builder/spi-builder-workspace
write-file /Users/admin/builder/spi-builder-workspace/.derivedData/Build/Intermediates.noindex/AdvancedKanban.build/Debug-watchos/AdvancedKanban-t.build/Objects-normal/arm64_32/AdvancedKanban_const_extract_protocols.json
WriteAuxiliaryFile /Users/admin/builder/spi-builder-workspace/.derivedData/Build/Intermediates.noindex/AdvancedKanban.build/Debug-watchos/AdvancedKanban-t.build/Objects-normal/arm64_32/AdvancedKanban.SwiftFileList (in target 'AdvancedKanban' from project 'AdvancedKanban')
cd /Users/admin/builder/spi-builder-workspace
write-file /Users/admin/builder/spi-builder-workspace/.derivedData/Build/Intermediates.noindex/AdvancedKanban.build/Debug-watchos/AdvancedKanban-t.build/Objects-normal/arm64_32/AdvancedKanban.SwiftFileList
WriteAuxiliaryFile /Users/admin/builder/spi-builder-workspace/.derivedData/Build/Intermediates.noindex/AdvancedKanban.build/Debug-watchos/AdvancedKanban-t.build/Objects-normal/arm64_32/AdvancedKanban.SwiftConstValuesFileList (in target 'AdvancedKanban' from project 'AdvancedKanban')
cd /Users/admin/builder/spi-builder-workspace
write-file /Users/admin/builder/spi-builder-workspace/.derivedData/Build/Intermediates.noindex/AdvancedKanban.build/Debug-watchos/AdvancedKanban-t.build/Objects-normal/arm64_32/AdvancedKanban.SwiftConstValuesFileList
WriteAuxiliaryFile /Users/admin/builder/spi-builder-workspace/.derivedData/Build/Intermediates.noindex/AdvancedKanban.build/Debug-watchos/AdvancedKanban-t.build/Objects-normal/arm64_32/AdvancedKanban.LinkFileList (in target 'AdvancedKanban' from project 'AdvancedKanban')
cd /Users/admin/builder/spi-builder-workspace
write-file /Users/admin/builder/spi-builder-workspace/.derivedData/Build/Intermediates.noindex/AdvancedKanban.build/Debug-watchos/AdvancedKanban-t.build/Objects-normal/arm64_32/AdvancedKanban.LinkFileList
WriteAuxiliaryFile /Users/admin/builder/spi-builder-workspace/.derivedData/Build/Intermediates.noindex/AdvancedKanban.build/Debug-watchos/AdvancedKanban-t.build/Objects-normal/arm64_32/AdvancedKanban-OutputFileMap.json (in target 'AdvancedKanban' from project 'AdvancedKanban')
cd /Users/admin/builder/spi-builder-workspace
write-file /Users/admin/builder/spi-builder-workspace/.derivedData/Build/Intermediates.noindex/AdvancedKanban.build/Debug-watchos/AdvancedKanban-t.build/Objects-normal/arm64_32/AdvancedKanban-OutputFileMap.json
WriteAuxiliaryFile /Users/admin/builder/spi-builder-workspace/.derivedData/Build/Intermediates.noindex/AdvancedKanban.build/Debug-watchos/AdvancedKanban-t.build/Objects-normal/arm64/AdvancedKanban.SwiftFileList (in target 'AdvancedKanban' from project 'AdvancedKanban')
cd /Users/admin/builder/spi-builder-workspace
write-file /Users/admin/builder/spi-builder-workspace/.derivedData/Build/Intermediates.noindex/AdvancedKanban.build/Debug-watchos/AdvancedKanban-t.build/Objects-normal/arm64/AdvancedKanban.SwiftFileList
WriteAuxiliaryFile /Users/admin/builder/spi-builder-workspace/.derivedData/Build/Intermediates.noindex/AdvancedKanban.build/Debug-watchos/AdvancedKanban-t.build/Objects-normal/arm64/AdvancedKanban.SwiftConstValuesFileList (in target 'AdvancedKanban' from project 'AdvancedKanban')
cd /Users/admin/builder/spi-builder-workspace
write-file /Users/admin/builder/spi-builder-workspace/.derivedData/Build/Intermediates.noindex/AdvancedKanban.build/Debug-watchos/AdvancedKanban-t.build/Objects-normal/arm64/AdvancedKanban.SwiftConstValuesFileList
WriteAuxiliaryFile /Users/admin/builder/spi-builder-workspace/.derivedData/Build/Intermediates.noindex/AdvancedKanban.build/Debug-watchos/AdvancedKanban-t.build/Objects-normal/arm64/AdvancedKanban_const_extract_protocols.json (in target 'AdvancedKanban' from project 'AdvancedKanban')
cd /Users/admin/builder/spi-builder-workspace
write-file /Users/admin/builder/spi-builder-workspace/.derivedData/Build/Intermediates.noindex/AdvancedKanban.build/Debug-watchos/AdvancedKanban-t.build/Objects-normal/arm64/AdvancedKanban_const_extract_protocols.json
WriteAuxiliaryFile /Users/admin/builder/spi-builder-workspace/.derivedData/Build/Intermediates.noindex/AdvancedKanban.build/Debug-watchos/AdvancedKanban-t.build/Objects-normal/arm64/AdvancedKanban.LinkFileList (in target 'AdvancedKanban' from project 'AdvancedKanban')
cd /Users/admin/builder/spi-builder-workspace
write-file /Users/admin/builder/spi-builder-workspace/.derivedData/Build/Intermediates.noindex/AdvancedKanban.build/Debug-watchos/AdvancedKanban-t.build/Objects-normal/arm64/AdvancedKanban.LinkFileList
Copy /Users/admin/builder/spi-builder-workspace/.derivedData/Build/Intermediates.noindex/GeneratedModuleMaps-watchos/AdvancedKanbanSwiftData.modulemap /Users/admin/builder/spi-builder-workspace/.derivedData/Build/Intermediates.noindex/AdvancedKanban.build/Debug-watchos/AdvancedKanbanSwiftData-t.build/AdvancedKanbanSwiftData.modulemap (in target 'AdvancedKanbanSwiftData' from project 'AdvancedKanban')
cd /Users/admin/builder/spi-builder-workspace
builtin-copy -exclude .DS_Store -exclude CVS -exclude .svn -exclude .git -exclude .hg -resolve-src-symlinks /Users/admin/builder/spi-builder-workspace/.derivedData/Build/Intermediates.noindex/AdvancedKanban.build/Debug-watchos/AdvancedKanbanSwiftData-t.build/AdvancedKanbanSwiftData.modulemap /Users/admin/builder/spi-builder-workspace/.derivedData/Build/Intermediates.noindex/GeneratedModuleMaps-watchos
WriteAuxiliaryFile /Users/admin/builder/spi-builder-workspace/.derivedData/Build/Intermediates.noindex/AdvancedKanban.build/Debug-watchos/AdvancedKanban-t.build/Objects-normal/arm64/AdvancedKanban-OutputFileMap.json (in target 'AdvancedKanban' from project 'AdvancedKanban')
cd /Users/admin/builder/spi-builder-workspace
write-file /Users/admin/builder/spi-builder-workspace/.derivedData/Build/Intermediates.noindex/AdvancedKanban.build/Debug-watchos/AdvancedKanban-t.build/Objects-normal/arm64/AdvancedKanban-OutputFileMap.json
WriteAuxiliaryFile /Users/admin/builder/spi-builder-workspace/.derivedData/Build/Intermediates.noindex/AdvancedKanban.build/Debug-watchos/AdvancedKanban-t.build/AdvancedKanban.modulemap (in target 'AdvancedKanban' from project 'AdvancedKanban')
cd /Users/admin/builder/spi-builder-workspace
write-file /Users/admin/builder/spi-builder-workspace/.derivedData/Build/Intermediates.noindex/AdvancedKanban.build/Debug-watchos/AdvancedKanban-t.build/AdvancedKanban.modulemap
WriteAuxiliaryFile /Users/admin/builder/spi-builder-workspace/.derivedData/Build/Intermediates.noindex/AdvancedKanban.build/Debug-watchos/AdvancedKanban-t.build/AdvancedKanban.DependencyStaticMetadataFileList (in target 'AdvancedKanban' from project 'AdvancedKanban')
cd /Users/admin/builder/spi-builder-workspace
write-file /Users/admin/builder/spi-builder-workspace/.derivedData/Build/Intermediates.noindex/AdvancedKanban.build/Debug-watchos/AdvancedKanban-t.build/AdvancedKanban.DependencyStaticMetadataFileList
WriteAuxiliaryFile /Users/admin/builder/spi-builder-workspace/.derivedData/Build/Intermediates.noindex/AdvancedKanban.build/Debug-watchos/AdvancedKanban-t.build/AdvancedKanban.DependencyMetadataFileList (in target 'AdvancedKanban' from project 'AdvancedKanban')
cd /Users/admin/builder/spi-builder-workspace
write-file /Users/admin/builder/spi-builder-workspace/.derivedData/Build/Intermediates.noindex/AdvancedKanban.build/Debug-watchos/AdvancedKanban-t.build/AdvancedKanban.DependencyMetadataFileList
Copy /Users/admin/builder/spi-builder-workspace/.derivedData/Build/Intermediates.noindex/GeneratedModuleMaps-watchos/AdvancedKanban.modulemap /Users/admin/builder/spi-builder-workspace/.derivedData/Build/Intermediates.noindex/AdvancedKanban.build/Debug-watchos/AdvancedKanban-t.build/AdvancedKanban.modulemap (in target 'AdvancedKanban' from project 'AdvancedKanban')
cd /Users/admin/builder/spi-builder-workspace
builtin-copy -exclude .DS_Store -exclude CVS -exclude .svn -exclude .git -exclude .hg -resolve-src-symlinks /Users/admin/builder/spi-builder-workspace/.derivedData/Build/Intermediates.noindex/AdvancedKanban.build/Debug-watchos/AdvancedKanban-t.build/AdvancedKanban.modulemap /Users/admin/builder/spi-builder-workspace/.derivedData/Build/Intermediates.noindex/GeneratedModuleMaps-watchos
SwiftDriver AdvancedKanban normal arm64_32 com.apple.xcode.tools.swift.compiler (in target 'AdvancedKanban' from project 'AdvancedKanban')
cd /Users/admin/builder/spi-builder-workspace/.swiftpm/xcode
builtin-SwiftDriver -- /Applications/Xcode-27.0.0-Release.Candidate.app/Contents/Developer/Toolchains/XcodeDefault.xctoolchain/usr/bin/swiftc -parse-as-library -module-name AdvancedKanban -Onone @/Users/admin/builder/spi-builder-workspace/.derivedData/Build/Intermediates.noindex/AdvancedKanban.build/Debug-watchos/AdvancedKanban-t.build/Objects-normal/arm64_32/AdvancedKanban.SwiftFileList -DSWIFT_PACKAGE -DDEBUG -DSWIFT_MODULE_RESOURCE_BUNDLE_UNAVAILABLE -DXcode -plugin-path /Applications/Xcode-27.0.0-Release.Candidate.app/Contents/Developer/Toolchains/XcodeDefault.xctoolchain/usr/lib/swift/host/plugins/testing -enable-experimental-feature DebugDescriptionMacro -sdk /Applications/Xcode-27.0.0-Release.Candidate.app/Contents/Developer/Platforms/WatchOS.platform/Developer/SDKs/WatchOS27.0.sdk -target arm64_32-apple-watchos10.0 -g -module-cache-path /Users/admin/builder/spi-builder-workspace/.derivedData/ModuleCache.noindex -Xfrontend -serialize-debugging-options -profile-coverage-mapping -profile-generate -enable-testing -index-store-path /Users/admin/builder/spi-builder-workspace/.derivedData/Index.noindex/DataStore -Xcc -D_LIBCPP_HARDENING_MODE\=_LIBCPP_HARDENING_MODE_DEBUG -swift-version 5 -I /Users/admin/builder/spi-builder-workspace/.derivedData/Build/Products/Debug-watchos -Isystem /Applications/Xcode-27.0.0-Release.Candidate.app/Contents/Developer/Platforms/WatchOS.platform/Developer/usr/lib -F /Users/admin/builder/spi-builder-workspace/.derivedData/Build/Products/Debug-watchos -F /Applications/Xcode-27.0.0-Release.Candidate.app/Contents/Developer/Platforms/WatchOS.platform/Developer/Library/Frameworks -F /Applications/Xcode-27.0.0-Release.Candidate.app/Contents/Developer/Platforms/WatchOS.platform/Developer/SDKs/WatchOS27.0.sdk/Developer/Library/Frameworks -c -j10 -enable-batch-mode -incremental -Xcc -ivfsstatcache -Xcc /Users/admin/builder/spi-builder-workspace/.derivedData/SDKStatCaches.noindex/watchos27.0-24R360-e829b21a6f8c9b70876ba0858053c04477534ef55a1706bf4c1112bbb242f0a2.sdkstatcache -output-file-map /Users/admin/builder/spi-builder-workspace/.derivedData/Build/Intermediates.noindex/AdvancedKanban.build/Debug-watchos/AdvancedKanban-t.build/Objects-normal/arm64_32/AdvancedKanban-OutputFileMap.json -save-temps -no-color-diagnostics -explicit-module-build -module-cache-path /Users/admin/builder/spi-builder-workspace/.derivedData/Build/Intermediates.noindex/SwiftExplicitPrecompiledModules -clang-scanner-module-cache-path /Users/admin/builder/spi-builder-workspace/.derivedData/ModuleCache.noindex -sdk-module-cache-path /Users/admin/builder/spi-builder-workspace/.derivedData/SDKExplicitPrecompiledModules -emit-dependencies -emit-module -emit-module-path /Users/admin/builder/spi-builder-workspace/.derivedData/Build/Intermediates.noindex/AdvancedKanban.build/Debug-watchos/AdvancedKanban-t.build/Objects-normal/arm64_32/AdvancedKanban.swiftmodule -serialize-diagnostics -dependency-scan-serialize-diagnostics-path /Users/admin/builder/spi-builder-workspace/.derivedData/Build/Intermediates.noindex/AdvancedKanban.build/Debug-watchos/AdvancedKanban-t.build/Objects-normal/arm64_32/AdvancedKanban-dependency-scan.dia -validate-clang-modules-once -clang-build-session-file /Users/admin/builder/spi-builder-workspace/.derivedData/ModuleCache.noindex/Session.modulevalidation -Xcc -fmodules-prune-interval\=86400 -Xcc -fmodules-prune-after\=345600 -package-name spi_builder_workspace -emit-const-values -const-gather-protocols-list /Users/admin/builder/spi-builder-workspace/.derivedData/Build/Intermediates.noindex/AdvancedKanban.build/Debug-watchos/AdvancedKanban-t.build/Objects-normal/arm64_32/AdvancedKanban_const_extract_protocols.json -Xcc -I/Users/admin/builder/spi-builder-workspace/.derivedData/Build/Products/Debug-watchos/include -Xcc -I/Users/admin/builder/spi-builder-workspace/.derivedData/Build/Intermediates.noindex/AdvancedKanban.build/Debug-watchos/AdvancedKanban-t.build/DerivedSources-normal/arm64_32 -Xcc -I/Users/admin/builder/spi-builder-workspace/.derivedData/Build/Intermediates.noindex/AdvancedKanban.build/Debug-watchos/AdvancedKanban-t.build/DerivedSources/arm64_32 -Xcc -I/Users/admin/builder/spi-builder-workspace/.derivedData/Build/Intermediates.noindex/AdvancedKanban.build/Debug-watchos/AdvancedKanban-t.build/DerivedSources -Xcc -DSWIFT_PACKAGE -Xcc -DDEBUG\=1 -emit-objc-header -emit-objc-header-path /Users/admin/builder/spi-builder-workspace/.derivedData/Build/Intermediates.noindex/AdvancedKanban.build/Debug-watchos/AdvancedKanban-t.build/Objects-normal/arm64_32/AdvancedKanban-Swift.h -working-directory /Users/admin/builder/spi-builder-workspace/.swiftpm/xcode -experimental-emit-module-separately -disable-cmo
SwiftDriver AdvancedKanban normal arm64 com.apple.xcode.tools.swift.compiler (in target 'AdvancedKanban' from project 'AdvancedKanban')
cd /Users/admin/builder/spi-builder-workspace/.swiftpm/xcode
builtin-SwiftDriver -- /Applications/Xcode-27.0.0-Release.Candidate.app/Contents/Developer/Toolchains/XcodeDefault.xctoolchain/usr/bin/swiftc -parse-as-library -module-name AdvancedKanban -Onone @/Users/admin/builder/spi-builder-workspace/.derivedData/Build/Intermediates.noindex/AdvancedKanban.build/Debug-watchos/AdvancedKanban-t.build/Objects-normal/arm64/AdvancedKanban.SwiftFileList -DSWIFT_PACKAGE -DDEBUG -DSWIFT_MODULE_RESOURCE_BUNDLE_UNAVAILABLE -DXcode -plugin-path /Applications/Xcode-27.0.0-Release.Candidate.app/Contents/Developer/Toolchains/XcodeDefault.xctoolchain/usr/lib/swift/host/plugins/testing -enable-experimental-feature DebugDescriptionMacro -sdk /Applications/Xcode-27.0.0-Release.Candidate.app/Contents/Developer/Platforms/WatchOS.platform/Developer/SDKs/WatchOS27.0.sdk -target arm64-apple-watchos10.0 -g -module-cache-path /Users/admin/builder/spi-builder-workspace/.derivedData/ModuleCache.noindex -Xfrontend -serialize-debugging-options -profile-coverage-mapping -profile-generate -enable-testing -index-store-path /Users/admin/builder/spi-builder-workspace/.derivedData/Index.noindex/DataStore -Xcc -D_LIBCPP_HARDENING_MODE\=_LIBCPP_HARDENING_MODE_DEBUG -swift-version 5 -I /Users/admin/builder/spi-builder-workspace/.derivedData/Build/Products/Debug-watchos -Isystem /Applications/Xcode-27.0.0-Release.Candidate.app/Contents/Developer/Platforms/WatchOS.platform/Developer/usr/lib -F /Users/admin/builder/spi-builder-workspace/.derivedData/Build/Products/Debug-watchos -F /Applications/Xcode-27.0.0-Release.Candidate.app/Contents/Developer/Platforms/WatchOS.platform/Developer/Library/Frameworks -F /Applications/Xcode-27.0.0-Release.Candidate.app/Contents/Developer/Platforms/WatchOS.platform/Developer/SDKs/WatchOS27.0.sdk/Developer/Library/Frameworks -c -j10 -enable-batch-mode -incremental -Xcc -ivfsstatcache -Xcc /Users/admin/builder/spi-builder-workspace/.derivedData/SDKStatCaches.noindex/watchos27.0-24R360-e829b21a6f8c9b70876ba0858053c04477534ef55a1706bf4c1112bbb242f0a2.sdkstatcache -output-file-map /Users/admin/builder/spi-builder-workspace/.derivedData/Build/Intermediates.noindex/AdvancedKanban.build/Debug-watchos/AdvancedKanban-t.build/Objects-normal/arm64/AdvancedKanban-OutputFileMap.json -save-temps -no-color-diagnostics -explicit-module-build -module-cache-path /Users/admin/builder/spi-builder-workspace/.derivedData/Build/Intermediates.noindex/SwiftExplicitPrecompiledModules -clang-scanner-module-cache-path /Users/admin/builder/spi-builder-workspace/.derivedData/ModuleCache.noindex -sdk-module-cache-path /Users/admin/builder/spi-builder-workspace/.derivedData/SDKExplicitPrecompiledModules -emit-dependencies -emit-module -emit-module-path /Users/admin/builder/spi-builder-workspace/.derivedData/Build/Intermediates.noindex/AdvancedKanban.build/Debug-watchos/AdvancedKanban-t.build/Objects-normal/arm64/AdvancedKanban.swiftmodule -serialize-diagnostics -dependency-scan-serialize-diagnostics-path /Users/admin/builder/spi-builder-workspace/.derivedData/Build/Intermediates.noindex/AdvancedKanban.build/Debug-watchos/AdvancedKanban-t.build/Objects-normal/arm64/AdvancedKanban-dependency-scan.dia -validate-clang-modules-once -clang-build-session-file /Users/admin/builder/spi-builder-workspace/.derivedData/ModuleCache.noindex/Session.modulevalidation -Xcc -fmodules-prune-interval\=86400 -Xcc -fmodules-prune-after\=345600 -package-name spi_builder_workspace -emit-const-values -const-gather-protocols-list /Users/admin/builder/spi-builder-workspace/.derivedData/Build/Intermediates.noindex/AdvancedKanban.build/Debug-watchos/AdvancedKanban-t.build/Objects-normal/arm64/AdvancedKanban_const_extract_protocols.json -Xcc -I/Users/admin/builder/spi-builder-workspace/.derivedData/Build/Products/Debug-watchos/include -Xcc -I/Users/admin/builder/spi-builder-workspace/.derivedData/Build/Intermediates.noindex/AdvancedKanban.build/Debug-watchos/AdvancedKanban-t.build/DerivedSources-normal/arm64 -Xcc -I/Users/admin/builder/spi-builder-workspace/.derivedData/Build/Intermediates.noindex/AdvancedKanban.build/Debug-watchos/AdvancedKanban-t.build/DerivedSources/arm64 -Xcc -I/Users/admin/builder/spi-builder-workspace/.derivedData/Build/Intermediates.noindex/AdvancedKanban.build/Debug-watchos/AdvancedKanban-t.build/DerivedSources -Xcc -DSWIFT_PACKAGE -Xcc -DDEBUG\=1 -emit-objc-header -emit-objc-header-path /Users/admin/builder/spi-builder-workspace/.derivedData/Build/Intermediates.noindex/AdvancedKanban.build/Debug-watchos/AdvancedKanban-t.build/Objects-normal/arm64/AdvancedKanban-Swift.h -working-directory /Users/admin/builder/spi-builder-workspace/.swiftpm/xcode -experimental-emit-module-separately -disable-cmo
SwiftExplicitDependencyGeneratePcm arm64 /Users/admin/builder/spi-builder-workspace/.derivedData/SDKExplicitPrecompiledModules/_Builtin_float-C0CW5Q4HGBQYKE77TC42IAFB5.pcm
SwiftExplicitDependencyGeneratePcm arm64 /Users/admin/builder/spi-builder-workspace/.derivedData/SDKExplicitPrecompiledModules/_Builtin_stdarg-A7UU8LE6MP85SM26YO7PBZNUQ.pcm
SwiftExplicitDependencyGeneratePcm arm64 /Users/admin/builder/spi-builder-workspace/.derivedData/SDKExplicitPrecompiledModules/_SwiftConcurrencyShims-659N52XSKR5F0QSB880BH2FJR.pcm
SwiftExplicitDependencyGeneratePcm arm64 /Users/admin/builder/spi-builder-workspace/.derivedData/SDKExplicitPrecompiledModules/SwiftShims-4MXFZPV6FEB0XBYXCGPWAMQGL.pcm
SwiftExplicitDependencyGeneratePcm arm64 /Users/admin/builder/spi-builder-workspace/.derivedData/SDKExplicitPrecompiledModules/DeveloperToolsSupport-E7CNISCB36UE8XQ9IOHK9XDX1.pcm
SwiftExplicitDependencyGeneratePcm arm64 /Users/admin/builder/spi-builder-workspace/.derivedData/SDKExplicitPrecompiledModules/ptrauth-3TZ9WJCGLYD25HQPWH4968ONX.pcm
SwiftExplicitDependencyGeneratePcm arm64_32 /Users/admin/builder/spi-builder-workspace/.derivedData/SDKExplicitPrecompiledModules/ptrcheck-7ELIH9BTIGVKX3UBITM9N72WD.pcm
SwiftExplicitDependencyGeneratePcm arm64_32 /Users/admin/builder/spi-builder-workspace/.derivedData/SDKExplicitPrecompiledModules/_Builtin_stdbool-A967K8W8YUYEC9SN52KJ7OO88.pcm
SwiftExplicitDependencyGeneratePcm arm64_32 /Users/admin/builder/spi-builder-workspace/.derivedData/SDKExplicitPrecompiledModules/_Builtin_stdarg-D305JG44A2WPI6CJY37X3QJE8.pcm
SwiftExplicitDependencyGeneratePcm arm64_32 /Users/admin/builder/spi-builder-workspace/.derivedData/SDKExplicitPrecompiledModules/SwiftShims-9CQQGWTSNTN9EB5NSHDWUJICH.pcm
SwiftExplicitDependencyGeneratePcm arm64_32 /Users/admin/builder/spi-builder-workspace/.derivedData/SDKExplicitPrecompiledModules/_AvailabilityInternal-244WAN3Z1QBT7PIA64EZEFY1R.pcm
SwiftExplicitDependencyGeneratePcm arm64_32 /Users/admin/builder/spi-builder-workspace/.derivedData/SDKExplicitPrecompiledModules/ptrauth-BFXF358ME5AK535N5A9Z766WU.pcm
SwiftExplicitDependencyGeneratePcm arm64_32 /Users/admin/builder/spi-builder-workspace/.derivedData/SDKExplicitPrecompiledModules/_Builtin_float-6KO8O3PEWRCA4WC6PPLOYO6WJ.pcm
SwiftExplicitDependencyGeneratePcm arm64 /Users/admin/builder/spi-builder-workspace/.derivedData/SDKExplicitPrecompiledModules/_AvailabilityInternal-BUNV3UXM65NT37THI4W1AM0SF.pcm
SwiftExplicitDependencyGeneratePcm arm64 /Users/admin/builder/spi-builder-workspace/.derivedData/SDKExplicitPrecompiledModules/_Builtin_stddef-1FU30Y8SWFB7OUUHMJQH5J6FM.pcm
SwiftExplicitDependencyGeneratePcm arm64_32 /Users/admin/builder/spi-builder-workspace/.derivedData/SDKExplicitPrecompiledModules/_Builtin_stddef-H44EFHQX6XSS5MZ7QP6YJZ76.pcm
SwiftExplicitDependencyGeneratePcm arm64_32 /Users/admin/builder/spi-builder-workspace/.derivedData/SDKExplicitPrecompiledModules/_SwiftConcurrencyShims-6RTBPQ03V7BM9SPRK8SUE055H.pcm
SwiftExplicitDependencyGeneratePcm arm64_32 /Users/admin/builder/spi-builder-workspace/.derivedData/SDKExplicitPrecompiledModules/DeveloperToolsSupport-DZU5G1OCMNWU0AQRULIFHUJ1Z.pcm
SwiftExplicitDependencyGeneratePcm arm64 /Users/admin/builder/spi-builder-workspace/.derivedData/SDKExplicitPrecompiledModules/ptrcheck-AIF0NDOYZ8ORBNHQAQR5NNB8M.pcm
SwiftExplicitDependencyGeneratePcm arm64 /Users/admin/builder/spi-builder-workspace/.derivedData/SDKExplicitPrecompiledModules/_Builtin_stdbool-83J96QSOFE9VX04AAS6310UAE.pcm
SwiftExplicitDependencyGeneratePcm arm64_32 /Users/admin/builder/spi-builder-workspace/.derivedData/SDKExplicitPrecompiledModules/_DarwinFoundation1-2GWF9RFMPLQW4PDHS3NARVI3G.pcm
SwiftExplicitDependencyGeneratePcm arm64 /Users/admin/builder/spi-builder-workspace/.derivedData/SDKExplicitPrecompiledModules/_DarwinFoundation1-7SPX3MD0HMP55E4OLNCPNDQ53.pcm
SwiftExplicitDependencyGeneratePcm arm64_32 /Users/admin/builder/spi-builder-workspace/.derivedData/SDKExplicitPrecompiledModules/_DarwinFoundation2-9MY8GOSYRO0M9MKNXF6D3MBNK.pcm
SwiftExplicitDependencyGeneratePcm arm64_32 /Users/admin/builder/spi-builder-workspace/.derivedData/SDKExplicitPrecompiledModules/_Builtin_limits-3VKBU2AFTD65PAJZ5CJ3LHFM2.pcm
SwiftExplicitDependencyGeneratePcm arm64 /Users/admin/builder/spi-builder-workspace/.derivedData/SDKExplicitPrecompiledModules/_Builtin_limits-9GWPA2B0H20DYUNYHYCWKABJG.pcm
SwiftExplicitDependencyGeneratePcm arm64 /Users/admin/builder/spi-builder-workspace/.derivedData/SDKExplicitPrecompiledModules/_DarwinFoundation2-D0XAPJU49S5E9XMKYOFGSTB1Q.pcm
SwiftExplicitDependencyGeneratePcm arm64_32 /Users/admin/builder/spi-builder-workspace/.derivedData/SDKExplicitPrecompiledModules/_Builtin_stdint-1HMXWI3V0V4TXHRWZOMZGZ80Y.pcm
SwiftExplicitDependencyGeneratePcm arm64_32 /Users/admin/builder/spi-builder-workspace/.derivedData/SDKExplicitPrecompiledModules/_Builtin_tgmath-23PGCKURCQILXMK0MYZRYDCOU.pcm
SwiftExplicitDependencyGeneratePcm arm64_32 /Users/admin/builder/spi-builder-workspace/.derivedData/SDKExplicitPrecompiledModules/string_h-BFVLUQUSBZWYMLCU9QI7VZALW.pcm
SwiftExplicitDependencyGeneratePcm arm64_32 /Users/admin/builder/spi-builder-workspace/.derivedData/SDKExplicitPrecompiledModules/sys_types-8TLLMW08ZJWDGIIPKOYFGHHZW.pcm
SwiftExplicitDependencyGeneratePcm arm64 /Users/admin/builder/spi-builder-workspace/.derivedData/SDKExplicitPrecompiledModules/sys_types-2KXQLI78OUCDP779AE68GZJ2.pcm
SwiftExplicitDependencyGeneratePcm arm64 /Users/admin/builder/spi-builder-workspace/.derivedData/SDKExplicitPrecompiledModules/_Builtin_tgmath-8NQ96OZ0YHXEC24JI95P01UF8.pcm
SwiftExplicitDependencyGeneratePcm arm64 /Users/admin/builder/spi-builder-workspace/.derivedData/SDKExplicitPrecompiledModules/string_h-E6PRXK75PHIPCZFWOFCQ3QBMK.pcm
SwiftExplicitDependencyGeneratePcm arm64 /Users/admin/builder/spi-builder-workspace/.derivedData/SDKExplicitPrecompiledModules/_Builtin_stdint-8XMILLJZEGRN2XG7XZUXZ5RLX.pcm
SwiftExplicitDependencyGeneratePcm arm64_32 /Users/admin/builder/spi-builder-workspace/.derivedData/SDKExplicitPrecompiledModules/_DarwinFoundation3-3DUTYQDQSD9HUAAVY947NMWOI.pcm
SwiftExplicitDependencyGeneratePcm arm64_32 /Users/admin/builder/spi-builder-workspace/.derivedData/SDKExplicitPrecompiledModules/_Builtin_intrinsics-196IIAKDQVU42DLOZP9OQCV76.pcm
SwiftExplicitDependencyGeneratePcm arm64_32 /Users/admin/builder/spi-builder-workspace/.derivedData/SDKExplicitPrecompiledModules/_Builtin_stdatomic-1TY035TURL76BF2U98PZPPZRX.pcm
SwiftExplicitDependencyGeneratePcm arm64 /Users/admin/builder/spi-builder-workspace/.derivedData/SDKExplicitPrecompiledModules/_Builtin_intrinsics-75960HIPCIYA06IUW8FIIPQT.pcm
SwiftExplicitDependencyGeneratePcm arm64 /Users/admin/builder/spi-builder-workspace/.derivedData/SDKExplicitPrecompiledModules/_Builtin_stdatomic-7JEFA3KBJJJN6TKJWY3OG1VG5.pcm
SwiftExplicitDependencyGeneratePcm arm64 /Users/admin/builder/spi-builder-workspace/.derivedData/SDKExplicitPrecompiledModules/_DarwinFoundation3-B97LRG0E9GON2NUE65TVG81HU.pcm
SwiftExplicitDependencyGeneratePcm arm64_32 /Users/admin/builder/spi-builder-workspace/.derivedData/SDKExplicitPrecompiledModules/_Builtin_inttypes-D2KPCR4PEX9AQA33NGLUT5SBR.pcm
SwiftExplicitDependencyGeneratePcm arm64 /Users/admin/builder/spi-builder-workspace/.derivedData/SDKExplicitPrecompiledModules/_Builtin_inttypes-3UQSCM7WNM9EK4HZML8TY5J3D.pcm
SwiftExplicitDependencyGeneratePcm arm64_32 /Users/admin/builder/spi-builder-workspace/.derivedData/SDKExplicitPrecompiledModules/Darwin-3FVT1SKLN2ZQ5RVOABMTQBB34.pcm
SwiftExplicitDependencyGeneratePcm arm64 /Users/admin/builder/spi-builder-workspace/.derivedData/SDKExplicitPrecompiledModules/Darwin-3984OXKFNSPE77NT743WK8SEX.pcm
SwiftExplicitDependencyGeneratePcm arm64_32 /Users/admin/builder/spi-builder-workspace/.derivedData/SDKExplicitPrecompiledModules/simd-21UNWYOBUZI1LVSQ99S1XBLMO.pcm
SwiftExplicitDependencyGeneratePcm arm64 /Users/admin/builder/spi-builder-workspace/.derivedData/SDKExplicitPrecompiledModules/simd-EH08NODU6574T74ZKU61VP9BW.pcm
SwiftExplicitDependencyGeneratePcm arm64_32 /Users/admin/builder/spi-builder-workspace/.derivedData/SDKExplicitPrecompiledModules/ObjectiveC-6IJNELR2E80E7LUKESVCP2KET.pcm
SwiftExplicitDependencyGeneratePcm arm64_32 /Users/admin/builder/spi-builder-workspace/.derivedData/SDKExplicitPrecompiledModules/MachO-56838ZJ0NC1EBAJ0O6O8QMPDX.pcm
SwiftExplicitDependencyGeneratePcm arm64 /Users/admin/builder/spi-builder-workspace/.derivedData/SDKExplicitPrecompiledModules/ObjectiveC-72IVD3VS2RS8Q28D9PIMY0KQP.pcm
SwiftExplicitDependencyGeneratePcm arm64 /Users/admin/builder/spi-builder-workspace/.derivedData/SDKExplicitPrecompiledModules/MachO-2U90NNSAQILBNBPS1SA4F8TYP.pcm
SwiftExplicitDependencyGeneratePcm arm64_32 /Users/admin/builder/spi-builder-workspace/.derivedData/SDKExplicitPrecompiledModules/os_object-5YWTC6L4756IWSTPGXS5NM0D0.pcm
SwiftExplicitDependencyGeneratePcm arm64 /Users/admin/builder/spi-builder-workspace/.derivedData/SDKExplicitPrecompiledModules/os_object-3SDKD7F87FTZ26OON37DRYT6O.pcm
SwiftExplicitDependencyGeneratePcm arm64_32 /Users/admin/builder/spi-builder-workspace/.derivedData/SDKExplicitPrecompiledModules/os_workgroup-5JHTPDMNBUNHLJI8LPHKQK1JK.pcm
SwiftExplicitDependencyGeneratePcm arm64 /Users/admin/builder/spi-builder-workspace/.derivedData/SDKExplicitPrecompiledModules/os_workgroup-89GG5G7YC2D0ZTK6AZXXQ20DH.pcm
SwiftExplicitDependencyGeneratePcm arm64 /Users/admin/builder/spi-builder-workspace/.derivedData/SDKExplicitPrecompiledModules/Spatial-44FJGYXFAT2AQAW9Z6T7YS02U.pcm
SwiftExplicitDependencyGeneratePcm arm64_32 /Users/admin/builder/spi-builder-workspace/.derivedData/SDKExplicitPrecompiledModules/Spatial-CWVWNML3T0NXVHZDKVLD3X1YZ.pcm
SwiftExplicitDependencyGeneratePcm arm64_32 /Users/admin/builder/spi-builder-workspace/.derivedData/SDKExplicitPrecompiledModules/Dispatch-2P62F1T4XV63S4P99TUDTOK2Q.pcm
SwiftExplicitDependencyGeneratePcm arm64 /Users/admin/builder/spi-builder-workspace/.derivedData/SDKExplicitPrecompiledModules/Dispatch-1NLJOVAK60XP0DUB05XA59EIM.pcm
SwiftExplicitDependencyGeneratePcm arm64 /Users/admin/builder/spi-builder-workspace/.derivedData/SDKExplicitPrecompiledModules/XPC-40DR0X1DHKGCV4J1IOLFS8MOU.pcm
SwiftExplicitDependencyGeneratePcm arm64 /Users/admin/builder/spi-builder-workspace/.derivedData/SDKExplicitPrecompiledModules/CoreFoundation-8T2L24YC5NU7WO6WQJWRY7W08.pcm
SwiftExplicitDependencyGeneratePcm arm64_32 /Users/admin/builder/spi-builder-workspace/.derivedData/SDKExplicitPrecompiledModules/XPC-81Y45QFY96XYYFCW2GT6FY8S4.pcm
SwiftExplicitDependencyGeneratePcm arm64_32 /Users/admin/builder/spi-builder-workspace/.derivedData/SDKExplicitPrecompiledModules/CoreFoundation-8E6Y4BA3EXYKUGJ24GT9LGV3N.pcm
SwiftExplicitDependencyGeneratePcm arm64_32 /Users/admin/builder/spi-builder-workspace/.derivedData/SDKExplicitPrecompiledModules/os-E5IGB442IA6SBB25TTCOLK2OC.pcm
SwiftExplicitDependencyGeneratePcm arm64 /Users/admin/builder/spi-builder-workspace/.derivedData/SDKExplicitPrecompiledModules/os-5DIL6Z9LFIGLMZAHM7X2T5435.pcm
SwiftExplicitDependencyGeneratePcm arm64_32 /Users/admin/builder/spi-builder-workspace/.derivedData/SDKExplicitPrecompiledModules/CoreGraphics-9FDXYX6BKBUT6TJ2VF819E7T5.pcm
SwiftExplicitDependencyGeneratePcm arm64_32 /Users/admin/builder/spi-builder-workspace/.derivedData/SDKExplicitPrecompiledModules/CoreAudioTypes-9GVB1DHA32M46R4A9NWSI3I2K.pcm
SwiftExplicitDependencyGeneratePcm arm64_32 /Users/admin/builder/spi-builder-workspace/.derivedData/SDKExplicitPrecompiledModules/Security-D7TOWF88VWF67TB9HAFP5UWB1.pcm
SwiftExplicitDependencyGeneratePcm arm64 /Users/admin/builder/spi-builder-workspace/.derivedData/SDKExplicitPrecompiledModules/Security-6RZ6YBRU8WCUHRFFRVUK5WKMM.pcm
SwiftExplicitDependencyGeneratePcm arm64 /Users/admin/builder/spi-builder-workspace/.derivedData/SDKExplicitPrecompiledModules/CoreGraphics-DWNZ73GEH98SBJXZ7DEXB420K.pcm
SwiftExplicitDependencyGeneratePcm arm64 /Users/admin/builder/spi-builder-workspace/.derivedData/SDKExplicitPrecompiledModules/CoreAudioTypes-A9MF7N5LT63G21HNFVM6BT14B.pcm
SwiftExplicitDependencyGeneratePcm arm64_32 /Users/admin/builder/spi-builder-workspace/.derivedData/SDKExplicitPrecompiledModules/CoreAudio-5W6MX6OUPWBMUR8VD5LHT1PZF.pcm
SwiftExplicitDependencyGeneratePcm arm64 /Users/admin/builder/spi-builder-workspace/.derivedData/SDKExplicitPrecompiledModules/CoreAudio-1B79RJJTP71GE6UY9WLESAN3C.pcm
SwiftExplicitDependencyGeneratePcm arm64_32 /Users/admin/builder/spi-builder-workspace/.derivedData/SDKExplicitPrecompiledModules/Foundation-BJ2VQGI3OGR34500MEQ1VKHPH.pcm
SwiftExplicitDependencyGeneratePcm arm64 /Users/admin/builder/spi-builder-workspace/.derivedData/SDKExplicitPrecompiledModules/Foundation-DLBKUSGXN8QHAT8W0OARR9S8A.pcm
SwiftExplicitDependencyGeneratePcm arm64_32 /Users/admin/builder/spi-builder-workspace/.derivedData/SDKExplicitPrecompiledModules/CoreVideo-2P8HI0403J99LBDPKNFJ5D4DL.pcm
SwiftExplicitDependencyGeneratePcm arm64_32 /Users/admin/builder/spi-builder-workspace/.derivedData/SDKExplicitPrecompiledModules/CoreText-C9X2REPZN2V5BSU4G80FCETDR.pcm
SwiftExplicitDependencyGeneratePcm arm64 /Users/admin/builder/spi-builder-workspace/.derivedData/SDKExplicitPrecompiledModules/CoreVideo-8MRR5MNWUOAW2DBPGUQ8FKK4.pcm
SwiftExplicitDependencyGeneratePcm arm64 /Users/admin/builder/spi-builder-workspace/.derivedData/SDKExplicitPrecompiledModules/CoreText-970YJN6NIYGK1316L35Z0O8QT.pcm
SwiftExplicitDependencyGeneratePcm arm64 /Users/admin/builder/spi-builder-workspace/.derivedData/SDKExplicitPrecompiledModules/CoreMedia-1AJVCUZNAO74KIKMFVFUUHWDI.pcm
SwiftExplicitDependencyGeneratePcm arm64_32 /Users/admin/builder/spi-builder-workspace/.derivedData/SDKExplicitPrecompiledModules/CoreMedia-AO387T8CHWTTZODD1DGT0UAFA.pcm
SwiftExplicitDependencyGeneratePcm arm64 /Users/admin/builder/spi-builder-workspace/.derivedData/SDKExplicitPrecompiledModules/QuartzCore-94KFMWNOU7ZLUZNB4T5DLZC9D.pcm
SwiftExplicitDependencyGeneratePcm arm64 /Users/admin/builder/spi-builder-workspace/.derivedData/SDKExplicitPrecompiledModules/CoreData-9JFJC4UET8BAO5IPV2JU6W9V8.pcm
SwiftExplicitDependencyGeneratePcm arm64 /Users/admin/builder/spi-builder-workspace/.derivedData/SDKExplicitPrecompiledModules/UserNotifications-ARAH8MEQ0C2L0FBO39HITJMAO.pcm
SwiftExplicitDependencyGeneratePcm arm64 /Users/admin/builder/spi-builder-workspace/.derivedData/SDKExplicitPrecompiledModules/CoreTransferable-9PPG3SLJ55T4LITIFYX2M0NOZ.pcm
SwiftExplicitDependencyGeneratePcm arm64 /Users/admin/builder/spi-builder-workspace/.derivedData/SDKExplicitPrecompiledModules/Symbols-3EFABTJ9L5PQDJ7RQCYQWEJMM.pcm
SwiftExplicitDependencyGeneratePcm arm64 /Users/admin/builder/spi-builder-workspace/.derivedData/SDKExplicitPrecompiledModules/OSLog-B7VGO357Y3GJG35TST7DKDSI3.pcm
SwiftExplicitDependencyGeneratePcm arm64 /Users/admin/builder/spi-builder-workspace/.derivedData/SDKExplicitPrecompiledModules/UIUtilities-IR7RNW23VAUKYI9MLCS9NL9A.pcm
SwiftExplicitDependencyGeneratePcm arm64 /Users/admin/builder/spi-builder-workspace/.derivedData/SDKExplicitPrecompiledModules/UniformTypeIdentifiers-8L08Q8DQJV8C4AW84YVGFGTRN.pcm
SwiftExplicitDependencyGeneratePcm arm64 /Users/admin/builder/spi-builder-workspace/.derivedData/SDKExplicitPrecompiledModules/Accessibility-27QMG6ZQ1NKYTNBYFPM1XKNFC.pcm
SwiftExplicitDependencyGeneratePcm arm64 /Users/admin/builder/spi-builder-workspace/.derivedData/SDKExplicitPrecompiledModules/SceneKit-5HZKIL7XETTTD8TOHYPN8JKRJ.pcm
SwiftExplicitDependencyGeneratePcm arm64_32 /Users/admin/builder/spi-builder-workspace/.derivedData/SDKExplicitPrecompiledModules/CoreData-7AU1AFQWUH88EAPDKVMLJPKVD.pcm
SwiftExplicitDependencyGeneratePcm arm64_32 /Users/admin/builder/spi-builder-workspace/.derivedData/SDKExplicitPrecompiledModules/CoreTransferable-5D4IR6X37682FPHJ5CBPTKQV6.pcm
SwiftExplicitDependencyGeneratePcm arm64_32 /Users/admin/builder/spi-builder-workspace/.derivedData/SDKExplicitPrecompiledModules/OSLog-D9AVFY0KWO7RVBIQ73CBIJVCN.pcm
SwiftExplicitDependencyGeneratePcm arm64_32 /Users/admin/builder/spi-builder-workspace/.derivedData/SDKExplicitPrecompiledModules/UserNotifications-6TBN8TEAKO014N1T2QD926XED.pcm
SwiftExplicitDependencyGeneratePcm arm64_32 /Users/admin/builder/spi-builder-workspace/.derivedData/SDKExplicitPrecompiledModules/QuartzCore-6375NPYACK5NYVHPMC1QQ8MC2.pcm
SwiftExplicitDependencyGeneratePcm arm64_32 /Users/admin/builder/spi-builder-workspace/.derivedData/SDKExplicitPrecompiledModules/UIUtilities-9YFVNIMRC5HRVOIARNWHP1E3H.pcm
SwiftExplicitDependencyGeneratePcm arm64_32 /Users/admin/builder/spi-builder-workspace/.derivedData/SDKExplicitPrecompiledModules/Accessibility-F385OMZ5GYBUY5O4QAJB4NRII.pcm
SwiftExplicitDependencyGeneratePcm arm64_32 /Users/admin/builder/spi-builder-workspace/.derivedData/SDKExplicitPrecompiledModules/Symbols-1H97WMG76HU94F5VGJR19PXFY.pcm
SwiftExplicitDependencyGeneratePcm arm64 /Users/admin/builder/spi-builder-workspace/.derivedData/SDKExplicitPrecompiledModules/DataDetection-7BNVI1SZW5ISQL5SX4WL2X7I5.pcm
SwiftExplicitDependencyGeneratePcm arm64_32 /Users/admin/builder/spi-builder-workspace/.derivedData/SDKExplicitPrecompiledModules/UniformTypeIdentifiers-CJZ3NTHPSBH4XWX5EVOG56UZS.pcm
SwiftExplicitDependencyGeneratePcm arm64_32 /Users/admin/builder/spi-builder-workspace/.derivedData/SDKExplicitPrecompiledModules/SceneKit-DKNLHKM5FJBQ79LSNMSSMBUBR.pcm
SwiftExplicitDependencyGeneratePcm arm64_32 /Users/admin/builder/spi-builder-workspace/.derivedData/SDKExplicitPrecompiledModules/_LocationEssentials-AQ1OL9QKC3LQLY5CNSRM1HB53.pcm
SwiftExplicitDependencyGeneratePcm arm64_32 /Users/admin/builder/spi-builder-workspace/.derivedData/SDKExplicitPrecompiledModules/DataDetection-U9BF7WHFVA6BZGFXXXP272PS.pcm
SwiftExplicitDependencyGeneratePcm arm64 /Users/admin/builder/spi-builder-workspace/.derivedData/SDKExplicitPrecompiledModules/_LocationEssentials-5ZZDGDXB6HLQUC72SJW7YJ7MK.pcm
SwiftExplicitDependencyGeneratePcm arm64 /Users/admin/builder/spi-builder-workspace/.derivedData/SDKExplicitPrecompiledModules/SwiftUICore-C1DST1IX2Z0PTH5SJJZ1IULRB.pcm
SwiftExplicitDependencyGeneratePcm arm64_32 /Users/admin/builder/spi-builder-workspace/.derivedData/SDKExplicitPrecompiledModules/SwiftUICore-3Q7WLRD8MR9R3NGIPUBQCP6F6.pcm
SwiftExplicitDependencyGeneratePcm arm64_32 /Users/admin/builder/spi-builder-workspace/.derivedData/SDKExplicitPrecompiledModules/CoreLocation-8XU5YMYM4P11RQMYCQAG65ITK.pcm
SwiftExplicitDependencyGeneratePcm arm64 /Users/admin/builder/spi-builder-workspace/.derivedData/SDKExplicitPrecompiledModules/CoreLocation-ACKJ9K7ABI14F97Y46Y6SRR17.pcm
SwiftExplicitDependencyGeneratePcm arm64_32 /Users/admin/builder/spi-builder-workspace/.derivedData/SDKExplicitPrecompiledModules/CoreMotion-1XGTVTE5PP32UHME8AC63TL6.pcm
SwiftExplicitDependencyGeneratePcm arm64 /Users/admin/builder/spi-builder-workspace/.derivedData/SDKExplicitPrecompiledModules/CoreMotion-6RD5K48QT1F4L9CATNFD2O7YB.pcm
SwiftExplicitDependencyGeneratePcm arm64_32 /Users/admin/builder/spi-builder-workspace/.derivedData/SDKExplicitPrecompiledModules/UIKit-6PPV7YPZ89CZPHYAP072QH8B6.pcm
SwiftExplicitDependencyGeneratePcm arm64 /Users/admin/builder/spi-builder-workspace/.derivedData/SDKExplicitPrecompiledModules/UIKit-27R3P1YMV4C6JLDT661G3MRIA.pcm
SwiftExplicitDependencyGeneratePcm arm64_32 /Users/admin/builder/spi-builder-workspace/.derivedData/SDKExplicitPrecompiledModules/HomeKit-DUDZOMSN3UK8GNTNBNMPIWJRN.pcm
SwiftExplicitDependencyGeneratePcm arm64_32 /Users/admin/builder/spi-builder-workspace/.derivedData/SDKExplicitPrecompiledModules/MapKit-CWGB4YMP1VX1NYQN5FULFD5DR.pcm
SwiftExplicitDependencyGeneratePcm arm64 /Users/admin/builder/spi-builder-workspace/.derivedData/SDKExplicitPrecompiledModules/MapKit-EJJWC7IL56MPLQMI93GJRE5OG.pcm
SwiftExplicitDependencyGeneratePcm arm64 /Users/admin/builder/spi-builder-workspace/.derivedData/SDKExplicitPrecompiledModules/HomeKit-DTS1N4AWILAL1URZ5IOXV5221.pcm
SwiftExplicitDependencyGeneratePcm arm64 /Users/admin/builder/spi-builder-workspace/.derivedData/SDKExplicitPrecompiledModules/WatchKit-3VT3K8YON6FJ6OWSUFJMFMP8J.pcm
SwiftExplicitDependencyGeneratePcm arm64_32 /Users/admin/builder/spi-builder-workspace/.derivedData/SDKExplicitPrecompiledModules/WatchKit-FHF6WTKLC2APGK3LA2XJ6516.pcm
SwiftExplicitDependencyGeneratePcm arm64 /Users/admin/builder/spi-builder-workspace/.derivedData/SDKExplicitPrecompiledModules/SwiftUI-APXDH8ULYLM6FD17YRA73TULO.pcm
SwiftExplicitDependencyGeneratePcm arm64_32 /Users/admin/builder/spi-builder-workspace/.derivedData/SDKExplicitPrecompiledModules/SwiftUI-9AYG9OCT5VOJK7V4MX1WYR86T.pcm
SwiftEmitModule normal arm64 Emitting\ module\ for\ AdvancedKanban (in target 'AdvancedKanban' from project 'AdvancedKanban')
SwiftCompile normal arm64 (in target 'AdvancedKanban' from project 'AdvancedKanban')
cd /Users/admin/builder/spi-builder-workspace/.swiftpm/xcode
SwiftCompile normal arm64 Compiling\ KanbanColumnView.swift /Users/admin/builder/spi-builder-workspace/Sources/AdvancedKanban/Views/KanbanColumnView.swift (in target 'AdvancedKanban' from project 'AdvancedKanban')
/Users/admin/builder/spi-builder-workspace/Sources/AdvancedKanban/Views/KanbanColumnView.swift:129:26: error: 'onKeyPress(_:action:)' is unavailable in watchOS
127 | .strokeBorder(theme.wipLimitWarningColor, lineWidth: moveModeCardID == card.id ? 2 : 0)
128 | )
129 | .onKeyPress(.space) {
| `- error: 'onKeyPress(_:action:)' is unavailable in watchOS
130 | toggleMoveMode(for: card.id, at: index)
131 | return .handled
SwiftUI.View.onKeyPress:2:25: note: 'onKeyPress(_:action:)' has been explicitly marked unavailable here
1 | protocol View {
2 | nonisolated public func onKeyPress(_ key: KeyEquivalent, action: @escaping () -> KeyPress.Result) -> some View
| `- note: 'onKeyPress(_:action:)' has been explicitly marked unavailable here
3 | }
4 |
/Users/admin/builder/spi-builder-workspace/Sources/AdvancedKanban/Views/KanbanColumnView.swift:133:26: error: 'onKeyPress(_:action:)' is unavailable in watchOS
131 | return .handled
132 | }
133 | .onKeyPress(.return) {
| `- error: 'onKeyPress(_:action:)' is unavailable in watchOS
134 | if moveModeCardID == card.id {
135 | exitMoveMode()
SwiftUI.View.onKeyPress:2:25: note: 'onKeyPress(_:action:)' has been explicitly marked unavailable here
1 | protocol View {
2 | nonisolated public func onKeyPress(_ key: KeyEquivalent, action: @escaping () -> KeyPress.Result) -> some View
| `- note: 'onKeyPress(_:action:)' has been explicitly marked unavailable here
3 | }
4 |
/Users/admin/builder/spi-builder-workspace/Sources/AdvancedKanban/Views/KanbanColumnView.swift:141:26: error: 'onKeyPress(_:action:)' is unavailable in watchOS
139 | return .handled
140 | }
141 | .onKeyPress(.escape) {
| `- error: 'onKeyPress(_:action:)' is unavailable in watchOS
142 | guard moveModeCardID == card.id else { return .ignored }
143 | cancelMoveMode(for: card.id, currentIndex: index)
SwiftUI.View.onKeyPress:2:25: note: 'onKeyPress(_:action:)' has been explicitly marked unavailable here
1 | protocol View {
2 | nonisolated public func onKeyPress(_ key: KeyEquivalent, action: @escaping () -> KeyPress.Result) -> some View
| `- note: 'onKeyPress(_:action:)' has been explicitly marked unavailable here
3 | }
4 |
/Users/admin/builder/spi-builder-workspace/Sources/AdvancedKanban/Views/KanbanColumnView.swift:146:26: error: 'onKeyPress(_:action:)' is unavailable in watchOS
144 | return .handled
145 | }
146 | .onKeyPress(.upArrow) {
| `- error: 'onKeyPress(_:action:)' is unavailable in watchOS
147 | guard moveModeCardID == card.id, index > 0 else { return .ignored }
148 | moveCard(card.id, column.id, index - 1)
SwiftUI.View.onKeyPress:2:25: note: 'onKeyPress(_:action:)' has been explicitly marked unavailable here
1 | protocol View {
2 | nonisolated public func onKeyPress(_ key: KeyEquivalent, action: @escaping () -> KeyPress.Result) -> some View
| `- note: 'onKeyPress(_:action:)' has been explicitly marked unavailable here
3 | }
4 |
/Users/admin/builder/spi-builder-workspace/Sources/AdvancedKanban/Views/KanbanColumnView.swift:151:26: error: 'onKeyPress(_:action:)' is unavailable in watchOS
149 | return .handled
150 | }
151 | .onKeyPress(.downArrow) {
| `- error: 'onKeyPress(_:action:)' is unavailable in watchOS
152 | guard moveModeCardID == card.id, index < column.cards.count - 1 else { return .ignored }
153 | // Insertion-slot convention: `index + 1` is this
SwiftUI.View.onKeyPress:2:25: note: 'onKeyPress(_:action:)' has been explicitly marked unavailable here
1 | protocol View {
2 | nonisolated public func onKeyPress(_ key: KeyEquivalent, action: @escaping () -> KeyPress.Result) -> some View
| `- note: 'onKeyPress(_:action:)' has been explicitly marked unavailable here
3 | }
4 |
/Users/admin/builder/spi-builder-workspace/Sources/AdvancedKanban/Views/KanbanColumnView.swift:158:26: error: 'onKeyPress(_:action:)' is unavailable in watchOS
156 | return .handled
157 | }
158 | .onKeyPress(.leftArrow) {
| `- error: 'onKeyPress(_:action:)' is unavailable in watchOS
159 | guard moveModeCardID == card.id, let previousColumn = column(before: column) else { return .ignored }
160 | moveCard(card.id, previousColumn.id, previousColumn.cards.count)
SwiftUI.View.onKeyPress:2:25: note: 'onKeyPress(_:action:)' has been explicitly marked unavailable here
1 | protocol View {
2 | nonisolated public func onKeyPress(_ key: KeyEquivalent, action: @escaping () -> KeyPress.Result) -> some View
| `- note: 'onKeyPress(_:action:)' has been explicitly marked unavailable here
3 | }
4 |
/Users/admin/builder/spi-builder-workspace/Sources/AdvancedKanban/Views/KanbanColumnView.swift:164:26: error: 'onKeyPress(_:action:)' is unavailable in watchOS
162 | return .handled
163 | }
164 | .onKeyPress(.rightArrow) {
| `- error: 'onKeyPress(_:action:)' is unavailable in watchOS
165 | guard moveModeCardID == card.id, let nextColumn = column(after: column) else { return .ignored }
166 | moveCard(card.id, nextColumn.id, nextColumn.cards.count)
SwiftUI.View.onKeyPress:2:25: note: 'onKeyPress(_:action:)' has been explicitly marked unavailable here
1 | protocol View {
2 | nonisolated public func onKeyPress(_ key: KeyEquivalent, action: @escaping () -> KeyPress.Result) -> some View
| `- note: 'onKeyPress(_:action:)' has been explicitly marked unavailable here
3 | }
4 |
Failed frontend command:
SwiftCompile normal arm64 /Users/admin/builder/spi-builder-workspace/Sources/AdvancedKanban/Views/KanbanColumnView.swift (in target 'AdvancedKanban' from project 'AdvancedKanban')
cd /Users/admin/builder/spi-builder-workspace/.swiftpm/xcode
builtin-SwiftPerFileCompile KanbanColumnView.swift
/Applications/Xcode-27.0.0-Release.Candidate.app/Contents/Developer/Toolchains/XcodeDefault.xctoolchain/usr/bin/swift-frontend -frontend -c /Users/admin/builder/spi-builder-workspace/Sources/AdvancedKanban/AdvancedKanban.swift /Users/admin/builder/spi-builder-workspace/Sources/AdvancedKanban/Engine/KanbanAutoscroll.swift /Users/admin/builder/spi-builder-workspace/Sources/AdvancedKanban/Engine/KanbanDragState.swift /Users/admin/builder/spi-builder-workspace/Sources/AdvancedKanban/Engine/KanbanFramePreferenceKey.swift /Users/admin/builder/spi-builder-workspace/Sources/AdvancedKanban/Engine/KanbanGeometry.swift /Users/admin/builder/spi-builder-workspace/Sources/AdvancedKanban/Engine/KanbanInsertionResolver.swift /Users/admin/builder/spi-builder-workspace/Sources/AdvancedKanban/Engine/KanbanMoveResolver.swift /Users/admin/builder/spi-builder-workspace/Sources/AdvancedKanban/Engine/WIPLimitEvaluator.swift /Users/admin/builder/spi-builder-workspace/Sources/AdvancedKanban/Environment/EnvironmentValues+KanbanTheme.swift /Users/admin/builder/spi-builder-workspace/Sources/AdvancedKanban/Environment/KanbanTheme.swift /Users/admin/builder/spi-builder-workspace/Sources/AdvancedKanban/Model/KanbanMove.swift /Users/admin/builder/spi-builder-workspace/Sources/AdvancedKanban/Model/WIPLimitBehavior.swift /Users/admin/builder/spi-builder-workspace/Sources/AdvancedKanban/Protocols/KanbanCard.swift /Users/admin/builder/spi-builder-workspace/Sources/AdvancedKanban/Protocols/KanbanColumn.swift /Users/admin/builder/spi-builder-workspace/Sources/AdvancedKanban/Views/KanbanBoard.swift /Users/admin/builder/spi-builder-workspace/Sources/AdvancedKanban/Views/KanbanCardView.swift -primary-file /Users/admin/builder/spi-builder-workspace/Sources/AdvancedKanban/Views/KanbanColumnView.swift /Users/admin/builder/spi-builder-workspace/Sources/AdvancedKanban/Views/KanbanDragGhostOverlay.swift -emit-dependencies-path /Users/admin/builder/spi-builder-workspace/.derivedData/Build/Intermediates.noindex/AdvancedKanban.build/Debug-watchos/AdvancedKanban-t.build/Objects-normal/arm64/KanbanColumnView.d -emit-const-values-path /Users/admin/builder/spi-builder-workspace/.derivedData/Build/Intermediates.noindex/AdvancedKanban.build/Debug-watchos/AdvancedKanban-t.build/Objects-normal/arm64/KanbanColumnView.swiftconstvalues -emit-reference-dependencies-path /Users/admin/builder/spi-builder-workspace/.derivedData/Build/Intermediates.noindex/AdvancedKanban.build/Debug-watchos/AdvancedKanban-t.build/Objects-normal/arm64/KanbanColumnView.swiftdeps -serialize-diagnostics-path /Users/admin/builder/spi-builder-workspace/.derivedData/Build/Intermediates.noindex/AdvancedKanban.build/Debug-watchos/AdvancedKanban-t.build/Objects-normal/arm64/KanbanColumnView.dia -target arm64-apple-watchos10.0 -disable-cross-import-overlay-search -load-resolved-plugin /Applications/Xcode-27.0.0-Release.Candidate.app/Contents/Developer/Platforms/WatchOS.platform/Developer/usr/lib/swift/host/plugins/libFoundationMacros.dylib\#/Applications/Xcode-27.0.0-Release.Candidate.app/Contents/Developer/Platforms/WatchOS.platform/Developer/usr/bin/swift-plugin-server\#FoundationMacros -load-resolved-plugin /Applications/Xcode-27.0.0-Release.Candidate.app/Contents/Developer/Platforms/WatchOS.platform/Developer/usr/lib/swift/host/plugins/libObservationMacros.dylib\#/Applications/Xcode-27.0.0-Release.Candidate.app/Contents/Developer/Platforms/WatchOS.platform/Developer/usr/bin/swift-plugin-server\#ObservationMacros -load-resolved-plugin /Applications/Xcode-27.0.0-Release.Candidate.app/Contents/Developer/Platforms/WatchOS.platform/Developer/usr/lib/swift/host/plugins/libPreviewsMacros.dylib\#/Applications/Xcode-27.0.0-Release.Candidate.app/Contents/Developer/Platforms/WatchOS.platform/Developer/usr/bin/swift-plugin-server\#PreviewsMacros -load-resolved-plugin /Applications/Xcode-27.0.0-Release.Candidate.app/Contents/Developer/Platforms/WatchOS.platform/Developer/usr/lib/swift/host/plugins/libSwiftMacros.dylib\#/Applications/Xcode-27.0.0-Release.Candidate.app/Contents/Developer/Platforms/WatchOS.platform/Developer/usr/bin/swift-plugin-server\#SwiftMacros -load-resolved-plugin /Applications/Xcode-27.0.0-Release.Candidate.app/Contents/Developer/Platforms/WatchOS.platform/Developer/usr/lib/swift/host/plugins/libSwiftUIMacros.dylib\#/Applications/Xcode-27.0.0-Release.Candidate.app/Contents/Developer/Platforms/WatchOS.platform/Developer/usr/bin/swift-plugin-server\#SwiftUIMacros -disable-implicit-swift-modules -Xcc -fno-implicit-modules -Xcc -fno-implicit-module-maps -explicit-swift-module-map-file /Users/admin/builder/spi-builder-workspace/.derivedData/Build/Intermediates.noindex/AdvancedKanban.build/Debug-watchos/AdvancedKanban-t.build/Objects-normal/arm64/AdvancedKanban-dependencies-1.json -Xllvm -aarch64-use-tbi -enable-objc-interop -stack-check -sdk /Applications/Xcode-27.0.0-Release.Candidate.app/Contents/Developer/Platforms/WatchOS.platform/Developer/SDKs/WatchOS27.0.sdk -I /Users/admin/builder/spi-builder-workspace/.derivedData/Build/Products/Debug-watchos -Isystem /Applications/Xcode-27.0.0-Release.Candidate.app/Contents/Developer/Platforms/WatchOS.platform/Developer/usr/lib -F /Users/admin/builder/spi-builder-workspace/.derivedData/Build/Products/Debug-watchos -F /Applications/Xcode-27.0.0-Release.Candidate.app/Contents/Developer/Platforms/WatchOS.platform/Developer/Library/Frameworks -F /Applications/Xcode-27.0.0-Release.Candidate.app/Contents/Developer/Platforms/WatchOS.platform/Developer/SDKs/WatchOS27.0.sdk/Developer/Library/Frameworks -module-cache-path /Users/admin/builder/spi-builder-workspace/.derivedData/Build/Intermediates.noindex/SwiftExplicitPrecompiledModules -no-color-diagnostics -Xcc -fno-color-diagnostics -enable-testing -g -debug-info-format\=dwarf -dwarf-version\=4 -profile-generate -profile-coverage-mapping -swift-version 5 -Onone -D SWIFT_PACKAGE -D DEBUG -D SWIFT_MODULE_RESOURCE_BUNDLE_UNAVAILABLE -D Xcode -serialize-debugging-options -enable-experimental-feature DebugDescriptionMacro -empty-abi-descriptor -validate-clang-modules-once -clang-build-session-file /Users/admin/builder/spi-builder-workspace/.derivedData/ModuleCache.noindex/Session.modulevalidation -Xcc -working-directory -Xcc /Users/admin/builder/spi-builder-workspace/.swiftpm/xcode -enable-anonymous-context-mangled-names -file-compilation-dir /Users/admin/builder/spi-builder-workspace/.swiftpm/xcode -Xcc -D_LIBCPP_HARDENING_MODE\=_LIBCPP_HARDENING_MODE_DEBUG -Xcc -ivfsstatcache -Xcc /Users/admin/builder/spi-builder-workspace/.derivedData/SDKStatCaches.noindex/watchos27.0-24R360-e829b21a6f8c9b70876ba0858053c04477534ef55a1706bf4c1112bbb242f0a2.sdkstatcache -Xcc -fmodules-prune-interval\=86400 -Xcc -fmodules-prune-after\=345600 -Xcc -I/Users/admin/builder/spi-builder-workspace/.derivedData/Build/Products/Debug-watchos/include -Xcc -I/Users/admin/builder/spi-builder-workspace/.derivedData/Build/Intermediates.noindex/AdvancedKanban.build/Debug-watchos/AdvancedKanban-t.build/DerivedSources-normal/arm64 -Xcc -I/Users/admin/builder/spi-builder-workspace/.derivedData/Build/Intermediates.noindex/AdvancedKanban.build/Debug-watchos/AdvancedKanban-t.build/DerivedSources/arm64 -Xcc -I/Users/admin/builder/spi-builder-workspace/.derivedData/Build/Intermediates.noindex/AdvancedKanban.build/Debug-watchos/AdvancedKanban-t.build/DerivedSources -Xcc -DSWIFT_PACKAGE -Xcc -DDEBUG\=1 -no-auto-bridging-header-chaining -module-name AdvancedKanban -package-name spi_builder_workspace -const-gather-protocols-file /Users/admin/builder/spi-builder-workspace/.derivedData/Build/Intermediates.noindex/AdvancedKanban.build/Debug-watchos/AdvancedKanban-t.build/Objects-normal/arm64/AdvancedKanban_const_extract_protocols.json -disable-clang-spi -clang-target arm64-apple-watchos27.0 -target-sdk-version 27.0 -target-sdk-name watchos27.0 -in-process-plugin-server-path /Applications/Xcode-27.0.0-Release.Candidate.app/Contents/Developer/Toolchains/XcodeDefault.xctoolchain/usr/lib/swift/host/libSwiftInProcPluginServer.dylib -parse-as-library -o /Users/admin/builder/spi-builder-workspace/.derivedData/Build/Intermediates.noindex/AdvancedKanban.build/Debug-watchos/AdvancedKanban-t.build/Objects-normal/arm64/KanbanColumnView.o -debug-module-path /Users/admin/builder/spi-builder-workspace/.derivedData/Build/Intermediates.noindex/AdvancedKanban.build/Debug-watchos/AdvancedKanban-t.build/Objects-normal/arm64/AdvancedKanban.swiftmodule -index-unit-output-path /AdvancedKanban.build/Debug-watchos/AdvancedKanban-t.build/Objects-normal/arm64/KanbanColumnView.o -index-store-path /Users/admin/builder/spi-builder-workspace/.derivedData/Index.noindex/DataStore -index-system-modules
SwiftCompile normal arm64 Compiling\ KanbanCard.swift,\ KanbanColumn.swift /Users/admin/builder/spi-builder-workspace/Sources/AdvancedKanban/Protocols/KanbanCard.swift /Users/admin/builder/spi-builder-workspace/Sources/AdvancedKanban/Protocols/KanbanColumn.swift (in target 'AdvancedKanban' from project 'AdvancedKanban')
SwiftCompile normal arm64 /Users/admin/builder/spi-builder-workspace/Sources/AdvancedKanban/Protocols/KanbanCard.swift (in target 'AdvancedKanban' from project 'AdvancedKanban')
cd /Users/admin/builder/spi-builder-workspace/.swiftpm/xcode
builtin-SwiftPerFileCompile KanbanCard.swift
SwiftCompile normal arm64 /Users/admin/builder/spi-builder-workspace/Sources/AdvancedKanban/Protocols/KanbanColumn.swift (in target 'AdvancedKanban' from project 'AdvancedKanban')
cd /Users/admin/builder/spi-builder-workspace/.swiftpm/xcode
builtin-SwiftPerFileCompile KanbanColumn.swift
SwiftCompile normal arm64 Compiling\ KanbanBoard.swift,\ KanbanCardView.swift /Users/admin/builder/spi-builder-workspace/Sources/AdvancedKanban/Views/KanbanBoard.swift /Users/admin/builder/spi-builder-workspace/Sources/AdvancedKanban/Views/KanbanCardView.swift (in target 'AdvancedKanban' from project 'AdvancedKanban')
SwiftCompile normal arm64 /Users/admin/builder/spi-builder-workspace/Sources/AdvancedKanban/Views/KanbanBoard.swift (in target 'AdvancedKanban' from project 'AdvancedKanban')
cd /Users/admin/builder/spi-builder-workspace/.swiftpm/xcode
builtin-SwiftPerFileCompile KanbanBoard.swift
SwiftCompile normal arm64 /Users/admin/builder/spi-builder-workspace/Sources/AdvancedKanban/Views/KanbanCardView.swift (in target 'AdvancedKanban' from project 'AdvancedKanban')
cd /Users/admin/builder/spi-builder-workspace/.swiftpm/xcode
builtin-SwiftPerFileCompile KanbanCardView.swift
/Users/admin/builder/spi-builder-workspace/Sources/AdvancedKanban/Views/KanbanCardView.swift:39:14: error: 'onHover(perform:)' is unavailable in watchOS
37 | var body: some View {
38 | chrome
39 | .onHover { hovering in
| `- error: 'onHover(perform:)' is unavailable in watchOS
40 | isHovering = hovering
41 | }
SwiftUI.View.onHover:2:36: note: 'onHover(perform:)' has been explicitly marked unavailable here
1 | protocol View {
2 | @inlinable nonisolated public func onHover(perform action: @escaping (Bool) -> Void) -> some View
| `- note: 'onHover(perform:)' has been explicitly marked unavailable here
3 | }
4 |
SwiftCompile normal arm64 Compiling\ KanbanMove.swift,\ WIPLimitBehavior.swift /Users/admin/builder/spi-builder-workspace/Sources/AdvancedKanban/Model/KanbanMove.swift /Users/admin/builder/spi-builder-workspace/Sources/AdvancedKanban/Model/WIPLimitBehavior.swift (in target 'AdvancedKanban' from project 'AdvancedKanban')
SwiftCompile normal arm64 /Users/admin/builder/spi-builder-workspace/Sources/AdvancedKanban/Model/KanbanMove.swift (in target 'AdvancedKanban' from project 'AdvancedKanban')
cd /Users/admin/builder/spi-builder-workspace/.swiftpm/xcode
builtin-SwiftPerFileCompile KanbanMove.swift
SwiftCompile normal arm64 /Users/admin/builder/spi-builder-workspace/Sources/AdvancedKanban/Model/WIPLimitBehavior.swift (in target 'AdvancedKanban' from project 'AdvancedKanban')
cd /Users/admin/builder/spi-builder-workspace/.swiftpm/xcode
builtin-SwiftPerFileCompile WIPLimitBehavior.swift
SwiftCompile normal arm64 Compiling\ EnvironmentValues+KanbanTheme.swift,\ KanbanTheme.swift /Users/admin/builder/spi-builder-workspace/Sources/AdvancedKanban/Environment/EnvironmentValues+KanbanTheme.swift /Users/admin/builder/spi-builder-workspace/Sources/AdvancedKanban/Environment/KanbanTheme.swift (in target 'AdvancedKanban' from project 'AdvancedKanban')
SwiftCompile normal arm64 /Users/admin/builder/spi-builder-workspace/Sources/AdvancedKanban/Environment/EnvironmentValues+KanbanTheme.swift (in target 'AdvancedKanban' from project 'AdvancedKanban')
cd /Users/admin/builder/spi-builder-workspace/.swiftpm/xcode
builtin-SwiftPerFileCompile EnvironmentValues+KanbanTheme.swift
SwiftCompile normal arm64 /Users/admin/builder/spi-builder-workspace/Sources/AdvancedKanban/Environment/KanbanTheme.swift (in target 'AdvancedKanban' from project 'AdvancedKanban')
cd /Users/admin/builder/spi-builder-workspace/.swiftpm/xcode
builtin-SwiftPerFileCompile KanbanTheme.swift
/Users/admin/builder/spi-builder-workspace/Sources/AdvancedKanban/Environment/KanbanTheme.swift:65:14: error: extraneous argument label 'nsColor:' in call
63 | Color(uiColor: .secondarySystemBackground)
64 | #else
65 | Color(nsColor: .underPageBackgroundColor)
| `- error: extraneous argument label 'nsColor:' in call
66 | #endif
67 | }
/Users/admin/builder/spi-builder-workspace/Sources/AdvancedKanban/Environment/KanbanTheme.swift:73:9: error: no exact matches in call to initializer
71 | Color(uiColor: .systemBackground)
72 | #else
73 | Color(nsColor: .textBackgroundColor)
| `- error: no exact matches in call to initializer
74 | #endif
75 | }
SwiftUI.Color.init:3:10: note: incorrect labels for candidate (have: '(nsColor:)', expected: '(_:)')
1 | struct Color {
2 | @available(iOS 17.0, macOS 14.0, tvOS 17.0, watchOS 10.0, *)
3 | public init<T>(_ color: T) where T : Hashable, T : ShapeStyle, T.Resolved == Color.Resolved}
| `- note: incorrect labels for candidate (have: '(nsColor:)', expected: '(_:)')
4 |
SwiftUI.Color.init:2:8: note: incorrect labels for candidate (have: '(nsColor:)', expected: '(_:)')
1 | struct Color {
2 | public init(_ resolved: Color.Resolved)}
| `- note: incorrect labels for candidate (have: '(nsColor:)', expected: '(_:)')
3 |
SwiftUI.Color.init:2:8: note: incorrect labels for candidate (have: '(nsColor:)', expected: '(_:)')
1 | struct Color {
2 | public init(_ cgColor: CGColor)}
| `- note: incorrect labels for candidate (have: '(nsColor:)', expected: '(_:)')
3 |
SwiftUI.Color.init:2:8: note: incorrect labels for candidate (have: '(nsColor:)', expected: '(_:)')
1 | struct Color {
2 | public init(_ name: String, bundle: Bundle? = nil)}
| `- note: incorrect labels for candidate (have: '(nsColor:)', expected: '(_:)')
3 |
SwiftUI.Color.init:2:8: note: incorrect labels for candidate (have: '(nsColor:)', expected: '(_:)')
1 | struct Color {
2 | public init(_ resource: ColorResource)}
| `- note: incorrect labels for candidate (have: '(nsColor:)', expected: '(_:)')
3 |
/Users/admin/builder/spi-builder-workspace/Sources/AdvancedKanban/Environment/KanbanTheme.swift:73:25: error: reference to member 'textBackgroundColor' cannot be resolved without a contextual type
71 | Color(uiColor: .systemBackground)
72 | #else
73 | Color(nsColor: .textBackgroundColor)
| `- error: reference to member 'textBackgroundColor' cannot be resolved without a contextual type
74 | #endif
75 | }
SwiftCompile normal arm64 Compiling\ KanbanMoveResolver.swift,\ WIPLimitEvaluator.swift /Users/admin/builder/spi-builder-workspace/Sources/AdvancedKanban/Engine/KanbanMoveResolver.swift /Users/admin/builder/spi-builder-workspace/Sources/AdvancedKanban/Engine/WIPLimitEvaluator.swift (in target 'AdvancedKanban' from project 'AdvancedKanban')
SwiftCompile normal arm64 /Users/admin/builder/spi-builder-workspace/Sources/AdvancedKanban/Engine/KanbanMoveResolver.swift (in target 'AdvancedKanban' from project 'AdvancedKanban')
cd /Users/admin/builder/spi-builder-workspace/.swiftpm/xcode
builtin-SwiftPerFileCompile KanbanMoveResolver.swift
SwiftCompile normal arm64 /Users/admin/builder/spi-builder-workspace/Sources/AdvancedKanban/Engine/WIPLimitEvaluator.swift (in target 'AdvancedKanban' from project 'AdvancedKanban')
cd /Users/admin/builder/spi-builder-workspace/.swiftpm/xcode
builtin-SwiftPerFileCompile WIPLimitEvaluator.swift
SwiftCompile normal arm64 Compiling\ KanbanGeometry.swift,\ KanbanInsertionResolver.swift /Users/admin/builder/spi-builder-workspace/Sources/AdvancedKanban/Engine/KanbanGeometry.swift /Users/admin/builder/spi-builder-workspace/Sources/AdvancedKanban/Engine/KanbanInsertionResolver.swift (in target 'AdvancedKanban' from project 'AdvancedKanban')
SwiftCompile normal arm64 /Users/admin/builder/spi-builder-workspace/Sources/AdvancedKanban/Engine/KanbanGeometry.swift (in target 'AdvancedKanban' from project 'AdvancedKanban')
cd /Users/admin/builder/spi-builder-workspace/.swiftpm/xcode
builtin-SwiftPerFileCompile KanbanGeometry.swift
SwiftCompile normal arm64 /Users/admin/builder/spi-builder-workspace/Sources/AdvancedKanban/Engine/KanbanInsertionResolver.swift (in target 'AdvancedKanban' from project 'AdvancedKanban')
cd /Users/admin/builder/spi-builder-workspace/.swiftpm/xcode
builtin-SwiftPerFileCompile KanbanInsertionResolver.swift
SwiftCompile normal arm64 Compiling\ KanbanDragGhostOverlay.swift /Users/admin/builder/spi-builder-workspace/Sources/AdvancedKanban/Views/KanbanDragGhostOverlay.swift (in target 'AdvancedKanban' from project 'AdvancedKanban')
SwiftCompile normal arm64 /Users/admin/builder/spi-builder-workspace/Sources/AdvancedKanban/Views/KanbanDragGhostOverlay.swift (in target 'AdvancedKanban' from project 'AdvancedKanban')
cd /Users/admin/builder/spi-builder-workspace/.swiftpm/xcode
builtin-SwiftPerFileCompile KanbanDragGhostOverlay.swift
SwiftCompile normal arm64 Compiling\ AdvancedKanban.swift,\ KanbanAutoscroll.swift /Users/admin/builder/spi-builder-workspace/Sources/AdvancedKanban/AdvancedKanban.swift /Users/admin/builder/spi-builder-workspace/Sources/AdvancedKanban/Engine/KanbanAutoscroll.swift (in target 'AdvancedKanban' from project 'AdvancedKanban')
SwiftCompile normal arm64 /Users/admin/builder/spi-builder-workspace/Sources/AdvancedKanban/AdvancedKanban.swift (in target 'AdvancedKanban' from project 'AdvancedKanban')
cd /Users/admin/builder/spi-builder-workspace/.swiftpm/xcode
builtin-SwiftPerFileCompile AdvancedKanban.swift
SwiftCompile normal arm64 /Users/admin/builder/spi-builder-workspace/Sources/AdvancedKanban/Engine/KanbanAutoscroll.swift (in target 'AdvancedKanban' from project 'AdvancedKanban')
cd /Users/admin/builder/spi-builder-workspace/.swiftpm/xcode
builtin-SwiftPerFileCompile KanbanAutoscroll.swift
SwiftEmitModule normal arm64_32 Emitting\ module\ for\ AdvancedKanban (in target 'AdvancedKanban' from project 'AdvancedKanban')
SwiftCompile normal arm64_32 (in target 'AdvancedKanban' from project 'AdvancedKanban')
cd /Users/admin/builder/spi-builder-workspace/.swiftpm/xcode
SwiftDriverJobDiscovery normal arm64 Emitting module for AdvancedKanban (in target 'AdvancedKanban' from project 'AdvancedKanban')
SwiftDriver\ Compilation\ Requirements AdvancedKanban normal arm64 com.apple.xcode.tools.swift.compiler (in target 'AdvancedKanban' from project 'AdvancedKanban')
cd /Users/admin/builder/spi-builder-workspace/.swiftpm/xcode
builtin-Swift-Compilation-Requirements -- /Applications/Xcode-27.0.0-Release.Candidate.app/Contents/Developer/Toolchains/XcodeDefault.xctoolchain/usr/bin/swiftc -parse-as-library -module-name AdvancedKanban -Onone @/Users/admin/builder/spi-builder-workspace/.derivedData/Build/Intermediates.noindex/AdvancedKanban.build/Debug-watchos/AdvancedKanban-t.build/Objects-normal/arm64/AdvancedKanban.SwiftFileList -DSWIFT_PACKAGE -DDEBUG -DSWIFT_MODULE_RESOURCE_BUNDLE_UNAVAILABLE -DXcode -plugin-path /Applications/Xcode-27.0.0-Release.Candidate.app/Contents/Developer/Toolchains/XcodeDefault.xctoolchain/usr/lib/swift/host/plugins/testing -enable-experimental-feature DebugDescriptionMacro -sdk /Applications/Xcode-27.0.0-Release.Candidate.app/Contents/Developer/Platforms/WatchOS.platform/Developer/SDKs/WatchOS27.0.sdk -target arm64-apple-watchos10.0 -g -module-cache-path /Users/admin/builder/spi-builder-workspace/.derivedData/ModuleCache.noindex -Xfrontend -serialize-debugging-options -profile-coverage-mapping -profile-generate -enable-testing -index-store-path /Users/admin/builder/spi-builder-workspace/.derivedData/Index.noindex/DataStore -Xcc -D_LIBCPP_HARDENING_MODE\=_LIBCPP_HARDENING_MODE_DEBUG -swift-version 5 -I /Users/admin/builder/spi-builder-workspace/.derivedData/Build/Products/Debug-watchos -Isystem /Applications/Xcode-27.0.0-Release.Candidate.app/Contents/Developer/Platforms/WatchOS.platform/Developer/usr/lib -F /Users/admin/builder/spi-builder-workspace/.derivedData/Build/Products/Debug-watchos -F /Applications/Xcode-27.0.0-Release.Candidate.app/Contents/Developer/Platforms/WatchOS.platform/Developer/Library/Frameworks -F /Applications/Xcode-27.0.0-Release.Candidate.app/Contents/Developer/Platforms/WatchOS.platform/Developer/SDKs/WatchOS27.0.sdk/Developer/Library/Frameworks -c -j10 -enable-batch-mode -incremental -Xcc -ivfsstatcache -Xcc /Users/admin/builder/spi-builder-workspace/.derivedData/SDKStatCaches.noindex/watchos27.0-24R360-e829b21a6f8c9b70876ba0858053c04477534ef55a1706bf4c1112bbb242f0a2.sdkstatcache -output-file-map /Users/admin/builder/spi-builder-workspace/.derivedData/Build/Intermediates.noindex/AdvancedKanban.build/Debug-watchos/AdvancedKanban-t.build/Objects-normal/arm64/AdvancedKanban-OutputFileMap.json -save-temps -no-color-diagnostics -explicit-module-build -module-cache-path /Users/admin/builder/spi-builder-workspace/.derivedData/Build/Intermediates.noindex/SwiftExplicitPrecompiledModules -clang-scanner-module-cache-path /Users/admin/builder/spi-builder-workspace/.derivedData/ModuleCache.noindex -sdk-module-cache-path /Users/admin/builder/spi-builder-workspace/.derivedData/SDKExplicitPrecompiledModules -emit-dependencies -emit-module -emit-module-path /Users/admin/builder/spi-builder-workspace/.derivedData/Build/Intermediates.noindex/AdvancedKanban.build/Debug-watchos/AdvancedKanban-t.build/Objects-normal/arm64/AdvancedKanban.swiftmodule -serialize-diagnostics -dependency-scan-serialize-diagnostics-path /Users/admin/builder/spi-builder-workspace/.derivedData/Build/Intermediates.noindex/AdvancedKanban.build/Debug-watchos/AdvancedKanban-t.build/Objects-normal/arm64/AdvancedKanban-dependency-scan.dia -validate-clang-modules-once -clang-build-session-file /Users/admin/builder/spi-builder-workspace/.derivedData/ModuleCache.noindex/Session.modulevalidation -Xcc -fmodules-prune-interval\=86400 -Xcc -fmodules-prune-after\=345600 -package-name spi_builder_workspace -emit-const-values -const-gather-protocols-list /Users/admin/builder/spi-builder-workspace/.derivedData/Build/Intermediates.noindex/AdvancedKanban.build/Debug-watchos/AdvancedKanban-t.build/Objects-normal/arm64/AdvancedKanban_const_extract_protocols.json -Xcc -I/Users/admin/builder/spi-builder-workspace/.derivedData/Build/Products/Debug-watchos/include -Xcc -I/Users/admin/builder/spi-builder-workspace/.derivedData/Build/Intermediates.noindex/AdvancedKanban.build/Debug-watchos/AdvancedKanban-t.build/DerivedSources-normal/arm64 -Xcc -I/Users/admin/builder/spi-builder-workspace/.derivedData/Build/Intermediates.noindex/AdvancedKanban.build/Debug-watchos/AdvancedKanban-t.build/DerivedSources/arm64 -Xcc -I/Users/admin/builder/spi-builder-workspace/.derivedData/Build/Intermediates.noindex/AdvancedKanban.build/Debug-watchos/AdvancedKanban-t.build/DerivedSources -Xcc -DSWIFT_PACKAGE -Xcc -DDEBUG\=1 -emit-objc-header -emit-objc-header-path /Users/admin/builder/spi-builder-workspace/.derivedData/Build/Intermediates.noindex/AdvancedKanban.build/Debug-watchos/AdvancedKanban-t.build/Objects-normal/arm64/AdvancedKanban-Swift.h -working-directory /Users/admin/builder/spi-builder-workspace/.swiftpm/xcode -experimental-emit-module-separately -disable-cmo
SwiftDriverJobDiscovery normal arm64 Compiling KanbanMoveResolver.swift, WIPLimitEvaluator.swift (in target 'AdvancedKanban' from project 'AdvancedKanban')
SwiftCompile normal arm64_32 Compiling\ KanbanDragGhostOverlay.swift /Users/admin/builder/spi-builder-workspace/Sources/AdvancedKanban/Views/KanbanDragGhostOverlay.swift (in target 'AdvancedKanban' from project 'AdvancedKanban')
SwiftCompile normal arm64_32 /Users/admin/builder/spi-builder-workspace/Sources/AdvancedKanban/Views/KanbanDragGhostOverlay.swift (in target 'AdvancedKanban' from project 'AdvancedKanban')
cd /Users/admin/builder/spi-builder-workspace/.swiftpm/xcode
builtin-SwiftPerFileCompile KanbanDragGhostOverlay.swift
SwiftCompile normal arm64_32 Compiling\ KanbanGeometry.swift,\ KanbanInsertionResolver.swift /Users/admin/builder/spi-builder-workspace/Sources/AdvancedKanban/Engine/KanbanGeometry.swift /Users/admin/builder/spi-builder-workspace/Sources/AdvancedKanban/Engine/KanbanInsertionResolver.swift (in target 'AdvancedKanban' from project 'AdvancedKanban')
SwiftCompile normal arm64_32 /Users/admin/builder/spi-builder-workspace/Sources/AdvancedKanban/Engine/KanbanGeometry.swift (in target 'AdvancedKanban' from project 'AdvancedKanban')
cd /Users/admin/builder/spi-builder-workspace/.swiftpm/xcode
builtin-SwiftPerFileCompile KanbanGeometry.swift
SwiftCompile normal arm64_32 /Users/admin/builder/spi-builder-workspace/Sources/AdvancedKanban/Engine/KanbanInsertionResolver.swift (in target 'AdvancedKanban' from project 'AdvancedKanban')
cd /Users/admin/builder/spi-builder-workspace/.swiftpm/xcode
builtin-SwiftPerFileCompile KanbanInsertionResolver.swift
SwiftDriverJobDiscovery normal arm64 Compiling KanbanCard.swift, KanbanColumn.swift (in target 'AdvancedKanban' from project 'AdvancedKanban')
SwiftCompile normal arm64_32 Compiling\ KanbanColumnView.swift /Users/admin/builder/spi-builder-workspace/Sources/AdvancedKanban/Views/KanbanColumnView.swift (in target 'AdvancedKanban' from project 'AdvancedKanban')
/Users/admin/builder/spi-builder-workspace/Sources/AdvancedKanban/Views/KanbanColumnView.swift:129:26: error: 'onKeyPress(_:action:)' is unavailable in watchOS
127 | .strokeBorder(theme.wipLimitWarningColor, lineWidth: moveModeCardID == card.id ? 2 : 0)
128 | )
129 | .onKeyPress(.space) {
| `- error: 'onKeyPress(_:action:)' is unavailable in watchOS
130 | toggleMoveMode(for: card.id, at: index)
131 | return .handled
SwiftUI.View.onKeyPress:2:25: note: 'onKeyPress(_:action:)' has been explicitly marked unavailable here
1 | protocol View {
2 | nonisolated public func onKeyPress(_ key: KeyEquivalent, action: @escaping () -> KeyPress.Result) -> some View
| `- note: 'onKeyPress(_:action:)' has been explicitly marked unavailable here
3 | }
4 |
/Users/admin/builder/spi-builder-workspace/Sources/AdvancedKanban/Views/KanbanColumnView.swift:133:26: error: 'onKeyPress(_:action:)' is unavailable in watchOS
131 | return .handled
132 | }
133 | .onKeyPress(.return) {
| `- error: 'onKeyPress(_:action:)' is unavailable in watchOS
134 | if moveModeCardID == card.id {
135 | exitMoveMode()
SwiftUI.View.onKeyPress:2:25: note: 'onKeyPress(_:action:)' has been explicitly marked unavailable here
1 | protocol View {
2 | nonisolated public func onKeyPress(_ key: KeyEquivalent, action: @escaping () -> KeyPress.Result) -> some View
| `- note: 'onKeyPress(_:action:)' has been explicitly marked unavailable here
3 | }
4 |
/Users/admin/builder/spi-builder-workspace/Sources/AdvancedKanban/Views/KanbanColumnView.swift:141:26: error: 'onKeyPress(_:action:)' is unavailable in watchOS
139 | return .handled
140 | }
141 | .onKeyPress(.escape) {
| `- error: 'onKeyPress(_:action:)' is unavailable in watchOS
142 | guard moveModeCardID == card.id else { return .ignored }
143 | cancelMoveMode(for: card.id, currentIndex: index)
SwiftUI.View.onKeyPress:2:25: note: 'onKeyPress(_:action:)' has been explicitly marked unavailable here
1 | protocol View {
2 | nonisolated public func onKeyPress(_ key: KeyEquivalent, action: @escaping () -> KeyPress.Result) -> some View
| `- note: 'onKeyPress(_:action:)' has been explicitly marked unavailable here
3 | }
4 |
/Users/admin/builder/spi-builder-workspace/Sources/AdvancedKanban/Views/KanbanColumnView.swift:146:26: error: 'onKeyPress(_:action:)' is unavailable in watchOS
144 | return .handled
145 | }
146 | .onKeyPress(.upArrow) {
| `- error: 'onKeyPress(_:action:)' is unavailable in watchOS
147 | guard moveModeCardID == card.id, index > 0 else { return .ignored }
148 | moveCard(card.id, column.id, index - 1)
SwiftUI.View.onKeyPress:2:25: note: 'onKeyPress(_:action:)' has been explicitly marked unavailable here
1 | protocol View {
2 | nonisolated public func onKeyPress(_ key: KeyEquivalent, action: @escaping () -> KeyPress.Result) -> some View
| `- note: 'onKeyPress(_:action:)' has been explicitly marked unavailable here
3 | }
4 |
/Users/admin/builder/spi-builder-workspace/Sources/AdvancedKanban/Views/KanbanColumnView.swift:151:26: error: 'onKeyPress(_:action:)' is unavailable in watchOS
149 | return .handled
150 | }
151 | .onKeyPress(.downArrow) {
| `- error: 'onKeyPress(_:action:)' is unavailable in watchOS
152 | guard moveModeCardID == card.id, index < column.cards.count - 1 else { return .ignored }
153 | // Insertion-slot convention: `index + 1` is this
SwiftUI.View.onKeyPress:2:25: note: 'onKeyPress(_:action:)' has been explicitly marked unavailable here
1 | protocol View {
2 | nonisolated public func onKeyPress(_ key: KeyEquivalent, action: @escaping () -> KeyPress.Result) -> some View
| `- note: 'onKeyPress(_:action:)' has been explicitly marked unavailable here
3 | }
4 |
/Users/admin/builder/spi-builder-workspace/Sources/AdvancedKanban/Views/KanbanColumnView.swift:158:26: error: 'onKeyPress(_:action:)' is unavailable in watchOS
156 | return .handled
157 | }
158 | .onKeyPress(.leftArrow) {
| `- error: 'onKeyPress(_:action:)' is unavailable in watchOS
159 | guard moveModeCardID == card.id, let previousColumn = column(before: column) else { return .ignored }
160 | moveCard(card.id, previousColumn.id, previousColumn.cards.count)
SwiftUI.View.onKeyPress:2:25: note: 'onKeyPress(_:action:)' has been explicitly marked unavailable here
1 | protocol View {
2 | nonisolated public func onKeyPress(_ key: KeyEquivalent, action: @escaping () -> KeyPress.Result) -> some View
| `- note: 'onKeyPress(_:action:)' has been explicitly marked unavailable here
3 | }
4 |
SwiftCompile normal arm64_32 /Users/admin/builder/spi-builder-workspace/Sources/AdvancedKanban/Views/KanbanColumnView.swift (in target 'AdvancedKanban' from project 'AdvancedKanban')
cd /Users/admin/builder/spi-builder-workspace/.swiftpm/xcode
builtin-SwiftPerFileCompile KanbanColumnView.swift
SwiftDriverJobDiscovery normal arm64 Compiling KanbanMove.swift, WIPLimitBehavior.swift (in target 'AdvancedKanban' from project 'AdvancedKanban')
Copy /Users/admin/builder/spi-builder-workspace/.derivedData/Build/Products/Debug-watchos/AdvancedKanban.swiftmodule/arm64-apple-watchos.swiftmodule /Users/admin/builder/spi-builder-workspace/.derivedData/Build/Intermediates.noindex/AdvancedKanban.build/Debug-watchos/AdvancedKanban-t.build/Objects-normal/arm64/AdvancedKanban.swiftmodule (in target 'AdvancedKanban' from project 'AdvancedKanban')
cd /Users/admin/builder/spi-builder-workspace
builtin-copy -exclude .DS_Store -exclude CVS -exclude .svn -exclude .git -exclude .hg -resolve-src-symlinks -rename /Users/admin/builder/spi-builder-workspace/.derivedData/Build/Intermediates.noindex/AdvancedKanban.build/Debug-watchos/AdvancedKanban-t.build/Objects-normal/arm64/AdvancedKanban.swiftmodule /Users/admin/builder/spi-builder-workspace/.derivedData/Build/Products/Debug-watchos/AdvancedKanban.swiftmodule/arm64-apple-watchos.swiftmodule
SwiftDriverJobDiscovery normal arm64_32 Emitting module for AdvancedKanban (in target 'AdvancedKanban' from project 'AdvancedKanban')
SwiftDriver\ Compilation\ Requirements AdvancedKanban normal arm64_32 com.apple.xcode.tools.swift.compiler (in target 'AdvancedKanban' from project 'AdvancedKanban')
cd /Users/admin/builder/spi-builder-workspace/.swiftpm/xcode
builtin-Swift-Compilation-Requirements -- /Applications/Xcode-27.0.0-Release.Candidate.app/Contents/Developer/Toolchains/XcodeDefault.xctoolchain/usr/bin/swiftc -parse-as-library -module-name AdvancedKanban -Onone @/Users/admin/builder/spi-builder-workspace/.derivedData/Build/Intermediates.noindex/AdvancedKanban.build/Debug-watchos/AdvancedKanban-t.build/Objects-normal/arm64_32/AdvancedKanban.SwiftFileList -DSWIFT_PACKAGE -DDEBUG -DSWIFT_MODULE_RESOURCE_BUNDLE_UNAVAILABLE -DXcode -plugin-path /Applications/Xcode-27.0.0-Release.Candidate.app/Contents/Developer/Toolchains/XcodeDefault.xctoolchain/usr/lib/swift/host/plugins/testing -enable-experimental-feature DebugDescriptionMacro -sdk /Applications/Xcode-27.0.0-Release.Candidate.app/Contents/Developer/Platforms/WatchOS.platform/Developer/SDKs/WatchOS27.0.sdk -target arm64_32-apple-watchos10.0 -g -module-cache-path /Users/admin/builder/spi-builder-workspace/.derivedData/ModuleCache.noindex -Xfrontend -serialize-debugging-options -profile-coverage-mapping -profile-generate -enable-testing -index-store-path /Users/admin/builder/spi-builder-workspace/.derivedData/Index.noindex/DataStore -Xcc -D_LIBCPP_HARDENING_MODE\=_LIBCPP_HARDENING_MODE_DEBUG -swift-version 5 -I /Users/admin/builder/spi-builder-workspace/.derivedData/Build/Products/Debug-watchos -Isystem /Applications/Xcode-27.0.0-Release.Candidate.app/Contents/Developer/Platforms/WatchOS.platform/Developer/usr/lib -F /Users/admin/builder/spi-builder-workspace/.derivedData/Build/Products/Debug-watchos -F /Applications/Xcode-27.0.0-Release.Candidate.app/Contents/Developer/Platforms/WatchOS.platform/Developer/Library/Frameworks -F /Applications/Xcode-27.0.0-Release.Candidate.app/Contents/Developer/Platforms/WatchOS.platform/Developer/SDKs/WatchOS27.0.sdk/Developer/Library/Frameworks -c -j10 -enable-batch-mode -incremental -Xcc -ivfsstatcache -Xcc /Users/admin/builder/spi-builder-workspace/.derivedData/SDKStatCaches.noindex/watchos27.0-24R360-e829b21a6f8c9b70876ba0858053c04477534ef55a1706bf4c1112bbb242f0a2.sdkstatcache -output-file-map /Users/admin/builder/spi-builder-workspace/.derivedData/Build/Intermediates.noindex/AdvancedKanban.build/Debug-watchos/AdvancedKanban-t.build/Objects-normal/arm64_32/AdvancedKanban-OutputFileMap.json -save-temps -no-color-diagnostics -explicit-module-build -module-cache-path /Users/admin/builder/spi-builder-workspace/.derivedData/Build/Intermediates.noindex/SwiftExplicitPrecompiledModules -clang-scanner-module-cache-path /Users/admin/builder/spi-builder-workspace/.derivedData/ModuleCache.noindex -sdk-module-cache-path /Users/admin/builder/spi-builder-workspace/.derivedData/SDKExplicitPrecompiledModules -emit-dependencies -emit-module -emit-module-path /Users/admin/builder/spi-builder-workspace/.derivedData/Build/Intermediates.noindex/AdvancedKanban.build/Debug-watchos/AdvancedKanban-t.build/Objects-normal/arm64_32/AdvancedKanban.swiftmodule -serialize-diagnostics -dependency-scan-serialize-diagnostics-path /Users/admin/builder/spi-builder-workspace/.derivedData/Build/Intermediates.noindex/AdvancedKanban.build/Debug-watchos/AdvancedKanban-t.build/Objects-normal/arm64_32/AdvancedKanban-dependency-scan.dia -validate-clang-modules-once -clang-build-session-file /Users/admin/builder/spi-builder-workspace/.derivedData/ModuleCache.noindex/Session.modulevalidation -Xcc -fmodules-prune-interval\=86400 -Xcc -fmodules-prune-after\=345600 -package-name spi_builder_workspace -emit-const-values -const-gather-protocols-list /Users/admin/builder/spi-builder-workspace/.derivedData/Build/Intermediates.noindex/AdvancedKanban.build/Debug-watchos/AdvancedKanban-t.build/Objects-normal/arm64_32/AdvancedKanban_const_extract_protocols.json -Xcc -I/Users/admin/builder/spi-builder-workspace/.derivedData/Build/Products/Debug-watchos/include -Xcc -I/Users/admin/builder/spi-builder-workspace/.derivedData/Build/Intermediates.noindex/AdvancedKanban.build/Debug-watchos/AdvancedKanban-t.build/DerivedSources-normal/arm64_32 -Xcc -I/Users/admin/builder/spi-builder-workspace/.derivedData/Build/Intermediates.noindex/AdvancedKanban.build/Debug-watchos/AdvancedKanban-t.build/DerivedSources/arm64_32 -Xcc -I/Users/admin/builder/spi-builder-workspace/.derivedData/Build/Intermediates.noindex/AdvancedKanban.build/Debug-watchos/AdvancedKanban-t.build/DerivedSources -Xcc -DSWIFT_PACKAGE -Xcc -DDEBUG\=1 -emit-objc-header -emit-objc-header-path /Users/admin/builder/spi-builder-workspace/.derivedData/Build/Intermediates.noindex/AdvancedKanban.build/Debug-watchos/AdvancedKanban-t.build/Objects-normal/arm64_32/AdvancedKanban-Swift.h -working-directory /Users/admin/builder/spi-builder-workspace/.swiftpm/xcode -experimental-emit-module-separately -disable-cmo
Copy /Users/admin/builder/spi-builder-workspace/.derivedData/Build/Products/Debug-watchos/AdvancedKanban.swiftmodule/arm64-apple-watchos.swiftdoc /Users/admin/builder/spi-builder-workspace/.derivedData/Build/Intermediates.noindex/AdvancedKanban.build/Debug-watchos/AdvancedKanban-t.build/Objects-normal/arm64/AdvancedKanban.swiftdoc (in target 'AdvancedKanban' from project 'AdvancedKanban')
cd /Users/admin/builder/spi-builder-workspace
builtin-copy -exclude .DS_Store -exclude CVS -exclude .svn -exclude .git -exclude .hg -resolve-src-symlinks -rename /Users/admin/builder/spi-builder-workspace/.derivedData/Build/Intermediates.noindex/AdvancedKanban.build/Debug-watchos/AdvancedKanban-t.build/Objects-normal/arm64/AdvancedKanban.swiftdoc /Users/admin/builder/spi-builder-workspace/.derivedData/Build/Products/Debug-watchos/AdvancedKanban.swiftmodule/arm64-apple-watchos.swiftdoc
SwiftMergeGeneratedHeaders /Users/admin/builder/spi-builder-workspace/.derivedData/Build/Intermediates.noindex/GeneratedModuleMaps-watchos/AdvancedKanban-Swift.h /Users/admin/builder/spi-builder-workspace/.derivedData/Build/Intermediates.noindex/AdvancedKanban.build/Debug-watchos/AdvancedKanban-t.build/Objects-normal/arm64/AdvancedKanban-Swift.h /Users/admin/builder/spi-builder-workspace/.derivedData/Build/Intermediates.noindex/AdvancedKanban.build/Debug-watchos/AdvancedKanban-t.build/Objects-normal/arm64_32/AdvancedKanban-Swift.h (in target 'AdvancedKanban' from project 'AdvancedKanban')
cd /Users/admin/builder/spi-builder-workspace
builtin-swiftHeaderTool -arch arm64 /Users/admin/builder/spi-builder-workspace/.derivedData/Build/Intermediates.noindex/AdvancedKanban.build/Debug-watchos/AdvancedKanban-t.build/Objects-normal/arm64/AdvancedKanban-Swift.h -arch arm64_32 /Users/admin/builder/spi-builder-workspace/.derivedData/Build/Intermediates.noindex/AdvancedKanban.build/Debug-watchos/AdvancedKanban-t.build/Objects-normal/arm64_32/AdvancedKanban-Swift.h -o /Users/admin/builder/spi-builder-workspace/.derivedData/Build/Intermediates.noindex/GeneratedModuleMaps-watchos/AdvancedKanban-Swift.h
Copy /Users/admin/builder/spi-builder-workspace/.derivedData/Build/Products/Debug-watchos/AdvancedKanban.swiftmodule/arm64_32-apple-watchos.swiftmodule /Users/admin/builder/spi-builder-workspace/.derivedData/Build/Intermediates.noindex/AdvancedKanban.build/Debug-watchos/AdvancedKanban-t.build/Objects-normal/arm64_32/AdvancedKanban.swiftmodule (in target 'AdvancedKanban' from project 'AdvancedKanban')
cd /Users/admin/builder/spi-builder-workspace
builtin-copy -exclude .DS_Store -exclude CVS -exclude .svn -exclude .git -exclude .hg -resolve-src-symlinks -rename /Users/admin/builder/spi-builder-workspace/.derivedData/Build/Intermediates.noindex/AdvancedKanban.build/Debug-watchos/AdvancedKanban-t.build/Objects-normal/arm64_32/AdvancedKanban.swiftmodule /Users/admin/builder/spi-builder-workspace/.derivedData/Build/Products/Debug-watchos/AdvancedKanban.swiftmodule/arm64_32-apple-watchos.swiftmodule
Copy /Users/admin/builder/spi-builder-workspace/.derivedData/Build/Products/Debug-watchos/AdvancedKanban.swiftmodule/arm64_32-apple-watchos.swiftdoc /Users/admin/builder/spi-builder-workspace/.derivedData/Build/Intermediates.noindex/AdvancedKanban.build/Debug-watchos/AdvancedKanban-t.build/Objects-normal/arm64_32/AdvancedKanban.swiftdoc (in target 'AdvancedKanban' from project 'AdvancedKanban')
cd /Users/admin/builder/spi-builder-workspace
builtin-copy -exclude .DS_Store -exclude CVS -exclude .svn -exclude .git -exclude .hg -resolve-src-symlinks -rename /Users/admin/builder/spi-builder-workspace/.derivedData/Build/Intermediates.noindex/AdvancedKanban.build/Debug-watchos/AdvancedKanban-t.build/Objects-normal/arm64_32/AdvancedKanban.swiftdoc /Users/admin/builder/spi-builder-workspace/.derivedData/Build/Products/Debug-watchos/AdvancedKanban.swiftmodule/arm64_32-apple-watchos.swiftdoc
Copy /Users/admin/builder/spi-builder-workspace/.derivedData/Build/Products/Debug-watchos/AdvancedKanban.swiftmodule/arm64_32-apple-watchos.abi.json /Users/admin/builder/spi-builder-workspace/.derivedData/Build/Intermediates.noindex/AdvancedKanban.build/Debug-watchos/AdvancedKanban-t.build/Objects-normal/arm64_32/AdvancedKanban.abi.json (in target 'AdvancedKanban' from project 'AdvancedKanban')
cd /Users/admin/builder/spi-builder-workspace
builtin-copy -exclude .DS_Store -exclude CVS -exclude .svn -exclude .git -exclude .hg -resolve-src-symlinks -rename /Users/admin/builder/spi-builder-workspace/.derivedData/Build/Intermediates.noindex/AdvancedKanban.build/Debug-watchos/AdvancedKanban-t.build/Objects-normal/arm64_32/AdvancedKanban.abi.json /Users/admin/builder/spi-builder-workspace/.derivedData/Build/Products/Debug-watchos/AdvancedKanban.swiftmodule/arm64_32-apple-watchos.abi.json
Copy /Users/admin/builder/spi-builder-workspace/.derivedData/Build/Products/Debug-watchos/AdvancedKanban.swiftmodule/arm64-apple-watchos.abi.json /Users/admin/builder/spi-builder-workspace/.derivedData/Build/Intermediates.noindex/AdvancedKanban.build/Debug-watchos/AdvancedKanban-t.build/Objects-normal/arm64/AdvancedKanban.abi.json (in target 'AdvancedKanban' from project 'AdvancedKanban')
cd /Users/admin/builder/spi-builder-workspace
builtin-copy -exclude .DS_Store -exclude CVS -exclude .svn -exclude .git -exclude .hg -resolve-src-symlinks -rename /Users/admin/builder/spi-builder-workspace/.derivedData/Build/Intermediates.noindex/AdvancedKanban.build/Debug-watchos/AdvancedKanban-t.build/Objects-normal/arm64/AdvancedKanban.abi.json /Users/admin/builder/spi-builder-workspace/.derivedData/Build/Products/Debug-watchos/AdvancedKanban.swiftmodule/arm64-apple-watchos.abi.json
Copy /Users/admin/builder/spi-builder-workspace/.derivedData/Build/Products/Debug-watchos/AdvancedKanban.swiftmodule/Project/arm64_32-apple-watchos.swiftsourceinfo /Users/admin/builder/spi-builder-workspace/.derivedData/Build/Intermediates.noindex/AdvancedKanban.build/Debug-watchos/AdvancedKanban-t.build/Objects-normal/arm64_32/AdvancedKanban.swiftsourceinfo (in target 'AdvancedKanban' from project 'AdvancedKanban')
cd /Users/admin/builder/spi-builder-workspace
builtin-copy -exclude .DS_Store -exclude CVS -exclude .svn -exclude .git -exclude .hg -resolve-src-symlinks -rename /Users/admin/builder/spi-builder-workspace/.derivedData/Build/Intermediates.noindex/AdvancedKanban.build/Debug-watchos/AdvancedKanban-t.build/Objects-normal/arm64_32/AdvancedKanban.swiftsourceinfo /Users/admin/builder/spi-builder-workspace/.derivedData/Build/Products/Debug-watchos/AdvancedKanban.swiftmodule/Project/arm64_32-apple-watchos.swiftsourceinfo
Copy /Users/admin/builder/spi-builder-workspace/.derivedData/Build/Products/Debug-watchos/AdvancedKanban.swiftmodule/Project/arm64-apple-watchos.swiftsourceinfo /Users/admin/builder/spi-builder-workspace/.derivedData/Build/Intermediates.noindex/AdvancedKanban.build/Debug-watchos/AdvancedKanban-t.build/Objects-normal/arm64/AdvancedKanban.swiftsourceinfo (in target 'AdvancedKanban' from project 'AdvancedKanban')
cd /Users/admin/builder/spi-builder-workspace
builtin-copy -exclude .DS_Store -exclude CVS -exclude .svn -exclude .git -exclude .hg -resolve-src-symlinks -rename /Users/admin/builder/spi-builder-workspace/.derivedData/Build/Intermediates.noindex/AdvancedKanban.build/Debug-watchos/AdvancedKanban-t.build/Objects-normal/arm64/AdvancedKanban.swiftsourceinfo /Users/admin/builder/spi-builder-workspace/.derivedData/Build/Products/Debug-watchos/AdvancedKanban.swiftmodule/Project/arm64-apple-watchos.swiftsourceinfo
SwiftCompile normal arm64_32 Compiling\ AdvancedKanban.swift,\ KanbanAutoscroll.swift /Users/admin/builder/spi-builder-workspace/Sources/AdvancedKanban/AdvancedKanban.swift /Users/admin/builder/spi-builder-workspace/Sources/AdvancedKanban/Engine/KanbanAutoscroll.swift (in target 'AdvancedKanban' from project 'AdvancedKanban')
SwiftCompile normal arm64_32 /Users/admin/builder/spi-builder-workspace/Sources/AdvancedKanban/AdvancedKanban.swift (in target 'AdvancedKanban' from project 'AdvancedKanban')
cd /Users/admin/builder/spi-builder-workspace/.swiftpm/xcode
builtin-SwiftPerFileCompile AdvancedKanban.swift
SwiftCompile normal arm64_32 /Users/admin/builder/spi-builder-workspace/Sources/AdvancedKanban/Engine/KanbanAutoscroll.swift (in target 'AdvancedKanban' from project 'AdvancedKanban')
cd /Users/admin/builder/spi-builder-workspace/.swiftpm/xcode
builtin-SwiftPerFileCompile KanbanAutoscroll.swift
SwiftDriverJobDiscovery normal arm64 Compiling AdvancedKanban.swift, KanbanAutoscroll.swift (in target 'AdvancedKanban' from project 'AdvancedKanban')
SwiftCompile normal arm64_32 Compiling\ KanbanDragState.swift,\ KanbanFramePreferenceKey.swift /Users/admin/builder/spi-builder-workspace/Sources/AdvancedKanban/Engine/KanbanDragState.swift /Users/admin/builder/spi-builder-workspace/Sources/AdvancedKanban/Engine/KanbanFramePreferenceKey.swift (in target 'AdvancedKanban' from project 'AdvancedKanban')
SwiftCompile normal arm64_32 /Users/admin/builder/spi-builder-workspace/Sources/AdvancedKanban/Engine/KanbanDragState.swift (in target 'AdvancedKanban' from project 'AdvancedKanban')
cd /Users/admin/builder/spi-builder-workspace/.swiftpm/xcode
builtin-SwiftPerFileCompile KanbanDragState.swift
SwiftCompile normal arm64_32 /Users/admin/builder/spi-builder-workspace/Sources/AdvancedKanban/Engine/KanbanFramePreferenceKey.swift (in target 'AdvancedKanban' from project 'AdvancedKanban')
cd /Users/admin/builder/spi-builder-workspace/.swiftpm/xcode
builtin-SwiftPerFileCompile KanbanFramePreferenceKey.swift
SwiftDriverJobDiscovery normal arm64 Compiling KanbanGeometry.swift, KanbanInsertionResolver.swift (in target 'AdvancedKanban' from project 'AdvancedKanban')
SwiftCompile normal arm64_32 Compiling\ KanbanMoveResolver.swift,\ WIPLimitEvaluator.swift /Users/admin/builder/spi-builder-workspace/Sources/AdvancedKanban/Engine/KanbanMoveResolver.swift /Users/admin/builder/spi-builder-workspace/Sources/AdvancedKanban/Engine/WIPLimitEvaluator.swift (in target 'AdvancedKanban' from project 'AdvancedKanban')
SwiftCompile normal arm64_32 /Users/admin/builder/spi-builder-workspace/Sources/AdvancedKanban/Engine/KanbanMoveResolver.swift (in target 'AdvancedKanban' from project 'AdvancedKanban')
cd /Users/admin/builder/spi-builder-workspace/.swiftpm/xcode
builtin-SwiftPerFileCompile KanbanMoveResolver.swift
SwiftCompile normal arm64_32 /Users/admin/builder/spi-builder-workspace/Sources/AdvancedKanban/Engine/WIPLimitEvaluator.swift (in target 'AdvancedKanban' from project 'AdvancedKanban')
cd /Users/admin/builder/spi-builder-workspace/.swiftpm/xcode
builtin-SwiftPerFileCompile WIPLimitEvaluator.swift
SwiftDriverJobDiscovery normal arm64_32 Compiling KanbanMoveResolver.swift, WIPLimitEvaluator.swift (in target 'AdvancedKanban' from project 'AdvancedKanban')
SwiftCompile normal arm64_32 Compiling\ KanbanCard.swift,\ KanbanColumn.swift /Users/admin/builder/spi-builder-workspace/Sources/AdvancedKanban/Protocols/KanbanCard.swift /Users/admin/builder/spi-builder-workspace/Sources/AdvancedKanban/Protocols/KanbanColumn.swift (in target 'AdvancedKanban' from project 'AdvancedKanban')
SwiftCompile normal arm64_32 /Users/admin/builder/spi-builder-workspace/Sources/AdvancedKanban/Protocols/KanbanCard.swift (in target 'AdvancedKanban' from project 'AdvancedKanban')
cd /Users/admin/builder/spi-builder-workspace/.swiftpm/xcode
builtin-SwiftPerFileCompile KanbanCard.swift
SwiftCompile normal arm64_32 /Users/admin/builder/spi-builder-workspace/Sources/AdvancedKanban/Protocols/KanbanColumn.swift (in target 'AdvancedKanban' from project 'AdvancedKanban')
cd /Users/admin/builder/spi-builder-workspace/.swiftpm/xcode
builtin-SwiftPerFileCompile KanbanColumn.swift
SwiftCompile normal arm64_32 Compiling\ KanbanMove.swift,\ WIPLimitBehavior.swift /Users/admin/builder/spi-builder-workspace/Sources/AdvancedKanban/Model/KanbanMove.swift /Users/admin/builder/spi-builder-workspace/Sources/AdvancedKanban/Model/WIPLimitBehavior.swift (in target 'AdvancedKanban' from project 'AdvancedKanban')
SwiftCompile normal arm64_32 /Users/admin/builder/spi-builder-workspace/Sources/AdvancedKanban/Model/KanbanMove.swift (in target 'AdvancedKanban' from project 'AdvancedKanban')
cd /Users/admin/builder/spi-builder-workspace/.swiftpm/xcode
builtin-SwiftPerFileCompile KanbanMove.swift
SwiftCompile normal arm64_32 /Users/admin/builder/spi-builder-workspace/Sources/AdvancedKanban/Model/WIPLimitBehavior.swift (in target 'AdvancedKanban' from project 'AdvancedKanban')
cd /Users/admin/builder/spi-builder-workspace/.swiftpm/xcode
builtin-SwiftPerFileCompile WIPLimitBehavior.swift
SwiftDriverJobDiscovery normal arm64_32 Compiling KanbanCard.swift, KanbanColumn.swift (in target 'AdvancedKanban' from project 'AdvancedKanban')
SwiftCompile normal arm64_32 Compiling\ EnvironmentValues+KanbanTheme.swift,\ KanbanTheme.swift /Users/admin/builder/spi-builder-workspace/Sources/AdvancedKanban/Environment/EnvironmentValues+KanbanTheme.swift /Users/admin/builder/spi-builder-workspace/Sources/AdvancedKanban/Environment/KanbanTheme.swift (in target 'AdvancedKanban' from project 'AdvancedKanban')
/Users/admin/builder/spi-builder-workspace/Sources/AdvancedKanban/Environment/KanbanTheme.swift:65:14: error: extraneous argument label 'nsColor:' in call
63 | Color(uiColor: .secondarySystemBackground)
64 | #else
65 | Color(nsColor: .underPageBackgroundColor)
| `- error: extraneous argument label 'nsColor:' in call
66 | #endif
67 | }
/Users/admin/builder/spi-builder-workspace/Sources/AdvancedKanban/Environment/KanbanTheme.swift:73:9: error: no exact matches in call to initializer
71 | Color(uiColor: .systemBackground)
72 | #else
73 | Color(nsColor: .textBackgroundColor)
| `- error: no exact matches in call to initializer
74 | #endif
75 | }
SwiftUI.Color.init:3:10: note: incorrect labels for candidate (have: '(nsColor:)', expected: '(_:)')
1 | struct Color {
2 | @available(iOS 17.0, macOS 14.0, tvOS 17.0, watchOS 10.0, *)
3 | public init<T>(_ color: T) where T : Hashable, T : ShapeStyle, T.Resolved == Color.Resolved}
| `- note: incorrect labels for candidate (have: '(nsColor:)', expected: '(_:)')
4 |
SwiftUI.Color.init:2:8: note: incorrect labels for candidate (have: '(nsColor:)', expected: '(_:)')
1 | struct Color {
2 | public init(_ resolved: Color.Resolved)}
| `- note: incorrect labels for candidate (have: '(nsColor:)', expected: '(_:)')
3 |
SwiftUI.Color.init:2:8: note: incorrect labels for candidate (have: '(nsColor:)', expected: '(_:)')
1 | struct Color {
2 | public init(_ cgColor: CGColor)}
| `- note: incorrect labels for candidate (have: '(nsColor:)', expected: '(_:)')
3 |
SwiftUI.Color.init:2:8: note: incorrect labels for candidate (have: '(nsColor:)', expected: '(_:)')
1 | struct Color {
2 | public init(_ name: String, bundle: Bundle? = nil)}
| `- note: incorrect labels for candidate (have: '(nsColor:)', expected: '(_:)')
3 |
SwiftUI.Color.init:2:8: note: incorrect labels for candidate (have: '(nsColor:)', expected: '(_:)')
1 | struct Color {
2 | public init(_ resource: ColorResource)}
| `- note: incorrect labels for candidate (have: '(nsColor:)', expected: '(_:)')
3 |
SwiftCompile normal arm64_32 /Users/admin/builder/spi-builder-workspace/Sources/AdvancedKanban/Environment/EnvironmentValues+KanbanTheme.swift (in target 'AdvancedKanban' from project 'AdvancedKanban')
cd /Users/admin/builder/spi-builder-workspace/.swiftpm/xcode
builtin-SwiftPerFileCompile EnvironmentValues+KanbanTheme.swift
SwiftCompile normal arm64_32 /Users/admin/builder/spi-builder-workspace/Sources/AdvancedKanban/Environment/KanbanTheme.swift (in target 'AdvancedKanban' from project 'AdvancedKanban')
cd /Users/admin/builder/spi-builder-workspace/.swiftpm/xcode
builtin-SwiftPerFileCompile KanbanTheme.swift
SwiftDriverJobDiscovery normal arm64_32 Compiling AdvancedKanban.swift, KanbanAutoscroll.swift (in target 'AdvancedKanban' from project 'AdvancedKanban')
SwiftCompile normal arm64 Compiling\ KanbanDragState.swift,\ KanbanFramePreferenceKey.swift /Users/admin/builder/spi-builder-workspace/Sources/AdvancedKanban/Engine/KanbanDragState.swift /Users/admin/builder/spi-builder-workspace/Sources/AdvancedKanban/Engine/KanbanFramePreferenceKey.swift (in target 'AdvancedKanban' from project 'AdvancedKanban')
SwiftCompile normal arm64 /Users/admin/builder/spi-builder-workspace/Sources/AdvancedKanban/Engine/KanbanDragState.swift (in target 'AdvancedKanban' from project 'AdvancedKanban')
cd /Users/admin/builder/spi-builder-workspace/.swiftpm/xcode
builtin-SwiftPerFileCompile KanbanDragState.swift
SwiftCompile normal arm64 /Users/admin/builder/spi-builder-workspace/Sources/AdvancedKanban/Engine/KanbanFramePreferenceKey.swift (in target 'AdvancedKanban' from project 'AdvancedKanban')
cd /Users/admin/builder/spi-builder-workspace/.swiftpm/xcode
builtin-SwiftPerFileCompile KanbanFramePreferenceKey.swift
SwiftDriverJobDiscovery normal arm64_32 Compiling KanbanGeometry.swift, KanbanInsertionResolver.swift (in target 'AdvancedKanban' from project 'AdvancedKanban')
SwiftCompile normal arm64_32 Compiling\ KanbanBoard.swift,\ KanbanCardView.swift /Users/admin/builder/spi-builder-workspace/Sources/AdvancedKanban/Views/KanbanBoard.swift /Users/admin/builder/spi-builder-workspace/Sources/AdvancedKanban/Views/KanbanCardView.swift (in target 'AdvancedKanban' from project 'AdvancedKanban')
SwiftCompile normal arm64_32 /Users/admin/builder/spi-builder-workspace/Sources/AdvancedKanban/Views/KanbanBoard.swift (in target 'AdvancedKanban' from project 'AdvancedKanban')
cd /Users/admin/builder/spi-builder-workspace/.swiftpm/xcode
builtin-SwiftPerFileCompile KanbanBoard.swift
SwiftCompile normal arm64_32 /Users/admin/builder/spi-builder-workspace/Sources/AdvancedKanban/Views/KanbanCardView.swift (in target 'AdvancedKanban' from project 'AdvancedKanban')
cd /Users/admin/builder/spi-builder-workspace/.swiftpm/xcode
builtin-SwiftPerFileCompile KanbanCardView.swift
SwiftDriverJobDiscovery normal arm64_32 Compiling KanbanMove.swift, WIPLimitBehavior.swift (in target 'AdvancedKanban' from project 'AdvancedKanban')
PruneExplicitPrecompiledModules /Users/admin/builder/spi-builder-workspace/.derivedData/Build/Intermediates.noindex/ExplicitPrecompiledModules
PruneExplicitPrecompiledModules /Users/admin/builder/spi-builder-workspace/.derivedData/Build/Intermediates.noindex/SwiftExplicitPrecompiledModules
PruneExplicitPrecompiledModules /Users/admin/builder/spi-builder-workspace/.derivedData/SDKExplicitPrecompiledModules
2026-09-27 03:17:18.383 xcodebuild[631:3882] [MT] IDERunDestination: Supported platforms for the buildables in the current scheme is empty.
** BUILD FAILED **
The following build commands failed:
SwiftCompile normal arm64 /Users/admin/builder/spi-builder-workspace/Sources/AdvancedKanban/Views/KanbanColumnView.swift (in target 'AdvancedKanban' from project 'AdvancedKanban')
SwiftCompile normal arm64 Compiling\ KanbanColumnView.swift /Users/admin/builder/spi-builder-workspace/Sources/AdvancedKanban/Views/KanbanColumnView.swift (in target 'AdvancedKanban' from project 'AdvancedKanban')
Building workspace AdvancedKanban with scheme AdvancedKanban-Package
(3 failures)
Command line invocation:
/Applications/Xcode-27.0.0-Release.Candidate.app/Contents/Developer/usr/bin/xcodebuild -IDEClonedSourcePackagesDirPathOverride=/Users/admin/builder/spi-builder-workspace/.dependencies -resolvePackageDependencies
Resolve Package Graph
Resolved source packages:
AdvancedKanban: /Users/admin/builder/spi-builder-workspace
resolved source packages: AdvancedKanban
2026-09-27 03:17:27.967 xcodebuild[825:4719] [MT] IDERunDestination: Supported platforms for the buildables in the current scheme is empty.
{
"dependencies" : [
],
"manifest_display_name" : "AdvancedKanban",
"name" : "AdvancedKanban",
"path" : "/Users/admin/builder/spi-builder-workspace",
"platforms" : [
{
"name" : "ios",
"version" : "17.0"
},
{
"name" : "macos",
"version" : "14.0"
}
],
"products" : [
{
"name" : "AdvancedKanban",
"targets" : [
"AdvancedKanban"
],
"type" : {
"library" : [
"automatic"
]
}
},
{
"name" : "AdvancedKanbanSwiftData",
"targets" : [
"AdvancedKanbanSwiftData"
],
"type" : {
"library" : [
"automatic"
]
}
}
],
"targets" : [
{
"c99name" : "AdvancedKanbanTests",
"module_type" : "SwiftTarget",
"name" : "AdvancedKanbanTests",
"path" : "Tests/AdvancedKanbanTests",
"sources" : [
"KanbanAutoscrollTests.swift",
"KanbanDragStateTests.swift",
"KanbanInsertionResolverTests.swift",
"KanbanMoveResolverTests.swift",
"KanbanMoveTests.swift",
"KanbanStoreTests.swift",
"KanbanThemeTests.swift",
"WIPLimitEvaluatorTests.swift"
],
"target_dependencies" : [
"AdvancedKanban",
"AdvancedKanbanSwiftData"
],
"type" : "test"
},
{
"c99name" : "AdvancedKanbanSwiftData",
"module_type" : "SwiftTarget",
"name" : "AdvancedKanbanSwiftData",
"path" : "Sources/AdvancedKanbanSwiftData",
"product_memberships" : [
"AdvancedKanbanSwiftData"
],
"sources" : [
"AdvancedKanbanSwiftData.swift",
"KanbanStore.swift",
"SwiftDataKanbanCard.swift",
"SwiftDataKanbanColumn.swift"
],
"target_dependencies" : [
"AdvancedKanban"
],
"type" : "library"
},
{
"c99name" : "AdvancedKanban",
"module_type" : "SwiftTarget",
"name" : "AdvancedKanban",
"path" : "Sources/AdvancedKanban",
"product_memberships" : [
"AdvancedKanban",
"AdvancedKanbanSwiftData"
],
"sources" : [
"AdvancedKanban.swift",
"Engine/KanbanAutoscroll.swift",
"Engine/KanbanDragState.swift",
"Engine/KanbanFramePreferenceKey.swift",
"Engine/KanbanGeometry.swift",
"Engine/KanbanInsertionResolver.swift",
"Engine/KanbanMoveResolver.swift",
"Engine/WIPLimitEvaluator.swift",
"Environment/EnvironmentValues+KanbanTheme.swift",
"Environment/KanbanTheme.swift",
"Model/KanbanMove.swift",
"Model/WIPLimitBehavior.swift",
"Protocols/KanbanCard.swift",
"Protocols/KanbanColumn.swift",
"Views/KanbanBoard.swift",
"Views/KanbanCardView.swift",
"Views/KanbanColumnView.swift",
"Views/KanbanDragGhostOverlay.swift"
],
"type" : "library"
}
],
"tools_version" : "5.9"
}
{
"workspace" : {
"name" : "AdvancedKanban",
"schemes" : [
"AdvancedKanban",
"AdvancedKanban-Package",
"AdvancedKanbanSwiftData"
]
}
}
2026-09-27 03:17:29.227 xcodebuild[833:4787] [MT] IDERunDestination: Supported platforms for the buildables in the current scheme is empty.
Running build ...
env DEVELOPER_DIR=/Applications/Xcode-27.0.0-Release.Candidate.app xcrun xcodebuild -IDEClonedSourcePackagesDirPathOverride=$PWD/.dependencies -skipMacroValidation -skipPackagePluginValidation -derivedDataPath $PWD/.derivedData build -scheme AdvancedKanban-Package -destination generic/platform=watchOS
Command line invocation:
/Applications/Xcode-27.0.0-Release.Candidate.app/Contents/Developer/usr/bin/xcodebuild -IDEClonedSourcePackagesDirPathOverride=/Users/admin/builder/spi-builder-workspace/.dependencies -skipMacroValidation -skipPackagePluginValidation -derivedDataPath /Users/admin/builder/spi-builder-workspace/.derivedData build -scheme AdvancedKanban-Package -destination generic/platform=watchOS
Resolve Package Graph
Resolved source packages:
AdvancedKanban: /Users/admin/builder/spi-builder-workspace
ComputePackagePrebuildTargetDependencyGraph
Prepare packages
CreateBuildRequest
SendProjectDescription
CreateBuildOperation
ComputeTargetDependencyGraph
note: Building targets in dependency order
note: Target dependency graph (4 targets)
Target 'AdvancedKanbanSwiftData-product' in project 'AdvancedKanban'
➜ Explicit dependency on target 'AdvancedKanbanSwiftData' in project 'AdvancedKanban'
➜ Explicit dependency on target 'AdvancedKanban' in project 'AdvancedKanban'
Target 'AdvancedKanbanSwiftData' in project 'AdvancedKanban'
➜ Explicit dependency on target 'AdvancedKanban' in project 'AdvancedKanban'
Target 'AdvancedKanban-product' in project 'AdvancedKanban'
➜ Explicit dependency on target 'AdvancedKanban' in project 'AdvancedKanban'
Target 'AdvancedKanban' in project 'AdvancedKanban' (no dependencies)
GatherProvisioningInputs
CreateBuildDescription
ClangStatCache /Applications/Xcode-27.0.0-Release.Candidate.app/Contents/Developer/Toolchains/XcodeDefault.xctoolchain/usr/bin/clang-stat-cache /Applications/Xcode-27.0.0-Release.Candidate.app/Contents/Developer/Platforms/WatchOS.platform/Developer/SDKs/WatchOS27.0.sdk /Users/admin/builder/spi-builder-workspace/.derivedData/SDKStatCaches.noindex/watchos27.0-24R360-e829b21a6f8c9b70876ba0858053c04477534ef55a1706bf4c1112bbb242f0a2.sdkstatcache
cd /Users/admin/builder/spi-builder-workspace/.swiftpm/xcode
/Applications/Xcode-27.0.0-Release.Candidate.app/Contents/Developer/Toolchains/XcodeDefault.xctoolchain/usr/bin/clang-stat-cache /Applications/Xcode-27.0.0-Release.Candidate.app/Contents/Developer/Platforms/WatchOS.platform/Developer/SDKs/WatchOS27.0.sdk -o /Users/admin/builder/spi-builder-workspace/.derivedData/SDKStatCaches.noindex/watchos27.0-24R360-e829b21a6f8c9b70876ba0858053c04477534ef55a1706bf4c1112bbb242f0a2.sdkstatcache
SwiftDriver AdvancedKanban normal arm64_32 com.apple.xcode.tools.swift.compiler (in target 'AdvancedKanban' from project 'AdvancedKanban')
cd /Users/admin/builder/spi-builder-workspace/.swiftpm/xcode
builtin-SwiftDriver -- /Applications/Xcode-27.0.0-Release.Candidate.app/Contents/Developer/Toolchains/XcodeDefault.xctoolchain/usr/bin/swiftc -parse-as-library -module-name AdvancedKanban -Onone @/Users/admin/builder/spi-builder-workspace/.derivedData/Build/Intermediates.noindex/AdvancedKanban.build/Debug-watchos/AdvancedKanban-t.build/Objects-normal/arm64_32/AdvancedKanban.SwiftFileList -DSWIFT_PACKAGE -DDEBUG -DSWIFT_MODULE_RESOURCE_BUNDLE_UNAVAILABLE -DXcode -plugin-path /Applications/Xcode-27.0.0-Release.Candidate.app/Contents/Developer/Toolchains/XcodeDefault.xctoolchain/usr/lib/swift/host/plugins/testing -enable-experimental-feature DebugDescriptionMacro -sdk /Applications/Xcode-27.0.0-Release.Candidate.app/Contents/Developer/Platforms/WatchOS.platform/Developer/SDKs/WatchOS27.0.sdk -target arm64_32-apple-watchos10.0 -g -module-cache-path /Users/admin/builder/spi-builder-workspace/.derivedData/ModuleCache.noindex -Xfrontend -serialize-debugging-options -profile-coverage-mapping -profile-generate -enable-testing -index-store-path /Users/admin/builder/spi-builder-workspace/.derivedData/Index.noindex/DataStore -Xcc -D_LIBCPP_HARDENING_MODE\=_LIBCPP_HARDENING_MODE_DEBUG -swift-version 5 -I /Users/admin/builder/spi-builder-workspace/.derivedData/Build/Products/Debug-watchos -Isystem /Applications/Xcode-27.0.0-Release.Candidate.app/Contents/Developer/Platforms/WatchOS.platform/Developer/usr/lib -F /Users/admin/builder/spi-builder-workspace/.derivedData/Build/Products/Debug-watchos -F /Applications/Xcode-27.0.0-Release.Candidate.app/Contents/Developer/Platforms/WatchOS.platform/Developer/Library/Frameworks -F /Applications/Xcode-27.0.0-Release.Candidate.app/Contents/Developer/Platforms/WatchOS.platform/Developer/SDKs/WatchOS27.0.sdk/Developer/Library/Frameworks -c -j10 -enable-batch-mode -incremental -Xcc -ivfsstatcache -Xcc /Users/admin/builder/spi-builder-workspace/.derivedData/SDKStatCaches.noindex/watchos27.0-24R360-e829b21a6f8c9b70876ba0858053c04477534ef55a1706bf4c1112bbb242f0a2.sdkstatcache -output-file-map /Users/admin/builder/spi-builder-workspace/.derivedData/Build/Intermediates.noindex/AdvancedKanban.build/Debug-watchos/AdvancedKanban-t.build/Objects-normal/arm64_32/AdvancedKanban-OutputFileMap.json -save-temps -no-color-diagnostics -explicit-module-build -module-cache-path /Users/admin/builder/spi-builder-workspace/.derivedData/Build/Intermediates.noindex/SwiftExplicitPrecompiledModules -clang-scanner-module-cache-path /Users/admin/builder/spi-builder-workspace/.derivedData/ModuleCache.noindex -sdk-module-cache-path /Users/admin/builder/spi-builder-workspace/.derivedData/SDKExplicitPrecompiledModules -emit-dependencies -emit-module -emit-module-path /Users/admin/builder/spi-builder-workspace/.derivedData/Build/Intermediates.noindex/AdvancedKanban.build/Debug-watchos/AdvancedKanban-t.build/Objects-normal/arm64_32/AdvancedKanban.swiftmodule -serialize-diagnostics -dependency-scan-serialize-diagnostics-path /Users/admin/builder/spi-builder-workspace/.derivedData/Build/Intermediates.noindex/AdvancedKanban.build/Debug-watchos/AdvancedKanban-t.build/Objects-normal/arm64_32/AdvancedKanban-dependency-scan.dia -validate-clang-modules-once -clang-build-session-file /Users/admin/builder/spi-builder-workspace/.derivedData/ModuleCache.noindex/Session.modulevalidation -Xcc -fmodules-prune-interval\=86400 -Xcc -fmodules-prune-after\=345600 -package-name spi_builder_workspace -emit-const-values -const-gather-protocols-list /Users/admin/builder/spi-builder-workspace/.derivedData/Build/Intermediates.noindex/AdvancedKanban.build/Debug-watchos/AdvancedKanban-t.build/Objects-normal/arm64_32/AdvancedKanban_const_extract_protocols.json -Xcc -I/Users/admin/builder/spi-builder-workspace/.derivedData/Build/Products/Debug-watchos/include -Xcc -I/Users/admin/builder/spi-builder-workspace/.derivedData/Build/Intermediates.noindex/AdvancedKanban.build/Debug-watchos/AdvancedKanban-t.build/DerivedSources-normal/arm64_32 -Xcc -I/Users/admin/builder/spi-builder-workspace/.derivedData/Build/Intermediates.noindex/AdvancedKanban.build/Debug-watchos/AdvancedKanban-t.build/DerivedSources/arm64_32 -Xcc -I/Users/admin/builder/spi-builder-workspace/.derivedData/Build/Intermediates.noindex/AdvancedKanban.build/Debug-watchos/AdvancedKanban-t.build/DerivedSources -Xcc -DSWIFT_PACKAGE -Xcc -DDEBUG\=1 -emit-objc-header -emit-objc-header-path /Users/admin/builder/spi-builder-workspace/.derivedData/Build/Intermediates.noindex/AdvancedKanban.build/Debug-watchos/AdvancedKanban-t.build/Objects-normal/arm64_32/AdvancedKanban-Swift.h -working-directory /Users/admin/builder/spi-builder-workspace/.swiftpm/xcode -experimental-emit-module-separately -disable-cmo
SwiftDriver AdvancedKanban normal arm64 com.apple.xcode.tools.swift.compiler (in target 'AdvancedKanban' from project 'AdvancedKanban')
cd /Users/admin/builder/spi-builder-workspace/.swiftpm/xcode
builtin-SwiftDriver -- /Applications/Xcode-27.0.0-Release.Candidate.app/Contents/Developer/Toolchains/XcodeDefault.xctoolchain/usr/bin/swiftc -parse-as-library -module-name AdvancedKanban -Onone @/Users/admin/builder/spi-builder-workspace/.derivedData/Build/Intermediates.noindex/AdvancedKanban.build/Debug-watchos/AdvancedKanban-t.build/Objects-normal/arm64/AdvancedKanban.SwiftFileList -DSWIFT_PACKAGE -DDEBUG -DSWIFT_MODULE_RESOURCE_BUNDLE_UNAVAILABLE -DXcode -plugin-path /Applications/Xcode-27.0.0-Release.Candidate.app/Contents/Developer/Toolchains/XcodeDefault.xctoolchain/usr/lib/swift/host/plugins/testing -enable-experimental-feature DebugDescriptionMacro -sdk /Applications/Xcode-27.0.0-Release.Candidate.app/Contents/Developer/Platforms/WatchOS.platform/Developer/SDKs/WatchOS27.0.sdk -target arm64-apple-watchos10.0 -g -module-cache-path /Users/admin/builder/spi-builder-workspace/.derivedData/ModuleCache.noindex -Xfrontend -serialize-debugging-options -profile-coverage-mapping -profile-generate -enable-testing -index-store-path /Users/admin/builder/spi-builder-workspace/.derivedData/Index.noindex/DataStore -Xcc -D_LIBCPP_HARDENING_MODE\=_LIBCPP_HARDENING_MODE_DEBUG -swift-version 5 -I /Users/admin/builder/spi-builder-workspace/.derivedData/Build/Products/Debug-watchos -Isystem /Applications/Xcode-27.0.0-Release.Candidate.app/Contents/Developer/Platforms/WatchOS.platform/Developer/usr/lib -F /Users/admin/builder/spi-builder-workspace/.derivedData/Build/Products/Debug-watchos -F /Applications/Xcode-27.0.0-Release.Candidate.app/Contents/Developer/Platforms/WatchOS.platform/Developer/Library/Frameworks -F /Applications/Xcode-27.0.0-Release.Candidate.app/Contents/Developer/Platforms/WatchOS.platform/Developer/SDKs/WatchOS27.0.sdk/Developer/Library/Frameworks -c -j10 -enable-batch-mode -incremental -Xcc -ivfsstatcache -Xcc /Users/admin/builder/spi-builder-workspace/.derivedData/SDKStatCaches.noindex/watchos27.0-24R360-e829b21a6f8c9b70876ba0858053c04477534ef55a1706bf4c1112bbb242f0a2.sdkstatcache -output-file-map /Users/admin/builder/spi-builder-workspace/.derivedData/Build/Intermediates.noindex/AdvancedKanban.build/Debug-watchos/AdvancedKanban-t.build/Objects-normal/arm64/AdvancedKanban-OutputFileMap.json -save-temps -no-color-diagnostics -explicit-module-build -module-cache-path /Users/admin/builder/spi-builder-workspace/.derivedData/Build/Intermediates.noindex/SwiftExplicitPrecompiledModules -clang-scanner-module-cache-path /Users/admin/builder/spi-builder-workspace/.derivedData/ModuleCache.noindex -sdk-module-cache-path /Users/admin/builder/spi-builder-workspace/.derivedData/SDKExplicitPrecompiledModules -emit-dependencies -emit-module -emit-module-path /Users/admin/builder/spi-builder-workspace/.derivedData/Build/Intermediates.noindex/AdvancedKanban.build/Debug-watchos/AdvancedKanban-t.build/Objects-normal/arm64/AdvancedKanban.swiftmodule -serialize-diagnostics -dependency-scan-serialize-diagnostics-path /Users/admin/builder/spi-builder-workspace/.derivedData/Build/Intermediates.noindex/AdvancedKanban.build/Debug-watchos/AdvancedKanban-t.build/Objects-normal/arm64/AdvancedKanban-dependency-scan.dia -validate-clang-modules-once -clang-build-session-file /Users/admin/builder/spi-builder-workspace/.derivedData/ModuleCache.noindex/Session.modulevalidation -Xcc -fmodules-prune-interval\=86400 -Xcc -fmodules-prune-after\=345600 -package-name spi_builder_workspace -emit-const-values -const-gather-protocols-list /Users/admin/builder/spi-builder-workspace/.derivedData/Build/Intermediates.noindex/AdvancedKanban.build/Debug-watchos/AdvancedKanban-t.build/Objects-normal/arm64/AdvancedKanban_const_extract_protocols.json -Xcc -I/Users/admin/builder/spi-builder-workspace/.derivedData/Build/Products/Debug-watchos/include -Xcc -I/Users/admin/builder/spi-builder-workspace/.derivedData/Build/Intermediates.noindex/AdvancedKanban.build/Debug-watchos/AdvancedKanban-t.build/DerivedSources-normal/arm64 -Xcc -I/Users/admin/builder/spi-builder-workspace/.derivedData/Build/Intermediates.noindex/AdvancedKanban.build/Debug-watchos/AdvancedKanban-t.build/DerivedSources/arm64 -Xcc -I/Users/admin/builder/spi-builder-workspace/.derivedData/Build/Intermediates.noindex/AdvancedKanban.build/Debug-watchos/AdvancedKanban-t.build/DerivedSources -Xcc -DSWIFT_PACKAGE -Xcc -DDEBUG\=1 -emit-objc-header -emit-objc-header-path /Users/admin/builder/spi-builder-workspace/.derivedData/Build/Intermediates.noindex/AdvancedKanban.build/Debug-watchos/AdvancedKanban-t.build/Objects-normal/arm64/AdvancedKanban-Swift.h -working-directory /Users/admin/builder/spi-builder-workspace/.swiftpm/xcode -experimental-emit-module-separately -disable-cmo
SwiftDriver AdvancedKanbanSwiftData normal arm64_32 com.apple.xcode.tools.swift.compiler (in target 'AdvancedKanbanSwiftData' from project 'AdvancedKanban')
cd /Users/admin/builder/spi-builder-workspace/.swiftpm/xcode
builtin-SwiftDriver -- /Applications/Xcode-27.0.0-Release.Candidate.app/Contents/Developer/Toolchains/XcodeDefault.xctoolchain/usr/bin/swiftc -parse-as-library -module-name AdvancedKanbanSwiftData -Onone @/Users/admin/builder/spi-builder-workspace/.derivedData/Build/Intermediates.noindex/AdvancedKanban.build/Debug-watchos/AdvancedKanbanSwiftData-t.build/Objects-normal/arm64_32/AdvancedKanbanSwiftData.SwiftFileList -DSWIFT_PACKAGE -DDEBUG -DSWIFT_MODULE_RESOURCE_BUNDLE_UNAVAILABLE -DXcode -plugin-path /Applications/Xcode-27.0.0-Release.Candidate.app/Contents/Developer/Toolchains/XcodeDefault.xctoolchain/usr/lib/swift/host/plugins/testing -enable-experimental-feature DebugDescriptionMacro -sdk /Applications/Xcode-27.0.0-Release.Candidate.app/Contents/Developer/Platforms/WatchOS.platform/Developer/SDKs/WatchOS27.0.sdk -target arm64_32-apple-watchos10.0 -g -module-cache-path /Users/admin/builder/spi-builder-workspace/.derivedData/ModuleCache.noindex -Xfrontend -serialize-debugging-options -profile-coverage-mapping -profile-generate -enable-testing -index-store-path /Users/admin/builder/spi-builder-workspace/.derivedData/Index.noindex/DataStore -Xcc -D_LIBCPP_HARDENING_MODE\=_LIBCPP_HARDENING_MODE_DEBUG -swift-version 5 -I /Users/admin/builder/spi-builder-workspace/.derivedData/Build/Products/Debug-watchos -Isystem /Applications/Xcode-27.0.0-Release.Candidate.app/Contents/Developer/Platforms/WatchOS.platform/Developer/usr/lib -F /Users/admin/builder/spi-builder-workspace/.derivedData/Build/Products/Debug-watchos/PackageFrameworks -F /Users/admin/builder/spi-builder-workspace/.derivedData/Build/Products/Debug-watchos -F /Applications/Xcode-27.0.0-Release.Candidate.app/Contents/Developer/Platforms/WatchOS.platform/Developer/Library/Frameworks -F /Applications/Xcode-27.0.0-Release.Candidate.app/Contents/Developer/Platforms/WatchOS.platform/Developer/SDKs/WatchOS27.0.sdk/Developer/Library/Frameworks -c -j10 -enable-batch-mode -incremental -Xcc -ivfsstatcache -Xcc /Users/admin/builder/spi-builder-workspace/.derivedData/SDKStatCaches.noindex/watchos27.0-24R360-e829b21a6f8c9b70876ba0858053c04477534ef55a1706bf4c1112bbb242f0a2.sdkstatcache -output-file-map /Users/admin/builder/spi-builder-workspace/.derivedData/Build/Intermediates.noindex/AdvancedKanban.build/Debug-watchos/AdvancedKanbanSwiftData-t.build/Objects-normal/arm64_32/AdvancedKanbanSwiftData-OutputFileMap.json -save-temps -no-color-diagnostics -explicit-module-build -module-cache-path /Users/admin/builder/spi-builder-workspace/.derivedData/Build/Intermediates.noindex/SwiftExplicitPrecompiledModules -clang-scanner-module-cache-path /Users/admin/builder/spi-builder-workspace/.derivedData/ModuleCache.noindex -sdk-module-cache-path /Users/admin/builder/spi-builder-workspace/.derivedData/SDKExplicitPrecompiledModules -emit-dependencies -emit-module -emit-module-path /Users/admin/builder/spi-builder-workspace/.derivedData/Build/Intermediates.noindex/AdvancedKanban.build/Debug-watchos/AdvancedKanbanSwiftData-t.build/Objects-normal/arm64_32/AdvancedKanbanSwiftData.swiftmodule -serialize-diagnostics -dependency-scan-serialize-diagnostics-path /Users/admin/builder/spi-builder-workspace/.derivedData/Build/Intermediates.noindex/AdvancedKanban.build/Debug-watchos/AdvancedKanbanSwiftData-t.build/Objects-normal/arm64_32/AdvancedKanbanSwiftData-dependency-scan.dia -validate-clang-modules-once -clang-build-session-file /Users/admin/builder/spi-builder-workspace/.derivedData/ModuleCache.noindex/Session.modulevalidation -Xcc -fmodules-prune-interval\=86400 -Xcc -fmodules-prune-after\=345600 -package-name spi_builder_workspace -emit-const-values -const-gather-protocols-list /Users/admin/builder/spi-builder-workspace/.derivedData/Build/Intermediates.noindex/AdvancedKanban.build/Debug-watchos/AdvancedKanbanSwiftData-t.build/Objects-normal/arm64_32/AdvancedKanbanSwiftData_const_extract_protocols.json -Xcc -I/Users/admin/builder/spi-builder-workspace/.derivedData/Build/Products/Debug-watchos/include -Xcc -I/Users/admin/builder/spi-builder-workspace/.derivedData/Build/Intermediates.noindex/AdvancedKanban.build/Debug-watchos/AdvancedKanbanSwiftData-t.build/DerivedSources-normal/arm64_32 -Xcc -I/Users/admin/builder/spi-builder-workspace/.derivedData/Build/Intermediates.noindex/AdvancedKanban.build/Debug-watchos/AdvancedKanbanSwiftData-t.build/DerivedSources/arm64_32 -Xcc -I/Users/admin/builder/spi-builder-workspace/.derivedData/Build/Intermediates.noindex/AdvancedKanban.build/Debug-watchos/AdvancedKanbanSwiftData-t.build/DerivedSources -Xcc -DSWIFT_PACKAGE -Xcc -DDEBUG\=1 -emit-objc-header -emit-objc-header-path /Users/admin/builder/spi-builder-workspace/.derivedData/Build/Intermediates.noindex/AdvancedKanban.build/Debug-watchos/AdvancedKanbanSwiftData-t.build/Objects-normal/arm64_32/AdvancedKanbanSwiftData-Swift.h -working-directory /Users/admin/builder/spi-builder-workspace/.swiftpm/xcode -experimental-emit-module-separately -disable-cmo
SwiftDriver AdvancedKanbanSwiftData normal arm64 com.apple.xcode.tools.swift.compiler (in target 'AdvancedKanbanSwiftData' from project 'AdvancedKanban')
cd /Users/admin/builder/spi-builder-workspace/.swiftpm/xcode
builtin-SwiftDriver -- /Applications/Xcode-27.0.0-Release.Candidate.app/Contents/Developer/Toolchains/XcodeDefault.xctoolchain/usr/bin/swiftc -parse-as-library -module-name AdvancedKanbanSwiftData -Onone @/Users/admin/builder/spi-builder-workspace/.derivedData/Build/Intermediates.noindex/AdvancedKanban.build/Debug-watchos/AdvancedKanbanSwiftData-t.build/Objects-normal/arm64/AdvancedKanbanSwiftData.SwiftFileList -DSWIFT_PACKAGE -DDEBUG -DSWIFT_MODULE_RESOURCE_BUNDLE_UNAVAILABLE -DXcode -plugin-path /Applications/Xcode-27.0.0-Release.Candidate.app/Contents/Developer/Toolchains/XcodeDefault.xctoolchain/usr/lib/swift/host/plugins/testing -enable-experimental-feature DebugDescriptionMacro -sdk /Applications/Xcode-27.0.0-Release.Candidate.app/Contents/Developer/Platforms/WatchOS.platform/Developer/SDKs/WatchOS27.0.sdk -target arm64-apple-watchos10.0 -g -module-cache-path /Users/admin/builder/spi-builder-workspace/.derivedData/ModuleCache.noindex -Xfrontend -serialize-debugging-options -profile-coverage-mapping -profile-generate -enable-testing -index-store-path /Users/admin/builder/spi-builder-workspace/.derivedData/Index.noindex/DataStore -Xcc -D_LIBCPP_HARDENING_MODE\=_LIBCPP_HARDENING_MODE_DEBUG -swift-version 5 -I /Users/admin/builder/spi-builder-workspace/.derivedData/Build/Products/Debug-watchos -Isystem /Applications/Xcode-27.0.0-Release.Candidate.app/Contents/Developer/Platforms/WatchOS.platform/Developer/usr/lib -F /Users/admin/builder/spi-builder-workspace/.derivedData/Build/Products/Debug-watchos/PackageFrameworks -F /Users/admin/builder/spi-builder-workspace/.derivedData/Build/Products/Debug-watchos -F /Applications/Xcode-27.0.0-Release.Candidate.app/Contents/Developer/Platforms/WatchOS.platform/Developer/Library/Frameworks -F /Applications/Xcode-27.0.0-Release.Candidate.app/Contents/Developer/Platforms/WatchOS.platform/Developer/SDKs/WatchOS27.0.sdk/Developer/Library/Frameworks -c -j10 -enable-batch-mode -incremental -Xcc -ivfsstatcache -Xcc /Users/admin/builder/spi-builder-workspace/.derivedData/SDKStatCaches.noindex/watchos27.0-24R360-e829b21a6f8c9b70876ba0858053c04477534ef55a1706bf4c1112bbb242f0a2.sdkstatcache -output-file-map /Users/admin/builder/spi-builder-workspace/.derivedData/Build/Intermediates.noindex/AdvancedKanban.build/Debug-watchos/AdvancedKanbanSwiftData-t.build/Objects-normal/arm64/AdvancedKanbanSwiftData-OutputFileMap.json -save-temps -no-color-diagnostics -explicit-module-build -module-cache-path /Users/admin/builder/spi-builder-workspace/.derivedData/Build/Intermediates.noindex/SwiftExplicitPrecompiledModules -clang-scanner-module-cache-path /Users/admin/builder/spi-builder-workspace/.derivedData/ModuleCache.noindex -sdk-module-cache-path /Users/admin/builder/spi-builder-workspace/.derivedData/SDKExplicitPrecompiledModules -emit-dependencies -emit-module -emit-module-path /Users/admin/builder/spi-builder-workspace/.derivedData/Build/Intermediates.noindex/AdvancedKanban.build/Debug-watchos/AdvancedKanbanSwiftData-t.build/Objects-normal/arm64/AdvancedKanbanSwiftData.swiftmodule -serialize-diagnostics -dependency-scan-serialize-diagnostics-path /Users/admin/builder/spi-builder-workspace/.derivedData/Build/Intermediates.noindex/AdvancedKanban.build/Debug-watchos/AdvancedKanbanSwiftData-t.build/Objects-normal/arm64/AdvancedKanbanSwiftData-dependency-scan.dia -validate-clang-modules-once -clang-build-session-file /Users/admin/builder/spi-builder-workspace/.derivedData/ModuleCache.noindex/Session.modulevalidation -Xcc -fmodules-prune-interval\=86400 -Xcc -fmodules-prune-after\=345600 -package-name spi_builder_workspace -emit-const-values -const-gather-protocols-list /Users/admin/builder/spi-builder-workspace/.derivedData/Build/Intermediates.noindex/AdvancedKanban.build/Debug-watchos/AdvancedKanbanSwiftData-t.build/Objects-normal/arm64/AdvancedKanbanSwiftData_const_extract_protocols.json -Xcc -I/Users/admin/builder/spi-builder-workspace/.derivedData/Build/Products/Debug-watchos/include -Xcc -I/Users/admin/builder/spi-builder-workspace/.derivedData/Build/Intermediates.noindex/AdvancedKanban.build/Debug-watchos/AdvancedKanbanSwiftData-t.build/DerivedSources-normal/arm64 -Xcc -I/Users/admin/builder/spi-builder-workspace/.derivedData/Build/Intermediates.noindex/AdvancedKanban.build/Debug-watchos/AdvancedKanbanSwiftData-t.build/DerivedSources/arm64 -Xcc -I/Users/admin/builder/spi-builder-workspace/.derivedData/Build/Intermediates.noindex/AdvancedKanban.build/Debug-watchos/AdvancedKanbanSwiftData-t.build/DerivedSources -Xcc -DSWIFT_PACKAGE -Xcc -DDEBUG\=1 -emit-objc-header -emit-objc-header-path /Users/admin/builder/spi-builder-workspace/.derivedData/Build/Intermediates.noindex/AdvancedKanban.build/Debug-watchos/AdvancedKanbanSwiftData-t.build/Objects-normal/arm64/AdvancedKanbanSwiftData-Swift.h -working-directory /Users/admin/builder/spi-builder-workspace/.swiftpm/xcode -experimental-emit-module-separately -disable-cmo
SwiftEmitModule normal arm64_32 Emitting\ module\ for\ AdvancedKanban (in target 'AdvancedKanban' from project 'AdvancedKanban')
SwiftCompile normal arm64_32 (in target 'AdvancedKanban' from project 'AdvancedKanban')
cd /Users/admin/builder/spi-builder-workspace/.swiftpm/xcode
SwiftEmitModule normal arm64 Emitting\ module\ for\ AdvancedKanban (in target 'AdvancedKanban' from project 'AdvancedKanban')
SwiftCompile normal arm64 (in target 'AdvancedKanban' from project 'AdvancedKanban')
cd /Users/admin/builder/spi-builder-workspace/.swiftpm/xcode
SwiftCompile normal arm64_32 Compiling\ KanbanCardView.swift /Users/admin/builder/spi-builder-workspace/Sources/AdvancedKanban/Views/KanbanCardView.swift (in target 'AdvancedKanban' from project 'AdvancedKanban')
SwiftCompile normal arm64_32 /Users/admin/builder/spi-builder-workspace/Sources/AdvancedKanban/Views/KanbanCardView.swift (in target 'AdvancedKanban' from project 'AdvancedKanban')
cd /Users/admin/builder/spi-builder-workspace/.swiftpm/xcode
builtin-SwiftPerFileCompile KanbanCardView.swift
SwiftCompile normal arm64 Compiling\ KanbanDragGhostOverlay.swift /Users/admin/builder/spi-builder-workspace/Sources/AdvancedKanban/Views/KanbanDragGhostOverlay.swift (in target 'AdvancedKanban' from project 'AdvancedKanban')
SwiftCompile normal arm64 /Users/admin/builder/spi-builder-workspace/Sources/AdvancedKanban/Views/KanbanDragGhostOverlay.swift (in target 'AdvancedKanban' from project 'AdvancedKanban')
cd /Users/admin/builder/spi-builder-workspace/.swiftpm/xcode
builtin-SwiftPerFileCompile KanbanDragGhostOverlay.swift
SwiftCompile normal arm64_32 Compiling\ KanbanBoard.swift /Users/admin/builder/spi-builder-workspace/Sources/AdvancedKanban/Views/KanbanBoard.swift (in target 'AdvancedKanban' from project 'AdvancedKanban')
SwiftCompile normal arm64_32 /Users/admin/builder/spi-builder-workspace/Sources/AdvancedKanban/Views/KanbanBoard.swift (in target 'AdvancedKanban' from project 'AdvancedKanban')
cd /Users/admin/builder/spi-builder-workspace/.swiftpm/xcode
builtin-SwiftPerFileCompile KanbanBoard.swift
SwiftCompile normal arm64_32 Compiling\ EnvironmentValues+KanbanTheme.swift /Users/admin/builder/spi-builder-workspace/Sources/AdvancedKanban/Environment/EnvironmentValues+KanbanTheme.swift (in target 'AdvancedKanban' from project 'AdvancedKanban')
SwiftCompile normal arm64_32 /Users/admin/builder/spi-builder-workspace/Sources/AdvancedKanban/Environment/EnvironmentValues+KanbanTheme.swift (in target 'AdvancedKanban' from project 'AdvancedKanban')
cd /Users/admin/builder/spi-builder-workspace/.swiftpm/xcode
builtin-SwiftPerFileCompile EnvironmentValues+KanbanTheme.swift
SwiftCompile normal arm64 Compiling\ KanbanCardView.swift /Users/admin/builder/spi-builder-workspace/Sources/AdvancedKanban/Views/KanbanCardView.swift (in target 'AdvancedKanban' from project 'AdvancedKanban')
SwiftCompile normal arm64 /Users/admin/builder/spi-builder-workspace/Sources/AdvancedKanban/Views/KanbanCardView.swift (in target 'AdvancedKanban' from project 'AdvancedKanban')
cd /Users/admin/builder/spi-builder-workspace/.swiftpm/xcode
builtin-SwiftPerFileCompile KanbanCardView.swift
SwiftCompile normal arm64 Compiling\ KanbanTheme.swift /Users/admin/builder/spi-builder-workspace/Sources/AdvancedKanban/Environment/KanbanTheme.swift (in target 'AdvancedKanban' from project 'AdvancedKanban')
/Users/admin/builder/spi-builder-workspace/Sources/AdvancedKanban/Environment/KanbanTheme.swift:65:14: error: extraneous argument label 'nsColor:' in call
63 | Color(uiColor: .secondarySystemBackground)
64 | #else
65 | Color(nsColor: .underPageBackgroundColor)
| `- error: extraneous argument label 'nsColor:' in call
66 | #endif
67 | }
/Users/admin/builder/spi-builder-workspace/Sources/AdvancedKanban/Environment/KanbanTheme.swift:73:9: error: no exact matches in call to initializer
71 | Color(uiColor: .systemBackground)
72 | #else
73 | Color(nsColor: .textBackgroundColor)
| `- error: no exact matches in call to initializer
74 | #endif
75 | }
SwiftUI.Color.init:3:10: note: incorrect labels for candidate (have: '(nsColor:)', expected: '(_:)')
1 | struct Color {
2 | @available(iOS 17.0, macOS 14.0, tvOS 17.0, watchOS 10.0, *)
3 | public init<T>(_ color: T) where T : Hashable, T : ShapeStyle, T.Resolved == Color.Resolved}
| `- note: incorrect labels for candidate (have: '(nsColor:)', expected: '(_:)')
4 |
SwiftUI.Color.init:2:8: note: incorrect labels for candidate (have: '(nsColor:)', expected: '(_:)')
1 | struct Color {
2 | public init(_ resolved: Color.Resolved)}
| `- note: incorrect labels for candidate (have: '(nsColor:)', expected: '(_:)')
3 |
SwiftUI.Color.init:2:8: note: incorrect labels for candidate (have: '(nsColor:)', expected: '(_:)')
1 | struct Color {
2 | public init(_ cgColor: CGColor)}
| `- note: incorrect labels for candidate (have: '(nsColor:)', expected: '(_:)')
3 |
SwiftUI.Color.init:2:8: note: incorrect labels for candidate (have: '(nsColor:)', expected: '(_:)')
1 | struct Color {
2 | public init(_ name: String, bundle: Bundle? = nil)}
| `- note: incorrect labels for candidate (have: '(nsColor:)', expected: '(_:)')
3 |
SwiftUI.Color.init:2:8: note: incorrect labels for candidate (have: '(nsColor:)', expected: '(_:)')
1 | struct Color {
2 | public init(_ resource: ColorResource)}
| `- note: incorrect labels for candidate (have: '(nsColor:)', expected: '(_:)')
3 |
/Users/admin/builder/spi-builder-workspace/Sources/AdvancedKanban/Environment/KanbanTheme.swift:73:25: error: reference to member 'textBackgroundColor' cannot be resolved without a contextual type
71 | Color(uiColor: .systemBackground)
72 | #else
73 | Color(nsColor: .textBackgroundColor)
| `- error: reference to member 'textBackgroundColor' cannot be resolved without a contextual type
74 | #endif
75 | }
Failed frontend command:
/Applications/Xcode-27.0.0-Release.Candidate.app/Contents/Developer/Toolchains/XcodeDefault.xctoolchain/usr/bin/swift-frontend -frontend -c /Users/admin/builder/spi-builder-workspace/Sources/AdvancedKanban/AdvancedKanban.swift /Users/admin/builder/spi-builder-workspace/Sources/AdvancedKanban/Engine/KanbanAutoscroll.swift /Users/admin/builder/spi-builder-workspace/Sources/AdvancedKanban/Engine/KanbanDragState.swift /Users/admin/builder/spi-builder-workspace/Sources/AdvancedKanban/Engine/KanbanFramePreferenceKey.swift /Users/admin/builder/spi-builder-workspace/Sources/AdvancedKanban/Engine/KanbanGeometry.swift /Users/admin/builder/spi-builder-workspace/Sources/AdvancedKanban/Engine/KanbanInsertionResolver.swift /Users/admin/builder/spi-builder-workspace/Sources/AdvancedKanban/Engine/KanbanMoveResolver.swift /Users/admin/builder/spi-builder-workspace/Sources/AdvancedKanban/Engine/WIPLimitEvaluator.swift /Users/admin/builder/spi-builder-workspace/Sources/AdvancedKanban/Environment/EnvironmentValues+KanbanTheme.swift -primary-file /Users/admin/builder/spi-builder-workspace/Sources/AdvancedKanban/Environment/KanbanTheme.swift /Users/admin/builder/spi-builder-workspace/Sources/AdvancedKanban/Model/KanbanMove.swift /Users/admin/builder/spi-builder-workspace/Sources/AdvancedKanban/Model/WIPLimitBehavior.swift /Users/admin/builder/spi-builder-workspace/Sources/AdvancedKanban/Protocols/KanbanCard.swift /Users/admin/builder/spi-builder-workspace/Sources/AdvancedKanban/Protocols/KanbanColumn.swift /Users/admin/builder/spi-builder-workspace/Sources/AdvancedKanban/Views/KanbanBoard.swift /Users/admin/builder/spi-builder-workspace/Sources/AdvancedKanban/Views/KanbanCardView.swift /Users/admin/builder/spi-builder-workspace/Sources/AdvancedKanban/Views/KanbanColumnView.swift /Users/admin/builder/spi-builder-workspace/Sources/AdvancedKanban/Views/KanbanDragGhostOverlay.swift -emit-dependencies-path /Users/admin/builder/spi-builder-workspace/.derivedData/Build/Intermediates.noindex/AdvancedKanban.build/Debug-watchos/AdvancedKanban-t.build/Objects-normal/arm64/KanbanTheme.d -emit-const-values-path /Users/admin/builder/spi-builder-workspace/.derivedData/Build/Intermediates.noindex/AdvancedKanban.build/Debug-watchos/AdvancedKanban-t.build/Objects-normal/arm64/KanbanTheme.swiftconstvalues -emit-reference-dependencies-path /Users/admin/builder/spi-builder-workspace/.derivedData/Build/Intermediates.noindex/AdvancedKanban.build/Debug-watchos/AdvancedKanban-t.build/Objects-normal/arm64/KanbanTheme.swiftdeps -serialize-diagnostics-path /Users/admin/builder/spi-builder-workspace/.derivedData/Build/Intermediates.noindex/AdvancedKanban.build/Debug-watchos/AdvancedKanban-t.build/Objects-normal/arm64/KanbanTheme.dia -target arm64-apple-watchos10.0 -disable-cross-import-overlay-search -load-resolved-plugin /Applications/Xcode-27.0.0-Release.Candidate.app/Contents/Developer/Platforms/WatchOS.platform/Developer/usr/lib/swift/host/plugins/libFoundationMacros.dylib\#/Applications/Xcode-27.0.0-Release.Candidate.app/Contents/Developer/Platforms/WatchOS.platform/Developer/usr/bin/swift-plugin-server\#FoundationMacros -load-resolved-plugin /Applications/Xcode-27.0.0-Release.Candidate.app/Contents/Developer/Platforms/WatchOS.platform/Developer/usr/lib/swift/host/plugins/libObservationMacros.dylib\#/Applications/Xcode-27.0.0-Release.Candidate.app/Contents/Developer/Platforms/WatchOS.platform/Developer/usr/bin/swift-plugin-server\#ObservationMacros -load-resolved-plugin /Applications/Xcode-27.0.0-Release.Candidate.app/Contents/Developer/Platforms/WatchOS.platform/Developer/usr/lib/swift/host/plugins/libPreviewsMacros.dylib\#/Applications/Xcode-27.0.0-Release.Candidate.app/Contents/Developer/Platforms/WatchOS.platform/Developer/usr/bin/swift-plugin-server\#PreviewsMacros -load-resolved-plugin /Applications/Xcode-27.0.0-Release.Candidate.app/Contents/Developer/Platforms/WatchOS.platform/Developer/usr/lib/swift/host/plugins/libSwiftMacros.dylib\#/Applications/Xcode-27.0.0-Release.Candidate.app/Contents/Developer/Platforms/WatchOS.platform/Developer/usr/bin/swift-plugin-server\#SwiftMacros -load-resolved-plugin /Applications/Xcode-27.0.0-Release.Candidate.app/Contents/Developer/Platforms/WatchOS.platform/Developer/usr/lib/swift/host/plugins/libSwiftUIMacros.dylib\#/Applications/Xcode-27.0.0-Release.Candidate.app/Contents/Developer/Platforms/WatchOS.platform/Developer/usr/bin/swift-plugin-server\#SwiftUIMacros -disable-implicit-swift-modules -Xcc -fno-implicit-modules -Xcc -fno-implicit-module-maps -explicit-swift-module-map-file /Users/admin/builder/spi-builder-workspace/.derivedData/Build/Intermediates.noindex/AdvancedKanban.build/Debug-watchos/AdvancedKanban-t.build/Objects-normal/arm64/AdvancedKanban-dependencies-1.json -Xllvm -aarch64-use-tbi -enable-objc-interop -stack-check -sdk /Applications/Xcode-27.0.0-Release.Candidate.app/Contents/Developer/Platforms/WatchOS.platform/Developer/SDKs/WatchOS27.0.sdk -I /Users/admin/builder/spi-builder-workspace/.derivedData/Build/Products/Debug-watchos -Isystem /Applications/Xcode-27.0.0-Release.Candidate.app/Contents/Developer/Platforms/WatchOS.platform/Developer/usr/lib -F /Users/admin/builder/spi-builder-workspace/.derivedData/Build/Products/Debug-watchos -F /Applications/Xcode-27.0.0-Release.Candidate.app/Contents/Developer/Platforms/WatchOS.platform/Developer/Library/Frameworks -F /Applications/Xcode-27.0.0-Release.Candidate.app/Contents/Developer/Platforms/WatchOS.platform/Developer/SDKs/WatchOS27.0.sdk/Developer/Library/Frameworks -module-cache-path /Users/admin/builder/spi-builder-workspace/.derivedData/Build/Intermediates.noindex/SwiftExplicitPrecompiledModules -no-color-diagnostics -Xcc -fno-color-diagnostics -enable-testing -g -debug-info-format\=dwarf -dwarf-version\=4 -profile-generate -profile-coverage-mapping -swift-version 5 -Onone -D SWIFT_PACKAGE -D DEBUG -D SWIFT_MODULE_RESOURCE_BUNDLE_UNAVAILABLE -D Xcode -serialize-debugging-options -enable-experimental-feature DebugDescriptionMacro -empty-abi-descriptor -validate-clang-modules-once -clang-build-session-file /Users/admin/builder/spi-builder-workspace/.derivedData/ModuleCache.noindex/Session.modulevalidation -Xcc -working-directory -Xcc /Users/admin/builder/spi-builder-workspace/.swiftpm/xcode -enable-anonymous-context-mangled-names -file-compilation-dir /Users/admin/builder/spi-builder-workspace/.swiftpm/xcode -Xcc -D_LIBCPP_HARDENING_MODE\=_LIBCPP_HARDENING_MODE_DEBUG -Xcc -ivfsstatcache -Xcc /Users/admin/builder/spi-builder-workspace/.derivedData/SDKStatCaches.noindex/watchos27.0-24R360-e829b21a6f8c9b70876ba0858053c04477534ef55a1706bf4c1112bbb242f0a2.sdkstatcache -Xcc -fmodules-prune-interval\=86400 -Xcc -fmodules-prune-after\=345600 -Xcc -I/Users/admin/builder/spi-builder-workspace/.derivedData/Build/Products/Debug-watchos/include -Xcc -I/Users/admin/builder/spi-builder-workspace/.derivedData/Build/Intermediates.noindex/AdvancedKanban.build/Debug-watchos/AdvancedKanban-t.build/DerivedSources-normal/arm64 -Xcc -I/Users/admin/builder/spi-builder-workspace/.derivedData/Build/Intermediates.noindex/AdvancedKanban.build/Debug-watchos/AdvancedKanban-t.build/DerivedSources/arm64 -Xcc -I/Users/admin/builder/spi-builder-workspace/.derivedData/Build/Intermediates.noindex/AdvancedKanban.build/Debug-watchos/AdvancedKanban-t.build/DerivedSources -Xcc -DSWIFT_PACKAGE -Xcc -DDEBUG\=1 -no-auto-bridging-header-chaining -module-name AdvancedKanban -package-name spi_builder_workspace -const-gather-protocols-file /Users/admin/builder/spi-builder-workspace/.derivedData/Build/Intermediates.noindex/AdvancedKanban.build/Debug-watchos/AdvancedKanban-t.build/Objects-normal/arm64/AdvancedKanban_const_extract_protocols.json -disable-clang-spi -clang-target arm64-apple-watchos27.0 -target-sdk-version 27.0 -target-sdk-name watchos27.0 -in-process-plugin-server-path /Applications/Xcode-27.0.0-Release.Candidate.app/Contents/Developer/Toolchains/XcodeDefault.xctoolchain/usr/lib/swift/host/libSwiftInProcPluginServer.dylib -parse-as-library -o /Users/admin/builder/spi-builder-workspace/.derivedData/Build/Intermediates.noindex/AdvancedKanban.build/Debug-watchos/AdvancedKanban-t.build/Objects-normal/arm64/KanbanTheme.o -debug-module-path /Users/admin/builder/spi-builder-workspace/.derivedData/Build/Intermediates.noindex/AdvancedKanban.build/Debug-watchos/AdvancedKanban-t.build/Objects-normal/arm64/AdvancedKanban.swiftmodule -index-unit-output-path /AdvancedKanban.build/Debug-watchos/AdvancedKanban-t.build/Objects-normal/arm64/KanbanTheme.o -index-store-path /Users/admin/builder/spi-builder-workspace/.derivedData/Index.noindex/DataStore -index-system-modules
SwiftCompile normal arm64 /Users/admin/builder/spi-builder-workspace/Sources/AdvancedKanban/Environment/KanbanTheme.swift (in target 'AdvancedKanban' from project 'AdvancedKanban')
cd /Users/admin/builder/spi-builder-workspace/.swiftpm/xcode
builtin-SwiftPerFileCompile KanbanTheme.swift
SwiftCompile normal arm64 Compiling\ KanbanDragState.swift /Users/admin/builder/spi-builder-workspace/Sources/AdvancedKanban/Engine/KanbanDragState.swift (in target 'AdvancedKanban' from project 'AdvancedKanban')
SwiftCompile normal arm64 /Users/admin/builder/spi-builder-workspace/Sources/AdvancedKanban/Engine/KanbanDragState.swift (in target 'AdvancedKanban' from project 'AdvancedKanban')
cd /Users/admin/builder/spi-builder-workspace/.swiftpm/xcode
builtin-SwiftPerFileCompile KanbanDragState.swift
PruneExplicitPrecompiledModules /Users/admin/builder/spi-builder-workspace/.derivedData/Build/Intermediates.noindex/SwiftExplicitPrecompiledModules
PruneExplicitPrecompiledModules /Users/admin/builder/spi-builder-workspace/.derivedData/SDKExplicitPrecompiledModules
PruneExplicitPrecompiledModules /Users/admin/builder/spi-builder-workspace/.derivedData/Build/Intermediates.noindex/ExplicitPrecompiledModules
2026-09-27 03:17:30.278 xcodebuild[834:4818] [MT] IDERunDestination: Supported platforms for the buildables in the current scheme is empty.
** BUILD FAILED **
The following build commands failed:
SwiftCompile normal arm64 Compiling\ KanbanTheme.swift /Users/admin/builder/spi-builder-workspace/Sources/AdvancedKanban/Environment/KanbanTheme.swift (in target 'AdvancedKanban' from project 'AdvancedKanban')
SwiftCompile normal arm64 /Users/admin/builder/spi-builder-workspace/Sources/AdvancedKanban/Environment/KanbanTheme.swift (in target 'AdvancedKanban' from project 'AdvancedKanban')
Building workspace AdvancedKanban with scheme AdvancedKanban-Package
(3 failures)
BUILD FAILURE 6.4 watchOS