The Swift Package Index logo.Swift Package Index

Build Information

Failed to build SwiftUIQuery, reference main (b845b6), with Swift 6.3 for Android on 29 Oct 2026 06:27:00 UTC.

Build Command

bash -c docker run --pull=always --rm -v "checkouts-53886768-1":/host -w "$PWD" -e JAVA_HOME="/root/.sdkman/candidates/java/current" -e SPI_BUILD="1" -e SPI_PROCESSING="1" registry.gitlab.com/saguaro1/spi-images:android-6.3-latest swift build --swift-sdk aarch64-unknown-linux-android28 2>&1

Build Log

========================================
RunAll
========================================
Builder version: 5.1.4
Interrupt handler set up.
========================================
Checkout
========================================
Clone URL: https://github.com/snndmnsz/SwiftUIQuery.git
Reference: main
Initialized empty Git repository in /host/spi-builder-workspace/.git/
hint: Using 'master' as the name for the initial branch. This default branch name
hint: is subject to change. To configure the initial branch name to use in all
hint: of your new repositories, which will suppress this warning, call:
hint:
hint: 	git config --global init.defaultBranch <name>
hint:
hint: Names commonly chosen instead of 'master' are 'main', 'trunk' and
hint: 'development'. The just-created branch can be renamed via this command:
hint:
hint: 	git branch -m <name>
From https://github.com/snndmnsz/SwiftUIQuery
 * branch            main       -> FETCH_HEAD
 * [new branch]      main       -> origin/main
HEAD is now at b845b6d Add state-based polling and mount policies for 0.1.2
Cloned https://github.com/snndmnsz/SwiftUIQuery.git
Revision (git rev-parse @):
b845b6d26406fa0a5b655e241d7f1c83831ac017
SUCCESS checkout https://github.com/snndmnsz/SwiftUIQuery.git at main
========================================
Build
========================================
Selected platform:         android
Swift version:             6.3
Building package at path:  $PWD
https://github.com/snndmnsz/SwiftUIQuery.git
Running build ...
bash -c docker run --pull=always --rm -v "checkouts-53886768-1":/host -w "$PWD" -e JAVA_HOME="/root/.sdkman/candidates/java/current" -e SPI_BUILD="1" -e SPI_PROCESSING="1" registry.gitlab.com/saguaro1/spi-images:android-6.3-latest swift build --swift-sdk aarch64-unknown-linux-android28 2>&1
android-6.3-latest: Pulling from saguaro1/spi-images
Digest: sha256:1259d966e40d034d138a282ea8b980b108763342a7ff8ac7ef483c73e99068f3
Status: Image is up to date for registry.gitlab.com/saguaro1/spi-images:android-6.3-latest
Building for debugging...
[0/2] Write sources
[1/2] Write swift-version-272D24FF697CF451.txt
error: emit-module command failed with exit code 1 (use -v to see invocation)
[3/19] Emitting module SwiftUIQuery
/host/spi-builder-workspace/Sources/SwiftUIQuery/ObservableMutationResult.swift:2:8: error: no such module 'Combine'
 1 | import Foundation
 2 | import Combine
   |        `- error: no such module 'Combine'
 3 |
 4 | /// Combine mutation adapter for SwiftUI and UIKit on iOS 15+.
[4/21] Compiling SwiftUIQuery ObservableMutationResult.swift
/host/spi-builder-workspace/Sources/SwiftUIQuery/ObservableMutationResult.swift:2:8: error: no such module 'Combine'
 1 | import Foundation
 2 | import Combine
   |        `- error: no such module 'Combine'
 3 |
 4 | /// Combine mutation adapter for SwiftUI and UIKit on iOS 15+.
[5/21] Compiling SwiftUIQuery ObservableQueryResult.swift
/host/spi-builder-workspace/Sources/SwiftUIQuery/ObservableMutationResult.swift:2:8: error: no such module 'Combine'
 1 | import Foundation
 2 | import Combine
   |        `- error: no such module 'Combine'
 3 |
 4 | /// Combine mutation adapter for SwiftUI and UIKit on iOS 15+.
[6/21] Compiling SwiftUIQuery QueryRollback.swift
/host/spi-builder-workspace/Sources/SwiftUIQuery/ObservableMutationResult.swift:2:8: error: no such module 'Combine'
 1 | import Foundation
 2 | import Combine
   |        `- error: no such module 'Combine'
 3 |
 4 | /// Combine mutation adapter for SwiftUI and UIKit on iOS 15+.
[7/21] Compiling SwiftUIQuery QueryState.swift
/host/spi-builder-workspace/Sources/SwiftUIQuery/ObservableMutationResult.swift:2:8: error: no such module 'Combine'
 1 | import Foundation
 2 | import Combine
   |        `- error: no such module 'Combine'
 3 |
 4 | /// Combine mutation adapter for SwiftUI and UIKit on iOS 15+.
[8/21] Compiling SwiftUIQuery QueryExecutionContext.swift
/host/spi-builder-workspace/Sources/SwiftUIQuery/ObservableMutationResult.swift:2:8: error: no such module 'Combine'
 1 | import Foundation
 2 | import Combine
   |        `- error: no such module 'Combine'
 3 |
 4 | /// Combine mutation adapter for SwiftUI and UIKit on iOS 15+.
[9/21] Compiling SwiftUIQuery QueryKey.swift
/host/spi-builder-workspace/Sources/SwiftUIQuery/ObservableMutationResult.swift:2:8: error: no such module 'Combine'
 1 | import Foundation
 2 | import Combine
   |        `- error: no such module 'Combine'
 3 |
 4 | /// Combine mutation adapter for SwiftUI and UIKit on iOS 15+.
[10/21] Compiling SwiftUIQuery QueryClient.swift
/host/spi-builder-workspace/Sources/SwiftUIQuery/ObservableMutationResult.swift:2:8: error: no such module 'Combine'
 1 | import Foundation
 2 | import Combine
   |        `- error: no such module 'Combine'
 3 |
 4 | /// Combine mutation adapter for SwiftUI and UIKit on iOS 15+.
[11/21] Compiling SwiftUIQuery QueryError.swift
/host/spi-builder-workspace/Sources/SwiftUIQuery/ObservableMutationResult.swift:2:8: error: no such module 'Combine'
 1 | import Foundation
 2 | import Combine
   |        `- error: no such module 'Combine'
 3 |
 4 | /// Combine mutation adapter for SwiftUI and UIKit on iOS 15+.
[12/21] Compiling SwiftUIQuery MutationState.swift
/host/spi-builder-workspace/Sources/SwiftUIQuery/ObservableMutationResult.swift:2:8: error: no such module 'Combine'
 1 | import Foundation
 2 | import Combine
   |        `- error: no such module 'Combine'
 3 |
 4 | /// Combine mutation adapter for SwiftUI and UIKit on iOS 15+.
[13/21] Compiling SwiftUIQuery MutationStatus.swift
/host/spi-builder-workspace/Sources/SwiftUIQuery/ObservableMutationResult.swift:2:8: error: no such module 'Combine'
 1 | import Foundation
 2 | import Combine
   |        `- error: no such module 'Combine'
 3 |
 4 | /// Combine mutation adapter for SwiftUI and UIKit on iOS 15+.
[14/21] Compiling SwiftUIQuery CacheDuration.swift
/host/spi-builder-workspace/Sources/SwiftUIQuery/ObservableMutationResult.swift:2:8: error: no such module 'Combine'
 1 | import Foundation
 2 | import Combine
   |        `- error: no such module 'Combine'
 3 |
 4 | /// Combine mutation adapter for SwiftUI and UIKit on iOS 15+.
[15/21] Compiling SwiftUIQuery MutationController.swift
/host/spi-builder-workspace/Sources/SwiftUIQuery/ObservableMutationResult.swift:2:8: error: no such module 'Combine'
 1 | import Foundation
 2 | import Combine
   |        `- error: no such module 'Combine'
 3 |
 4 | /// Combine mutation adapter for SwiftUI and UIKit on iOS 15+.
[16/21] Compiling SwiftUIQuery QueryController.swift
/host/spi-builder-workspace/Sources/SwiftUIQuery/ObservableMutationResult.swift:2:8: error: no such module 'Combine'
 1 | import Foundation
 2 | import Combine
   |        `- error: no such module 'Combine'
 3 |
 4 | /// Combine mutation adapter for SwiftUI and UIKit on iOS 15+.
[17/21] Compiling SwiftUIQuery QueryOptions.swift
/host/spi-builder-workspace/Sources/SwiftUIQuery/ObservableMutationResult.swift:2:8: error: no such module 'Combine'
 1 | import Foundation
 2 | import Combine
   |        `- error: no such module 'Combine'
 3 |
 4 | /// Combine mutation adapter for SwiftUI and UIKit on iOS 15+.
[18/21] Compiling SwiftUIQuery QueryResult.swift
/host/spi-builder-workspace/Sources/SwiftUIQuery/ObservableMutationResult.swift:2:8: error: no such module 'Combine'
 1 | import Foundation
 2 | import Combine
   |        `- error: no such module 'Combine'
 3 |
 4 | /// Combine mutation adapter for SwiftUI and UIKit on iOS 15+.
[19/21] Compiling SwiftUIQuery QueryRecord.swift
/host/spi-builder-workspace/Sources/SwiftUIQuery/ObservableMutationResult.swift:2:8: error: no such module 'Combine'
 1 | import Foundation
 2 | import Combine
   |        `- error: no such module 'Combine'
 3 |
 4 | /// Combine mutation adapter for SwiftUI and UIKit on iOS 15+.
[20/21] Compiling SwiftUIQuery QuerySleep.swift
/host/spi-builder-workspace/Sources/SwiftUIQuery/ObservableMutationResult.swift:2:8: error: no such module 'Combine'
 1 | import Foundation
 2 | import Combine
   |        `- error: no such module 'Combine'
 3 |
 4 | /// Combine mutation adapter for SwiftUI and UIKit on iOS 15+.
[21/21] Compiling SwiftUIQuery MutationResult.swift
/host/spi-builder-workspace/Sources/SwiftUIQuery/ObservableMutationResult.swift:2:8: error: no such module 'Combine'
 1 | import Foundation
 2 | import Combine
   |        `- error: no such module 'Combine'
 3 |
 4 | /// Combine mutation adapter for SwiftUI and UIKit on iOS 15+.
BUILD FAILURE 6.3 android