Build Information
Failed to build Leanplum, reference master (0a1f21), with Swift 6.1 for Linux on 14 Sep 2026 11:24:12 UTC.
Build Command
bash -c docker run --pull=always --rm -v "checkouts-54344843-0":/host -w "$PWD" -e JAVA_HOME="/root/.sdkman/candidates/java/current" -e SPI_BUILD="1" -e SPI_PROCESSING="1" registry.gitlab.com/saguaro1/spi-images:basic-6.1-latest swift build --triple x86_64-unknown-linux-gnu 2>&1Build Log
========================================
RunAll
========================================
Builder version: 5.0.2
Interrupt handler set up.
========================================
Checkout
========================================
Clone URL: https://github.com/leanplum/leanplum-ios-sdk.git
Reference: master
Initialized empty Git repository in /host/spi-builder-workspace/.git/
hint: Using 'master' as the name for the initial branch. This default branch name
hint: is subject to change. To configure the initial branch name to use in all
hint: of your new repositories, which will suppress this warning, call:
hint:
hint: git config --global init.defaultBranch <name>
hint:
hint: Names commonly chosen instead of 'master' are 'main', 'trunk' and
hint: 'development'. The just-created branch can be renamed via this command:
hint:
hint: git branch -m <name>
From https://github.com/leanplum/leanplum-ios-sdk
* branch master -> FETCH_HEAD
* [new branch] master -> origin/master
HEAD is now at 0a1f214 Release/6.6.1 (#600)
Cloned https://github.com/leanplum/leanplum-ios-sdk.git
Revision (git rev-parse @):
0a1f2142bab6db644bb96b7b474e42c1285b1001
SUCCESS checkout https://github.com/leanplum/leanplum-ios-sdk.git at master
========================================
Build
========================================
Selected platform: linux
Swift version: 6.1
Building package at path: $PWD
https://github.com/leanplum/leanplum-ios-sdk.git
https://github.com/leanplum/leanplum-ios-sdk.git
WARNING: environment variable SUPPRESS_SWIFT_6_FLAGS is not set
Running build ...
bash -c docker run --pull=always --rm -v "checkouts-54344843-0":/host -w "$PWD" -e JAVA_HOME="/root/.sdkman/candidates/java/current" -e SPI_BUILD="1" -e SPI_PROCESSING="1" registry.gitlab.com/saguaro1/spi-images:basic-6.1-latest swift build --triple x86_64-unknown-linux-gnu -Xswiftc -Xfrontend -Xswiftc -stats-output-dir -Xswiftc -Xfrontend -Xswiftc .stats -Xswiftc -strict-concurrency=complete -Xswiftc -enable-upcoming-feature -Xswiftc StrictConcurrency -Xswiftc -enable-upcoming-feature -Xswiftc DisableOutwardActorInference -Xswiftc -enable-upcoming-feature -Xswiftc GlobalActorIsolatedTypesUsability -Xswiftc -enable-upcoming-feature -Xswiftc InferSendableFromCaptures 2>&1
basic-6.1-latest: Pulling from saguaro1/spi-images
Digest: sha256:bebe373f64586285d153a73cebf57004d534988a7110464fd581e50dd24c756b
Status: Image is up to date for registry.gitlab.com/saguaro1/spi-images:basic-6.1-latest
Fetching https://github.com/CleverTap/clevertap-ios-sdk
[1/25726] Fetching clevertap-ios-sdk
Fetched https://github.com/CleverTap/clevertap-ios-sdk from cache (5.85s)
Computing version for https://github.com/CleverTap/clevertap-ios-sdk
Computed https://github.com/CleverTap/clevertap-ios-sdk at 7.8.2 (6.60s)
Creating working copy for https://github.com/CleverTap/clevertap-ios-sdk
Working copy of https://github.com/CleverTap/clevertap-ios-sdk resolved at 7.8.2
Downloading binary artifact https://github.com/Leanplum/Leanplum-iOS-SDK/releases/download/6.6.1/Leanplum.xcframework.zip
Downloading binary artifact https://d1new0xr8otir0.cloudfront.net/CleverTapSDK-7.8.2.xcframework.zip
Downloading binary artifact https://github.com/SDWebImage/SDWebImage/releases/download/5.21.0/SDWebImage-dynamic.xcframework.zip
[16384/4324308] Downloading https://d1new0xr8otir0.cloudfront.net/CleverTapSDK-7.8.2.xcframework.zip
[131868/8281087] Downloading https://d1new0xr8otir0.cloudfront.net/CleverTapSDK-7.8.2.xcframework.zip, https://github.com/Leanplum/Leanplum-iOS-SDK/releases/download/6.6.1/Leanplum.xcframework.zip
[1568891/30585301] Downloading https://d1new0xr8otir0.cloudfront.net/CleverTapSDK-7.8.2.xcframework.zip, https://github.com/Leanplum/Leanplum-iOS-SDK/releases/download/6.6.1/Leanplum.xcframework.zip, https://github.com/SDWebImage/SDWebImage/releases/download/5.21.0/SDWebImage-dynamic.xcframework.zip
[8926818/26260993] Downloading https://github.com/Leanplum/Leanplum-iOS-SDK/releases/download/6.6.1/Leanplum.xcframework.zip, https://github.com/SDWebImage/SDWebImage/releases/download/5.21.0/SDWebImage-dynamic.xcframework.zip
Downloaded https://d1new0xr8otir0.cloudfront.net/CleverTapSDK-7.8.2.xcframework.zip (0.55s)
Downloaded https://github.com/Leanplum/Leanplum-iOS-SDK/releases/download/6.6.1/Leanplum.xcframework.zip (0.60s)
[6724151/22304214] Downloading https://github.com/SDWebImage/SDWebImage/releases/download/5.21.0/SDWebImage-dynamic.xcframework.zip
Downloaded https://github.com/SDWebImage/SDWebImage/releases/download/5.21.0/SDWebImage-dynamic.xcframework.zip (1.85s)
Building for debugging...
[0/6] Write sources
[2/6] Copying PrivacyInfo.xcprivacy
In file included from <built-in>:1:
/host/spi-builder-workspace/.build/x86_64-unknown-linux-gnu/debug/LeanplumLocation.build/DerivedSources/resource_bundle_accessor.h:2:9: fatal error: 'Foundation/Foundation.h' file not found
2 | #import <Foundation/Foundation.h>
| ^~~~~~~~~~~~~~~~~~~~~~~~~
1 error generated.
[3/6] Compiling LeanplumLocation resource_bundle_accessor.m
In file included from <built-in>:1:
/host/spi-builder-workspace/.build/x86_64-unknown-linux-gnu/debug/LeanplumLocation.build/DerivedSources/resource_bundle_accessor.h:2:9: fatal error: 'Foundation/Foundation.h' file not found
2 | #import <Foundation/Foundation.h>
| ^~~~~~~~~~~~~~~~~~~~~~~~~
[3/6] Compiling LPLocationManager.m
[3/6] Write swift-version-24593BA9C3E375BF.txt
Running build ...
bash -c docker run --pull=always --rm -v "checkouts-54344843-0":/host -w "$PWD" -e JAVA_HOME="/root/.sdkman/candidates/java/current" -e SPI_BUILD="1" -e SPI_PROCESSING="1" registry.gitlab.com/saguaro1/spi-images:basic-6.1-latest swift build --triple x86_64-unknown-linux-gnu 2>&1
basic-6.1-latest: Pulling from saguaro1/spi-images
Digest: sha256:bebe373f64586285d153a73cebf57004d534988a7110464fd581e50dd24c756b
Status: Image is up to date for registry.gitlab.com/saguaro1/spi-images:basic-6.1-latest
[0/1] Planning build
Building for debugging...
In file included from <built-in>:1:
/host/spi-builder-workspace/.build/x86_64-unknown-linux-gnu/debug/LeanplumLocation.build/DerivedSources/resource_bundle_accessor.h:2:9: fatal error: 'Foundation/Foundation.h' file not found
2 | #import <Foundation/Foundation.h>
| ^~~~~~~~~~~~~~~~~~~~~~~~~
1 error generated.
[0/3] Compiling LPLocationManager.m
In file included from <built-in>:1:
/host/spi-builder-workspace/.build/x86_64-unknown-linux-gnu/debug/LeanplumLocation.build/DerivedSources/resource_bundle_accessor.h:2:9: fatal error: 'Foundation/Foundation.h' file not found
2 | #import <Foundation/Foundation.h>
| ^~~~~~~~~~~~~~~~~~~~~~~~~
1 error generated.
[0/3] Compiling LeanplumLocation resource_bundle_accessor.m
[0/3] Write swift-version-24593BA9C3E375BF.txt
BUILD FAILURE 6.1 linux