The Swift Package Index logo.Swift Package Index

Build Information

Failed to build Switchboard, reference main (67bfa0), with Swift 6.4 for Android on 22 Oct 2026 22:46:19 UTC.

Build Command

bash -c docker run --pull=always --rm -v "checkouts-54344846-0":/host -w "$PWD" -e JAVA_HOME="/root/.sdkman/candidates/java/current" -e SPI_BUILD="1" -e SPI_PROCESSING="1" registry.gitlab.com/saguaro1/spi-images:android-6.4-latest swift build --swift-sdk aarch64-unknown-linux-android28 2>&1

Build Log

========================================
RunAll
========================================
Builder version: 5.1.3
Interrupt handler set up.
========================================
Checkout
========================================
Clone URL: https://github.com/DeepakPal25/Switchboard.git
Reference: main
Initialized empty Git repository in /host/spi-builder-workspace/.git/
hint: Using 'master' as the name for the initial branch. This default branch name
hint: is subject to change. To configure the initial branch name to use in all
hint: of your new repositories, which will suppress this warning, call:
hint:
hint: 	git config --global init.defaultBranch <name>
hint:
hint: Names commonly chosen instead of 'master' are 'main', 'trunk' and
hint: 'development'. The just-created branch can be renamed via this command:
hint:
hint: 	git branch -m <name>
From https://github.com/DeepakPal25/Switchboard
 * branch            main       -> FETCH_HEAD
 * [new branch]      main       -> origin/main
HEAD is now at 67bfa01 Fix install instructions: YOUR_USERNAME placeholder -> DeepakPal25
Cloned https://github.com/DeepakPal25/Switchboard.git
Revision (git rev-parse @):
67bfa0170118d65ac87cff4f460a21eb2366431c
SPI manifest file found: $PWD/.spi.yml
SUCCESS checkout https://github.com/DeepakPal25/Switchboard.git at main
========================================
Build
========================================
Selected platform:         android
Swift version:             6.4
Building package at path:  $PWD
https://github.com/DeepakPal25/Switchboard.git
Running build ...
bash -c docker run --pull=always --rm -v "checkouts-54344846-0":/host -w "$PWD" -e JAVA_HOME="/root/.sdkman/candidates/java/current" -e SPI_BUILD="1" -e SPI_PROCESSING="1" registry.gitlab.com/saguaro1/spi-images:android-6.4-latest swift build --swift-sdk aarch64-unknown-linux-android28 2>&1
android-6.4-latest: Pulling from saguaro1/spi-images
Digest: sha256:d9a84d7647394b4473e054b8d8a8f0e0b43300080afc6972ec459a3a608366e4
Status: Image is up to date for registry.gitlab.com/saguaro1/spi-images:android-6.4-latest
Fetching https://github.com/swiftlang/swift-syntax.git
[1/80972] Fetching swift-syntax
Fetched https://github.com/swiftlang/swift-syntax.git (3.38s)
Computing version for https://github.com/swiftlang/swift-syntax.git
Computed https://github.com/swiftlang/swift-syntax.git at 602.0.0 (4.36s)
Creating working copy for https://github.com/swiftlang/swift-syntax.git
Working copy of https://github.com/swiftlang/swift-syntax.git resolved at 602.0.0
Building for debugging...
[Computing dependencies]
[Pre-planning 1 / 652]
[Planning deferred tasks]
[30 / 264] SwiftSyntaxMacros
[148 / 279] SwiftSyntax602
[173 / 289] SwiftSyntax
[174 / 290] SwiftSyntax600
[184 / 292] SwiftSyntax509
[190 / 294] SwiftSyntax601
[191 / 294] SwiftSyntax
[193 / 294] SwiftSyntax
[206 / 322] SwiftParser
[215 / 322] SwiftParser
[221 / 322] SwiftParser
[225 / 322] SwiftParser
[228 / 322] SwiftParser
[230 / 322] SwiftDiagnostics
[231 / 322] SwiftDiagnostics
[232 / 322] SwiftOperators
[233 / 322] SwiftDiagnostics
[237 / 322] SwiftDiagnostics
[238 / 322] SwiftParserDiagnostics
[241 / 323] SwiftDiagnostics
[245 / 325]
[248 / 343] SwiftOperators
[249 / 344] SwiftParserDiagnostics
[252 / 344] SwiftParserDiagnostics
[259 / 344] SwiftParserDiagnostics
[262 / 344] SwiftOperators
[266 / 345] SwiftSyntaxBuilder
[269 / 345] SwiftParser
[273 / 345] SwiftOperators
[276 / 345] SwiftBasicFormat
[282 / 355] SwiftSyntaxBuilder
[282 / 356] SwiftSyntaxBuilder
[286 / 356] SwiftSyntaxBuilder
[287 / 357] SwiftSyntaxBuilder
[297 / 359] SwiftSyntaxMacros
[299 / 367] SwiftSyntaxMacros
[308 / 367] SwiftSyntaxMacros
[312 / 368] SwiftSyntaxMacroExpansion
[316 / 377] SwiftSyntaxMacroExpansion
[319 / 379] SwiftSyntaxMacros
[329 / 379] SwiftSyntaxMacroExpansion
[333 / 389] SwiftCompilerPluginMessageHandling
[335 / 389] SwiftCompilerPluginMessageHandling
[338 / 389] SwiftCompilerPluginMessageHandling
[340 / 389] SwiftCompilerPluginMessageHandling
[345 / 389] SwiftCompilerPluginMessageHandling
[353 / 392] SwiftCompilerPluginMessageHandling
[354 / 393] SwiftSyntaxMacroExpansion
[357 / 394] SwiftCompilerPluginMessageHandling
[359 / 395] SwiftSyntax
[362 / 396] SwiftSyntax
[369 / 396] SwiftSyntaxMacros
[377 / 397] SwitchboardMacros
[379 / 399] SwitchboardMacros
[380 / 399] SwitchboardMacros
[384 / 400] SwitchboardMacros
error: SwiftCompile normal aarch64 failed with a nonzero exit code. Command line:     cd /host

[392 / 408] Switchboard
/host/spi-builder-workspace/Sources/Switchboard/Storage.swift:72:36: error: type 'URL' has no member 'cachesDirectory'
 70 |     public let fileURL: URL
 71 |
 72 |     public init(fileURL: URL = URL.cachesDirectory.appending(path: "Switchboard/remote-config.json")) {
    |                                    `- error: type 'URL' has no member 'cachesDirectory'
 73 |         self.fileURL = fileURL
 74 |     }
/host/spi-builder-workspace/Sources/Switchboard/Storage.swift:17:26: error: 'URLSession' is unavailable: This type has moved to the FoundationNetworking module. Import that module to use it.
 15 |     public let url: URL
 16 |     public let headers: [String: String]
 17 |     private let session: URLSession
    |                          `- error: 'URLSession' is unavailable: This type has moved to the FoundationNetworking module. Import that module to use it.
 18 |
 19 |     public init(url: URL, headers: [String: String] = [:], session: URLSession = .shared) {
Foundation.URLSession:2:18: note: 'URLSession' has been explicitly marked unavailable here
1 | @available(*, unavailable, message: "This type has moved to the FoundationNetworking module. Import that module to use it.")
2 | public typealias URLSession = AnyObject
  |                  `- note: 'URLSession' has been explicitly marked unavailable here
/host/spi-builder-workspace/Sources/Switchboard/Storage.swift:19:69: error: 'URLSession' is unavailable: This type has moved to the FoundationNetworking module. Import that module to use it.
 17 |     private let session: URLSession
 18 |
 19 |     public init(url: URL, headers: [String: String] = [:], session: URLSession = .shared) {
    |                                                                     `- error: 'URLSession' is unavailable: This type has moved to the FoundationNetworking module. Import that module to use it.
 20 |         self.url = url
 21 |         self.headers = headers
Foundation.URLSession:2:18: note: 'URLSession' has been explicitly marked unavailable here
1 | @available(*, unavailable, message: "This type has moved to the FoundationNetworking module. Import that module to use it.")
2 | public typealias URLSession = AnyObject
  |                  `- note: 'URLSession' has been explicitly marked unavailable here
/host/spi-builder-workspace/Sources/Switchboard/Storage.swift:19:83: error: type 'URLSession' (aka 'AnyObject') has no member 'shared'
 17 |     private let session: URLSession
 18 |
 19 |     public init(url: URL, headers: [String: String] = [:], session: URLSession = .shared) {
    |                                                                                   `- error: type 'URLSession' (aka 'AnyObject') has no member 'shared'
 20 |         self.url = url
 21 |         self.headers = headers
/host/spi-builder-workspace/Sources/Switchboard/Storage.swift:19:83: error: value of type '_' expected to be instance of class or class-constrained type
 17 |     private let session: URLSession
 18 |
 19 |     public init(url: URL, headers: [String: String] = [:], session: URLSession = .shared) {
    |                                                                                   `- error: value of type '_' expected to be instance of class or class-constrained type
 20 |         self.url = url
 21 |         self.headers = headers
/host/spi-builder-workspace/Sources/Switchboard/Storage.swift:17:17: error: stored property 'session' of 'Sendable'-conforming struct 'HTTPRemoteConfigSource' has non-Sendable type 'AnyObject'
 15 |     public let url: URL
 16 |     public let headers: [String: String]
 17 |     private let session: URLSession
    |                 `- error: stored property 'session' of 'Sendable'-conforming struct 'HTTPRemoteConfigSource' has non-Sendable type 'AnyObject'
 18 |
 19 |     public init(url: URL, headers: [String: String] = [:], session: URLSession = .shared) {
Failed frontend command:
/root/.local/share/swiftly/toolchains/6.4.0/usr/bin/swift-frontend -frontend -emit-module -experimental-skip-non-inlinable-function-bodies-without-types /host/spi-builder-workspace/Sources/Switchboard/FlagDefinition.swift /host/spi-builder-workspace/Sources/Switchboard/FlagStore.swift /host/spi-builder-workspace/Sources/Switchboard/FlagValue.swift /host/spi-builder-workspace/Sources/Switchboard/Macros.swift /host/spi-builder-workspace/Sources/Switchboard/RemoteConfig.swift /host/spi-builder-workspace/Sources/Switchboard/Storage.swift -target aarch64-unknown-linux-android28 -Xllvm -aarch64-use-tbi -disable-objc-interop -sdk /android-ndk/android-ndk-r30/toolchains/llvm/prebuilt/linux-x86_64/sysroot -sysroot /android-ndk/android-ndk-r30/toolchains/llvm/prebuilt/linux-x86_64/sysroot -I /host/spi-builder-workspace/.build/out/Products/Debug-android-aarch64 -module-cache-path /host/spi-builder-workspace/.build/out/ModuleCache.noindex -color-diagnostics -Xcc -fcolor-diagnostics -enable-testing -g -debug-info-format\=dwarf -dwarf-version\=4 -swift-version 6 -Onone -D SWIFT_PACKAGE -D DEBUG -D SWIFT_MODULE_RESOURCE_BUNDLE_UNAVAILABLE -D Xcode -serialize-debugging-options -load-plugin-executable /host/spi-builder-workspace/.build/out/Products/Debug-linux-x86_64/SwitchboardMacros\#SwitchboardMacros -enable-experimental-feature DebugDescriptionMacro -empty-abi-descriptor -external-plugin-path /root/.local/share/swiftly/toolchains/6.4.0/usr/lib/swift/host/plugins/testing\#/root/.local/share/swiftly/toolchains/6.4.0/usr/bin/swift-plugin-server -validate-clang-modules-once -clang-build-session-file /host/spi-builder-workspace/.build/out/ModuleCache.noindex/Session.modulevalidation -Xcc -working-directory -Xcc /host -resource-dir /root/.swiftpm/swift-sdks/swift-6.4.0-RELEASE_android.artifactbundle/swift-android/swift-resources/usr/lib/swift-aarch64 -enable-anonymous-context-mangled-names -file-compilation-dir /host -Xcc -resource-dir -Xcc /android-ndk/android-ndk-r30/toolchains/llvm/prebuilt/linux-x86_64/lib/clang/21 -Xcc -fno-omit-frame-pointer -Xcc -D_LIBCPP_HARDENING_MODE\=_LIBCPP_HARDENING_MODE_DEBUG -Xcc -fmodules-prune-interval\=86400 -Xcc -fmodules-prune-after\=345600 -Xcc -I/host/spi-builder-workspace/.build/out/Products/Debug-android-aarch64/include -Xcc -I/host/spi-builder-workspace/.build/out/Intermediates.noindex/Switchboard.build/Debug-android-aarch64/Switchboard-t.build/DerivedSources-normal/aarch64 -Xcc -I/host/spi-builder-workspace/.build/out/Intermediates.noindex/Switchboard.build/Debug-android-aarch64/Switchboard-t.build/DerivedSources/aarch64 -Xcc -I/host/spi-builder-workspace/.build/out/Intermediates.noindex/Switchboard.build/Debug-android-aarch64/Switchboard-t.build/DerivedSources -Xcc -DSWIFT_PACKAGE -Xcc -DDEBUG\=1 -no-auto-bridging-header-chaining -module-name Switchboard -package-name spi_builder_workspace -const-gather-protocols-file /host/spi-builder-workspace/.build/out/Intermediates.noindex/Switchboard.build/Debug-android-aarch64/Switchboard-t.build/Objects-normal/aarch64/Switchboard_const_extract_protocols.json -in-process-plugin-server-path /root/.local/share/swiftly/toolchains/6.4.0/usr/lib/swift/host/libSwiftInProcPluginServer.so -plugin-path /root/.local/share/swiftly/toolchains/6.4.0/usr/lib/swift/host/plugins -plugin-path /root/.local/share/swiftly/toolchains/6.4.0/usr/local/lib/swift/host/plugins -emit-module-doc-path /host/spi-builder-workspace/.build/out/Intermediates.noindex/Switchboard.build/Debug-android-aarch64/Switchboard-t.build/Objects-normal/aarch64/Modules/Switchboard.swiftdoc -emit-module-source-info-path /host/spi-builder-workspace/.build/out/Intermediates.noindex/Switchboard.build/Debug-android-aarch64/Switchboard-t.build/Objects-normal/aarch64/Modules/Switchboard.swiftsourceinfo -emit-objc-header-path /host/spi-builder-workspace/.build/out/Intermediates.noindex/Switchboard.build/Debug-android-aarch64/Switchboard-t.build/Objects-normal/aarch64/Switchboard-Swift.h -serialize-diagnostics-path /host/spi-builder-workspace/.build/out/Intermediates.noindex/Switchboard.build/Debug-android-aarch64/Switchboard-t.build/Objects-normal/aarch64/Switchboard-primary-emit-module.dia -emit-dependencies-path /host/spi-builder-workspace/.build/out/Intermediates.noindex/Switchboard.build/Debug-android-aarch64/Switchboard-t.build/Objects-normal/aarch64/Switchboard-primary-emit-module.d -parse-as-library -o /host/spi-builder-workspace/.build/out/Intermediates.noindex/Switchboard.build/Debug-android-aarch64/Switchboard-t.build/Objects-normal/aarch64/Modules/Switchboard.swiftmodule
error: Build failed
BUILD FAILURE 6.4 android