Build Information
Failed to build soto-codegenerator, reference main (e747d3), with Swift 6.3 for Wasm on 2 Oct 2026 21:36:09 UTC.
Build Command
bash -c docker run --pull=always --rm -v "checkouts-53886770-1":/host -w "$PWD" -e JAVA_HOME="/root/.sdkman/candidates/java/current" -e SPI_BUILD="1" -e SPI_PROCESSING="1" registry.gitlab.com/saguaro1/spi-images:wasm-6.3-latest swift build --swift-sdk swift-6.3.2-RELEASE_wasm 2>&1Build Log
========================================
RunAll
========================================
Builder version: 5.1.1
Interrupt handler set up.
========================================
Checkout
========================================
Clone URL: https://github.com/soto-project/soto-codegenerator.git
Reference: main
Initialized empty Git repository in /host/spi-builder-workspace/.git/
hint: Using 'master' as the name for the initial branch. This default branch name
hint: is subject to change. To configure the initial branch name to use in all
hint: of your new repositories, which will suppress this warning, call:
hint:
hint: git config --global init.defaultBranch <name>
hint:
hint: Names commonly chosen instead of 'master' are 'main', 'trunk' and
hint: 'development'. The just-created branch can be renamed via this command:
hint:
hint: git branch -m <name>
From https://github.com/soto-project/soto-codegenerator
* branch main -> FETCH_HEAD
* [new branch] main -> origin/main
HEAD is now at e747d30 Support service specific environment endpoint overrides (#101)
Cloned https://github.com/soto-project/soto-codegenerator.git
Revision (git rev-parse @):
e747d30c128a4e013529ec3d14b0d4407d52c7cd
SUCCESS checkout https://github.com/soto-project/soto-codegenerator.git at main
========================================
Build
========================================
Selected platform: wasm
Swift version: 6.3
Building package at path: $PWD
https://github.com/soto-project/soto-codegenerator.git
Running build ...
bash -c docker run --pull=always --rm -v "checkouts-53886770-1":/host -w "$PWD" -e JAVA_HOME="/root/.sdkman/candidates/java/current" -e SPI_BUILD="1" -e SPI_PROCESSING="1" registry.gitlab.com/saguaro1/spi-images:wasm-6.3-latest swift build --swift-sdk swift-6.3.2-RELEASE_wasm 2>&1
wasm-6.3-latest: Pulling from saguaro1/spi-images
Digest: sha256:253aad7f5b11d25cf9eaef34120b94cd8a325782929c57fb304a7711494a3f9a
Status: Image is up to date for registry.gitlab.com/saguaro1/spi-images:wasm-6.3-latest
Fetching https://github.com/soto-project/soto-smithy.git
Fetching https://github.com/hummingbird-project/swift-mustache.git
Fetching https://github.com/apple/swift-log.git
Fetching https://github.com/apple/swift-argument-parser.git
[1/2099] Fetching swift-mustache
[127/10331] Fetching swift-mustache, swift-log
[524/12191] Fetching swift-mustache, swift-log, soto-smithy
[12192/31201] Fetching swift-mustache, swift-log, soto-smithy, swift-argument-parser
Fetched https://github.com/hummingbird-project/swift-mustache.git from cache (0.55s)
[13324/29102] Fetching swift-log, soto-smithy, swift-argument-parser
Fetched https://github.com/apple/swift-log.git from cache (0.55s)
[5472/20870] Fetching soto-smithy, swift-argument-parser
Fetched https://github.com/soto-project/soto-smithy.git from cache (0.80s)
Fetched https://github.com/apple/swift-argument-parser.git from cache (0.81s)
Computing version for https://github.com/soto-project/soto-smithy.git
Computed https://github.com/soto-project/soto-smithy.git at 0.4.10 (2.11s)
Computing version for https://github.com/hummingbird-project/swift-mustache.git
Computed https://github.com/hummingbird-project/swift-mustache.git at 2.1.1 (0.14s)
Computing version for https://github.com/apple/swift-argument-parser.git
Computed https://github.com/apple/swift-argument-parser.git at 1.8.2 (0.19s)
Computing version for https://github.com/apple/swift-log.git
Computed https://github.com/apple/swift-log.git at 1.15.1 (0.18s)
Creating working copy for https://github.com/apple/swift-log.git
Working copy of https://github.com/apple/swift-log.git resolved at 1.15.1
Creating working copy for https://github.com/soto-project/soto-smithy.git
Working copy of https://github.com/soto-project/soto-smithy.git resolved at 0.4.10
Creating working copy for https://github.com/hummingbird-project/swift-mustache.git
Working copy of https://github.com/hummingbird-project/swift-mustache.git resolved at 2.1.1
Creating working copy for https://github.com/apple/swift-argument-parser.git
Working copy of https://github.com/apple/swift-argument-parser.git resolved at 1.8.2
[1/1] Compiling plugin SotoModelDownloaderPlugin
[2/2] Compiling plugin SotoCodeGeneratorPlugin
[3/3] Compiling plugin GenerateManual
[4/4] Compiling plugin GenerateDoccReference
Building for debugging...
[4/49] Write sources
[22/49] Write swift-version-24593BA9C3E375BF.txt
[24/187] Emitting module Mustache
[25/189] Compiling SotoSmithy DecodableShape.swift
[26/189] Compiling SotoSmithy ServiceShapes.swift
[27/189] Compiling Mustache Template.swift
[28/189] Compiling Mustache Transform.swift
[29/189] Compiling SotoSmithy CustomTrait.swift
[30/189] Compiling SotoSmithy SingleValueTrait.swift
[31/189] Compiling SotoSmithy StaticTrait.swift
[32/189] Compiling SotoSmithy Trait.swift
[33/189] Compiling SotoSmithy TraitList.swift
[34/189] Compiling SotoSmithy AuthenticationTraits.swift
[35/194] Compiling SotoSmithy LogicalSelectors.swift
[36/194] Compiling SotoSmithy Selector.swift
[37/194] Compiling SotoSmithy SelectorParser.swift
[38/194] Compiling SotoSmithy AggregateShapes.swift
[39/194] Compiling SotoSmithy ApplyShape.swift
[40/194] Compiling SotoSmithy HttpProtocolComplianceTraits.swift
[41/194] Compiling SotoSmithy MqttProtocolBindingTraits.swift
[42/194] Compiling SotoSmithy ProtocolTraits.swift
[43/194] Compiling SotoSmithy ResourceTraits.swift
[44/194] Compiling SotoSmithy RulesTraits.swift
[45/194] Compiling SotoSmithy BehaviourTraits.swift
[46/194] Compiling SotoSmithy ConstraintTraits.swift
[47/194] Compiling SotoSmithy DocumentationTraits.swift
[48/194] Compiling SotoSmithy EndpointTraits.swift
[49/194] Compiling SotoSmithy HttpProtocolBindingTraits.swift
[55/199] Compiling Logging LoggingSystem.swift
[56/199] Compiling Logging Logger+Attributes.swift
[59/200] Compiling Logging Logger.swift
[72/201] Emitting module Logging
[73/201] Compiling Logging Logger+With.swift
[74/201] Compiling Logging Logger.swift
[75/201] Compiling SotoSmithy Smithy.swift
[76/201] Compiling SotoSmithy Parser.swift
[77/201] Compiling SotoSmithy Document.swift
[78/201] Compiling SotoSmithy Errors.swift
[79/201] Compiling SotoSmithy Model.swift
[80/201] Compiling SotoSmithy ShapeId.swift
[81/201] Compiling Logging LoggingSystem.swift
[82/201] Compiling Logging MetadataProvider.swift
[83/202] Compiling Logging Logger+With.swift
[86/202] Compiling Logging Logger+Attributes.swift
[87/202] Wrapping AST for Logging for debugging
[89/202] Emitting module ArgumentParserToolInfo
[90/202] Compiling ArgumentParserToolInfo ToolInfo.swift
[92/203] Emitting module ArgumentParserToolInfo
[98/204] Emitting module Mustache
[101/207] Wrapping AST for ArgumentParserToolInfo for debugging
[103/229] Emitting module SotoSmithy
[104/259] Compiling ArgumentParser ArgumentVisibility.swift
[105/259] Compiling ArgumentParser CompletionKind.swift
[106/259] Compiling ArgumentParser Errors.swift
[107/259] Compiling ArgumentParser Flag.swift
[108/259] Compiling ArgumentParser NameSpecification.swift
[109/263] Compiling ArgumentParser Option.swift
[110/263] Compiling ArgumentParser OptionGroup.swift
[111/263] Compiling ArgumentParser BashCompletionsGenerator.swift
[112/263] Compiling ArgumentParser CompletionsGenerator.swift
[113/263] Compiling ArgumentParser FishCompletionsGenerator.swift
[114/263] Compiling ArgumentParser ZshCompletionsGenerator.swift
[114/300] Wrapping AST for ArgumentParserToolInfo for debugging
[121/300] Compiling ArgumentParser ParsedValues.swift
[122/300] Compiling ArgumentParser ParserError.swift
[123/300] Compiling ArgumentParser SplitArguments.swift
[124/300] Compiling ArgumentParser DumpHelpGenerator.swift
[125/300] Compiling ArgumentParser Mutex.swift
[129/301] Compiling ArgumentParser ArgumentHelp.swift
[130/301] Compiling ArgumentParser ParentCommand.swift
[130/301] Wrapping AST for SotoSmithy for debugging
[132/301] Compiling ArgumentParser EnumerableFlag.swift
[133/301] Compiling ArgumentParser ExpressibleByArgument.swift
[135/301] Compiling ArgumentParser Argument.swift
[136/301] Compiling ArgumentParser ArgumentDiscussion.swift
[137/310] Wrapping AST for Mustache for debugging
[140/310] Compiling ArgumentParser AsyncParsableCommand.swift
[141/310] Compiling ArgumentParser CommandConfiguration.swift
[142/310] Compiling ArgumentParser CommandGroup.swift
[145/310] Compiling ArgumentParser ParsableArguments.swift
[146/316] Compiling ArgumentParser InputKey.swift
[147/316] Compiling ArgumentParser InputOrigin.swift
[148/316] Compiling ArgumentParser HelpCommand.swift
[149/316] Compiling ArgumentParser HelpGenerator.swift
[150/316] Compiling ArgumentParser MessageInfo.swift
[151/316] Compiling ArgumentParser UsageGenerator.swift
[152/316] Compiling ArgumentParser CollectionExtensions.swift
[153/316] Compiling ArgumentParser Foundation.swift
[154/316] Compiling ArgumentParser Name.swift
[155/316] Compiling ArgumentParser Parsed.swift
[161/316] Compiling Logging MetadataProvider.swift
[162/316] Emitting module Logging
[165/316] Compiling SotoSmithyAWS AwsAuthenticationTraits.swift
[169/318] Compiling SotoSmithyAWS AwsProtocolTraits.swift
[170/318] Compiling SotoSmithyAWS AwsS3Traits.swift
[170/318] Wrapping AST for Logging for debugging
[176/318] Emitting module SotoSmithy
[200/320] Wrapping AST for Mustache for debugging
[203/320] Emitting module ArgumentParser
[204/326] Compiling ArgumentParser ParsableCommand.swift
[205/326] Compiling ArgumentParser ArgumentDecoder.swift
[206/326] Compiling ArgumentParser ArgumentDefinition.swift
[207/326] Compiling ArgumentParser ArgumentSet.swift
[208/326] Compiling ArgumentParser CommandParser.swift
[216/326] Compiling SotoSmithyAWS AwsCloudFormationTraits.swift
[216/332] Wrapping AST for SotoSmithy for debugging
[218/334] Emitting module ArgumentParser
[219/334] Compiling SotoSmithyAWS AwsCoreTraits.swift
[220/334] Compiling SotoSmithyAWS AwsIAMTraits.swift
[221/334] Compiling SotoSmithyAWS AwsProtocolTraits.swift
[229/335] Emitting module SotoSmithyAWS
[230/335] Compiling SotoSmithyAWS AwsApiGatewayTraits.swift
[231/335] Compiling SotoSmithyAWS Smithy.swift
[232/336] Compiling ArgumentParser AsyncCompletionsValidator.swift
[233/336] Compiling ArgumentParser CodingKeyValidator.swift
[234/336] Compiling ArgumentParser NonsenseFlagsValidator.swift
[235/336] Compiling ArgumentParser ParsableArgumentsValidation.swift
[236/336] Compiling ArgumentParser PositionalArgumentsValidator.swift
[237/336] Compiling ArgumentParser UniqueNamesValidator.swift
[238/336] Compiling SotoSmithyAWS AwsS3Traits.swift
[241/336] Compiling ArgumentParser Platform.swift
[242/336] Compiling ArgumentParser SequenceExtensions.swift
[243/336] Compiling ArgumentParser StringExtensions.swift
[244/336] Compiling ArgumentParser SwiftExtensions.swift
[245/336] Compiling ArgumentParser Tree.swift
[258/336] Compiling SotoSmithyAWS AwsAuthenticationTraits.swift
[258/336] Wrapping AST for SotoSmithyAWS for debugging
[266/358] Compiling SotoCodeGeneratorLib comment.swift
/host/spi-builder-workspace/Sources/SotoCodeGeneratorLib/Glob.swift:20:8: error: no such module 'Darwin.C'
18 | import Glibc
19 | #else
20 | import Darwin.C
| `- error: no such module 'Darwin.C'
21 | #endif
22 |
[267/358] Compiling SotoCodeGeneratorLib enum.swift
/host/spi-builder-workspace/Sources/SotoCodeGeneratorLib/Glob.swift:20:8: error: no such module 'Darwin.C'
18 | import Glibc
19 | #else
20 | import Darwin.C
| `- error: no such module 'Darwin.C'
21 | #endif
22 |
[268/358] Compiling SotoCodeGeneratorLib enumWithValues.swift
/host/spi-builder-workspace/Sources/SotoCodeGeneratorLib/Glob.swift:20:8: error: no such module 'Darwin.C'
18 | import Glibc
19 | #else
20 | import Darwin.C
| `- error: no such module 'Darwin.C'
21 | #endif
22 |
[269/361] Compiling SotoSmithyAWS AwsIAMTraits.swift
[270/361] Compiling SotoCodeGeneratorLib error.swift
/host/spi-builder-workspace/Sources/SotoCodeGeneratorLib/Glob.swift:20:8: error: no such module 'Darwin.C'
18 | import Glibc
19 | #else
20 | import Darwin.C
| `- error: no such module 'Darwin.C'
21 | #endif
22 |
[271/361] Compiling SotoCodeGeneratorLib header.swift
/host/spi-builder-workspace/Sources/SotoCodeGeneratorLib/Glob.swift:20:8: error: no such module 'Darwin.C'
18 | import Glibc
19 | #else
20 | import Darwin.C
| `- error: no such module 'Darwin.C'
21 | #endif
22 |
[272/361] Compiling SotoCodeGeneratorLib paginators.swift
/host/spi-builder-workspace/Sources/SotoCodeGeneratorLib/Glob.swift:20:8: error: no such module 'Darwin.C'
18 | import Glibc
19 | #else
20 | import Darwin.C
| `- error: no such module 'Darwin.C'
21 | #endif
22 |
[273/361] Compiling SotoCodeGeneratorLib shapes.swift
/host/spi-builder-workspace/Sources/SotoCodeGeneratorLib/Glob.swift:20:8: error: no such module 'Darwin.C'
18 | import Glibc
19 | #else
20 | import Darwin.C
| `- error: no such module 'Darwin.C'
21 | #endif
22 |
[274/361] Compiling SotoCodeGeneratorLib struct.swift
/host/spi-builder-workspace/Sources/SotoCodeGeneratorLib/Glob.swift:20:8: error: no such module 'Darwin.C'
18 | import Glibc
19 | #else
20 | import Darwin.C
| `- error: no such module 'Darwin.C'
21 | #endif
22 |
[275/361] Compiling SotoCodeGeneratorLib waiters.swift
/host/spi-builder-workspace/Sources/SotoCodeGeneratorLib/Glob.swift:20:8: error: no such module 'Darwin.C'
18 | import Glibc
19 | #else
20 | import Darwin.C
| `- error: no such module 'Darwin.C'
21 | #endif
22 |
[276/361] Compiling SotoCodeGeneratorLib Glob.swift
/host/spi-builder-workspace/Sources/SotoCodeGeneratorLib/Glob.swift:20:8: error: no such module 'Darwin.C'
18 | import Glibc
19 | #else
20 | import Darwin.C
| `- error: no such module 'Darwin.C'
21 | #endif
22 |
[277/361] Compiling SotoCodeGeneratorLib Model+Patch.swift
/host/spi-builder-workspace/Sources/SotoCodeGeneratorLib/Glob.swift:20:8: error: no such module 'Darwin.C'
18 | import Glibc
19 | #else
20 | import Darwin.C
| `- error: no such module 'Darwin.C'
21 | #endif
22 |
[278/361] Compiling SotoCodeGeneratorLib Patch.swift
/host/spi-builder-workspace/Sources/SotoCodeGeneratorLib/Glob.swift:20:8: error: no such module 'Darwin.C'
18 | import Glibc
19 | #else
20 | import Darwin.C
| `- error: no such module 'Darwin.C'
21 | #endif
22 |
[283/361] Compiling SotoCodeGeneratorLib String.swift
[284/361] Compiling SotoCodeGeneratorLib Templates.swift
[285/361] Compiling SotoCodeGeneratorLib api.swift
/host/spi-builder-workspace/Sources/SotoCodeGeneratorLib/Glob.swift:20:8: error: no such module 'Darwin.C'
18 | import Glibc
19 | #else
20 | import Darwin.C
| `- error: no such module 'Darwin.C'
21 | #endif
22 |
/host/spi-builder-workspace/Sources/SotoCodeGeneratorLib/Glob.swift:20:8: error: no such module 'Darwin.C'
18 | import Glibc
19 | #else
20 | import Darwin.C
| `- error: no such module 'Darwin.C'
21 | #endif
22 |
/host/spi-builder-workspace/Sources/SotoCodeGeneratorLib/Glob.swift:20:8: error: no such module 'Darwin.C'
18 | import Glibc
19 | #else
20 | import Darwin.C
| `- error: no such module 'Darwin.C'
21 | #endif
22 |
[296/361] Compiling SotoCodeGeneratorLib Smithy+CodeGeneration.swift
/host/spi-builder-workspace/Sources/SotoCodeGeneratorLib/Glob.swift:20:8: error: no such module 'Darwin.C'
18 | import Glibc
19 | #else
20 | import Darwin.C
| `- error: no such module 'Darwin.C'
21 | #endif
22 |
[297/361] Compiling SotoCodeGeneratorLib SotoCodeGen.swift
/host/spi-builder-workspace/Sources/SotoCodeGeneratorLib/Glob.swift:20:8: error: no such module 'Darwin.C'
18 | import Glibc
19 | #else
20 | import Darwin.C
| `- error: no such module 'Darwin.C'
21 | #endif
22 |
[298/361] Compiling SotoCodeGeneratorLib SotoTraits.swift
/host/spi-builder-workspace/Sources/SotoCodeGeneratorLib/Glob.swift:20:8: error: no such module 'Darwin.C'
18 | import Glibc
19 | #else
20 | import Darwin.C
| `- error: no such module 'Darwin.C'
21 | #endif
22 |
[299/361] Compiling SotoCodeGeneratorLib AwsService.swift
[300/361] Compiling SotoCodeGeneratorLib ConfigFile.swift
[301/361] Compiling SotoCodeGeneratorLib Endpoints.swift
[302/361] Compiling SotoCodeGeneratorLib AwsService+paginators.swift
[303/361] Compiling SotoCodeGeneratorLib AwsService+shapes.swift
[304/361] Compiling SotoCodeGeneratorLib AwsService+waiters.swift
error: emit-module command failed with exit code 1 (use -v to see invocation)
[313/361] Emitting module SotoCodeGeneratorLib
/host/spi-builder-workspace/Sources/SotoCodeGeneratorLib/Glob.swift:20:8: error: no such module 'Darwin.C'
18 | import Glibc
19 | #else
20 | import Darwin.C
| `- error: no such module 'Darwin.C'
21 | #endif
22 |
[314/361] Compiling SotoSmithyAWS AwsCloudFormationTraits.swift
[315/361] Compiling SotoSmithyAWS AwsCoreTraits.swift
[316/361] Emitting module SotoSmithyAWS
[317/361] Compiling SotoSmithyAWS Smithy.swift
[318/361] Compiling SotoSmithyAWS AwsApiGatewayTraits.swift
[325/362] Wrapping AST for SotoSmithyAWS for debugging
[327/384] Compiling SotoCodeGeneratorLib comment.swift
/host/spi-builder-workspace/Sources/SotoCodeGeneratorLib/Glob.swift:20:8: error: no such module 'Darwin.C'
18 | import Glibc
19 | #else
20 | import Darwin.C
| `- error: no such module 'Darwin.C'
21 | #endif
22 |
[328/384] Compiling SotoCodeGeneratorLib enum.swift
/host/spi-builder-workspace/Sources/SotoCodeGeneratorLib/Glob.swift:20:8: error: no such module 'Darwin.C'
18 | import Glibc
19 | #else
20 | import Darwin.C
| `- error: no such module 'Darwin.C'
21 | #endif
22 |
[329/384] Compiling SotoCodeGeneratorLib enumWithValues.swift
/host/spi-builder-workspace/Sources/SotoCodeGeneratorLib/Glob.swift:20:8: error: no such module 'Darwin.C'
18 | import Glibc
19 | #else
20 | import Darwin.C
| `- error: no such module 'Darwin.C'
21 | #endif
22 |
[330/384] Compiling SotoCodeGeneratorLib AwsService.swift
/host/spi-builder-workspace/Sources/SotoCodeGeneratorLib/Glob.swift:20:8: error: no such module 'Darwin.C'
18 | import Glibc
19 | #else
20 | import Darwin.C
| `- error: no such module 'Darwin.C'
21 | #endif
22 |
[331/384] Compiling SotoCodeGeneratorLib ConfigFile.swift
/host/spi-builder-workspace/Sources/SotoCodeGeneratorLib/Glob.swift:20:8: error: no such module 'Darwin.C'
18 | import Glibc
19 | #else
20 | import Darwin.C
| `- error: no such module 'Darwin.C'
21 | #endif
22 |
[332/384] Compiling SotoCodeGeneratorLib Endpoints.swift
/host/spi-builder-workspace/Sources/SotoCodeGeneratorLib/Glob.swift:20:8: error: no such module 'Darwin.C'
18 | import Glibc
19 | #else
20 | import Darwin.C
| `- error: no such module 'Darwin.C'
21 | #endif
22 |
BUILD FAILURE 6.3 wasm