The Swift Package Index logo.Swift Package Index

Build Information

Failed to build ResizingTextView, reference main (df9d5b), with Swift 6.1 for watchOS using Xcode 16.3 on 30 Sep 2026 23:56:37 UTC.

Build Command

env DEVELOPER_DIR=/Applications/Xcode-16.3.0.app xcrun xcodebuild -IDEClonedSourcePackagesDirPathOverride=$PWD/.dependencies -skipMacroValidation -skipPackagePluginValidation -derivedDataPath $PWD/.derivedData build -scheme ResizingTextView -destination generic/platform=watchOS

Build Log

========================================
RunAll
========================================
Builder version: 5.1.1
Interrupt handler set up.
========================================
Checkout
========================================
Clone URL: https://github.com/mshibanami/ResizingTextView.git
Reference: main
Initialized empty Git repository in /Users/admin/builder/spi-builder-workspace/.git/
From https://github.com/mshibanami/ResizingTextView
 * branch            main       -> FETCH_HEAD
 * [new branch]      main       -> origin/main
HEAD is now at df9d5bb Share the baseline test helpers
Cloned https://github.com/mshibanami/ResizingTextView.git
Revision (git rev-parse @):
df9d5bb78e4398b4bc2bec1a71c14fe9c5d5e09f
SUCCESS checkout https://github.com/mshibanami/ResizingTextView.git at main
========================================
Build
========================================
Selected platform:         watchOS
Swift version:             6.1
Building package at path:  $PWD
https://github.com/mshibanami/ResizingTextView.git
https://github.com/mshibanami/ResizingTextView.git
{
  "dependencies" : [
  ],
  "manifest_display_name" : "ResizingTextView",
  "name" : "ResizingTextView",
  "path" : "/Users/admin/builder/spi-builder-workspace",
  "platforms" : [
    {
      "name" : "ios",
      "version" : "15.0"
    },
    {
      "name" : "macos",
      "version" : "12.0"
    },
    {
      "name" : "tvos",
      "version" : "14.0"
    }
  ],
  "products" : [
    {
      "name" : "ResizingTextView",
      "targets" : [
        "ResizingTextView"
      ],
      "type" : {
        "library" : [
          "automatic"
        ]
      }
    }
  ],
  "targets" : [
    {
      "c99name" : "ResizingTextViewTests",
      "module_type" : "SwiftTarget",
      "name" : "ResizingTextViewTests",
      "path" : "Tests/ResizingTextViewTests",
      "sources" : [
        "AppKitHarness.swift",
        "AttributeEditingTests.swift",
        "BaselineAlignmentTests.swift",
        "CoordinatorTests.swift",
        "DecoratableTextStorageFuzzTests.swift",
        "DecoratableTextStorageTests.swift",
        "EquatableConformanceTests.swift",
        "FocusRingTests.swift",
        "FocusSelectionTests.swift",
        "FontFallbackTests.swift",
        "LegacyScrollerTests.swift",
        "LineLimitTests.swift",
        "MarkedTextLayoutTests.swift",
        "NewlineTests.swift",
        "PlatformConsistencyTests.swift",
        "RepeatedSizingTests.swift",
        "ScrollingTests.swift",
        "SelectionTests.swift",
        "SizingTests.swift",
        "TestModel.swift",
        "UIKitHarness.swift",
        "UndoTests.swift",
        "UnfocusedUndoTests.swift",
        "VerifiedBehaviorTests.swift",
        "ViewUpdateTests.swift"
      ],
      "target_dependencies" : [
        "ResizingTextView"
      ],
      "type" : "test"
    },
    {
      "c99name" : "ResizingTextView",
      "module_type" : "SwiftTarget",
      "name" : "ResizingTextView",
      "path" : "Sources/ResizingTextView",
      "product_memberships" : [
        "ResizingTextView"
      ],
      "sources" : [
        "AppKit/TextView (AppKit).swift",
        "AppKit/TextViewMeasurer.swift",
        "DecoratableTextStorage.swift",
        "PlatformTextView.swift",
        "ResizingTextView.swift",
        "TextDecoration.swift",
        "TextMeasurer.swift",
        "UIKit/TextView (UIKit).swift",
        "Utils/CrossPlatformAliases.swift",
        "Utils/NSRange+Extensions.swift",
        "Utils/String+Newlines.swift",
        "Utils/View+Extensions.swift"
      ],
      "type" : "library"
    }
  ],
  "tools_version" : "6.0"
}
Command line invocation:
    /Applications/Xcode-16.3.0.app/Contents/Developer/usr/bin/xcodebuild -IDEClonedSourcePackagesDirPathOverride=/Users/admin/builder/spi-builder-workspace/.dependencies -resolvePackageDependencies
Resolve Package Graph
Resolve Package Graph
Resolved source packages:
  ResizingTextView: /Users/admin/builder/spi-builder-workspace
resolved source packages: ResizingTextView
{
  "dependencies" : [
  ],
  "manifest_display_name" : "ResizingTextView",
  "name" : "ResizingTextView",
  "path" : "/Users/admin/builder/spi-builder-workspace",
  "platforms" : [
    {
      "name" : "ios",
      "version" : "15.0"
    },
    {
      "name" : "macos",
      "version" : "12.0"
    },
    {
      "name" : "tvos",
      "version" : "14.0"
    }
  ],
  "products" : [
    {
      "name" : "ResizingTextView",
      "targets" : [
        "ResizingTextView"
      ],
      "type" : {
        "library" : [
          "automatic"
        ]
      }
    }
  ],
  "targets" : [
    {
      "c99name" : "ResizingTextViewTests",
      "module_type" : "SwiftTarget",
      "name" : "ResizingTextViewTests",
      "path" : "Tests/ResizingTextViewTests",
      "sources" : [
        "AppKitHarness.swift",
        "AttributeEditingTests.swift",
        "BaselineAlignmentTests.swift",
        "CoordinatorTests.swift",
        "DecoratableTextStorageFuzzTests.swift",
        "DecoratableTextStorageTests.swift",
        "EquatableConformanceTests.swift",
        "FocusRingTests.swift",
        "FocusSelectionTests.swift",
        "FontFallbackTests.swift",
        "LegacyScrollerTests.swift",
        "LineLimitTests.swift",
        "MarkedTextLayoutTests.swift",
        "NewlineTests.swift",
        "PlatformConsistencyTests.swift",
        "RepeatedSizingTests.swift",
        "ScrollingTests.swift",
        "SelectionTests.swift",
        "SizingTests.swift",
        "TestModel.swift",
        "UIKitHarness.swift",
        "UndoTests.swift",
        "UnfocusedUndoTests.swift",
        "VerifiedBehaviorTests.swift",
        "ViewUpdateTests.swift"
      ],
      "target_dependencies" : [
        "ResizingTextView"
      ],
      "type" : "test"
    },
    {
      "c99name" : "ResizingTextView",
      "module_type" : "SwiftTarget",
      "name" : "ResizingTextView",
      "path" : "Sources/ResizingTextView",
      "product_memberships" : [
        "ResizingTextView"
      ],
      "sources" : [
        "AppKit/TextView (AppKit).swift",
        "AppKit/TextViewMeasurer.swift",
        "DecoratableTextStorage.swift",
        "PlatformTextView.swift",
        "ResizingTextView.swift",
        "TextDecoration.swift",
        "TextMeasurer.swift",
        "UIKit/TextView (UIKit).swift",
        "Utils/CrossPlatformAliases.swift",
        "Utils/NSRange+Extensions.swift",
        "Utils/String+Newlines.swift",
        "Utils/View+Extensions.swift"
      ],
      "type" : "library"
    }
  ],
  "tools_version" : "6.0"
}
{
  "workspace" : {
    "name" : "spi-builder-workspace",
    "schemes" : [
      "ResizingTextView"
    ]
  }
}
Running build ...
env DEVELOPER_DIR=/Applications/Xcode-16.3.0.app xcrun xcodebuild -IDEClonedSourcePackagesDirPathOverride=$PWD/.dependencies -skipMacroValidation -skipPackagePluginValidation -derivedDataPath $PWD/.derivedData build -scheme ResizingTextView -destination generic/platform=watchOS OTHER_SWIFT_FLAGS=-stats-output-dir .stats
Command line invocation:
    /Applications/Xcode-16.3.0.app/Contents/Developer/usr/bin/xcodebuild -IDEClonedSourcePackagesDirPathOverride=/Users/admin/builder/spi-builder-workspace/.dependencies -skipMacroValidation -skipPackagePluginValidation -derivedDataPath /Users/admin/builder/spi-builder-workspace/.derivedData build -scheme ResizingTextView -destination generic/platform=watchOS "OTHER_SWIFT_FLAGS=-stats-output-dir .stats"
Build settings from command line:
    OTHER_SWIFT_FLAGS = -stats-output-dir .stats
Resolve Package Graph
Resolved source packages:
  ResizingTextView: /Users/admin/builder/spi-builder-workspace
ComputePackagePrebuildTargetDependencyGraph
Prepare packages
CreateBuildRequest
SendProjectDescription
CreateBuildOperation
ComputeTargetDependencyGraph
note: Building targets in dependency order
note: Target dependency graph (2 targets)
    Target 'ResizingTextView' in project 'ResizingTextView'
        ➜ Explicit dependency on target 'ResizingTextView' in project 'ResizingTextView'
    Target 'ResizingTextView' in project 'ResizingTextView' (no dependencies)
GatherProvisioningInputs
CreateBuildDescription
ExecuteExternalTool /Applications/Xcode-16.3.0.app/Contents/Developer/Toolchains/XcodeDefault.xctoolchain/usr/bin/clang -v -E -dM -isysroot /Applications/Xcode-16.3.0.app/Contents/Developer/Platforms/WatchOS.platform/Developer/SDKs/WatchOS11.4.sdk -x c -c /dev/null
ExecuteExternalTool /Applications/Xcode-16.3.0.app/Contents/Developer/Toolchains/XcodeDefault.xctoolchain/usr/bin/swiftc --version
ExecuteExternalTool /Applications/Xcode-16.3.0.app/Contents/Developer/Toolchains/XcodeDefault.xctoolchain/usr/bin/ld -version_details
Build description signature: 2ca8d2b3b13bf7a7e24c7f333fa53245
Build description path: /Users/admin/builder/spi-builder-workspace/.derivedData/Build/Intermediates.noindex/XCBuildData/2ca8d2b3b13bf7a7e24c7f333fa53245.xcbuilddata
CreateBuildDirectory /Users/admin/builder/spi-builder-workspace/.derivedData/Build/Intermediates.noindex
    cd /Users/admin/builder/spi-builder-workspace/.swiftpm/xcode
    builtin-create-build-directory /Users/admin/builder/spi-builder-workspace/.derivedData/Build/Intermediates.noindex
CreateBuildDirectory /Users/admin/builder/spi-builder-workspace/.derivedData/Build/Products
    cd /Users/admin/builder/spi-builder-workspace/.swiftpm/xcode
    builtin-create-build-directory /Users/admin/builder/spi-builder-workspace/.derivedData/Build/Products
ClangStatCache /Applications/Xcode-16.3.0.app/Contents/Developer/Toolchains/XcodeDefault.xctoolchain/usr/bin/clang-stat-cache /Applications/Xcode-16.3.0.app/Contents/Developer/Platforms/WatchOS.platform/Developer/SDKs/WatchOS11.4.sdk /Users/admin/builder/spi-builder-workspace/.derivedData/SDKStatCaches.noindex/watchos11.4-22T246-43efb940ff07ba2497b70ec94253f576.sdkstatcache
    cd /Users/admin/builder/spi-builder-workspace/.swiftpm/xcode
    /Applications/Xcode-16.3.0.app/Contents/Developer/Toolchains/XcodeDefault.xctoolchain/usr/bin/clang-stat-cache /Applications/Xcode-16.3.0.app/Contents/Developer/Platforms/WatchOS.platform/Developer/SDKs/WatchOS11.4.sdk -o /Users/admin/builder/spi-builder-workspace/.derivedData/SDKStatCaches.noindex/watchos11.4-22T246-43efb940ff07ba2497b70ec94253f576.sdkstatcache
CreateBuildDirectory /Users/admin/builder/spi-builder-workspace/.derivedData/Build/Intermediates.noindex/EagerLinkingTBDs/Debug-watchos
    cd /Users/admin/builder/spi-builder-workspace/.swiftpm/xcode
    builtin-create-build-directory /Users/admin/builder/spi-builder-workspace/.derivedData/Build/Intermediates.noindex/EagerLinkingTBDs/Debug-watchos
CreateBuildDirectory /Users/admin/builder/spi-builder-workspace/.derivedData/Build/Products/Debug-watchos
    cd /Users/admin/builder/spi-builder-workspace/.swiftpm/xcode
    builtin-create-build-directory /Users/admin/builder/spi-builder-workspace/.derivedData/Build/Products/Debug-watchos
CreateBuildDirectory /Users/admin/builder/spi-builder-workspace/.derivedData/Build/Products/Debug-watchos/PackageFrameworks
    cd /Users/admin/builder/spi-builder-workspace/.swiftpm/xcode
    builtin-create-build-directory /Users/admin/builder/spi-builder-workspace/.derivedData/Build/Products/Debug-watchos/PackageFrameworks
WriteAuxiliaryFile /Users/admin/builder/spi-builder-workspace/.derivedData/Build/Intermediates.noindex/ResizingTextView.build/Debug-watchos/ResizingTextView.build/ResizingTextView.DependencyStaticMetadataFileList (in target 'ResizingTextView' from project 'ResizingTextView')
    cd /Users/admin/builder/spi-builder-workspace
    write-file /Users/admin/builder/spi-builder-workspace/.derivedData/Build/Intermediates.noindex/ResizingTextView.build/Debug-watchos/ResizingTextView.build/ResizingTextView.DependencyStaticMetadataFileList
WriteAuxiliaryFile /Users/admin/builder/spi-builder-workspace/.derivedData/Build/Intermediates.noindex/ResizingTextView.build/Debug-watchos/ResizingTextView.build/ResizingTextView.DependencyMetadataFileList (in target 'ResizingTextView' from project 'ResizingTextView')
    cd /Users/admin/builder/spi-builder-workspace
    write-file /Users/admin/builder/spi-builder-workspace/.derivedData/Build/Intermediates.noindex/ResizingTextView.build/Debug-watchos/ResizingTextView.build/ResizingTextView.DependencyMetadataFileList
WriteAuxiliaryFile /Users/admin/builder/spi-builder-workspace/.derivedData/Build/Intermediates.noindex/ResizingTextView.build/Debug-watchos/ResizingTextView.build/ResizingTextView.modulemap (in target 'ResizingTextView' from project 'ResizingTextView')
    cd /Users/admin/builder/spi-builder-workspace
    write-file /Users/admin/builder/spi-builder-workspace/.derivedData/Build/Intermediates.noindex/ResizingTextView.build/Debug-watchos/ResizingTextView.build/ResizingTextView.modulemap
WriteAuxiliaryFile /Users/admin/builder/spi-builder-workspace/.derivedData/Build/Intermediates.noindex/ResizingTextView.build/Debug-watchos/ResizingTextView.build/Objects-normal/armv7k/ResizingTextView-OutputFileMap.json (in target 'ResizingTextView' from project 'ResizingTextView')
    cd /Users/admin/builder/spi-builder-workspace
    write-file /Users/admin/builder/spi-builder-workspace/.derivedData/Build/Intermediates.noindex/ResizingTextView.build/Debug-watchos/ResizingTextView.build/Objects-normal/armv7k/ResizingTextView-OutputFileMap.json
WriteAuxiliaryFile /Users/admin/builder/spi-builder-workspace/.derivedData/Build/Intermediates.noindex/ResizingTextView.build/Debug-watchos/ResizingTextView.build/Objects-normal/armv7k/ResizingTextView.LinkFileList (in target 'ResizingTextView' from project 'ResizingTextView')
    cd /Users/admin/builder/spi-builder-workspace
    write-file /Users/admin/builder/spi-builder-workspace/.derivedData/Build/Intermediates.noindex/ResizingTextView.build/Debug-watchos/ResizingTextView.build/Objects-normal/armv7k/ResizingTextView.LinkFileList
WriteAuxiliaryFile /Users/admin/builder/spi-builder-workspace/.derivedData/Build/Intermediates.noindex/ResizingTextView.build/Debug-watchos/ResizingTextView.build/Objects-normal/armv7k/ResizingTextView.SwiftFileList (in target 'ResizingTextView' from project 'ResizingTextView')
    cd /Users/admin/builder/spi-builder-workspace
    write-file /Users/admin/builder/spi-builder-workspace/.derivedData/Build/Intermediates.noindex/ResizingTextView.build/Debug-watchos/ResizingTextView.build/Objects-normal/armv7k/ResizingTextView.SwiftFileList
WriteAuxiliaryFile /Users/admin/builder/spi-builder-workspace/.derivedData/Build/Intermediates.noindex/ResizingTextView.build/Debug-watchos/ResizingTextView.build/Objects-normal/armv7k/ResizingTextView.SwiftConstValuesFileList (in target 'ResizingTextView' from project 'ResizingTextView')
    cd /Users/admin/builder/spi-builder-workspace
    write-file /Users/admin/builder/spi-builder-workspace/.derivedData/Build/Intermediates.noindex/ResizingTextView.build/Debug-watchos/ResizingTextView.build/Objects-normal/armv7k/ResizingTextView.SwiftConstValuesFileList
WriteAuxiliaryFile /Users/admin/builder/spi-builder-workspace/.derivedData/Build/Intermediates.noindex/ResizingTextView.build/Debug-watchos/ResizingTextView.build/Objects-normal/arm64_32/ResizingTextView_const_extract_protocols.json (in target 'ResizingTextView' from project 'ResizingTextView')
    cd /Users/admin/builder/spi-builder-workspace
    write-file /Users/admin/builder/spi-builder-workspace/.derivedData/Build/Intermediates.noindex/ResizingTextView.build/Debug-watchos/ResizingTextView.build/Objects-normal/arm64_32/ResizingTextView_const_extract_protocols.json
WriteAuxiliaryFile /Users/admin/builder/spi-builder-workspace/.derivedData/Build/Intermediates.noindex/ResizingTextView.build/Debug-watchos/ResizingTextView.build/Objects-normal/armv7k/ResizingTextView_const_extract_protocols.json (in target 'ResizingTextView' from project 'ResizingTextView')
    cd /Users/admin/builder/spi-builder-workspace
    write-file /Users/admin/builder/spi-builder-workspace/.derivedData/Build/Intermediates.noindex/ResizingTextView.build/Debug-watchos/ResizingTextView.build/Objects-normal/armv7k/ResizingTextView_const_extract_protocols.json
WriteAuxiliaryFile /Users/admin/builder/spi-builder-workspace/.derivedData/Build/Intermediates.noindex/ResizingTextView.build/Debug-watchos/ResizingTextView.build/Objects-normal/arm64_32/ResizingTextView.SwiftFileList (in target 'ResizingTextView' from project 'ResizingTextView')
    cd /Users/admin/builder/spi-builder-workspace
    write-file /Users/admin/builder/spi-builder-workspace/.derivedData/Build/Intermediates.noindex/ResizingTextView.build/Debug-watchos/ResizingTextView.build/Objects-normal/arm64_32/ResizingTextView.SwiftFileList
WriteAuxiliaryFile /Users/admin/builder/spi-builder-workspace/.derivedData/Build/Intermediates.noindex/ResizingTextView.build/Debug-watchos/ResizingTextView.build/Objects-normal/arm64_32/ResizingTextView.SwiftConstValuesFileList (in target 'ResizingTextView' from project 'ResizingTextView')
    cd /Users/admin/builder/spi-builder-workspace
    write-file /Users/admin/builder/spi-builder-workspace/.derivedData/Build/Intermediates.noindex/ResizingTextView.build/Debug-watchos/ResizingTextView.build/Objects-normal/arm64_32/ResizingTextView.SwiftConstValuesFileList
WriteAuxiliaryFile /Users/admin/builder/spi-builder-workspace/.derivedData/Build/Intermediates.noindex/ResizingTextView.build/Debug-watchos/ResizingTextView.build/Objects-normal/arm64_32/ResizingTextView.LinkFileList (in target 'ResizingTextView' from project 'ResizingTextView')
    cd /Users/admin/builder/spi-builder-workspace
    write-file /Users/admin/builder/spi-builder-workspace/.derivedData/Build/Intermediates.noindex/ResizingTextView.build/Debug-watchos/ResizingTextView.build/Objects-normal/arm64_32/ResizingTextView.LinkFileList
WriteAuxiliaryFile /Users/admin/builder/spi-builder-workspace/.derivedData/Build/Intermediates.noindex/ResizingTextView.build/Debug-watchos/ResizingTextView.build/Objects-normal/arm64_32/ResizingTextView-OutputFileMap.json (in target 'ResizingTextView' from project 'ResizingTextView')
    cd /Users/admin/builder/spi-builder-workspace
    write-file /Users/admin/builder/spi-builder-workspace/.derivedData/Build/Intermediates.noindex/ResizingTextView.build/Debug-watchos/ResizingTextView.build/Objects-normal/arm64_32/ResizingTextView-OutputFileMap.json
WriteAuxiliaryFile /Users/admin/builder/spi-builder-workspace/.derivedData/Build/Intermediates.noindex/ResizingTextView.build/Debug-watchos/ResizingTextView.build/Objects-normal/arm64/ResizingTextView.SwiftFileList (in target 'ResizingTextView' from project 'ResizingTextView')
    cd /Users/admin/builder/spi-builder-workspace
    write-file /Users/admin/builder/spi-builder-workspace/.derivedData/Build/Intermediates.noindex/ResizingTextView.build/Debug-watchos/ResizingTextView.build/Objects-normal/arm64/ResizingTextView.SwiftFileList
WriteAuxiliaryFile /Users/admin/builder/spi-builder-workspace/.derivedData/Build/Intermediates.noindex/ResizingTextView.build/Debug-watchos/ResizingTextView.build/Objects-normal/arm64/ResizingTextView.SwiftConstValuesFileList (in target 'ResizingTextView' from project 'ResizingTextView')
    cd /Users/admin/builder/spi-builder-workspace
    write-file /Users/admin/builder/spi-builder-workspace/.derivedData/Build/Intermediates.noindex/ResizingTextView.build/Debug-watchos/ResizingTextView.build/Objects-normal/arm64/ResizingTextView.SwiftConstValuesFileList
WriteAuxiliaryFile /Users/admin/builder/spi-builder-workspace/.derivedData/Build/Intermediates.noindex/ResizingTextView.build/Debug-watchos/ResizingTextView.build/Objects-normal/arm64/ResizingTextView_const_extract_protocols.json (in target 'ResizingTextView' from project 'ResizingTextView')
    cd /Users/admin/builder/spi-builder-workspace
    write-file /Users/admin/builder/spi-builder-workspace/.derivedData/Build/Intermediates.noindex/ResizingTextView.build/Debug-watchos/ResizingTextView.build/Objects-normal/arm64/ResizingTextView_const_extract_protocols.json
WriteAuxiliaryFile /Users/admin/builder/spi-builder-workspace/.derivedData/Build/Intermediates.noindex/ResizingTextView.build/Debug-watchos/ResizingTextView.build/Objects-normal/arm64/ResizingTextView.LinkFileList (in target 'ResizingTextView' from project 'ResizingTextView')
    cd /Users/admin/builder/spi-builder-workspace
    write-file /Users/admin/builder/spi-builder-workspace/.derivedData/Build/Intermediates.noindex/ResizingTextView.build/Debug-watchos/ResizingTextView.build/Objects-normal/arm64/ResizingTextView.LinkFileList
WriteAuxiliaryFile /Users/admin/builder/spi-builder-workspace/.derivedData/Build/Intermediates.noindex/ResizingTextView.build/Debug-watchos/ResizingTextView.build/Objects-normal/arm64/ResizingTextView-OutputFileMap.json (in target 'ResizingTextView' from project 'ResizingTextView')
    cd /Users/admin/builder/spi-builder-workspace
    write-file /Users/admin/builder/spi-builder-workspace/.derivedData/Build/Intermediates.noindex/ResizingTextView.build/Debug-watchos/ResizingTextView.build/Objects-normal/arm64/ResizingTextView-OutputFileMap.json
Copy /Users/admin/builder/spi-builder-workspace/.derivedData/Build/Intermediates.noindex/GeneratedModuleMaps-watchos/ResizingTextView.modulemap /Users/admin/builder/spi-builder-workspace/.derivedData/Build/Intermediates.noindex/ResizingTextView.build/Debug-watchos/ResizingTextView.build/ResizingTextView.modulemap (in target 'ResizingTextView' from project 'ResizingTextView')
    cd /Users/admin/builder/spi-builder-workspace
    builtin-copy -exclude .DS_Store -exclude CVS -exclude .svn -exclude .git -exclude .hg -resolve-src-symlinks /Users/admin/builder/spi-builder-workspace/.derivedData/Build/Intermediates.noindex/ResizingTextView.build/Debug-watchos/ResizingTextView.build/ResizingTextView.modulemap /Users/admin/builder/spi-builder-workspace/.derivedData/Build/Intermediates.noindex/GeneratedModuleMaps-watchos
SwiftDriver ResizingTextView normal arm64_32 com.apple.xcode.tools.swift.compiler (in target 'ResizingTextView' from project 'ResizingTextView')
    cd /Users/admin/builder/spi-builder-workspace/.swiftpm/xcode
    builtin-SwiftDriver -- /Applications/Xcode-16.3.0.app/Contents/Developer/Toolchains/XcodeDefault.xctoolchain/usr/bin/swiftc -module-name ResizingTextView -Onone -enforce-exclusivity\=checked @/Users/admin/builder/spi-builder-workspace/.derivedData/Build/Intermediates.noindex/ResizingTextView.build/Debug-watchos/ResizingTextView.build/Objects-normal/arm64_32/ResizingTextView.SwiftFileList -DSWIFT_PACKAGE -DDEBUG -stats-output-dir .stats -plugin-path /Applications/Xcode-16.3.0.app/Contents/Developer/Toolchains/XcodeDefault.xctoolchain/usr/lib/swift/host/plugins/testing -enable-experimental-feature DebugDescriptionMacro -sdk /Applications/Xcode-16.3.0.app/Contents/Developer/Platforms/WatchOS.platform/Developer/SDKs/WatchOS11.4.sdk -target arm64_32-apple-watchos8.0 -g -module-cache-path /Users/admin/builder/spi-builder-workspace/.derivedData/ModuleCache.noindex -Xfrontend -serialize-debugging-options -profile-coverage-mapping -profile-generate -enable-testing -index-store-path /Users/admin/builder/spi-builder-workspace/.derivedData/Index.noindex/DataStore -swift-version 6 -I /Users/admin/builder/spi-builder-workspace/.derivedData/Build/Products/Debug-watchos -I /Applications/Xcode-16.3.0.app/Contents/Developer/Platforms/WatchOS.platform/Developer/usr/lib -F /Users/admin/builder/spi-builder-workspace/.derivedData/Build/Products/Debug-watchos -F /Applications/Xcode-16.3.0.app/Contents/Developer/Platforms/WatchOS.platform/Developer/Library/Frameworks -F /Applications/Xcode-16.3.0.app/Contents/Developer/Platforms/WatchOS.platform/Developer/SDKs/WatchOS11.4.sdk/Developer/Library/Frameworks -c -j10 -enable-batch-mode -incremental -Xcc -ivfsstatcache -Xcc /Users/admin/builder/spi-builder-workspace/.derivedData/SDKStatCaches.noindex/watchos11.4-22T246-43efb940ff07ba2497b70ec94253f576.sdkstatcache -output-file-map /Users/admin/builder/spi-builder-workspace/.derivedData/Build/Intermediates.noindex/ResizingTextView.build/Debug-watchos/ResizingTextView.build/Objects-normal/arm64_32/ResizingTextView-OutputFileMap.json -use-frontend-parseable-output -save-temps -no-color-diagnostics -serialize-diagnostics -emit-dependencies -emit-module -emit-module-path /Users/admin/builder/spi-builder-workspace/.derivedData/Build/Intermediates.noindex/ResizingTextView.build/Debug-watchos/ResizingTextView.build/Objects-normal/arm64_32/ResizingTextView.swiftmodule -validate-clang-modules-once -clang-build-session-file /Users/admin/builder/spi-builder-workspace/.derivedData/ModuleCache.noindex/Session.modulevalidation -package-name spi_builder_workspace -Xcc -I/Users/admin/builder/spi-builder-workspace/.derivedData/Build/Intermediates.noindex/ResizingTextView.build/Debug-watchos/ResizingTextView.build/swift-overrides.hmap -emit-const-values -Xfrontend -const-gather-protocols-file -Xfrontend /Users/admin/builder/spi-builder-workspace/.derivedData/Build/Intermediates.noindex/ResizingTextView.build/Debug-watchos/ResizingTextView.build/Objects-normal/arm64_32/ResizingTextView_const_extract_protocols.json -Xcc -I/Users/admin/builder/spi-builder-workspace/.derivedData/Build/Products/Debug-watchos/include -Xcc -I/Users/admin/builder/spi-builder-workspace/.derivedData/Build/Intermediates.noindex/ResizingTextView.build/Debug-watchos/ResizingTextView.build/DerivedSources-normal/arm64_32 -Xcc -I/Users/admin/builder/spi-builder-workspace/.derivedData/Build/Intermediates.noindex/ResizingTextView.build/Debug-watchos/ResizingTextView.build/DerivedSources/arm64_32 -Xcc -I/Users/admin/builder/spi-builder-workspace/.derivedData/Build/Intermediates.noindex/ResizingTextView.build/Debug-watchos/ResizingTextView.build/DerivedSources -Xcc -DSWIFT_PACKAGE -Xcc -DDEBUG\=1 -emit-objc-header -emit-objc-header-path /Users/admin/builder/spi-builder-workspace/.derivedData/Build/Intermediates.noindex/ResizingTextView.build/Debug-watchos/ResizingTextView.build/Objects-normal/arm64_32/ResizingTextView-Swift.h -working-directory /Users/admin/builder/spi-builder-workspace/.swiftpm/xcode -experimental-emit-module-separately -disable-cmo
SwiftDriver ResizingTextView normal armv7k com.apple.xcode.tools.swift.compiler (in target 'ResizingTextView' from project 'ResizingTextView')
    cd /Users/admin/builder/spi-builder-workspace/.swiftpm/xcode
    builtin-SwiftDriver -- /Applications/Xcode-16.3.0.app/Contents/Developer/Toolchains/XcodeDefault.xctoolchain/usr/bin/swiftc -module-name ResizingTextView -Onone -enforce-exclusivity\=checked @/Users/admin/builder/spi-builder-workspace/.derivedData/Build/Intermediates.noindex/ResizingTextView.build/Debug-watchos/ResizingTextView.build/Objects-normal/armv7k/ResizingTextView.SwiftFileList -DSWIFT_PACKAGE -DDEBUG -stats-output-dir .stats -plugin-path /Applications/Xcode-16.3.0.app/Contents/Developer/Toolchains/XcodeDefault.xctoolchain/usr/lib/swift/host/plugins/testing -enable-experimental-feature DebugDescriptionMacro -sdk /Applications/Xcode-16.3.0.app/Contents/Developer/Platforms/WatchOS.platform/Developer/SDKs/WatchOS11.4.sdk -target armv7k-apple-watchos8.0 -g -module-cache-path /Users/admin/builder/spi-builder-workspace/.derivedData/ModuleCache.noindex -Xfrontend -serialize-debugging-options -profile-coverage-mapping -profile-generate -enable-testing -index-store-path /Users/admin/builder/spi-builder-workspace/.derivedData/Index.noindex/DataStore -swift-version 6 -I /Users/admin/builder/spi-builder-workspace/.derivedData/Build/Products/Debug-watchos -I /Applications/Xcode-16.3.0.app/Contents/Developer/Platforms/WatchOS.platform/Developer/usr/lib -F /Users/admin/builder/spi-builder-workspace/.derivedData/Build/Products/Debug-watchos -F /Applications/Xcode-16.3.0.app/Contents/Developer/Platforms/WatchOS.platform/Developer/Library/Frameworks -F /Applications/Xcode-16.3.0.app/Contents/Developer/Platforms/WatchOS.platform/Developer/SDKs/WatchOS11.4.sdk/Developer/Library/Frameworks -c -j10 -enable-batch-mode -incremental -Xcc -ivfsstatcache -Xcc /Users/admin/builder/spi-builder-workspace/.derivedData/SDKStatCaches.noindex/watchos11.4-22T246-43efb940ff07ba2497b70ec94253f576.sdkstatcache -output-file-map /Users/admin/builder/spi-builder-workspace/.derivedData/Build/Intermediates.noindex/ResizingTextView.build/Debug-watchos/ResizingTextView.build/Objects-normal/armv7k/ResizingTextView-OutputFileMap.json -use-frontend-parseable-output -save-temps -no-color-diagnostics -serialize-diagnostics -emit-dependencies -emit-module -emit-module-path /Users/admin/builder/spi-builder-workspace/.derivedData/Build/Intermediates.noindex/ResizingTextView.build/Debug-watchos/ResizingTextView.build/Objects-normal/armv7k/ResizingTextView.swiftmodule -validate-clang-modules-once -clang-build-session-file /Users/admin/builder/spi-builder-workspace/.derivedData/ModuleCache.noindex/Session.modulevalidation -package-name spi_builder_workspace -Xcc -I/Users/admin/builder/spi-builder-workspace/.derivedData/Build/Intermediates.noindex/ResizingTextView.build/Debug-watchos/ResizingTextView.build/swift-overrides.hmap -emit-const-values -Xfrontend -const-gather-protocols-file -Xfrontend /Users/admin/builder/spi-builder-workspace/.derivedData/Build/Intermediates.noindex/ResizingTextView.build/Debug-watchos/ResizingTextView.build/Objects-normal/armv7k/ResizingTextView_const_extract_protocols.json -Xcc -I/Users/admin/builder/spi-builder-workspace/.derivedData/Build/Products/Debug-watchos/include -Xcc -I/Users/admin/builder/spi-builder-workspace/.derivedData/Build/Intermediates.noindex/ResizingTextView.build/Debug-watchos/ResizingTextView.build/DerivedSources-normal/armv7k -Xcc -I/Users/admin/builder/spi-builder-workspace/.derivedData/Build/Intermediates.noindex/ResizingTextView.build/Debug-watchos/ResizingTextView.build/DerivedSources/armv7k -Xcc -I/Users/admin/builder/spi-builder-workspace/.derivedData/Build/Intermediates.noindex/ResizingTextView.build/Debug-watchos/ResizingTextView.build/DerivedSources -Xcc -DSWIFT_PACKAGE -Xcc -DDEBUG\=1 -emit-objc-header -emit-objc-header-path /Users/admin/builder/spi-builder-workspace/.derivedData/Build/Intermediates.noindex/ResizingTextView.build/Debug-watchos/ResizingTextView.build/Objects-normal/armv7k/ResizingTextView-Swift.h -working-directory /Users/admin/builder/spi-builder-workspace/.swiftpm/xcode -experimental-emit-module-separately -disable-cmo
SwiftDriver ResizingTextView normal arm64 com.apple.xcode.tools.swift.compiler (in target 'ResizingTextView' from project 'ResizingTextView')
    cd /Users/admin/builder/spi-builder-workspace/.swiftpm/xcode
    builtin-SwiftDriver -- /Applications/Xcode-16.3.0.app/Contents/Developer/Toolchains/XcodeDefault.xctoolchain/usr/bin/swiftc -module-name ResizingTextView -Onone -enforce-exclusivity\=checked @/Users/admin/builder/spi-builder-workspace/.derivedData/Build/Intermediates.noindex/ResizingTextView.build/Debug-watchos/ResizingTextView.build/Objects-normal/arm64/ResizingTextView.SwiftFileList -DSWIFT_PACKAGE -DDEBUG -stats-output-dir .stats -plugin-path /Applications/Xcode-16.3.0.app/Contents/Developer/Toolchains/XcodeDefault.xctoolchain/usr/lib/swift/host/plugins/testing -enable-experimental-feature DebugDescriptionMacro -sdk /Applications/Xcode-16.3.0.app/Contents/Developer/Platforms/WatchOS.platform/Developer/SDKs/WatchOS11.4.sdk -target arm64-apple-watchos8.0 -g -module-cache-path /Users/admin/builder/spi-builder-workspace/.derivedData/ModuleCache.noindex -Xfrontend -serialize-debugging-options -profile-coverage-mapping -profile-generate -enable-testing -index-store-path /Users/admin/builder/spi-builder-workspace/.derivedData/Index.noindex/DataStore -swift-version 6 -I /Users/admin/builder/spi-builder-workspace/.derivedData/Build/Products/Debug-watchos -I /Applications/Xcode-16.3.0.app/Contents/Developer/Platforms/WatchOS.platform/Developer/usr/lib -F /Users/admin/builder/spi-builder-workspace/.derivedData/Build/Products/Debug-watchos -F /Applications/Xcode-16.3.0.app/Contents/Developer/Platforms/WatchOS.platform/Developer/Library/Frameworks -F /Applications/Xcode-16.3.0.app/Contents/Developer/Platforms/WatchOS.platform/Developer/SDKs/WatchOS11.4.sdk/Developer/Library/Frameworks -c -j10 -enable-batch-mode -incremental -Xcc -ivfsstatcache -Xcc /Users/admin/builder/spi-builder-workspace/.derivedData/SDKStatCaches.noindex/watchos11.4-22T246-43efb940ff07ba2497b70ec94253f576.sdkstatcache -output-file-map /Users/admin/builder/spi-builder-workspace/.derivedData/Build/Intermediates.noindex/ResizingTextView.build/Debug-watchos/ResizingTextView.build/Objects-normal/arm64/ResizingTextView-OutputFileMap.json -use-frontend-parseable-output -save-temps -no-color-diagnostics -serialize-diagnostics -emit-dependencies -emit-module -emit-module-path /Users/admin/builder/spi-builder-workspace/.derivedData/Build/Intermediates.noindex/ResizingTextView.build/Debug-watchos/ResizingTextView.build/Objects-normal/arm64/ResizingTextView.swiftmodule -validate-clang-modules-once -clang-build-session-file /Users/admin/builder/spi-builder-workspace/.derivedData/ModuleCache.noindex/Session.modulevalidation -package-name spi_builder_workspace -Xcc -I/Users/admin/builder/spi-builder-workspace/.derivedData/Build/Intermediates.noindex/ResizingTextView.build/Debug-watchos/ResizingTextView.build/swift-overrides.hmap -emit-const-values -Xfrontend -const-gather-protocols-file -Xfrontend /Users/admin/builder/spi-builder-workspace/.derivedData/Build/Intermediates.noindex/ResizingTextView.build/Debug-watchos/ResizingTextView.build/Objects-normal/arm64/ResizingTextView_const_extract_protocols.json -Xcc -I/Users/admin/builder/spi-builder-workspace/.derivedData/Build/Products/Debug-watchos/include -Xcc -I/Users/admin/builder/spi-builder-workspace/.derivedData/Build/Intermediates.noindex/ResizingTextView.build/Debug-watchos/ResizingTextView.build/DerivedSources-normal/arm64 -Xcc -I/Users/admin/builder/spi-builder-workspace/.derivedData/Build/Intermediates.noindex/ResizingTextView.build/Debug-watchos/ResizingTextView.build/DerivedSources/arm64 -Xcc -I/Users/admin/builder/spi-builder-workspace/.derivedData/Build/Intermediates.noindex/ResizingTextView.build/Debug-watchos/ResizingTextView.build/DerivedSources -Xcc -DSWIFT_PACKAGE -Xcc -DDEBUG\=1 -emit-objc-header -emit-objc-header-path /Users/admin/builder/spi-builder-workspace/.derivedData/Build/Intermediates.noindex/ResizingTextView.build/Debug-watchos/ResizingTextView.build/Objects-normal/arm64/ResizingTextView-Swift.h -working-directory /Users/admin/builder/spi-builder-workspace/.swiftpm/xcode -experimental-emit-module-separately -disable-cmo
SwiftEmitModule normal arm64_32 Emitting\ module\ for\ ResizingTextView (in target 'ResizingTextView' from project 'ResizingTextView')
EmitSwiftModule normal arm64_32 (in target 'ResizingTextView' from project 'ResizingTextView')
    cd /Users/admin/builder/spi-builder-workspace/.swiftpm/xcode

SwiftCompile normal arm64_32 Compiling\ ResizingTextView.swift /Users/admin/builder/spi-builder-workspace/Sources/ResizingTextView/ResizingTextView.swift (in target 'ResizingTextView' from project 'ResizingTextView')
SwiftCompile normal arm64_32 /Users/admin/builder/spi-builder-workspace/Sources/ResizingTextView/ResizingTextView.swift (in target 'ResizingTextView' from project 'ResizingTextView')
    cd /Users/admin/builder/spi-builder-workspace/.swiftpm/xcode

SwiftCompile normal arm64_32 Compiling\ TextMeasurer.swift /Users/admin/builder/spi-builder-workspace/Sources/ResizingTextView/TextMeasurer.swift (in target 'ResizingTextView' from project 'ResizingTextView')
SwiftCompile normal arm64_32 /Users/admin/builder/spi-builder-workspace/Sources/ResizingTextView/TextMeasurer.swift (in target 'ResizingTextView' from project 'ResizingTextView')
    cd /Users/admin/builder/spi-builder-workspace/.swiftpm/xcode

SwiftCompile normal arm64_32 Compiling\ TextView\ (AppKit).swift,\ TextViewMeasurer.swift /Users/admin/builder/spi-builder-workspace/Sources/ResizingTextView/AppKit/TextView\ (AppKit).swift /Users/admin/builder/spi-builder-workspace/Sources/ResizingTextView/AppKit/TextViewMeasurer.swift (in target 'ResizingTextView' from project 'ResizingTextView')
SwiftCompile normal arm64_32 /Users/admin/builder/spi-builder-workspace/Sources/ResizingTextView/AppKit/TextView\ (AppKit).swift (in target 'ResizingTextView' from project 'ResizingTextView')
    cd /Users/admin/builder/spi-builder-workspace/.swiftpm/xcode

SwiftCompile normal arm64_32 /Users/admin/builder/spi-builder-workspace/Sources/ResizingTextView/AppKit/TextViewMeasurer.swift (in target 'ResizingTextView' from project 'ResizingTextView')
    cd /Users/admin/builder/spi-builder-workspace/.swiftpm/xcode

SwiftCompile normal arm64_32 Compiling\ NSRange+Extensions.swift /Users/admin/builder/spi-builder-workspace/Sources/ResizingTextView/Utils/NSRange+Extensions.swift (in target 'ResizingTextView' from project 'ResizingTextView')
SwiftCompile normal arm64_32 /Users/admin/builder/spi-builder-workspace/Sources/ResizingTextView/Utils/NSRange+Extensions.swift (in target 'ResizingTextView' from project 'ResizingTextView')
    cd /Users/admin/builder/spi-builder-workspace/.swiftpm/xcode

SwiftEmitModule normal armv7k Emitting\ module\ for\ ResizingTextView (in target 'ResizingTextView' from project 'ResizingTextView')
Failed frontend command:
/Applications/Xcode-16.3.0.app/Contents/Developer/Toolchains/XcodeDefault.xctoolchain/usr/bin/swift-frontend -frontend -emit-module -experimental-skip-non-inlinable-function-bodies-without-types /Users/admin/builder/spi-builder-workspace/Sources/ResizingTextView/AppKit/TextView\ \(AppKit\).swift /Users/admin/builder/spi-builder-workspace/Sources/ResizingTextView/AppKit/TextViewMeasurer.swift /Users/admin/builder/spi-builder-workspace/Sources/ResizingTextView/DecoratableTextStorage.swift /Users/admin/builder/spi-builder-workspace/Sources/ResizingTextView/PlatformTextView.swift /Users/admin/builder/spi-builder-workspace/Sources/ResizingTextView/ResizingTextView.swift /Users/admin/builder/spi-builder-workspace/Sources/ResizingTextView/TextDecoration.swift /Users/admin/builder/spi-builder-workspace/Sources/ResizingTextView/TextMeasurer.swift /Users/admin/builder/spi-builder-workspace/Sources/ResizingTextView/UIKit/TextView\ \(UIKit\).swift /Users/admin/builder/spi-builder-workspace/Sources/ResizingTextView/Utils/CrossPlatformAliases.swift /Users/admin/builder/spi-builder-workspace/Sources/ResizingTextView/Utils/NSRange+Extensions.swift /Users/admin/builder/spi-builder-workspace/Sources/ResizingTextView/Utils/String+Newlines.swift /Users/admin/builder/spi-builder-workspace/Sources/ResizingTextView/Utils/View+Extensions.swift -target armv7k-apple-watchos8.0 -enable-objc-interop -stack-check -sdk /Applications/Xcode-16.3.0.app/Contents/Developer/Platforms/WatchOS.platform/Developer/SDKs/WatchOS11.4.sdk -I /Users/admin/builder/spi-builder-workspace/.derivedData/Build/Products/Debug-watchos -I /Applications/Xcode-16.3.0.app/Contents/Developer/Platforms/WatchOS.platform/Developer/usr/lib -F /Users/admin/builder/spi-builder-workspace/.derivedData/Build/Products/Debug-watchos -F /Applications/Xcode-16.3.0.app/Contents/Developer/Platforms/WatchOS.platform/Developer/Library/Frameworks -F /Applications/Xcode-16.3.0.app/Contents/Developer/Platforms/WatchOS.platform/Developer/SDKs/WatchOS11.4.sdk/Developer/Library/Frameworks -no-color-diagnostics -enable-testing -g -debug-info-format\=dwarf -dwarf-version\=4 -module-cache-path /Users/admin/builder/spi-builder-workspace/.derivedData/ModuleCache.noindex -profile-generate -profile-coverage-mapping -swift-version 6 -enforce-exclusivity\=checked -stats-output-dir /Users/admin/builder/spi-builder-workspace/.swiftpm/xcode/.stats -Onone -D SWIFT_PACKAGE -D DEBUG -serialize-debugging-options -const-gather-protocols-file /Users/admin/builder/spi-builder-workspace/.derivedData/Build/Intermediates.noindex/ResizingTextView.build/Debug-watchos/ResizingTextView.build/Objects-normal/armv7k/ResizingTextView_const_extract_protocols.json -enable-experimental-feature DebugDescriptionMacro -empty-abi-descriptor -plugin-path /Applications/Xcode-16.3.0.app/Contents/Developer/Toolchains/XcodeDefault.xctoolchain/usr/lib/swift/host/plugins/testing -validate-clang-modules-once -clang-build-session-file /Users/admin/builder/spi-builder-workspace/.derivedData/ModuleCache.noindex/Session.modulevalidation -Xcc -working-directory -Xcc /Users/admin/builder/spi-builder-workspace/.swiftpm/xcode -resource-dir /Applications/Xcode-16.3.0.app/Contents/Developer/Toolchains/XcodeDefault.xctoolchain/usr/lib/swift -enable-anonymous-context-mangled-names -file-compilation-dir /Users/admin/builder/spi-builder-workspace/.swiftpm/xcode -Xcc -ivfsstatcache -Xcc /Users/admin/builder/spi-builder-workspace/.derivedData/SDKStatCaches.noindex/watchos11.4-22T246-43efb940ff07ba2497b70ec94253f576.sdkstatcache -Xcc -I/Users/admin/builder/spi-builder-workspace/.derivedData/Build/Intermediates.noindex/ResizingTextView.build/Debug-watchos/ResizingTextView.build/swift-overrides.hmap -Xcc -I/Users/admin/builder/spi-builder-workspace/.derivedData/Build/Products/Debug-watchos/include -Xcc -I/Users/admin/builder/spi-builder-workspace/.derivedData/Build/Intermediates.noindex/ResizingTextView.build/Debug-watchos/ResizingTextView.build/DerivedSources-normal/armv7k -Xcc -I/Users/admin/builder/spi-builder-workspace/.derivedData/Build/Intermediates.noindex/ResizingTextView.build/Debug-watchos/ResizingTextView.build/DerivedSources/armv7k -Xcc -I/Users/admin/builder/spi-builder-workspace/.derivedData/Build/Intermediates.noindex/ResizingTextView.build/Debug-watchos/ResizingTextView.build/DerivedSources -Xcc -DSWIFT_PACKAGE -Xcc -DDEBUG\=1 -module-name ResizingTextView -package-name spi_builder_workspace -frontend-parseable-output -disable-clang-spi -target-sdk-version 11.4 -target-sdk-name watchos11.4 -external-plugin-path /Applications/Xcode-16.3.0.app/Contents/Developer/Platforms/WatchOS.platform/Developer/usr/lib/swift/host/plugins\#/Applications/Xcode-16.3.0.app/Contents/Developer/Platforms/WatchOS.platform/Developer/usr/bin/swift-plugin-server -external-plugin-path /Applications/Xcode-16.3.0.app/Contents/Developer/Platforms/WatchOS.platform/Developer/usr/local/lib/swift/host/plugins\#/Applications/Xcode-16.3.0.app/Contents/Developer/Platforms/WatchOS.platform/Developer/usr/bin/swift-plugin-server -in-process-plugin-server-path /Applications/Xcode-16.3.0.app/Contents/Developer/Toolchains/XcodeDefault.xctoolchain/usr/lib/swift/host/libSwiftInProcPluginServer.dylib -plugin-path /Applications/Xcode-16.3.0.app/Contents/Developer/Toolchains/XcodeDefault.xctoolchain/usr/lib/swift/host/plugins -plugin-path /Applications/Xcode-16.3.0.app/Contents/Developer/Toolchains/XcodeDefault.xctoolchain/usr/local/lib/swift/host/plugins -emit-module-doc-path /Users/admin/builder/spi-builder-workspace/.derivedData/Build/Intermediates.noindex/ResizingTextView.build/Debug-watchos/ResizingTextView.build/Objects-normal/armv7k/ResizingTextView.swiftdoc -emit-module-source-info-path /Users/admin/builder/spi-builder-workspace/.derivedData/Build/Intermediates.noindex/ResizingTextView.build/Debug-watchos/ResizingTextView.build/Objects-normal/armv7k/ResizingTextView.swiftsourceinfo -emit-objc-header-path /Users/admin/builder/spi-builder-workspace/.derivedData/Build/Intermediates.noindex/ResizingTextView.build/Debug-watchos/ResizingTextView.build/Objects-normal/armv7k/ResizingTextView-Swift.h -serialize-diagnostics-path /Users/admin/builder/spi-builder-workspace/.derivedData/Build/Intermediates.noindex/ResizingTextView.build/Debug-watchos/ResizingTextView.build/Objects-normal/armv7k/ResizingTextView-master-emit-module.dia -emit-dependencies-path /Users/admin/builder/spi-builder-workspace/.derivedData/Build/Intermediates.noindex/ResizingTextView.build/Debug-watchos/ResizingTextView.build/Objects-normal/armv7k/ResizingTextView-master-emit-module.d -o /Users/admin/builder/spi-builder-workspace/.derivedData/Build/Intermediates.noindex/ResizingTextView.build/Debug-watchos/ResizingTextView.build/Objects-normal/armv7k/ResizingTextView.swiftmodule -emit-abi-descriptor-path /Users/admin/builder/spi-builder-workspace/.derivedData/Build/Intermediates.noindex/ResizingTextView.build/Debug-watchos/ResizingTextView.build/Objects-normal/armv7k/ResizingTextView.abi.json
EmitSwiftModule normal armv7k (in target 'ResizingTextView' from project 'ResizingTextView')
    cd /Users/admin/builder/spi-builder-workspace/.swiftpm/xcode

/Users/admin/builder/spi-builder-workspace/Sources/ResizingTextView/DecoratableTextStorage.swift:9:37: error: cannot find type 'NSTextStorage' in scope
final class DecoratableTextStorage: NSTextStorage {
                                    ^~~~~~~~~~~~~
/Users/admin/builder/spi-builder-workspace/Sources/ResizingTextView/DecoratableTextStorage.swift:53:18: error: property does not override any property from its superclass
    override var string: String {
    ~~~~~~~~     ^
/Users/admin/builder/spi-builder-workspace/Sources/ResizingTextView/DecoratableTextStorage.swift:57:19: error: method does not override any method from its superclass
    override func attributes(at location: Int, effectiveRange range: NSRangePointer?) -> [NSAttributedString.Key: Any] {
    ~~~~~~~~      ^
/Users/admin/builder/spi-builder-workspace/Sources/ResizingTextView/DecoratableTextStorage.swift:61:19: error: method does not override any method from its superclass
    override func attribute(
    ~~~~~~~~      ^
/Users/admin/builder/spi-builder-workspace/Sources/ResizingTextView/DecoratableTextStorage.swift:69:19: error: method does not override any method from its superclass
    override func attribute(
    ~~~~~~~~      ^
/Users/admin/builder/spi-builder-workspace/Sources/ResizingTextView/DecoratableTextStorage.swift:78:19: error: method does not override any method from its superclass
    override func attributes(
    ~~~~~~~~      ^
/Users/admin/builder/spi-builder-workspace/Sources/ResizingTextView/DecoratableTextStorage.swift:88:19: error: method does not override any method from its superclass
    override func fixAttributes(in range: NSRange) {
    ~~~~~~~~      ^
/Users/admin/builder/spi-builder-workspace/Sources/ResizingTextView/DecoratableTextStorage.swift:93:19: error: method does not override any method from its superclass
    override func processEditing() {
    ~~~~~~~~      ^
/Users/admin/builder/spi-builder-workspace/Sources/ResizingTextView/DecoratableTextStorage.swift:103:19: error: method does not override any method from its superclass
    override func replaceCharacters(in range: NSRange, with str: String) {
    ~~~~~~~~      ^
/Users/admin/builder/spi-builder-workspace/Sources/ResizingTextView/DecoratableTextStorage.swift:115:19: error: method does not override any method from its superclass
    override func setAttributes(_ attrs: [NSAttributedString.Key: Any]?, range: NSRange) {
    ~~~~~~~~      ^
/Users/admin/builder/spi-builder-workspace/Sources/ResizingTextView/PlatformTextView.swift:118:11: error: cannot find type 'UITextView' in scope
extension UITextView: PlatformTextView {
          ^~~~~~~~~~
/Users/admin/builder/spi-builder-workspace/Sources/ResizingTextView/ResizingTextView.swift:35:37: error: cannot find type 'UITextAutocapitalizationType' in scope
        var autocapitalizationType: UITextAutocapitalizationType = .sentences
                                    ^~~~~~~~~~~~~~~~~~~~~~~~~~~~
/Users/admin/builder/spi-builder-workspace/Sources/ResizingTextView/ResizingTextView.swift:37:27: error: cannot find type 'UIKeyboardType' in scope
        var keyboardType: UIKeyboardType = .default
                          ^~~~~~~~~~~~~~
/Users/admin/builder/spi-builder-workspace/Sources/ResizingTextView/ResizingTextView.swift:27:41: error: type 'UXColor' (aka 'UIColor') has no member 'label'
        var foregroundColor: UXColor = .label
                                       ~^~~~~
/Users/admin/builder/spi-builder-workspace/Sources/ResizingTextView/ResizingTextView.swift:14:12: error: type 'ResizingTextView.Configuration' does not conform to protocol 'Equatable'
    struct Configuration: Equatable {
           ^
/Users/admin/builder/spi-builder-workspace/Sources/ResizingTextView/ResizingTextView.swift:35:13: note: stored property type '<<error type>>' does not conform to protocol 'Equatable', preventing synthesized conformance of 'ResizingTextView.Configuration' to 'Equatable'
        var autocapitalizationType: UITextAutocapitalizationType = .sentences
            ^
/Users/admin/builder/spi-builder-workspace/Sources/ResizingTextView/ResizingTextView.swift:37:13: note: stored property type '<<error type>>' does not conform to protocol 'Equatable', preventing synthesized conformance of 'ResizingTextView.Configuration' to 'Equatable'
        var keyboardType: UIKeyboardType = .default
            ^
Swift.==:1:24: note: candidate would match if 'ResizingTextView.Configuration' conformed to 'RawRepresentable'
@inlinable public func == <T>(lhs: T, rhs: T) -> Bool where T : RawRepresentable, T.RawValue : Equatable
                       ^
Swift.FloatingPoint.==:2:20: note: candidate would match if 'ResizingTextView.Configuration' conformed to 'FloatingPoint'
public static func == (lhs: Self, rhs: Self) -> Bool}
                   ^
Swift.BinaryInteger.==:2:20: note: candidate would match if 'ResizingTextView.Configuration' conformed to 'BinaryInteger'
public static func == <Other>(lhs: Self, rhs: Other) -> Bool where Other : BinaryInteger}
                   ^
Swift._Pointer.==:2:20: note: candidate would match if 'ResizingTextView.Configuration' conformed to '_Pointer'
public static func == (lhs: Self, rhs: Self) -> Bool}
                   ^
Swift._Pointer.==:2:31: note: candidate would match if 'ResizingTextView.Configuration' conformed to '_Pointer'
@inlinable public static func == <Other>(lhs: Self, rhs: Other) -> Bool where Other : _Pointer}
                              ^
Swift.Strideable.==:2:31: note: candidate would match if 'ResizingTextView.Configuration' conformed to 'Strideable'
@inlinable public static func == (x: Self, y: Self) -> Bool}
                              ^
Swift.StringProtocol.==:2:31: note: candidate would match if 'ResizingTextView.Configuration' conformed to 'StringProtocol'
@inlinable public static func == <RHS>(lhs: Self, rhs: RHS) -> Bool where RHS : StringProtocol}
                              ^
Swift.SIMD.==:2:20: note: candidate would match if 'ResizingTextView.Configuration' conformed to 'SIMD'
public static func == (a: Self, b: Self) -> Bool}
                   ^
Foundation.AttributedStringProtocol.==:2:20: note: candidate would match if 'ResizingTextView.Configuration' conformed to 'AttributedStringProtocol'
public static func == <RHS>(lhs: Self, rhs: RHS) -> Bool where RHS : AttributedStringProtocol}
                   ^
Foundation._BridgedStoredNSError.==:2:20: note: candidate would match if 'ResizingTextView.Configuration' conformed to '_BridgedStoredNSError'
public static func == (lhs: Self, rhs: Self) -> Bool}
                   ^
CoreFoundation._CFObject.==:2:20: note: candidate would match if 'ResizingTextView.Configuration' conformed to '_CFObject'
public static func == (left: Self, right: Self) -> Bool}
                   ^
/Users/admin/builder/spi-builder-workspace/Sources/ResizingTextView/ResizingTextView.swift:14:12: note: add stubs for conformance
    struct Configuration: Equatable {
           ^
Swift.Equatable.==:2:13: note: protocol requires function '==' with type '(ResizingTextView.Configuration, ResizingTextView.Configuration) -> Bool'
static func == (lhs: Self, rhs: Self) -> Bool}
            ^
/Users/admin/builder/spi-builder-workspace/Sources/ResizingTextView/ResizingTextView.swift:11:50: error: unknown attribute 'MainActor'
@MainActor public struct ResizingTextView: View, @MainActor Equatable {
                                                 ^
/Users/admin/builder/spi-builder-workspace/Sources/ResizingTextView/ResizingTextView.swift:337:24: error: main actor-isolated operator function '==' cannot be used to satisfy nonisolated requirement from protocol 'Equatable'
    public static func == (lhs: ResizingTextView, rhs: ResizingTextView) -> Bool {
                       ^
/Users/admin/builder/spi-builder-workspace/Sources/ResizingTextView/ResizingTextView.swift:337:24: note: add 'nonisolated' to '==' to make this operator function not isolated to the actor
    public static func == (lhs: ResizingTextView, rhs: ResizingTextView) -> Bool {
                       ^
    nonisolated
/Users/admin/builder/spi-builder-workspace/Sources/ResizingTextView/ResizingTextView.swift:11:61: note: add '@preconcurrency' to the 'Equatable' conformance to defer isolation checking to run time
@MainActor public struct ResizingTextView: View, @MainActor Equatable {
                                                            ^
                                                            @preconcurrency
/Users/admin/builder/spi-builder-workspace/Sources/ResizingTextView/ResizingTextView.swift:393:59: error: cannot find type 'UITextAutocapitalizationType' in scope
    func autocapitalizationType(_ autocapitalizationType: UITextAutocapitalizationType) -> Self {
                                                          ^~~~~~~~~~~~~~~~~~~~~~~~~~~~
/Users/admin/builder/spi-builder-workspace/Sources/ResizingTextView/ResizingTextView.swift:405:39: error: cannot find type 'UIKeyboardType' in scope
    func keyboardType(_ keyboardType: UIKeyboardType) -> Self {
                                      ^~~~~~~~~~~~~~
/Users/admin/builder/spi-builder-workspace/Sources/ResizingTextView/TextMeasurer.swift:13:33: error: 'NSLayoutManager' cannot be constructed because it has no accessible initializers
    private let layoutManager = NSLayoutManager()
                                ^~~~~~~~~~~~~~~
/Users/admin/builder/spi-builder-workspace/Sources/ResizingTextView/TextMeasurer.swift:14:33: error: 'NSTextContainer' cannot be constructed because it has no accessible initializers
    private let textContainer = NSTextContainer()
                                ^~~~~~~~~~~~~~~
/Users/admin/builder/spi-builder-workspace/Sources/ResizingTextView/TextMeasurer.swift:15:35: error: cannot find type 'NSTextStorage' in scope
    private weak var textStorage: NSTextStorage?
                                  ^~~~~~~~~~~~~
/Users/admin/builder/spi-builder-workspace/Sources/ResizingTextView/TextMeasurer.swift:28:31: error: cannot find type 'NSTextStorage' in scope
    func size(of textStorage: NSTextStorage, width: CGFloat?, like container: NSTextContainer, emptyLineFont: UXFont) -> CGSize {
                              ^~~~~~~~~~~~~
/Users/admin/builder/spi-builder-workspace/Sources/ResizingTextView/TextMeasurer.swift:28:79: error: 'NSTextContainer' is unavailable: This Objective-C class has only been forward-declared; import its owning module to use it
    func size(of textStorage: NSTextStorage, width: CGFloat?, like container: NSTextContainer, emptyLineFont: UXFont) -> CGSize {
                                                                              ^~~~~~~~~~~~~~~
UIKit.NSTextContainer:2:14: note: 'NSTextContainer' has been explicitly marked unavailable here
public class NSTextContainer {
             ^
/Users/admin/builder/spi-builder-workspace/Sources/ResizingTextView/TextMeasurer.swift:41:25: error: cannot find type 'NSTextStorage' in scope
        of textStorage: NSTextStorage,
                        ^~~~~~~~~~~~~
/Users/admin/builder/spi-builder-workspace/Sources/ResizingTextView/TextMeasurer.swift:43:25: error: 'NSTextContainer' is unavailable: This Objective-C class has only been forward-declared; import its owning module to use it
        like container: NSTextContainer,
                        ^~~~~~~~~~~~~~~
UIKit.NSTextContainer:2:14: note: 'NSTextContainer' has been explicitly marked unavailable here
public class NSTextContainer {
             ^
/Users/admin/builder/spi-builder-workspace/Sources/ResizingTextView/TextMeasurer.swift:67:40: error: cannot find type 'NSTextStorage' in scope
    private func layOut(_ textStorage: NSTextStorage, width: CGFloat?, like container: NSTextContainer) {
                                       ^~~~~~~~~~~~~
/Users/admin/builder/spi-builder-workspace/Sources/ResizingTextView/TextMeasurer.swift:67:88: error: 'NSTextContainer' is unavailable: This Objective-C class has only been forward-declared; import its owning module to use it
    private func layOut(_ textStorage: NSTextStorage, width: CGFloat?, like container: NSTextContainer) {
                                                                                       ^~~~~~~~~~~~~~~
UIKit.NSTextContainer:2:14: note: 'NSTextContainer' has been explicitly marked unavailable here
public class NSTextContainer {
             ^
/Users/admin/builder/spi-builder-workspace/Sources/ResizingTextView/TextMeasurer.swift:80:49: error: 'NSTextContainer' is unavailable: This Objective-C class has only been forward-declared; import its owning module to use it
    private func showsExtraLine(like container: NSTextContainer) -> Bool {
                                                ^~~~~~~~~~~~~~~
UIKit.NSTextContainer:2:14: note: 'NSTextContainer' has been explicitly marked unavailable here
public class NSTextContainer {
             ^
/Users/admin/builder/spi-builder-workspace/Sources/ResizingTextView/UIKit/TextView (UIKit).swift:8:55: error: type 'UIColor' has no member 'label'
    static let defaultForegroundColor = Color(UIColor.label)
                                              ~~~~~~~ ^~~~~
/Users/admin/builder/spi-builder-workspace/Sources/ResizingTextView/UIKit/TextView (UIKit).swift:22:37: error: cannot find type 'UITextAutocapitalizationType' in scope
        var autocapitalizationType: UITextAutocapitalizationType
                                    ^~~~~~~~~~~~~~~~~~~~~~~~~~~~
/Users/admin/builder/spi-builder-workspace/Sources/ResizingTextView/UIKit/TextView (UIKit).swift:24:27: error: cannot find type 'UIKeyboardType' in scope
        var keyboardType: UIKeyboardType
                          ^~~~~~~~~~~~~~
/Users/admin/builder/spi-builder-workspace/Sources/ResizingTextView/UIKit/TextView (UIKit).swift:39:41: error: cannot find type 'UITextAutocapitalizationType' in scope
    private var autocapitalizationType: UITextAutocapitalizationType
                                        ^~~~~~~~~~~~~~~~~~~~~~~~~~~~
/Users/admin/builder/spi-builder-workspace/Sources/ResizingTextView/UIKit/TextView (UIKit).swift:41:31: error: cannot find type 'UIKeyboardType' in scope
    private var keyboardType: UIKeyboardType
                              ^~~~~~~~~~~~~~
/Users/admin/builder/spi-builder-workspace/Sources/ResizingTextView/UIKit/TextView (UIKit).swift:62:30: error: cannot find type 'Context' in scope
    func makeUIView(context: Context) -> CustomTextView {
                             ^~~~~~~
/Users/admin/builder/spi-builder-workspace/Sources/ResizingTextView/UIKit/TextView (UIKit).swift:84:60: error: cannot find type 'Context' in scope
    func updateUIView(_ textView: CustomTextView, context: Context) {
                                                           ^~~~~~~
/Users/admin/builder/spi-builder-workspace/Sources/ResizingTextView/UIKit/TextView (UIKit).swift:147:86: error: cannot find type 'Context' in scope
    func sizeThatFits(_ proposal: ProposedViewSize, uiView: CustomTextView, context: Context) -> CGSize? {
                                                                                     ^~~~~~~
/Users/admin/builder/spi-builder-workspace/Sources/ResizingTextView/UIKit/TextView (UIKit).swift:147:35: error: 'ProposedViewSize' is only available in watchOS 9.0 or newer
    func sizeThatFits(_ proposal: ProposedViewSize, uiView: CustomTextView, context: Context) -> CGSize? {
                                  ^
/Users/admin/builder/spi-builder-workspace/Sources/ResizingTextView/UIKit/TextView (UIKit).swift:147:10: note: add @available attribute to enclosing instance method
    func sizeThatFits(_ proposal: ProposedViewSize, uiView: CustomTextView, context: Context) -> CGSize? {
         ^
/Users/admin/builder/spi-builder-workspace/Sources/ResizingTextView/UIKit/TextView (UIKit).swift:7:19: note: add @available attribute to enclosing struct
@MainActor struct TextView: UIViewRepresentable {
                  ^
/Users/admin/builder/spi-builder-workspace/Sources/ResizingTextView/UIKit/TextView (UIKit).swift:185:51: error: cannot find type 'UITextViewDelegate' in scope
    @MainActor final class Coordinator: NSObject, UITextViewDelegate {
                                                  ^~~~~~~~~~~~~~~~~~
/Users/admin/builder/spi-builder-workspace/Sources/ResizingTextView/UIKit/TextView (UIKit).swift:193:35: error: cannot find type 'UITextView' in scope
        func textView(_ textView: UITextView, shouldChangeTextIn range: NSRange, replacementText text: String) -> Bool {
                                  ^~~~~~~~~~
/Users/admin/builder/spi-builder-workspace/Sources/ResizingTextView/UIKit/TextView (UIKit).swift:197:44: error: cannot find type 'UITextView' in scope
        func textViewDidChange(_ textView: UITextView) {
                                           ^~~~~~~~~~
/Users/admin/builder/spi-builder-workspace/Sources/ResizingTextView/UIKit/TextView (UIKit).swift:7:29: error: cannot find type 'UIViewRepresentable' in scope
@MainActor struct TextView: UIViewRepresentable {
                            ^~~~~~~~~~~~~~~~~~~
/Users/admin/builder/spi-builder-workspace/Sources/ResizingTextView/UIKit/TextView (UIKit).swift:204:23: error: cannot find type 'UITextView' in scope
class CustomTextView: UITextView {
                      ^~~~~~~~~~
/Users/admin/builder/spi-builder-workspace/Sources/ResizingTextView/UIKit/TextView (UIKit).swift:207:18: error: property does not override any property from its superclass
    override var isScrollEnabled: Bool {
    ~~~~~~~~     ^
/Users/admin/builder/spi-builder-workspace/Sources/ResizingTextView/UIKit/TextView (UIKit).swift:213:25: error: 'NSTextContainer' is unavailable: This Objective-C class has only been forward-declared; import its owning module to use it
    init(textContainer: NSTextContainer? = nil) {
                        ^~~~~~~~~~~~~~~
UIKit.NSTextContainer:2:14: note: 'NSTextContainer' has been explicitly marked unavailable here
public class NSTextContainer {
             ^
/Users/admin/builder/spi-builder-workspace/Sources/ResizingTextView/UIKit/TextView (UIKit).swift:223:23: error: property does not override any property from its superclass
    override open var contentSize: CGSize {
    ~~~~~~~~          ^
/Users/admin/builder/spi-builder-workspace/Sources/ResizingTextView/UIKit/TextView (UIKit).swift:228:27: error: value of type 'CustomTextView' has no member 'invalidateIntrinsicContentSize'
                    self?.invalidateIntrinsicContentSize()
                    ~~~~~ ^~~~~~~~~~~~~~~~~~~~~~~~~~~~~~
/Users/admin/builder/spi-builder-workspace/Sources/ResizingTextView/UIKit/TextView (UIKit).swift:234:23: error: property does not override any property from its superclass
    override open var intrinsicContentSize: CGSize {
    ~~~~~~~~          ^
SwiftEmitModule normal arm64 Emitting\ module\ for\ ResizingTextView (in target 'ResizingTextView' from project 'ResizingTextView')
Failed frontend command:
/Applications/Xcode-16.3.0.app/Contents/Developer/Toolchains/XcodeDefault.xctoolchain/usr/bin/swift-frontend -frontend -emit-module -experimental-skip-non-inlinable-function-bodies-without-types /Users/admin/builder/spi-builder-workspace/Sources/ResizingTextView/AppKit/TextView\ \(AppKit\).swift /Users/admin/builder/spi-builder-workspace/Sources/ResizingTextView/AppKit/TextViewMeasurer.swift /Users/admin/builder/spi-builder-workspace/Sources/ResizingTextView/DecoratableTextStorage.swift /Users/admin/builder/spi-builder-workspace/Sources/ResizingTextView/PlatformTextView.swift /Users/admin/builder/spi-builder-workspace/Sources/ResizingTextView/ResizingTextView.swift /Users/admin/builder/spi-builder-workspace/Sources/ResizingTextView/TextDecoration.swift /Users/admin/builder/spi-builder-workspace/Sources/ResizingTextView/TextMeasurer.swift /Users/admin/builder/spi-builder-workspace/Sources/ResizingTextView/UIKit/TextView\ \(UIKit\).swift /Users/admin/builder/spi-builder-workspace/Sources/ResizingTextView/Utils/CrossPlatformAliases.swift /Users/admin/builder/spi-builder-workspace/Sources/ResizingTextView/Utils/NSRange+Extensions.swift /Users/admin/builder/spi-builder-workspace/Sources/ResizingTextView/Utils/String+Newlines.swift /Users/admin/builder/spi-builder-workspace/Sources/ResizingTextView/Utils/View+Extensions.swift -target arm64-apple-watchos8.0 -Xllvm -aarch64-use-tbi -enable-objc-interop -stack-check -sdk /Applications/Xcode-16.3.0.app/Contents/Developer/Platforms/WatchOS.platform/Developer/SDKs/WatchOS11.4.sdk -I /Users/admin/builder/spi-builder-workspace/.derivedData/Build/Products/Debug-watchos -I /Applications/Xcode-16.3.0.app/Contents/Developer/Platforms/WatchOS.platform/Developer/usr/lib -F /Users/admin/builder/spi-builder-workspace/.derivedData/Build/Products/Debug-watchos -F /Applications/Xcode-16.3.0.app/Contents/Developer/Platforms/WatchOS.platform/Developer/Library/Frameworks -F /Applications/Xcode-16.3.0.app/Contents/Developer/Platforms/WatchOS.platform/Developer/SDKs/WatchOS11.4.sdk/Developer/Library/Frameworks -no-color-diagnostics -enable-testing -g -debug-info-format\=dwarf -dwarf-version\=4 -module-cache-path /Users/admin/builder/spi-builder-workspace/.derivedData/ModuleCache.noindex -profile-generate -profile-coverage-mapping -swift-version 6 -enforce-exclusivity\=checked -stats-output-dir /Users/admin/builder/spi-builder-workspace/.swiftpm/xcode/.stats -Onone -D SWIFT_PACKAGE -D DEBUG -serialize-debugging-options -const-gather-protocols-file /Users/admin/builder/spi-builder-workspace/.derivedData/Build/Intermediates.noindex/ResizingTextView.build/Debug-watchos/ResizingTextView.build/Objects-normal/arm64/ResizingTextView_const_extract_protocols.json -enable-experimental-feature DebugDescriptionMacro -empty-abi-descriptor -plugin-path /Applications/Xcode-16.3.0.app/Contents/Developer/Toolchains/XcodeDefault.xctoolchain/usr/lib/swift/host/plugins/testing -validate-clang-modules-once -clang-build-session-file /Users/admin/builder/spi-builder-workspace/.derivedData/ModuleCache.noindex/Session.modulevalidation -Xcc -working-directory -Xcc /Users/admin/builder/spi-builder-workspace/.swiftpm/xcode -resource-dir /Applications/Xcode-16.3.0.app/Contents/Developer/Toolchains/XcodeDefault.xctoolchain/usr/lib/swift -enable-anonymous-context-mangled-names -file-compilation-dir /Users/admin/builder/spi-builder-workspace/.swiftpm/xcode -Xcc -ivfsstatcache -Xcc /Users/admin/builder/spi-builder-workspace/.derivedData/SDKStatCaches.noindex/watchos11.4-22T246-43efb940ff07ba2497b70ec94253f576.sdkstatcache -Xcc -I/Users/admin/builder/spi-builder-workspace/.derivedData/Build/Intermediates.noindex/ResizingTextView.build/Debug-watchos/ResizingTextView.build/swift-overrides.hmap -Xcc -I/Users/admin/builder/spi-builder-workspace/.derivedData/Build/Products/Debug-watchos/include -Xcc -I/Users/admin/builder/spi-builder-workspace/.derivedData/Build/Intermediates.noindex/ResizingTextView.build/Debug-watchos/ResizingTextView.build/DerivedSources-normal/arm64 -Xcc -I/Users/admin/builder/spi-builder-workspace/.derivedData/Build/Intermediates.noindex/ResizingTextView.build/Debug-watchos/ResizingTextView.build/DerivedSources/arm64 -Xcc -I/Users/admin/builder/spi-builder-workspace/.derivedData/Build/Intermediates.noindex/ResizingTextView.build/Debug-watchos/ResizingTextView.build/DerivedSources -Xcc -DSWIFT_PACKAGE -Xcc -DDEBUG\=1 -module-name ResizingTextView -package-name spi_builder_workspace -frontend-parseable-output -disable-clang-spi -target-sdk-version 11.4 -target-sdk-name watchos11.4 -external-plugin-path /Applications/Xcode-16.3.0.app/Contents/Developer/Platforms/WatchOS.platform/Developer/usr/lib/swift/host/plugins\#/Applications/Xcode-16.3.0.app/Contents/Developer/Platforms/WatchOS.platform/Developer/usr/bin/swift-plugin-server -external-plugin-path /Applications/Xcode-16.3.0.app/Contents/Developer/Platforms/WatchOS.platform/Developer/usr/local/lib/swift/host/plugins\#/Applications/Xcode-16.3.0.app/Contents/Developer/Platforms/WatchOS.platform/Developer/usr/bin/swift-plugin-server -in-process-plugin-server-path /Applications/Xcode-16.3.0.app/Contents/Developer/Toolchains/XcodeDefault.xctoolchain/usr/lib/swift/host/libSwiftInProcPluginServer.dylib -plugin-path /Applications/Xcode-16.3.0.app/Contents/Developer/Toolchains/XcodeDefault.xctoolchain/usr/lib/swift/host/plugins -plugin-path /Applications/Xcode-16.3.0.app/Contents/Developer/Toolchains/XcodeDefault.xctoolchain/usr/local/lib/swift/host/plugins -emit-module-doc-path /Users/admin/builder/spi-builder-workspace/.derivedData/Build/Intermediates.noindex/ResizingTextView.build/Debug-watchos/ResizingTextView.build/Objects-normal/arm64/ResizingTextView.swiftdoc -emit-module-source-info-path /Users/admin/builder/spi-builder-workspace/.derivedData/Build/Intermediates.noindex/ResizingTextView.build/Debug-watchos/ResizingTextView.build/Objects-normal/arm64/ResizingTextView.swiftsourceinfo -emit-objc-header-path /Users/admin/builder/spi-builder-workspace/.derivedData/Build/Intermediates.noindex/ResizingTextView.build/Debug-watchos/ResizingTextView.build/Objects-normal/arm64/ResizingTextView-Swift.h -serialize-diagnostics-path /Users/admin/builder/spi-builder-workspace/.derivedData/Build/Intermediates.noindex/ResizingTextView.build/Debug-watchos/ResizingTextView.build/Objects-normal/arm64/ResizingTextView-master-emit-module.dia -emit-dependencies-path /Users/admin/builder/spi-builder-workspace/.derivedData/Build/Intermediates.noindex/ResizingTextView.build/Debug-watchos/ResizingTextView.build/Objects-normal/arm64/ResizingTextView-master-emit-module.d -o /Users/admin/builder/spi-builder-workspace/.derivedData/Build/Intermediates.noindex/ResizingTextView.build/Debug-watchos/ResizingTextView.build/Objects-normal/arm64/ResizingTextView.swiftmodule -emit-abi-descriptor-path /Users/admin/builder/spi-builder-workspace/.derivedData/Build/Intermediates.noindex/ResizingTextView.build/Debug-watchos/ResizingTextView.build/Objects-normal/arm64/ResizingTextView.abi.json
EmitSwiftModule normal arm64 (in target 'ResizingTextView' from project 'ResizingTextView')
    cd /Users/admin/builder/spi-builder-workspace/.swiftpm/xcode

/Users/admin/builder/spi-builder-workspace/Sources/ResizingTextView/DecoratableTextStorage.swift:9:37: error: cannot find type 'NSTextStorage' in scope
final class DecoratableTextStorage: NSTextStorage {
                                    ^~~~~~~~~~~~~
/Users/admin/builder/spi-builder-workspace/Sources/ResizingTextView/DecoratableTextStorage.swift:53:18: error: property does not override any property from its superclass
    override var string: String {
    ~~~~~~~~     ^
/Users/admin/builder/spi-builder-workspace/Sources/ResizingTextView/DecoratableTextStorage.swift:57:19: error: method does not override any method from its superclass
    override func attributes(at location: Int, effectiveRange range: NSRangePointer?) -> [NSAttributedString.Key: Any] {
    ~~~~~~~~      ^
/Users/admin/builder/spi-builder-workspace/Sources/ResizingTextView/DecoratableTextStorage.swift:61:19: error: method does not override any method from its superclass
    override func attribute(
    ~~~~~~~~      ^
/Users/admin/builder/spi-builder-workspace/Sources/ResizingTextView/DecoratableTextStorage.swift:69:19: error: method does not override any method from its superclass
    override func attribute(
    ~~~~~~~~      ^
/Users/admin/builder/spi-builder-workspace/Sources/ResizingTextView/DecoratableTextStorage.swift:78:19: error: method does not override any method from its superclass
    override func attributes(
    ~~~~~~~~      ^
/Users/admin/builder/spi-builder-workspace/Sources/ResizingTextView/DecoratableTextStorage.swift:88:19: error: method does not override any method from its superclass
    override func fixAttributes(in range: NSRange) {
    ~~~~~~~~      ^
/Users/admin/builder/spi-builder-workspace/Sources/ResizingTextView/DecoratableTextStorage.swift:93:19: error: method does not override any method from its superclass
    override func processEditing() {
    ~~~~~~~~      ^
/Users/admin/builder/spi-builder-workspace/Sources/ResizingTextView/DecoratableTextStorage.swift:103:19: error: method does not override any method from its superclass
    override func replaceCharacters(in range: NSRange, with str: String) {
    ~~~~~~~~      ^
/Users/admin/builder/spi-builder-workspace/Sources/ResizingTextView/DecoratableTextStorage.swift:115:19: error: method does not override any method from its superclass
    override func setAttributes(_ attrs: [NSAttributedString.Key: Any]?, range: NSRange) {
    ~~~~~~~~      ^
/Users/admin/builder/spi-builder-workspace/Sources/ResizingTextView/PlatformTextView.swift:118:11: error: cannot find type 'UITextView' in scope
extension UITextView: PlatformTextView {
          ^~~~~~~~~~
/Users/admin/builder/spi-builder-workspace/Sources/ResizingTextView/ResizingTextView.swift:35:37: error: cannot find type 'UITextAutocapitalizationType' in scope
        var autocapitalizationType: UITextAutocapitalizationType = .sentences
                                    ^~~~~~~~~~~~~~~~~~~~~~~~~~~~
/Users/admin/builder/spi-builder-workspace/Sources/ResizingTextView/ResizingTextView.swift:37:27: error: cannot find type 'UIKeyboardType' in scope
        var keyboardType: UIKeyboardType = .default
                          ^~~~~~~~~~~~~~
/Users/admin/builder/spi-builder-workspace/Sources/ResizingTextView/ResizingTextView.swift:27:41: error: type 'UXColor' (aka 'UIColor') has no member 'label'
        var foregroundColor: UXColor = .label
                                       ~^~~~~
/Users/admin/builder/spi-builder-workspace/Sources/ResizingTextView/ResizingTextView.swift:14:12: error: type 'ResizingTextView.Configuration' does not conform to protocol 'Equatable'
    struct Configuration: Equatable {
           ^
/Users/admin/builder/spi-builder-workspace/Sources/ResizingTextView/ResizingTextView.swift:35:13: note: stored property type '<<error type>>' does not conform to protocol 'Equatable', preventing synthesized conformance of 'ResizingTextView.Configuration' to 'Equatable'
        var autocapitalizationType: UITextAutocapitalizationType = .sentences
            ^
/Users/admin/builder/spi-builder-workspace/Sources/ResizingTextView/ResizingTextView.swift:37:13: note: stored property type '<<error type>>' does not conform to protocol 'Equatable', preventing synthesized conformance of 'ResizingTextView.Configuration' to 'Equatable'
        var keyboardType: UIKeyboardType = .default
            ^
Swift.==:1:24: note: candidate would match if 'ResizingTextView.Configuration' conformed to 'RawRepresentable'
@inlinable public func == <T>(lhs: T, rhs: T) -> Bool where T : RawRepresentable, T.RawValue : Equatable
                       ^
Swift.FloatingPoint.==:2:20: note: candidate would match if 'ResizingTextView.Configuration' conformed to 'FloatingPoint'
public static func == (lhs: Self, rhs: Self) -> Bool}
                   ^
Swift.BinaryInteger.==:2:20: note: candidate would match if 'ResizingTextView.Configuration' conformed to 'BinaryInteger'
public static func == <Other>(lhs: Self, rhs: Other) -> Bool where Other : BinaryInteger}
                   ^
Swift._Pointer.==:2:20: note: candidate would match if 'ResizingTextView.Configuration' conformed to '_Pointer'
public static func == (lhs: Self, rhs: Self) -> Bool}
                   ^
Swift._Pointer.==:2:31: note: candidate would match if 'ResizingTextView.Configuration' conformed to '_Pointer'
@inlinable public static func == <Other>(lhs: Self, rhs: Other) -> Bool where Other : _Pointer}
                              ^
Swift.Strideable.==:2:31: note: candidate would match if 'ResizingTextView.Configuration' conformed to 'Strideable'
@inlinable public static func == (x: Self, y: Self) -> Bool}
                              ^
Swift.StringProtocol.==:2:31: note: candidate would match if 'ResizingTextView.Configuration' conformed to 'StringProtocol'
@inlinable public static func == <RHS>(lhs: Self, rhs: RHS) -> Bool where RHS : StringProtocol}
                              ^
Swift.SIMD.==:2:20: note: candidate would match if 'ResizingTextView.Configuration' conformed to 'SIMD'
public static func == (a: Self, b: Self) -> Bool}
                   ^
Foundation.AttributedStringProtocol.==:2:20: note: candidate would match if 'ResizingTextView.Configuration' conformed to 'AttributedStringProtocol'
public static func == <RHS>(lhs: Self, rhs: RHS) -> Bool where RHS : AttributedStringProtocol}
                   ^
Foundation._BridgedStoredNSError.==:2:20: note: candidate would match if 'ResizingTextView.Configuration' conformed to '_BridgedStoredNSError'
public static func == (lhs: Self, rhs: Self) -> Bool}
                   ^
CoreFoundation._CFObject.==:2:20: note: candidate would match if 'ResizingTextView.Configuration' conformed to '_CFObject'
public static func == (left: Self, right: Self) -> Bool}
                   ^
/Users/admin/builder/spi-builder-workspace/Sources/ResizingTextView/ResizingTextView.swift:14:12: note: add stubs for conformance
    struct Configuration: Equatable {
           ^
Swift.Equatable.==:2:13: note: protocol requires function '==' with type '(ResizingTextView.Configuration, ResizingTextView.Configuration) -> Bool'
static func == (lhs: Self, rhs: Self) -> Bool}
            ^
/Users/admin/builder/spi-builder-workspace/Sources/ResizingTextView/ResizingTextView.swift:11:50: error: unknown attribute 'MainActor'
@MainActor public struct ResizingTextView: View, @MainActor Equatable {
                                                 ^
/Users/admin/builder/spi-builder-workspace/Sources/ResizingTextView/ResizingTextView.swift:337:24: error: main actor-isolated operator function '==' cannot be used to satisfy nonisolated requirement from protocol 'Equatable'
    public static func == (lhs: ResizingTextView, rhs: ResizingTextView) -> Bool {
                       ^
/Users/admin/builder/spi-builder-workspace/Sources/ResizingTextView/ResizingTextView.swift:337:24: note: add 'nonisolated' to '==' to make this operator function not isolated to the actor
    public static func == (lhs: ResizingTextView, rhs: ResizingTextView) -> Bool {
                       ^
    nonisolated
/Users/admin/builder/spi-builder-workspace/Sources/ResizingTextView/ResizingTextView.swift:11:61: note: add '@preconcurrency' to the 'Equatable' conformance to defer isolation checking to run time
@MainActor public struct ResizingTextView: View, @MainActor Equatable {
                                                            ^
                                                            @preconcurrency
/Users/admin/builder/spi-builder-workspace/Sources/ResizingTextView/ResizingTextView.swift:393:59: error: cannot find type 'UITextAutocapitalizationType' in scope
    func autocapitalizationType(_ autocapitalizationType: UITextAutocapitalizationType) -> Self {
                                                          ^~~~~~~~~~~~~~~~~~~~~~~~~~~~
/Users/admin/builder/spi-builder-workspace/Sources/ResizingTextView/ResizingTextView.swift:405:39: error: cannot find type 'UIKeyboardType' in scope
    func keyboardType(_ keyboardType: UIKeyboardType) -> Self {
                                      ^~~~~~~~~~~~~~
/Users/admin/builder/spi-builder-workspace/Sources/ResizingTextView/TextMeasurer.swift:13:33: error: 'NSLayoutManager' cannot be constructed because it has no accessible initializers
    private let layoutManager = NSLayoutManager()
                                ^~~~~~~~~~~~~~~
/Users/admin/builder/spi-builder-workspace/Sources/ResizingTextView/TextMeasurer.swift:14:33: error: 'NSTextContainer' cannot be constructed because it has no accessible initializers
    private let textContainer = NSTextContainer()
                                ^~~~~~~~~~~~~~~
/Users/admin/builder/spi-builder-workspace/Sources/ResizingTextView/TextMeasurer.swift:15:35: error: cannot find type 'NSTextStorage' in scope
    private weak var textStorage: NSTextStorage?
                                  ^~~~~~~~~~~~~
/Users/admin/builder/spi-builder-workspace/Sources/ResizingTextView/TextMeasurer.swift:28:31: error: cannot find type 'NSTextStorage' in scope
    func size(of textStorage: NSTextStorage, width: CGFloat?, like container: NSTextContainer, emptyLineFont: UXFont) -> CGSize {
                              ^~~~~~~~~~~~~
/Users/admin/builder/spi-builder-workspace/Sources/ResizingTextView/TextMeasurer.swift:28:79: error: 'NSTextContainer' is unavailable: This Objective-C class has only been forward-declared; import its owning module to use it
    func size(of textStorage: NSTextStorage, width: CGFloat?, like container: NSTextContainer, emptyLineFont: UXFont) -> CGSize {
                                                                              ^~~~~~~~~~~~~~~
UIKit.NSTextContainer:2:14: note: 'NSTextContainer' has been explicitly marked unavailable here
public class NSTextContainer {
             ^
/Users/admin/builder/spi-builder-workspace/Sources/ResizingTextView/TextMeasurer.swift:41:25: error: cannot find type 'NSTextStorage' in scope
        of textStorage: NSTextStorage,
                        ^~~~~~~~~~~~~
/Users/admin/builder/spi-builder-workspace/Sources/ResizingTextView/TextMeasurer.swift:43:25: error: 'NSTextContainer' is unavailable: This Objective-C class has only been forward-declared; import its owning module to use it
        like container: NSTextContainer,
                        ^~~~~~~~~~~~~~~
UIKit.NSTextContainer:2:14: note: 'NSTextContainer' has been explicitly marked unavailable here
public class NSTextContainer {
             ^
/Users/admin/builder/spi-builder-workspace/Sources/ResizingTextView/TextMeasurer.swift:67:40: error: cannot find type 'NSTextStorage' in scope
    private func layOut(_ textStorage: NSTextStorage, width: CGFloat?, like container: NSTextContainer) {
                                       ^~~~~~~~~~~~~
/Users/admin/builder/spi-builder-workspace/Sources/ResizingTextView/TextMeasurer.swift:67:88: error: 'NSTextContainer' is unavailable: This Objective-C class has only been forward-declared; import its owning module to use it
    private func layOut(_ textStorage: NSTextStorage, width: CGFloat?, like container: NSTextContainer) {
                                                                                       ^~~~~~~~~~~~~~~
UIKit.NSTextContainer:2:14: note: 'NSTextContainer' has been explicitly marked unavailable here
public class NSTextContainer {
             ^
/Users/admin/builder/spi-builder-workspace/Sources/ResizingTextView/TextMeasurer.swift:80:49: error: 'NSTextContainer' is unavailable: This Objective-C class has only been forward-declared; import its owning module to use it
    private func showsExtraLine(like container: NSTextContainer) -> Bool {
                                                ^~~~~~~~~~~~~~~
UIKit.NSTextContainer:2:14: note: 'NSTextContainer' has been explicitly marked unavailable here
public class NSTextContainer {
             ^
/Users/admin/builder/spi-builder-workspace/Sources/ResizingTextView/UIKit/TextView (UIKit).swift:8:55: error: type 'UIColor' has no member 'label'
    static let defaultForegroundColor = Color(UIColor.label)
                                              ~~~~~~~ ^~~~~
/Users/admin/builder/spi-builder-workspace/Sources/ResizingTextView/UIKit/TextView (UIKit).swift:22:37: error: cannot find type 'UITextAutocapitalizationType' in scope
        var autocapitalizationType: UITextAutocapitalizationType
                                    ^~~~~~~~~~~~~~~~~~~~~~~~~~~~
/Users/admin/builder/spi-builder-workspace/Sources/ResizingTextView/UIKit/TextView (UIKit).swift:24:27: error: cannot find type 'UIKeyboardType' in scope
        var keyboardType: UIKeyboardType
                          ^~~~~~~~~~~~~~
/Users/admin/builder/spi-builder-workspace/Sources/ResizingTextView/UIKit/TextView (UIKit).swift:39:41: error: cannot find type 'UITextAutocapitalizationType' in scope
    private var autocapitalizationType: UITextAutocapitalizationType
                                        ^~~~~~~~~~~~~~~~~~~~~~~~~~~~
/Users/admin/builder/spi-builder-workspace/Sources/ResizingTextView/UIKit/TextView (UIKit).swift:41:31: error: cannot find type 'UIKeyboardType' in scope
    private var keyboardType: UIKeyboardType
                              ^~~~~~~~~~~~~~
/Users/admin/builder/spi-builder-workspace/Sources/ResizingTextView/UIKit/TextView (UIKit).swift:62:30: error: cannot find type 'Context' in scope
    func makeUIView(context: Context) -> CustomTextView {
                             ^~~~~~~
/Users/admin/builder/spi-builder-workspace/Sources/ResizingTextView/UIKit/TextView (UIKit).swift:84:60: error: cannot find type 'Context' in scope
    func updateUIView(_ textView: CustomTextView, context: Context) {
                                                           ^~~~~~~
/Users/admin/builder/spi-builder-workspace/Sources/ResizingTextView/UIKit/TextView (UIKit).swift:147:86: error: cannot find type 'Context' in scope
    func sizeThatFits(_ proposal: ProposedViewSize, uiView: CustomTextView, context: Context) -> CGSize? {
                                                                                     ^~~~~~~
/Users/admin/builder/spi-builder-workspace/Sources/ResizingTextView/UIKit/TextView (UIKit).swift:147:35: error: 'ProposedViewSize' is only available in watchOS 9.0 or newer
    func sizeThatFits(_ proposal: ProposedViewSize, uiView: CustomTextView, context: Context) -> CGSize? {
                                  ^
/Users/admin/builder/spi-builder-workspace/Sources/ResizingTextView/UIKit/TextView (UIKit).swift:147:10: note: add @available attribute to enclosing instance method
    func sizeThatFits(_ proposal: ProposedViewSize, uiView: CustomTextView, context: Context) -> CGSize? {
         ^
/Users/admin/builder/spi-builder-workspace/Sources/ResizingTextView/UIKit/TextView (UIKit).swift:7:19: note: add @available attribute to enclosing struct
@MainActor struct TextView: UIViewRepresentable {
                  ^
/Users/admin/builder/spi-builder-workspace/Sources/ResizingTextView/UIKit/TextView (UIKit).swift:185:51: error: cannot find type 'UITextViewDelegate' in scope
    @MainActor final class Coordinator: NSObject, UITextViewDelegate {
                                                  ^~~~~~~~~~~~~~~~~~
/Users/admin/builder/spi-builder-workspace/Sources/ResizingTextView/UIKit/TextView (UIKit).swift:193:35: error: cannot find type 'UITextView' in scope
        func textView(_ textView: UITextView, shouldChangeTextIn range: NSRange, replacementText text: String) -> Bool {
                                  ^~~~~~~~~~
/Users/admin/builder/spi-builder-workspace/Sources/ResizingTextView/UIKit/TextView (UIKit).swift:197:44: error: cannot find type 'UITextView' in scope
        func textViewDidChange(_ textView: UITextView) {
                                           ^~~~~~~~~~
/Users/admin/builder/spi-builder-workspace/Sources/ResizingTextView/UIKit/TextView (UIKit).swift:7:29: error: cannot find type 'UIViewRepresentable' in scope
@MainActor struct TextView: UIViewRepresentable {
                            ^~~~~~~~~~~~~~~~~~~
/Users/admin/builder/spi-builder-workspace/Sources/ResizingTextView/UIKit/TextView (UIKit).swift:204:23: error: cannot find type 'UITextView' in scope
class CustomTextView: UITextView {
                      ^~~~~~~~~~
/Users/admin/builder/spi-builder-workspace/Sources/ResizingTextView/UIKit/TextView (UIKit).swift:207:18: error: property does not override any property from its superclass
    override var isScrollEnabled: Bool {
    ~~~~~~~~     ^
/Users/admin/builder/spi-builder-workspace/Sources/ResizingTextView/UIKit/TextView (UIKit).swift:213:25: error: 'NSTextContainer' is unavailable: This Objective-C class has only been forward-declared; import its owning module to use it
    init(textContainer: NSTextContainer? = nil) {
                        ^~~~~~~~~~~~~~~
UIKit.NSTextContainer:2:14: note: 'NSTextContainer' has been explicitly marked unavailable here
public class NSTextContainer {
             ^
/Users/admin/builder/spi-builder-workspace/Sources/ResizingTextView/UIKit/TextView (UIKit).swift:223:23: error: property does not override any property from its superclass
    override open var contentSize: CGSize {
    ~~~~~~~~          ^
/Users/admin/builder/spi-builder-workspace/Sources/ResizingTextView/UIKit/TextView (UIKit).swift:228:27: error: value of type 'CustomTextView' has no member 'invalidateIntrinsicContentSize'
                    self?.invalidateIntrinsicContentSize()
                    ~~~~~ ^~~~~~~~~~~~~~~~~~~~~~~~~~~~~~
/Users/admin/builder/spi-builder-workspace/Sources/ResizingTextView/UIKit/TextView (UIKit).swift:234:23: error: property does not override any property from its superclass
    override open var intrinsicContentSize: CGSize {
    ~~~~~~~~          ^
SwiftCompile normal arm64_32 Compiling\ String+Newlines.swift /Users/admin/builder/spi-builder-workspace/Sources/ResizingTextView/Utils/String+Newlines.swift (in target 'ResizingTextView' from project 'ResizingTextView')
SwiftCompile normal arm64_32 /Users/admin/builder/spi-builder-workspace/Sources/ResizingTextView/Utils/String+Newlines.swift (in target 'ResizingTextView' from project 'ResizingTextView')
    cd /Users/admin/builder/spi-builder-workspace/.swiftpm/xcode

SwiftCompile normal arm64 Compiling\ TextMeasurer.swift /Users/admin/builder/spi-builder-workspace/Sources/ResizingTextView/TextMeasurer.swift (in target 'ResizingTextView' from project 'ResizingTextView')
SwiftCompile normal arm64 /Users/admin/builder/spi-builder-workspace/Sources/ResizingTextView/TextMeasurer.swift (in target 'ResizingTextView' from project 'ResizingTextView')
    cd /Users/admin/builder/spi-builder-workspace/.swiftpm/xcode

SwiftCompile normal armv7k Compiling\ View+Extensions.swift /Users/admin/builder/spi-builder-workspace/Sources/ResizingTextView/Utils/View+Extensions.swift (in target 'ResizingTextView' from project 'ResizingTextView')
SwiftCompile normal armv7k /Users/admin/builder/spi-builder-workspace/Sources/ResizingTextView/Utils/View+Extensions.swift (in target 'ResizingTextView' from project 'ResizingTextView')
    cd /Users/admin/builder/spi-builder-workspace/.swiftpm/xcode

SwiftCompile normal arm64 Compiling\ TextView\ (AppKit).swift,\ TextViewMeasurer.swift /Users/admin/builder/spi-builder-workspace/Sources/ResizingTextView/AppKit/TextView\ (AppKit).swift /Users/admin/builder/spi-builder-workspace/Sources/ResizingTextView/AppKit/TextViewMeasurer.swift (in target 'ResizingTextView' from project 'ResizingTextView')
Command SwiftCompile failed with a nonzero exit code
** BUILD FAILED **
The following build commands failed:
	SwiftEmitModule normal armv7k Emitting\ module\ for\ ResizingTextView (in target 'ResizingTextView' from project 'ResizingTextView')
	EmitSwiftModule normal armv7k (in target 'ResizingTextView' from project 'ResizingTextView')
	SwiftEmitModule normal arm64 Emitting\ module\ for\ ResizingTextView (in target 'ResizingTextView' from project 'ResizingTextView')
	EmitSwiftModule normal arm64 (in target 'ResizingTextView' from project 'ResizingTextView')
	SwiftCompile normal arm64 Compiling\ TextView\ (AppKit).swift,\ TextViewMeasurer.swift /Users/admin/builder/spi-builder-workspace/Sources/ResizingTextView/AppKit/TextView\ (AppKit).swift /Users/admin/builder/spi-builder-workspace/Sources/ResizingTextView/AppKit/TextViewMeasurer.swift (in target 'ResizingTextView' from project 'ResizingTextView')
	Building workspace spi-builder-workspace with scheme ResizingTextView
(6 failures)
Command line invocation:
    /Applications/Xcode-16.3.0.app/Contents/Developer/usr/bin/xcodebuild -IDEClonedSourcePackagesDirPathOverride=/Users/admin/builder/spi-builder-workspace/.dependencies -resolvePackageDependencies
Resolve Package Graph
Resolved source packages:
  ResizingTextView: /Users/admin/builder/spi-builder-workspace
resolved source packages: ResizingTextView
{
  "dependencies" : [
  ],
  "manifest_display_name" : "ResizingTextView",
  "name" : "ResizingTextView",
  "path" : "/Users/admin/builder/spi-builder-workspace",
  "platforms" : [
    {
      "name" : "ios",
      "version" : "15.0"
    },
    {
      "name" : "macos",
      "version" : "12.0"
    },
    {
      "name" : "tvos",
      "version" : "14.0"
    }
  ],
  "products" : [
    {
      "name" : "ResizingTextView",
      "targets" : [
        "ResizingTextView"
      ],
      "type" : {
        "library" : [
          "automatic"
        ]
      }
    }
  ],
  "targets" : [
    {
      "c99name" : "ResizingTextViewTests",
      "module_type" : "SwiftTarget",
      "name" : "ResizingTextViewTests",
      "path" : "Tests/ResizingTextViewTests",
      "sources" : [
        "AppKitHarness.swift",
        "AttributeEditingTests.swift",
        "BaselineAlignmentTests.swift",
        "CoordinatorTests.swift",
        "DecoratableTextStorageFuzzTests.swift",
        "DecoratableTextStorageTests.swift",
        "EquatableConformanceTests.swift",
        "FocusRingTests.swift",
        "FocusSelectionTests.swift",
        "FontFallbackTests.swift",
        "LegacyScrollerTests.swift",
        "LineLimitTests.swift",
        "MarkedTextLayoutTests.swift",
        "NewlineTests.swift",
        "PlatformConsistencyTests.swift",
        "RepeatedSizingTests.swift",
        "ScrollingTests.swift",
        "SelectionTests.swift",
        "SizingTests.swift",
        "TestModel.swift",
        "UIKitHarness.swift",
        "UndoTests.swift",
        "UnfocusedUndoTests.swift",
        "VerifiedBehaviorTests.swift",
        "ViewUpdateTests.swift"
      ],
      "target_dependencies" : [
        "ResizingTextView"
      ],
      "type" : "test"
    },
    {
      "c99name" : "ResizingTextView",
      "module_type" : "SwiftTarget",
      "name" : "ResizingTextView",
      "path" : "Sources/ResizingTextView",
      "product_memberships" : [
        "ResizingTextView"
      ],
      "sources" : [
        "AppKit/TextView (AppKit).swift",
        "AppKit/TextViewMeasurer.swift",
        "DecoratableTextStorage.swift",
        "PlatformTextView.swift",
        "ResizingTextView.swift",
        "TextDecoration.swift",
        "TextMeasurer.swift",
        "UIKit/TextView (UIKit).swift",
        "Utils/CrossPlatformAliases.swift",
        "Utils/NSRange+Extensions.swift",
        "Utils/String+Newlines.swift",
        "Utils/View+Extensions.swift"
      ],
      "type" : "library"
    }
  ],
  "tools_version" : "6.0"
}
{
  "workspace" : {
    "name" : "spi-builder-workspace",
    "schemes" : [
      "ResizingTextView"
    ]
  }
}
Running build ...
env DEVELOPER_DIR=/Applications/Xcode-16.3.0.app xcrun xcodebuild -IDEClonedSourcePackagesDirPathOverride=$PWD/.dependencies -skipMacroValidation -skipPackagePluginValidation -derivedDataPath $PWD/.derivedData build -scheme ResizingTextView -destination generic/platform=watchOS
Command line invocation:
    /Applications/Xcode-16.3.0.app/Contents/Developer/usr/bin/xcodebuild -IDEClonedSourcePackagesDirPathOverride=/Users/admin/builder/spi-builder-workspace/.dependencies -skipMacroValidation -skipPackagePluginValidation -derivedDataPath /Users/admin/builder/spi-builder-workspace/.derivedData build -scheme ResizingTextView -destination generic/platform=watchOS
Resolve Package Graph
Resolved source packages:
  ResizingTextView: /Users/admin/builder/spi-builder-workspace
ComputePackagePrebuildTargetDependencyGraph
Prepare packages
CreateBuildRequest
SendProjectDescription
CreateBuildOperation
ComputeTargetDependencyGraph
note: Building targets in dependency order
note: Target dependency graph (2 targets)
    Target 'ResizingTextView' in project 'ResizingTextView'
        ➜ Explicit dependency on target 'ResizingTextView' in project 'ResizingTextView'
    Target 'ResizingTextView' in project 'ResizingTextView' (no dependencies)
GatherProvisioningInputs
CreateBuildDescription
ExecuteExternalTool /Applications/Xcode-16.3.0.app/Contents/Developer/Toolchains/XcodeDefault.xctoolchain/usr/bin/clang -v -E -dM -isysroot /Applications/Xcode-16.3.0.app/Contents/Developer/Platforms/WatchOS.platform/Developer/SDKs/WatchOS11.4.sdk -x c -c /dev/null
ExecuteExternalTool /Applications/Xcode-16.3.0.app/Contents/Developer/Toolchains/XcodeDefault.xctoolchain/usr/bin/swiftc --version
ExecuteExternalTool /Applications/Xcode-16.3.0.app/Contents/Developer/Toolchains/XcodeDefault.xctoolchain/usr/bin/ld -version_details
Build description signature: 578deddf7e40d78c49862f3972a2e774
Build description path: /Users/admin/builder/spi-builder-workspace/.derivedData/Build/Intermediates.noindex/XCBuildData/578deddf7e40d78c49862f3972a2e774.xcbuilddata
ClangStatCache /Applications/Xcode-16.3.0.app/Contents/Developer/Toolchains/XcodeDefault.xctoolchain/usr/bin/clang-stat-cache /Applications/Xcode-16.3.0.app/Contents/Developer/Platforms/WatchOS.platform/Developer/SDKs/WatchOS11.4.sdk /Users/admin/builder/spi-builder-workspace/.derivedData/SDKStatCaches.noindex/watchos11.4-22T246-43efb940ff07ba2497b70ec94253f576.sdkstatcache
    cd /Users/admin/builder/spi-builder-workspace/.swiftpm/xcode
    /Applications/Xcode-16.3.0.app/Contents/Developer/Toolchains/XcodeDefault.xctoolchain/usr/bin/clang-stat-cache /Applications/Xcode-16.3.0.app/Contents/Developer/Platforms/WatchOS.platform/Developer/SDKs/WatchOS11.4.sdk -o /Users/admin/builder/spi-builder-workspace/.derivedData/SDKStatCaches.noindex/watchos11.4-22T246-43efb940ff07ba2497b70ec94253f576.sdkstatcache
SwiftDriver ResizingTextView normal arm64 com.apple.xcode.tools.swift.compiler (in target 'ResizingTextView' from project 'ResizingTextView')
    cd /Users/admin/builder/spi-builder-workspace/.swiftpm/xcode
    builtin-SwiftDriver -- /Applications/Xcode-16.3.0.app/Contents/Developer/Toolchains/XcodeDefault.xctoolchain/usr/bin/swiftc -module-name ResizingTextView -Onone -enforce-exclusivity\=checked @/Users/admin/builder/spi-builder-workspace/.derivedData/Build/Intermediates.noindex/ResizingTextView.build/Debug-watchos/ResizingTextView.build/Objects-normal/arm64/ResizingTextView.SwiftFileList -DSWIFT_PACKAGE -DDEBUG -DXcode -plugin-path /Applications/Xcode-16.3.0.app/Contents/Developer/Toolchains/XcodeDefault.xctoolchain/usr/lib/swift/host/plugins/testing -enable-experimental-feature DebugDescriptionMacro -sdk /Applications/Xcode-16.3.0.app/Contents/Developer/Platforms/WatchOS.platform/Developer/SDKs/WatchOS11.4.sdk -target arm64-apple-watchos8.0 -g -module-cache-path /Users/admin/builder/spi-builder-workspace/.derivedData/ModuleCache.noindex -Xfrontend -serialize-debugging-options -profile-coverage-mapping -profile-generate -enable-testing -index-store-path /Users/admin/builder/spi-builder-workspace/.derivedData/Index.noindex/DataStore -swift-version 6 -I /Users/admin/builder/spi-builder-workspace/.derivedData/Build/Products/Debug-watchos -I /Applications/Xcode-16.3.0.app/Contents/Developer/Platforms/WatchOS.platform/Developer/usr/lib -F /Users/admin/builder/spi-builder-workspace/.derivedData/Build/Products/Debug-watchos -F /Applications/Xcode-16.3.0.app/Contents/Developer/Platforms/WatchOS.platform/Developer/Library/Frameworks -F /Applications/Xcode-16.3.0.app/Contents/Developer/Platforms/WatchOS.platform/Developer/SDKs/WatchOS11.4.sdk/Developer/Library/Frameworks -c -j10 -enable-batch-mode -incremental -Xcc -ivfsstatcache -Xcc /Users/admin/builder/spi-builder-workspace/.derivedData/SDKStatCaches.noindex/watchos11.4-22T246-43efb940ff07ba2497b70ec94253f576.sdkstatcache -output-file-map /Users/admin/builder/spi-builder-workspace/.derivedData/Build/Intermediates.noindex/ResizingTextView.build/Debug-watchos/ResizingTextView.build/Objects-normal/arm64/ResizingTextView-OutputFileMap.json -use-frontend-parseable-output -save-temps -no-color-diagnostics -serialize-diagnostics -emit-dependencies -emit-module -emit-module-path /Users/admin/builder/spi-builder-workspace/.derivedData/Build/Intermediates.noindex/ResizingTextView.build/Debug-watchos/ResizingTextView.build/Objects-normal/arm64/ResizingTextView.swiftmodule -validate-clang-modules-once -clang-build-session-file /Users/admin/builder/spi-builder-workspace/.derivedData/ModuleCache.noindex/Session.modulevalidation -package-name spi_builder_workspace -Xcc -I/Users/admin/builder/spi-builder-workspace/.derivedData/Build/Intermediates.noindex/ResizingTextView.build/Debug-watchos/ResizingTextView.build/swift-overrides.hmap -emit-const-values -Xfrontend -const-gather-protocols-file -Xfrontend /Users/admin/builder/spi-builder-workspace/.derivedData/Build/Intermediates.noindex/ResizingTextView.build/Debug-watchos/ResizingTextView.build/Objects-normal/arm64/ResizingTextView_const_extract_protocols.json -Xcc -I/Users/admin/builder/spi-builder-workspace/.derivedData/Build/Products/Debug-watchos/include -Xcc -I/Users/admin/builder/spi-builder-workspace/.derivedData/Build/Intermediates.noindex/ResizingTextView.build/Debug-watchos/ResizingTextView.build/DerivedSources-normal/arm64 -Xcc -I/Users/admin/builder/spi-builder-workspace/.derivedData/Build/Intermediates.noindex/ResizingTextView.build/Debug-watchos/ResizingTextView.build/DerivedSources/arm64 -Xcc -I/Users/admin/builder/spi-builder-workspace/.derivedData/Build/Intermediates.noindex/ResizingTextView.build/Debug-watchos/ResizingTextView.build/DerivedSources -Xcc -DSWIFT_PACKAGE -Xcc -DDEBUG\=1 -emit-objc-header -emit-objc-header-path /Users/admin/builder/spi-builder-workspace/.derivedData/Build/Intermediates.noindex/ResizingTextView.build/Debug-watchos/ResizingTextView.build/Objects-normal/arm64/ResizingTextView-Swift.h -working-directory /Users/admin/builder/spi-builder-workspace/.swiftpm/xcode -experimental-emit-module-separately -disable-cmo
SwiftDriver ResizingTextView normal armv7k com.apple.xcode.tools.swift.compiler (in target 'ResizingTextView' from project 'ResizingTextView')
    cd /Users/admin/builder/spi-builder-workspace/.swiftpm/xcode
    builtin-SwiftDriver -- /Applications/Xcode-16.3.0.app/Contents/Developer/Toolchains/XcodeDefault.xctoolchain/usr/bin/swiftc -module-name ResizingTextView -Onone -enforce-exclusivity\=checked @/Users/admin/builder/spi-builder-workspace/.derivedData/Build/Intermediates.noindex/ResizingTextView.build/Debug-watchos/ResizingTextView.build/Objects-normal/armv7k/ResizingTextView.SwiftFileList -DSWIFT_PACKAGE -DDEBUG -DXcode -plugin-path /Applications/Xcode-16.3.0.app/Contents/Developer/Toolchains/XcodeDefault.xctoolchain/usr/lib/swift/host/plugins/testing -enable-experimental-feature DebugDescriptionMacro -sdk /Applications/Xcode-16.3.0.app/Contents/Developer/Platforms/WatchOS.platform/Developer/SDKs/WatchOS11.4.sdk -target armv7k-apple-watchos8.0 -g -module-cache-path /Users/admin/builder/spi-builder-workspace/.derivedData/ModuleCache.noindex -Xfrontend -serialize-debugging-options -profile-coverage-mapping -profile-generate -enable-testing -index-store-path /Users/admin/builder/spi-builder-workspace/.derivedData/Index.noindex/DataStore -swift-version 6 -I /Users/admin/builder/spi-builder-workspace/.derivedData/Build/Products/Debug-watchos -I /Applications/Xcode-16.3.0.app/Contents/Developer/Platforms/WatchOS.platform/Developer/usr/lib -F /Users/admin/builder/spi-builder-workspace/.derivedData/Build/Products/Debug-watchos -F /Applications/Xcode-16.3.0.app/Contents/Developer/Platforms/WatchOS.platform/Developer/Library/Frameworks -F /Applications/Xcode-16.3.0.app/Contents/Developer/Platforms/WatchOS.platform/Developer/SDKs/WatchOS11.4.sdk/Developer/Library/Frameworks -c -j10 -enable-batch-mode -incremental -Xcc -ivfsstatcache -Xcc /Users/admin/builder/spi-builder-workspace/.derivedData/SDKStatCaches.noindex/watchos11.4-22T246-43efb940ff07ba2497b70ec94253f576.sdkstatcache -output-file-map /Users/admin/builder/spi-builder-workspace/.derivedData/Build/Intermediates.noindex/ResizingTextView.build/Debug-watchos/ResizingTextView.build/Objects-normal/armv7k/ResizingTextView-OutputFileMap.json -use-frontend-parseable-output -save-temps -no-color-diagnostics -serialize-diagnostics -emit-dependencies -emit-module -emit-module-path /Users/admin/builder/spi-builder-workspace/.derivedData/Build/Intermediates.noindex/ResizingTextView.build/Debug-watchos/ResizingTextView.build/Objects-normal/armv7k/ResizingTextView.swiftmodule -validate-clang-modules-once -clang-build-session-file /Users/admin/builder/spi-builder-workspace/.derivedData/ModuleCache.noindex/Session.modulevalidation -package-name spi_builder_workspace -Xcc -I/Users/admin/builder/spi-builder-workspace/.derivedData/Build/Intermediates.noindex/ResizingTextView.build/Debug-watchos/ResizingTextView.build/swift-overrides.hmap -emit-const-values -Xfrontend -const-gather-protocols-file -Xfrontend /Users/admin/builder/spi-builder-workspace/.derivedData/Build/Intermediates.noindex/ResizingTextView.build/Debug-watchos/ResizingTextView.build/Objects-normal/armv7k/ResizingTextView_const_extract_protocols.json -Xcc -I/Users/admin/builder/spi-builder-workspace/.derivedData/Build/Products/Debug-watchos/include -Xcc -I/Users/admin/builder/spi-builder-workspace/.derivedData/Build/Intermediates.noindex/ResizingTextView.build/Debug-watchos/ResizingTextView.build/DerivedSources-normal/armv7k -Xcc -I/Users/admin/builder/spi-builder-workspace/.derivedData/Build/Intermediates.noindex/ResizingTextView.build/Debug-watchos/ResizingTextView.build/DerivedSources/armv7k -Xcc -I/Users/admin/builder/spi-builder-workspace/.derivedData/Build/Intermediates.noindex/ResizingTextView.build/Debug-watchos/ResizingTextView.build/DerivedSources -Xcc -DSWIFT_PACKAGE -Xcc -DDEBUG\=1 -emit-objc-header -emit-objc-header-path /Users/admin/builder/spi-builder-workspace/.derivedData/Build/Intermediates.noindex/ResizingTextView.build/Debug-watchos/ResizingTextView.build/Objects-normal/armv7k/ResizingTextView-Swift.h -working-directory /Users/admin/builder/spi-builder-workspace/.swiftpm/xcode -experimental-emit-module-separately -disable-cmo
SwiftDriver ResizingTextView normal arm64_32 com.apple.xcode.tools.swift.compiler (in target 'ResizingTextView' from project 'ResizingTextView')
    cd /Users/admin/builder/spi-builder-workspace/.swiftpm/xcode
    builtin-SwiftDriver -- /Applications/Xcode-16.3.0.app/Contents/Developer/Toolchains/XcodeDefault.xctoolchain/usr/bin/swiftc -module-name ResizingTextView -Onone -enforce-exclusivity\=checked @/Users/admin/builder/spi-builder-workspace/.derivedData/Build/Intermediates.noindex/ResizingTextView.build/Debug-watchos/ResizingTextView.build/Objects-normal/arm64_32/ResizingTextView.SwiftFileList -DSWIFT_PACKAGE -DDEBUG -DXcode -plugin-path /Applications/Xcode-16.3.0.app/Contents/Developer/Toolchains/XcodeDefault.xctoolchain/usr/lib/swift/host/plugins/testing -enable-experimental-feature DebugDescriptionMacro -sdk /Applications/Xcode-16.3.0.app/Contents/Developer/Platforms/WatchOS.platform/Developer/SDKs/WatchOS11.4.sdk -target arm64_32-apple-watchos8.0 -g -module-cache-path /Users/admin/builder/spi-builder-workspace/.derivedData/ModuleCache.noindex -Xfrontend -serialize-debugging-options -profile-coverage-mapping -profile-generate -enable-testing -index-store-path /Users/admin/builder/spi-builder-workspace/.derivedData/Index.noindex/DataStore -swift-version 6 -I /Users/admin/builder/spi-builder-workspace/.derivedData/Build/Products/Debug-watchos -I /Applications/Xcode-16.3.0.app/Contents/Developer/Platforms/WatchOS.platform/Developer/usr/lib -F /Users/admin/builder/spi-builder-workspace/.derivedData/Build/Products/Debug-watchos -F /Applications/Xcode-16.3.0.app/Contents/Developer/Platforms/WatchOS.platform/Developer/Library/Frameworks -F /Applications/Xcode-16.3.0.app/Contents/Developer/Platforms/WatchOS.platform/Developer/SDKs/WatchOS11.4.sdk/Developer/Library/Frameworks -c -j10 -enable-batch-mode -incremental -Xcc -ivfsstatcache -Xcc /Users/admin/builder/spi-builder-workspace/.derivedData/SDKStatCaches.noindex/watchos11.4-22T246-43efb940ff07ba2497b70ec94253f576.sdkstatcache -output-file-map /Users/admin/builder/spi-builder-workspace/.derivedData/Build/Intermediates.noindex/ResizingTextView.build/Debug-watchos/ResizingTextView.build/Objects-normal/arm64_32/ResizingTextView-OutputFileMap.json -use-frontend-parseable-output -save-temps -no-color-diagnostics -serialize-diagnostics -emit-dependencies -emit-module -emit-module-path /Users/admin/builder/spi-builder-workspace/.derivedData/Build/Intermediates.noindex/ResizingTextView.build/Debug-watchos/ResizingTextView.build/Objects-normal/arm64_32/ResizingTextView.swiftmodule -validate-clang-modules-once -clang-build-session-file /Users/admin/builder/spi-builder-workspace/.derivedData/ModuleCache.noindex/Session.modulevalidation -package-name spi_builder_workspace -Xcc -I/Users/admin/builder/spi-builder-workspace/.derivedData/Build/Intermediates.noindex/ResizingTextView.build/Debug-watchos/ResizingTextView.build/swift-overrides.hmap -emit-const-values -Xfrontend -const-gather-protocols-file -Xfrontend /Users/admin/builder/spi-builder-workspace/.derivedData/Build/Intermediates.noindex/ResizingTextView.build/Debug-watchos/ResizingTextView.build/Objects-normal/arm64_32/ResizingTextView_const_extract_protocols.json -Xcc -I/Users/admin/builder/spi-builder-workspace/.derivedData/Build/Products/Debug-watchos/include -Xcc -I/Users/admin/builder/spi-builder-workspace/.derivedData/Build/Intermediates.noindex/ResizingTextView.build/Debug-watchos/ResizingTextView.build/DerivedSources-normal/arm64_32 -Xcc -I/Users/admin/builder/spi-builder-workspace/.derivedData/Build/Intermediates.noindex/ResizingTextView.build/Debug-watchos/ResizingTextView.build/DerivedSources/arm64_32 -Xcc -I/Users/admin/builder/spi-builder-workspace/.derivedData/Build/Intermediates.noindex/ResizingTextView.build/Debug-watchos/ResizingTextView.build/DerivedSources -Xcc -DSWIFT_PACKAGE -Xcc -DDEBUG\=1 -emit-objc-header -emit-objc-header-path /Users/admin/builder/spi-builder-workspace/.derivedData/Build/Intermediates.noindex/ResizingTextView.build/Debug-watchos/ResizingTextView.build/Objects-normal/arm64_32/ResizingTextView-Swift.h -working-directory /Users/admin/builder/spi-builder-workspace/.swiftpm/xcode -experimental-emit-module-separately -disable-cmo
SwiftEmitModule normal armv7k Emitting\ module\ for\ ResizingTextView (in target 'ResizingTextView' from project 'ResizingTextView')
EmitSwiftModule normal armv7k (in target 'ResizingTextView' from project 'ResizingTextView')
    cd /Users/admin/builder/spi-builder-workspace/.swiftpm/xcode

/Users/admin/builder/spi-builder-workspace/Sources/ResizingTextView/DecoratableTextStorage.swift:9:37: error: cannot find type 'NSTextStorage' in scope
final class DecoratableTextStorage: NSTextStorage {
                                    ^~~~~~~~~~~~~
/Users/admin/builder/spi-builder-workspace/Sources/ResizingTextView/DecoratableTextStorage.swift:53:18: error: property does not override any property from its superclass
    override var string: String {
    ~~~~~~~~     ^
/Users/admin/builder/spi-builder-workspace/Sources/ResizingTextView/DecoratableTextStorage.swift:57:19: error: method does not override any method from its superclass
    override func attributes(at location: Int, effectiveRange range: NSRangePointer?) -> [NSAttributedString.Key: Any] {
    ~~~~~~~~      ^
/Users/admin/builder/spi-builder-workspace/Sources/ResizingTextView/DecoratableTextStorage.swift:61:19: error: method does not override any method from its superclass
    override func attribute(
    ~~~~~~~~      ^
/Users/admin/builder/spi-builder-workspace/Sources/ResizingTextView/DecoratableTextStorage.swift:69:19: error: method does not override any method from its superclass
    override func attribute(
    ~~~~~~~~      ^
/Users/admin/builder/spi-builder-workspace/Sources/ResizingTextView/DecoratableTextStorage.swift:78:19: error: method does not override any method from its superclass
    override func attributes(
    ~~~~~~~~      ^
/Users/admin/builder/spi-builder-workspace/Sources/ResizingTextView/DecoratableTextStorage.swift:88:19: error: method does not override any method from its superclass
    override func fixAttributes(in range: NSRange) {
    ~~~~~~~~      ^
/Users/admin/builder/spi-builder-workspace/Sources/ResizingTextView/DecoratableTextStorage.swift:93:19: error: method does not override any method from its superclass
    override func processEditing() {
    ~~~~~~~~      ^
/Users/admin/builder/spi-builder-workspace/Sources/ResizingTextView/DecoratableTextStorage.swift:103:19: error: method does not override any method from its superclass
    override func replaceCharacters(in range: NSRange, with str: String) {
    ~~~~~~~~      ^
/Users/admin/builder/spi-builder-workspace/Sources/ResizingTextView/DecoratableTextStorage.swift:115:19: error: method does not override any method from its superclass
    override func setAttributes(_ attrs: [NSAttributedString.Key: Any]?, range: NSRange) {
    ~~~~~~~~      ^
/Users/admin/builder/spi-builder-workspace/Sources/ResizingTextView/PlatformTextView.swift:118:11: error: cannot find type 'UITextView' in scope
extension UITextView: PlatformTextView {
          ^~~~~~~~~~
/Users/admin/builder/spi-builder-workspace/Sources/ResizingTextView/ResizingTextView.swift:35:37: error: cannot find type 'UITextAutocapitalizationType' in scope
        var autocapitalizationType: UITextAutocapitalizationType = .sentences
                                    ^~~~~~~~~~~~~~~~~~~~~~~~~~~~
/Users/admin/builder/spi-builder-workspace/Sources/ResizingTextView/ResizingTextView.swift:37:27: error: cannot find type 'UIKeyboardType' in scope
        var keyboardType: UIKeyboardType = .default
                          ^~~~~~~~~~~~~~
/Users/admin/builder/spi-builder-workspace/Sources/ResizingTextView/ResizingTextView.swift:27:41: error: type 'UXColor' (aka 'UIColor') has no member 'label'
        var foregroundColor: UXColor = .label
                                       ~^~~~~
/Users/admin/builder/spi-builder-workspace/Sources/ResizingTextView/ResizingTextView.swift:14:12: error: type 'ResizingTextView.Configuration' does not conform to protocol 'Equatable'
    struct Configuration: Equatable {
           ^
/Users/admin/builder/spi-builder-workspace/Sources/ResizingTextView/ResizingTextView.swift:35:13: note: stored property type '<<error type>>' does not conform to protocol 'Equatable', preventing synthesized conformance of 'ResizingTextView.Configuration' to 'Equatable'
        var autocapitalizationType: UITextAutocapitalizationType = .sentences
            ^
/Users/admin/builder/spi-builder-workspace/Sources/ResizingTextView/ResizingTextView.swift:37:13: note: stored property type '<<error type>>' does not conform to protocol 'Equatable', preventing synthesized conformance of 'ResizingTextView.Configuration' to 'Equatable'
        var keyboardType: UIKeyboardType = .default
            ^
Swift.==:1:24: note: candidate would match if 'ResizingTextView.Configuration' conformed to 'RawRepresentable'
@inlinable public func == <T>(lhs: T, rhs: T) -> Bool where T : RawRepresentable, T.RawValue : Equatable
                       ^
Swift.FloatingPoint.==:2:20: note: candidate would match if 'ResizingTextView.Configuration' conformed to 'FloatingPoint'
public static func == (lhs: Self, rhs: Self) -> Bool}
                   ^
Swift.BinaryInteger.==:2:20: note: candidate would match if 'ResizingTextView.Configuration' conformed to 'BinaryInteger'
public static func == <Other>(lhs: Self, rhs: Other) -> Bool where Other : BinaryInteger}
                   ^
Swift._Pointer.==:2:20: note: candidate would match if 'ResizingTextView.Configuration' conformed to '_Pointer'
public static func == (lhs: Self, rhs: Self) -> Bool}
                   ^
Swift._Pointer.==:2:31: note: candidate would match if 'ResizingTextView.Configuration' conformed to '_Pointer'
@inlinable public static func == <Other>(lhs: Self, rhs: Other) -> Bool where Other : _Pointer}
                              ^
Swift.Strideable.==:2:31: note: candidate would match if 'ResizingTextView.Configuration' conformed to 'Strideable'
@inlinable public static func == (x: Self, y: Self) -> Bool}
                              ^
Swift.StringProtocol.==:2:31: note: candidate would match if 'ResizingTextView.Configuration' conformed to 'StringProtocol'
@inlinable public static func == <RHS>(lhs: Self, rhs: RHS) -> Bool where RHS : StringProtocol}
                              ^
Swift.SIMD.==:2:20: note: candidate would match if 'ResizingTextView.Configuration' conformed to 'SIMD'
public static func == (a: Self, b: Self) -> Bool}
                   ^
Foundation.AttributedStringProtocol.==:2:20: note: candidate would match if 'ResizingTextView.Configuration' conformed to 'AttributedStringProtocol'
public static func == <RHS>(lhs: Self, rhs: RHS) -> Bool where RHS : AttributedStringProtocol}
                   ^
Foundation._BridgedStoredNSError.==:2:20: note: candidate would match if 'ResizingTextView.Configuration' conformed to '_BridgedStoredNSError'
public static func == (lhs: Self, rhs: Self) -> Bool}
                   ^
CoreFoundation._CFObject.==:2:20: note: candidate would match if 'ResizingTextView.Configuration' conformed to '_CFObject'
public static func == (left: Self, right: Self) -> Bool}
                   ^
/Users/admin/builder/spi-builder-workspace/Sources/ResizingTextView/ResizingTextView.swift:14:12: note: add stubs for conformance
    struct Configuration: Equatable {
           ^
Swift.Equatable.==:2:13: note: protocol requires function '==' with type '(ResizingTextView.Configuration, ResizingTextView.Configuration) -> Bool'
static func == (lhs: Self, rhs: Self) -> Bool}
            ^
/Users/admin/builder/spi-builder-workspace/Sources/ResizingTextView/ResizingTextView.swift:11:50: error: unknown attribute 'MainActor'
@MainActor public struct ResizingTextView: View, @MainActor Equatable {
                                                 ^
/Users/admin/builder/spi-builder-workspace/Sources/ResizingTextView/ResizingTextView.swift:337:24: error: main actor-isolated operator function '==' cannot be used to satisfy nonisolated requirement from protocol 'Equatable'
    public static func == (lhs: ResizingTextView, rhs: ResizingTextView) -> Bool {
                       ^
/Users/admin/builder/spi-builder-workspace/Sources/ResizingTextView/ResizingTextView.swift:337:24: note: add 'nonisolated' to '==' to make this operator function not isolated to the actor
    public static func == (lhs: ResizingTextView, rhs: ResizingTextView) -> Bool {
                       ^
    nonisolated
/Users/admin/builder/spi-builder-workspace/Sources/ResizingTextView/ResizingTextView.swift:11:61: note: add '@preconcurrency' to the 'Equatable' conformance to defer isolation checking to run time
@MainActor public struct ResizingTextView: View, @MainActor Equatable {
                                                            ^
                                                            @preconcurrency
/Users/admin/builder/spi-builder-workspace/Sources/ResizingTextView/ResizingTextView.swift:393:59: error: cannot find type 'UITextAutocapitalizationType' in scope
    func autocapitalizationType(_ autocapitalizationType: UITextAutocapitalizationType) -> Self {
                                                          ^~~~~~~~~~~~~~~~~~~~~~~~~~~~
/Users/admin/builder/spi-builder-workspace/Sources/ResizingTextView/ResizingTextView.swift:405:39: error: cannot find type 'UIKeyboardType' in scope
    func keyboardType(_ keyboardType: UIKeyboardType) -> Self {
                                      ^~~~~~~~~~~~~~
/Users/admin/builder/spi-builder-workspace/Sources/ResizingTextView/TextMeasurer.swift:13:33: error: 'NSLayoutManager' cannot be constructed because it has no accessible initializers
    private let layoutManager = NSLayoutManager()
                                ^~~~~~~~~~~~~~~
/Users/admin/builder/spi-builder-workspace/Sources/ResizingTextView/TextMeasurer.swift:14:33: error: 'NSTextContainer' cannot be constructed because it has no accessible initializers
    private let textContainer = NSTextContainer()
                                ^~~~~~~~~~~~~~~
/Users/admin/builder/spi-builder-workspace/Sources/ResizingTextView/TextMeasurer.swift:15:35: error: cannot find type 'NSTextStorage' in scope
    private weak var textStorage: NSTextStorage?
                                  ^~~~~~~~~~~~~
/Users/admin/builder/spi-builder-workspace/Sources/ResizingTextView/TextMeasurer.swift:28:31: error: cannot find type 'NSTextStorage' in scope
    func size(of textStorage: NSTextStorage, width: CGFloat?, like container: NSTextContainer, emptyLineFont: UXFont) -> CGSize {
                              ^~~~~~~~~~~~~
/Users/admin/builder/spi-builder-workspace/Sources/ResizingTextView/TextMeasurer.swift:28:79: error: 'NSTextContainer' is unavailable: This Objective-C class has only been forward-declared; import its owning module to use it
    func size(of textStorage: NSTextStorage, width: CGFloat?, like container: NSTextContainer, emptyLineFont: UXFont) -> CGSize {
                                                                              ^~~~~~~~~~~~~~~
UIKit.NSTextContainer:2:14: note: 'NSTextContainer' has been explicitly marked unavailable here
public class NSTextContainer {
             ^
/Users/admin/builder/spi-builder-workspace/Sources/ResizingTextView/TextMeasurer.swift:41:25: error: cannot find type 'NSTextStorage' in scope
        of textStorage: NSTextStorage,
                        ^~~~~~~~~~~~~
/Users/admin/builder/spi-builder-workspace/Sources/ResizingTextView/TextMeasurer.swift:43:25: error: 'NSTextContainer' is unavailable: This Objective-C class has only been forward-declared; import its owning module to use it
        like container: NSTextContainer,
                        ^~~~~~~~~~~~~~~
UIKit.NSTextContainer:2:14: note: 'NSTextContainer' has been explicitly marked unavailable here
public class NSTextContainer {
             ^
/Users/admin/builder/spi-builder-workspace/Sources/ResizingTextView/TextMeasurer.swift:67:40: error: cannot find type 'NSTextStorage' in scope
    private func layOut(_ textStorage: NSTextStorage, width: CGFloat?, like container: NSTextContainer) {
                                       ^~~~~~~~~~~~~
/Users/admin/builder/spi-builder-workspace/Sources/ResizingTextView/TextMeasurer.swift:67:88: error: 'NSTextContainer' is unavailable: This Objective-C class has only been forward-declared; import its owning module to use it
    private func layOut(_ textStorage: NSTextStorage, width: CGFloat?, like container: NSTextContainer) {
                                                                                       ^~~~~~~~~~~~~~~
UIKit.NSTextContainer:2:14: note: 'NSTextContainer' has been explicitly marked unavailable here
public class NSTextContainer {
             ^
/Users/admin/builder/spi-builder-workspace/Sources/ResizingTextView/TextMeasurer.swift:80:49: error: 'NSTextContainer' is unavailable: This Objective-C class has only been forward-declared; import its owning module to use it
    private func showsExtraLine(like container: NSTextContainer) -> Bool {
                                                ^~~~~~~~~~~~~~~
UIKit.NSTextContainer:2:14: note: 'NSTextContainer' has been explicitly marked unavailable here
public class NSTextContainer {
             ^
/Users/admin/builder/spi-builder-workspace/Sources/ResizingTextView/UIKit/TextView (UIKit).swift:8:55: error: type 'UIColor' has no member 'label'
    static let defaultForegroundColor = Color(UIColor.label)
                                              ~~~~~~~ ^~~~~
/Users/admin/builder/spi-builder-workspace/Sources/ResizingTextView/UIKit/TextView (UIKit).swift:22:37: error: cannot find type 'UITextAutocapitalizationType' in scope
        var autocapitalizationType: UITextAutocapitalizationType
                                    ^~~~~~~~~~~~~~~~~~~~~~~~~~~~
/Users/admin/builder/spi-builder-workspace/Sources/ResizingTextView/UIKit/TextView (UIKit).swift:24:27: error: cannot find type 'UIKeyboardType' in scope
        var keyboardType: UIKeyboardType
                          ^~~~~~~~~~~~~~
/Users/admin/builder/spi-builder-workspace/Sources/ResizingTextView/UIKit/TextView (UIKit).swift:39:41: error: cannot find type 'UITextAutocapitalizationType' in scope
    private var autocapitalizationType: UITextAutocapitalizationType
                                        ^~~~~~~~~~~~~~~~~~~~~~~~~~~~
/Users/admin/builder/spi-builder-workspace/Sources/ResizingTextView/UIKit/TextView (UIKit).swift:41:31: error: cannot find type 'UIKeyboardType' in scope
    private var keyboardType: UIKeyboardType
                              ^~~~~~~~~~~~~~
/Users/admin/builder/spi-builder-workspace/Sources/ResizingTextView/UIKit/TextView (UIKit).swift:62:30: error: cannot find type 'Context' in scope
    func makeUIView(context: Context) -> CustomTextView {
                             ^~~~~~~
/Users/admin/builder/spi-builder-workspace/Sources/ResizingTextView/UIKit/TextView (UIKit).swift:84:60: error: cannot find type 'Context' in scope
    func updateUIView(_ textView: CustomTextView, context: Context) {
                                                           ^~~~~~~
/Users/admin/builder/spi-builder-workspace/Sources/ResizingTextView/UIKit/TextView (UIKit).swift:147:86: error: cannot find type 'Context' in scope
    func sizeThatFits(_ proposal: ProposedViewSize, uiView: CustomTextView, context: Context) -> CGSize? {
                                                                                     ^~~~~~~
/Users/admin/builder/spi-builder-workspace/Sources/ResizingTextView/UIKit/TextView (UIKit).swift:147:35: error: 'ProposedViewSize' is only available in watchOS 9.0 or newer
    func sizeThatFits(_ proposal: ProposedViewSize, uiView: CustomTextView, context: Context) -> CGSize? {
                                  ^
/Users/admin/builder/spi-builder-workspace/Sources/ResizingTextView/UIKit/TextView (UIKit).swift:147:10: note: add @available attribute to enclosing instance method
    func sizeThatFits(_ proposal: ProposedViewSize, uiView: CustomTextView, context: Context) -> CGSize? {
         ^
/Users/admin/builder/spi-builder-workspace/Sources/ResizingTextView/UIKit/TextView (UIKit).swift:7:19: note: add @available attribute to enclosing struct
@MainActor struct TextView: UIViewRepresentable {
                  ^
/Users/admin/builder/spi-builder-workspace/Sources/ResizingTextView/UIKit/TextView (UIKit).swift:185:51: error: cannot find type 'UITextViewDelegate' in scope
    @MainActor final class Coordinator: NSObject, UITextViewDelegate {
                                                  ^~~~~~~~~~~~~~~~~~
/Users/admin/builder/spi-builder-workspace/Sources/ResizingTextView/UIKit/TextView (UIKit).swift:193:35: error: cannot find type 'UITextView' in scope
        func textView(_ textView: UITextView, shouldChangeTextIn range: NSRange, replacementText text: String) -> Bool {
                                  ^~~~~~~~~~
/Users/admin/builder/spi-builder-workspace/Sources/ResizingTextView/UIKit/TextView (UIKit).swift:197:44: error: cannot find type 'UITextView' in scope
        func textViewDidChange(_ textView: UITextView) {
                                           ^~~~~~~~~~
/Users/admin/builder/spi-builder-workspace/Sources/ResizingTextView/UIKit/TextView (UIKit).swift:7:29: error: cannot find type 'UIViewRepresentable' in scope
@MainActor struct TextView: UIViewRepresentable {
                            ^~~~~~~~~~~~~~~~~~~
/Users/admin/builder/spi-builder-workspace/Sources/ResizingTextView/UIKit/TextView (UIKit).swift:204:23: error: cannot find type 'UITextView' in scope
class CustomTextView: UITextView {
                      ^~~~~~~~~~
/Users/admin/builder/spi-builder-workspace/Sources/ResizingTextView/UIKit/TextView (UIKit).swift:207:18: error: property does not override any property from its superclass
    override var isScrollEnabled: Bool {
    ~~~~~~~~     ^
/Users/admin/builder/spi-builder-workspace/Sources/ResizingTextView/UIKit/TextView (UIKit).swift:213:25: error: 'NSTextContainer' is unavailable: This Objective-C class has only been forward-declared; import its owning module to use it
    init(textContainer: NSTextContainer? = nil) {
                        ^~~~~~~~~~~~~~~
UIKit.NSTextContainer:2:14: note: 'NSTextContainer' has been explicitly marked unavailable here
public class NSTextContainer {
             ^
/Users/admin/builder/spi-builder-workspace/Sources/ResizingTextView/UIKit/TextView (UIKit).swift:223:23: error: property does not override any property from its superclass
    override open var contentSize: CGSize {
    ~~~~~~~~          ^
/Users/admin/builder/spi-builder-workspace/Sources/ResizingTextView/UIKit/TextView (UIKit).swift:228:27: error: value of type 'CustomTextView' has no member 'invalidateIntrinsicContentSize'
                    self?.invalidateIntrinsicContentSize()
                    ~~~~~ ^~~~~~~~~~~~~~~~~~~~~~~~~~~~~~
/Users/admin/builder/spi-builder-workspace/Sources/ResizingTextView/UIKit/TextView (UIKit).swift:234:23: error: property does not override any property from its superclass
    override open var intrinsicContentSize: CGSize {
    ~~~~~~~~          ^
Failed frontend command:
/Applications/Xcode-16.3.0.app/Contents/Developer/Toolchains/XcodeDefault.xctoolchain/usr/bin/swift-frontend -frontend -emit-module -experimental-skip-non-inlinable-function-bodies-without-types /Users/admin/builder/spi-builder-workspace/Sources/ResizingTextView/AppKit/TextView\ \(AppKit\).swift /Users/admin/builder/spi-builder-workspace/Sources/ResizingTextView/AppKit/TextViewMeasurer.swift /Users/admin/builder/spi-builder-workspace/Sources/ResizingTextView/DecoratableTextStorage.swift /Users/admin/builder/spi-builder-workspace/Sources/ResizingTextView/PlatformTextView.swift /Users/admin/builder/spi-builder-workspace/Sources/ResizingTextView/ResizingTextView.swift /Users/admin/builder/spi-builder-workspace/Sources/ResizingTextView/TextDecoration.swift /Users/admin/builder/spi-builder-workspace/Sources/ResizingTextView/TextMeasurer.swift /Users/admin/builder/spi-builder-workspace/Sources/ResizingTextView/UIKit/TextView\ \(UIKit\).swift /Users/admin/builder/spi-builder-workspace/Sources/ResizingTextView/Utils/CrossPlatformAliases.swift /Users/admin/builder/spi-builder-workspace/Sources/ResizingTextView/Utils/NSRange+Extensions.swift /Users/admin/builder/spi-builder-workspace/Sources/ResizingTextView/Utils/String+Newlines.swift /Users/admin/builder/spi-builder-workspace/Sources/ResizingTextView/Utils/View+Extensions.swift -target armv7k-apple-watchos8.0 -enable-objc-interop -stack-check -sdk /Applications/Xcode-16.3.0.app/Contents/Developer/Platforms/WatchOS.platform/Developer/SDKs/WatchOS11.4.sdk -I /Users/admin/builder/spi-builder-workspace/.derivedData/Build/Products/Debug-watchos -I /Applications/Xcode-16.3.0.app/Contents/Developer/Platforms/WatchOS.platform/Developer/usr/lib -F /Users/admin/builder/spi-builder-workspace/.derivedData/Build/Products/Debug-watchos -F /Applications/Xcode-16.3.0.app/Contents/Developer/Platforms/WatchOS.platform/Developer/Library/Frameworks -F /Applications/Xcode-16.3.0.app/Contents/Developer/Platforms/WatchOS.platform/Developer/SDKs/WatchOS11.4.sdk/Developer/Library/Frameworks -no-color-diagnostics -enable-testing -g -debug-info-format\=dwarf -dwarf-version\=4 -module-cache-path /Users/admin/builder/spi-builder-workspace/.derivedData/ModuleCache.noindex -profile-generate -profile-coverage-mapping -swift-version 6 -enforce-exclusivity\=checked -Onone -D SWIFT_PACKAGE -D DEBUG -D Xcode -serialize-debugging-options -const-gather-protocols-file /Users/admin/builder/spi-builder-workspace/.derivedData/Build/Intermediates.noindex/ResizingTextView.build/Debug-watchos/ResizingTextView.build/Objects-normal/armv7k/ResizingTextView_const_extract_protocols.json -enable-experimental-feature DebugDescriptionMacro -empty-abi-descriptor -plugin-path /Applications/Xcode-16.3.0.app/Contents/Developer/Toolchains/XcodeDefault.xctoolchain/usr/lib/swift/host/plugins/testing -validate-clang-modules-once -clang-build-session-file /Users/admin/builder/spi-builder-workspace/.derivedData/ModuleCache.noindex/Session.modulevalidation -Xcc -working-directory -Xcc /Users/admin/builder/spi-builder-workspace/.swiftpm/xcode -resource-dir /Applications/Xcode-16.3.0.app/Contents/Developer/Toolchains/XcodeDefault.xctoolchain/usr/lib/swift -enable-anonymous-context-mangled-names -file-compilation-dir /Users/admin/builder/spi-builder-workspace/.swiftpm/xcode -Xcc -ivfsstatcache -Xcc /Users/admin/builder/spi-builder-workspace/.derivedData/SDKStatCaches.noindex/watchos11.4-22T246-43efb940ff07ba2497b70ec94253f576.sdkstatcache -Xcc -I/Users/admin/builder/spi-builder-workspace/.derivedData/Build/Intermediates.noindex/ResizingTextView.build/Debug-watchos/ResizingTextView.build/swift-overrides.hmap -Xcc -I/Users/admin/builder/spi-builder-workspace/.derivedData/Build/Products/Debug-watchos/include -Xcc -I/Users/admin/builder/spi-builder-workspace/.derivedData/Build/Intermediates.noindex/ResizingTextView.build/Debug-watchos/ResizingTextView.build/DerivedSources-normal/armv7k -Xcc -I/Users/admin/builder/spi-builder-workspace/.derivedData/Build/Intermediates.noindex/ResizingTextView.build/Debug-watchos/ResizingTextView.build/DerivedSources/armv7k -Xcc -I/Users/admin/builder/spi-builder-workspace/.derivedData/Build/Intermediates.noindex/ResizingTextView.build/Debug-watchos/ResizingTextView.build/DerivedSources -Xcc -DSWIFT_PACKAGE -Xcc -DDEBUG\=1 -module-name ResizingTextView -package-name spi_builder_workspace -frontend-parseable-output -disable-clang-spi -target-sdk-version 11.4 -target-sdk-name watchos11.4 -external-plugin-path /Applications/Xcode-16.3.0.app/Contents/Developer/Platforms/WatchOS.platform/Developer/usr/lib/swift/host/plugins\#/Applications/Xcode-16.3.0.app/Contents/Developer/Platforms/WatchOS.platform/Developer/usr/bin/swift-plugin-server -external-plugin-path /Applications/Xcode-16.3.0.app/Contents/Developer/Platforms/WatchOS.platform/Developer/usr/local/lib/swift/host/plugins\#/Applications/Xcode-16.3.0.app/Contents/Developer/Platforms/WatchOS.platform/Developer/usr/bin/swift-plugin-server -in-process-plugin-server-path /Applications/Xcode-16.3.0.app/Contents/Developer/Toolchains/XcodeDefault.xctoolchain/usr/lib/swift/host/libSwiftInProcPluginServer.dylib -plugin-path /Applications/Xcode-16.3.0.app/Contents/Developer/Toolchains/XcodeDefault.xctoolchain/usr/lib/swift/host/plugins -plugin-path /Applications/Xcode-16.3.0.app/Contents/Developer/Toolchains/XcodeDefault.xctoolchain/usr/local/lib/swift/host/plugins -emit-module-doc-path /Users/admin/builder/spi-builder-workspace/.derivedData/Build/Intermediates.noindex/ResizingTextView.build/Debug-watchos/ResizingTextView.build/Objects-normal/armv7k/ResizingTextView.swiftdoc -emit-module-source-info-path /Users/admin/builder/spi-builder-workspace/.derivedData/Build/Intermediates.noindex/ResizingTextView.build/Debug-watchos/ResizingTextView.build/Objects-normal/armv7k/ResizingTextView.swiftsourceinfo -emit-objc-header-path /Users/admin/builder/spi-builder-workspace/.derivedData/Build/Intermediates.noindex/ResizingTextView.build/Debug-watchos/ResizingTextView.build/Objects-normal/armv7k/ResizingTextView-Swift.h -serialize-diagnostics-path /Users/admin/builder/spi-builder-workspace/.derivedData/Build/Intermediates.noindex/ResizingTextView.build/Debug-watchos/ResizingTextView.build/Objects-normal/armv7k/ResizingTextView-master-emit-module.dia -emit-dependencies-path /Users/admin/builder/spi-builder-workspace/.derivedData/Build/Intermediates.noindex/ResizingTextView.build/Debug-watchos/ResizingTextView.build/Objects-normal/armv7k/ResizingTextView-master-emit-module.d -o /Users/admin/builder/spi-builder-workspace/.derivedData/Build/Intermediates.noindex/ResizingTextView.build/Debug-watchos/ResizingTextView.build/Objects-normal/armv7k/ResizingTextView.swiftmodule -emit-abi-descriptor-path /Users/admin/builder/spi-builder-workspace/.derivedData/Build/Intermediates.noindex/ResizingTextView.build/Debug-watchos/ResizingTextView.build/Objects-normal/armv7k/ResizingTextView.abi.json
SwiftCompile normal armv7k Compiling\ ResizingTextView.swift /Users/admin/builder/spi-builder-workspace/Sources/ResizingTextView/ResizingTextView.swift (in target 'ResizingTextView' from project 'ResizingTextView')
SwiftCompile normal armv7k /Users/admin/builder/spi-builder-workspace/Sources/ResizingTextView/ResizingTextView.swift (in target 'ResizingTextView' from project 'ResizingTextView')
    cd /Users/admin/builder/spi-builder-workspace/.swiftpm/xcode

SwiftCompile normal armv7k Compiling\ TextView\ (AppKit).swift,\ TextViewMeasurer.swift /Users/admin/builder/spi-builder-workspace/Sources/ResizingTextView/AppKit/TextView\ (AppKit).swift /Users/admin/builder/spi-builder-workspace/Sources/ResizingTextView/AppKit/TextViewMeasurer.swift (in target 'ResizingTextView' from project 'ResizingTextView')
SwiftCompile normal armv7k /Users/admin/builder/spi-builder-workspace/Sources/ResizingTextView/AppKit/TextView\ (AppKit).swift (in target 'ResizingTextView' from project 'ResizingTextView')
    cd /Users/admin/builder/spi-builder-workspace/.swiftpm/xcode

SwiftCompile normal armv7k /Users/admin/builder/spi-builder-workspace/Sources/ResizingTextView/AppKit/TextViewMeasurer.swift (in target 'ResizingTextView' from project 'ResizingTextView')
    cd /Users/admin/builder/spi-builder-workspace/.swiftpm/xcode

SwiftCompile normal armv7k Compiling\ TextView\ (UIKit).swift /Users/admin/builder/spi-builder-workspace/Sources/ResizingTextView/UIKit/TextView\ (UIKit).swift (in target 'ResizingTextView' from project 'ResizingTextView')
SwiftCompile normal armv7k /Users/admin/builder/spi-builder-workspace/Sources/ResizingTextView/UIKit/TextView\ (UIKit).swift (in target 'ResizingTextView' from project 'ResizingTextView')
    cd /Users/admin/builder/spi-builder-workspace/.swiftpm/xcode

SwiftCompile normal armv7k Compiling\ TextMeasurer.swift /Users/admin/builder/spi-builder-workspace/Sources/ResizingTextView/TextMeasurer.swift (in target 'ResizingTextView' from project 'ResizingTextView')
SwiftCompile normal armv7k /Users/admin/builder/spi-builder-workspace/Sources/ResizingTextView/TextMeasurer.swift (in target 'ResizingTextView' from project 'ResizingTextView')
    cd /Users/admin/builder/spi-builder-workspace/.swiftpm/xcode

SwiftCompile normal armv7k Compiling\ TextDecoration.swift /Users/admin/builder/spi-builder-workspace/Sources/ResizingTextView/TextDecoration.swift (in target 'ResizingTextView' from project 'ResizingTextView')
SwiftCompile normal armv7k /Users/admin/builder/spi-builder-workspace/Sources/ResizingTextView/TextDecoration.swift (in target 'ResizingTextView' from project 'ResizingTextView')
    cd /Users/admin/builder/spi-builder-workspace/.swiftpm/xcode

SwiftCompile normal armv7k Compiling\ DecoratableTextStorage.swift,\ PlatformTextView.swift /Users/admin/builder/spi-builder-workspace/Sources/ResizingTextView/DecoratableTextStorage.swift /Users/admin/builder/spi-builder-workspace/Sources/ResizingTextView/PlatformTextView.swift (in target 'ResizingTextView' from project 'ResizingTextView')
SwiftCompile normal armv7k /Users/admin/builder/spi-builder-workspace/Sources/ResizingTextView/DecoratableTextStorage.swift (in target 'ResizingTextView' from project 'ResizingTextView')
    cd /Users/admin/builder/spi-builder-workspace/.swiftpm/xcode

SwiftCompile normal armv7k /Users/admin/builder/spi-builder-workspace/Sources/ResizingTextView/PlatformTextView.swift (in target 'ResizingTextView' from project 'ResizingTextView')
    cd /Users/admin/builder/spi-builder-workspace/.swiftpm/xcode

SwiftCompile normal armv7k Compiling\ CrossPlatformAliases.swift /Users/admin/builder/spi-builder-workspace/Sources/ResizingTextView/Utils/CrossPlatformAliases.swift (in target 'ResizingTextView' from project 'ResizingTextView')
SwiftCompile normal armv7k /Users/admin/builder/spi-builder-workspace/Sources/ResizingTextView/Utils/CrossPlatformAliases.swift (in target 'ResizingTextView' from project 'ResizingTextView')
    cd /Users/admin/builder/spi-builder-workspace/.swiftpm/xcode

SwiftEmitModule normal arm64_32 Emitting\ module\ for\ ResizingTextView (in target 'ResizingTextView' from project 'ResizingTextView')
EmitSwiftModule normal arm64_32 (in target 'ResizingTextView' from project 'ResizingTextView')
    cd /Users/admin/builder/spi-builder-workspace/.swiftpm/xcode

SwiftEmitModule normal arm64 Emitting\ module\ for\ ResizingTextView (in target 'ResizingTextView' from project 'ResizingTextView')
EmitSwiftModule normal arm64 (in target 'ResizingTextView' from project 'ResizingTextView')
    cd /Users/admin/builder/spi-builder-workspace/.swiftpm/xcode

SwiftCompile normal arm64_32 Compiling\ String+Newlines.swift /Users/admin/builder/spi-builder-workspace/Sources/ResizingTextView/Utils/String+Newlines.swift (in target 'ResizingTextView' from project 'ResizingTextView')
Command SwiftCompile failed with a nonzero exit code
** BUILD FAILED **
The following build commands failed:
	EmitSwiftModule normal armv7k (in target 'ResizingTextView' from project 'ResizingTextView')
	SwiftEmitModule normal armv7k Emitting\ module\ for\ ResizingTextView (in target 'ResizingTextView' from project 'ResizingTextView')
	SwiftCompile normal arm64_32 Compiling\ String+Newlines.swift /Users/admin/builder/spi-builder-workspace/Sources/ResizingTextView/Utils/String+Newlines.swift (in target 'ResizingTextView' from project 'ResizingTextView')
	Building workspace spi-builder-workspace with scheme ResizingTextView
(4 failures)
BUILD FAILURE 6.1 watchOS