Build Information
Failed to build XcodeServer, reference 3.0.0 (c6a7fe), with Swift 6.4 for visionOS using Xcode 27.0 on 18 Sep 2026 10:27:35 UTC.
Build Command
env DEVELOPER_DIR=/Applications/Xcode-27.0.0-Release.Candidate.app xcrun xcodebuild -IDEClonedSourcePackagesDirPathOverride=$PWD/.dependencies -skipMacroValidation -skipPackagePluginValidation -derivedDataPath $PWD/.derivedData build -scheme XcodeServer-Package -destination generic/platform=xrOSBuild Log
cd /Users/admin/builder/spi-builder-workspace/.swiftpm/xcode
builtin-SwiftPerFileCompile Asset.swift
SwiftCompile normal arm64 /Users/admin/builder/spi-builder-workspace/Sources/XcodeServerModel_1_0_0/Entities/Bot.swift (in target 'XcodeServerModel_1_0_0' from project 'XcodeServer')
cd /Users/admin/builder/spi-builder-workspace/.swiftpm/xcode
builtin-SwiftPerFileCompile Bot.swift
SwiftDriverJobDiscovery normal arm64 Compiling Device.swift, DeviceSpecification.swift, EmailConfiguration.swift (in target 'XcodeServerModel_1_1_0' from project 'XcodeServer')
SwiftCompile normal arm64 Compiling\ Device.swift,\ DeviceSpecification.swift,\ EmailConfiguration.swift /Users/admin/builder/spi-builder-workspace/Sources/XcodeServerModel_1_0_0/Entities/Device.swift /Users/admin/builder/spi-builder-workspace/Sources/XcodeServerModel_1_0_0/Entities/DeviceSpecification.swift /Users/admin/builder/spi-builder-workspace/Sources/XcodeServerModel_1_0_0/Entities/EmailConfiguration.swift (in target 'XcodeServerModel_1_0_0' from project 'XcodeServer')
SwiftCompile normal arm64 /Users/admin/builder/spi-builder-workspace/Sources/XcodeServerModel_1_0_0/Entities/Device.swift (in target 'XcodeServerModel_1_0_0' from project 'XcodeServer')
cd /Users/admin/builder/spi-builder-workspace/.swiftpm/xcode
builtin-SwiftPerFileCompile Device.swift
SwiftCompile normal arm64 /Users/admin/builder/spi-builder-workspace/Sources/XcodeServerModel_1_0_0/Entities/DeviceSpecification.swift (in target 'XcodeServerModel_1_0_0' from project 'XcodeServer')
cd /Users/admin/builder/spi-builder-workspace/.swiftpm/xcode
builtin-SwiftPerFileCompile DeviceSpecification.swift
SwiftCompile normal arm64 /Users/admin/builder/spi-builder-workspace/Sources/XcodeServerModel_1_0_0/Entities/EmailConfiguration.swift (in target 'XcodeServerModel_1_0_0' from project 'XcodeServer')
cd /Users/admin/builder/spi-builder-workspace/.swiftpm/xcode
builtin-SwiftPerFileCompile EmailConfiguration.swift
SwiftDriverJobDiscovery normal arm64 Compiling IntegrationIssues.swift, Issue.swift, Platform.swift (in target 'XcodeServerModel_1_1_0' from project 'XcodeServer')
SwiftCompile normal arm64 Compiling\ Stats.swift,\ StatsBreakdown.swift /Users/admin/builder/spi-builder-workspace/Sources/XcodeServerModel_1_0_0/Entities/Stats.swift /Users/admin/builder/spi-builder-workspace/Sources/XcodeServerModel_1_0_0/Entities/StatsBreakdown.swift (in target 'XcodeServerModel_1_0_0' from project 'XcodeServer')
SwiftCompile normal arm64 /Users/admin/builder/spi-builder-workspace/Sources/XcodeServerModel_1_0_0/Entities/Stats.swift (in target 'XcodeServerModel_1_0_0' from project 'XcodeServer')
cd /Users/admin/builder/spi-builder-workspace/.swiftpm/xcode
builtin-SwiftPerFileCompile Stats.swift
SwiftCompile normal arm64 /Users/admin/builder/spi-builder-workspace/Sources/XcodeServerModel_1_0_0/Entities/StatsBreakdown.swift (in target 'XcodeServerModel_1_0_0' from project 'XcodeServer')
cd /Users/admin/builder/spi-builder-workspace/.swiftpm/xcode
builtin-SwiftPerFileCompile StatsBreakdown.swift
SwiftDriverJobDiscovery normal arm64 Compiling Filter.swift, Integration.swift, IntegrationAssets.swift (in target 'XcodeServerModel_1_1_0' from project 'XcodeServer')
SwiftCompile normal arm64 Compiling\ IntegrationIssues.swift,\ Issue.swift,\ Platform.swift /Users/admin/builder/spi-builder-workspace/Sources/XcodeServerModel_1_0_0/Entities/IntegrationIssues.swift /Users/admin/builder/spi-builder-workspace/Sources/XcodeServerModel_1_0_0/Entities/Issue.swift /Users/admin/builder/spi-builder-workspace/Sources/XcodeServerModel_1_0_0/Entities/Platform.swift (in target 'XcodeServerModel_1_0_0' from project 'XcodeServer')
SwiftCompile normal arm64 /Users/admin/builder/spi-builder-workspace/Sources/XcodeServerModel_1_0_0/Entities/IntegrationIssues.swift (in target 'XcodeServerModel_1_0_0' from project 'XcodeServer')
cd /Users/admin/builder/spi-builder-workspace/.swiftpm/xcode
builtin-SwiftPerFileCompile IntegrationIssues.swift
SwiftCompile normal arm64 /Users/admin/builder/spi-builder-workspace/Sources/XcodeServerModel_1_0_0/Entities/Issue.swift (in target 'XcodeServerModel_1_0_0' from project 'XcodeServer')
cd /Users/admin/builder/spi-builder-workspace/.swiftpm/xcode
builtin-SwiftPerFileCompile Issue.swift
SwiftCompile normal arm64 /Users/admin/builder/spi-builder-workspace/Sources/XcodeServerModel_1_0_0/Entities/Platform.swift (in target 'XcodeServerModel_1_0_0' from project 'XcodeServer')
cd /Users/admin/builder/spi-builder-workspace/.swiftpm/xcode
builtin-SwiftPerFileCompile Platform.swift
SwiftDriverJobDiscovery normal arm64 Compiling Repository.swift, RevisionBlueprint.swift, Server.swift (in target 'XcodeServerModel_1_1_0' from project 'XcodeServer')
SwiftCompile normal arm64 Compiling\ BuildResultSummary.swift,\ Commit.swift,\ CommitChange.swift /Users/admin/builder/spi-builder-workspace/Sources/XcodeServerModel_1_0_0/Entities/BuildResultSummary.swift /Users/admin/builder/spi-builder-workspace/Sources/XcodeServerModel_1_0_0/Entities/Commit.swift /Users/admin/builder/spi-builder-workspace/Sources/XcodeServerModel_1_0_0/Entities/CommitChange.swift (in target 'XcodeServerModel_1_0_0' from project 'XcodeServer')
SwiftCompile normal arm64 /Users/admin/builder/spi-builder-workspace/Sources/XcodeServerModel_1_0_0/Entities/BuildResultSummary.swift (in target 'XcodeServerModel_1_0_0' from project 'XcodeServer')
cd /Users/admin/builder/spi-builder-workspace/.swiftpm/xcode
builtin-SwiftPerFileCompile BuildResultSummary.swift
SwiftCompile normal arm64 /Users/admin/builder/spi-builder-workspace/Sources/XcodeServerModel_1_0_0/Entities/Commit.swift (in target 'XcodeServerModel_1_0_0' from project 'XcodeServer')
cd /Users/admin/builder/spi-builder-workspace/.swiftpm/xcode
builtin-SwiftPerFileCompile Commit.swift
SwiftCompile normal arm64 /Users/admin/builder/spi-builder-workspace/Sources/XcodeServerModel_1_0_0/Entities/CommitChange.swift (in target 'XcodeServerModel_1_0_0' from project 'XcodeServer')
cd /Users/admin/builder/spi-builder-workspace/.swiftpm/xcode
builtin-SwiftPerFileCompile CommitChange.swift
SwiftCompile normal arm64 Compiling\ Filter.swift,\ Integration.swift,\ IntegrationAssets.swift /Users/admin/builder/spi-builder-workspace/Sources/XcodeServerModel_1_0_0/Entities/Filter.swift /Users/admin/builder/spi-builder-workspace/Sources/XcodeServerModel_1_0_0/Entities/Integration.swift /Users/admin/builder/spi-builder-workspace/Sources/XcodeServerModel_1_0_0/Entities/IntegrationAssets.swift (in target 'XcodeServerModel_1_0_0' from project 'XcodeServer')
SwiftCompile normal arm64 /Users/admin/builder/spi-builder-workspace/Sources/XcodeServerModel_1_0_0/Entities/Filter.swift (in target 'XcodeServerModel_1_0_0' from project 'XcodeServer')
cd /Users/admin/builder/spi-builder-workspace/.swiftpm/xcode
builtin-SwiftPerFileCompile Filter.swift
SwiftCompile normal arm64 /Users/admin/builder/spi-builder-workspace/Sources/XcodeServerModel_1_0_0/Entities/Integration.swift (in target 'XcodeServerModel_1_0_0' from project 'XcodeServer')
cd /Users/admin/builder/spi-builder-workspace/.swiftpm/xcode
builtin-SwiftPerFileCompile Integration.swift
SwiftCompile normal arm64 /Users/admin/builder/spi-builder-workspace/Sources/XcodeServerModel_1_0_0/Entities/IntegrationAssets.swift (in target 'XcodeServerModel_1_0_0' from project 'XcodeServer')
cd /Users/admin/builder/spi-builder-workspace/.swiftpm/xcode
builtin-SwiftPerFileCompile IntegrationAssets.swift
SwiftEmitModule normal arm64 Emitting\ module\ for\ SWCompression (in target 'SWCompression' from project 'SWCompression')
SwiftCompile normal arm64 (in target 'SWCompression' from project 'SWCompression')
cd /Users/admin/builder/spi-builder-workspace/.swiftpm/xcode
SwiftDriverJobDiscovery normal arm64 Emitting module for XcodeServerModel_1_0_0 (in target 'XcodeServerModel_1_0_0' from project 'XcodeServer')
SwiftDriver\ Compilation\ Requirements XcodeServerModel_1_0_0 normal arm64 com.apple.xcode.tools.swift.compiler (in target 'XcodeServerModel_1_0_0' from project 'XcodeServer')
cd /Users/admin/builder/spi-builder-workspace/.swiftpm/xcode
builtin-Swift-Compilation-Requirements -- /Applications/Xcode-27.0.0-Release.Candidate.app/Contents/Developer/Toolchains/XcodeDefault.xctoolchain/usr/bin/swiftc -parse-as-library -module-name XcodeServerModel_1_0_0 -Onone @/Users/admin/builder/spi-builder-workspace/.derivedData/Build/Intermediates.noindex/XcodeServer.build/Debug-xros/XcodeServerModel_1_0_0-t.build/Objects-normal/arm64/XcodeServerModel_1_0_0.SwiftFileList -DSWIFT_PACKAGE -DDEBUG -DSWIFT_MODULE_RESOURCE_BUNDLE_AVAILABLE -DXcode -plugin-path /Applications/Xcode-27.0.0-Release.Candidate.app/Contents/Developer/Toolchains/XcodeDefault.xctoolchain/usr/lib/swift/host/plugins/testing -enable-experimental-feature DebugDescriptionMacro -sdk /Applications/Xcode-27.0.0-Release.Candidate.app/Contents/Developer/Platforms/XROS.platform/Developer/SDKs/XROS27.0.sdk -target arm64-apple-xros1.0 -g -module-cache-path /Users/admin/builder/spi-builder-workspace/.derivedData/ModuleCache.noindex -Xfrontend -serialize-debugging-options -profile-coverage-mapping -profile-generate -enable-testing -index-store-path /Users/admin/builder/spi-builder-workspace/.derivedData/Index.noindex/DataStore -Xcc -D_LIBCPP_HARDENING_MODE\=_LIBCPP_HARDENING_MODE_DEBUG -swift-version 5 -I /Users/admin/builder/spi-builder-workspace/.derivedData/Build/Products/Debug-xros -Isystem /Applications/Xcode-27.0.0-Release.Candidate.app/Contents/Developer/Platforms/XROS.platform/Developer/usr/lib -F /Users/admin/builder/spi-builder-workspace/.derivedData/Build/Products/Debug-xros/PackageFrameworks -F /Users/admin/builder/spi-builder-workspace/.derivedData/Build/Products/Debug-xros -F /Applications/Xcode-27.0.0-Release.Candidate.app/Contents/Developer/Platforms/XROS.platform/Developer/Library/Frameworks -F /Applications/Xcode-27.0.0-Release.Candidate.app/Contents/Developer/Platforms/XROS.platform/Developer/SDKs/XROS27.0.sdk/Developer/Library/Frameworks -c -j10 -enable-batch-mode -incremental -Xcc -ivfsstatcache -Xcc /Users/admin/builder/spi-builder-workspace/.derivedData/SDKStatCaches.noindex/xros27.0-24M361-e829b21a6f8c9b70876ba0858053c044735bd543db762f57723cac368afd1ce4.sdkstatcache -output-file-map /Users/admin/builder/spi-builder-workspace/.derivedData/Build/Intermediates.noindex/XcodeServer.build/Debug-xros/XcodeServerModel_1_0_0-t.build/Objects-normal/arm64/XcodeServerModel_1_0_0-OutputFileMap.json -save-temps -no-color-diagnostics -explicit-module-build -module-cache-path /Users/admin/builder/spi-builder-workspace/.derivedData/Build/Intermediates.noindex/SwiftExplicitPrecompiledModules -clang-scanner-module-cache-path /Users/admin/builder/spi-builder-workspace/.derivedData/ModuleCache.noindex -sdk-module-cache-path /Users/admin/builder/spi-builder-workspace/.derivedData/SDKExplicitPrecompiledModules -emit-dependencies -emit-module -emit-module-path /Users/admin/builder/spi-builder-workspace/.derivedData/Build/Intermediates.noindex/XcodeServer.build/Debug-xros/XcodeServerModel_1_0_0-t.build/Objects-normal/arm64/XcodeServerModel_1_0_0.swiftmodule -serialize-diagnostics -dependency-scan-serialize-diagnostics-path /Users/admin/builder/spi-builder-workspace/.derivedData/Build/Intermediates.noindex/XcodeServer.build/Debug-xros/XcodeServerModel_1_0_0-t.build/Objects-normal/arm64/XcodeServerModel_1_0_0-dependency-scan.dia -validate-clang-modules-once -clang-build-session-file /Users/admin/builder/spi-builder-workspace/.derivedData/ModuleCache.noindex/Session.modulevalidation -Xcc -fmodules-prune-interval\=86400 -Xcc -fmodules-prune-after\=345600 -emit-const-values -const-gather-protocols-list /Users/admin/builder/spi-builder-workspace/.derivedData/Build/Intermediates.noindex/XcodeServer.build/Debug-xros/XcodeServerModel_1_0_0-t.build/Objects-normal/arm64/XcodeServerModel_1_0_0_const_extract_protocols.json -Xcc -I/Users/admin/builder/spi-builder-workspace/.derivedData/Build/Products/Debug-xros/include -Xcc -I/Users/admin/builder/spi-builder-workspace/.derivedData/Build/Intermediates.noindex/XcodeServer.build/Debug-xros/XcodeServerModel_1_0_0-t.build/DerivedSources-normal/arm64 -Xcc -I/Users/admin/builder/spi-builder-workspace/.derivedData/Build/Intermediates.noindex/XcodeServer.build/Debug-xros/XcodeServerModel_1_0_0-t.build/DerivedSources/arm64 -Xcc -I/Users/admin/builder/spi-builder-workspace/.derivedData/Build/Intermediates.noindex/XcodeServer.build/Debug-xros/XcodeServerModel_1_0_0-t.build/DerivedSources -Xcc -DSWIFT_PACKAGE -Xcc -DDEBUG\=1 -emit-objc-header -emit-objc-header-path /Users/admin/builder/spi-builder-workspace/.derivedData/Build/Intermediates.noindex/XcodeServer.build/Debug-xros/XcodeServerModel_1_0_0-t.build/Objects-normal/arm64/XcodeServerModel_1_0_0-Swift.h -working-directory /Users/admin/builder/spi-builder-workspace/.swiftpm/xcode -experimental-emit-module-separately -disable-cmo
SwiftDriverJobDiscovery normal arm64 Compiling Trigger.swift, PersistentContainer+Persistable.swift (in target 'XcodeServerModel_1_1_0' from project 'XcodeServer')
SwiftCompile normal arm64 Compiling\ Repository.swift,\ RevisionBlueprint.swift,\ Server.swift /Users/admin/builder/spi-builder-workspace/Sources/XcodeServerModel_1_0_0/Entities/Repository.swift /Users/admin/builder/spi-builder-workspace/Sources/XcodeServerModel_1_0_0/Entities/RevisionBlueprint.swift /Users/admin/builder/spi-builder-workspace/Sources/XcodeServerModel_1_0_0/Entities/Server.swift (in target 'XcodeServerModel_1_0_0' from project 'XcodeServer')
SwiftCompile normal arm64 /Users/admin/builder/spi-builder-workspace/Sources/XcodeServerModel_1_0_0/Entities/Repository.swift (in target 'XcodeServerModel_1_0_0' from project 'XcodeServer')
cd /Users/admin/builder/spi-builder-workspace/.swiftpm/xcode
builtin-SwiftPerFileCompile Repository.swift
SwiftCompile normal arm64 /Users/admin/builder/spi-builder-workspace/Sources/XcodeServerModel_1_0_0/Entities/RevisionBlueprint.swift (in target 'XcodeServerModel_1_0_0' from project 'XcodeServer')
cd /Users/admin/builder/spi-builder-workspace/.swiftpm/xcode
builtin-SwiftPerFileCompile RevisionBlueprint.swift
SwiftCompile normal arm64 /Users/admin/builder/spi-builder-workspace/Sources/XcodeServerModel_1_0_0/Entities/Server.swift (in target 'XcodeServerModel_1_0_0' from project 'XcodeServer')
cd /Users/admin/builder/spi-builder-workspace/.swiftpm/xcode
builtin-SwiftPerFileCompile Server.swift
SwiftMergeGeneratedHeaders /Users/admin/builder/spi-builder-workspace/.derivedData/Build/Intermediates.noindex/GeneratedModuleMaps-xros/XcodeServerModel_1_0_0-Swift.h /Users/admin/builder/spi-builder-workspace/.derivedData/Build/Intermediates.noindex/XcodeServer.build/Debug-xros/XcodeServerModel_1_0_0-t.build/Objects-normal/arm64/XcodeServerModel_1_0_0-Swift.h (in target 'XcodeServerModel_1_0_0' from project 'XcodeServer')
cd /Users/admin/builder/spi-builder-workspace
builtin-swiftHeaderTool -arch arm64 /Users/admin/builder/spi-builder-workspace/.derivedData/Build/Intermediates.noindex/XcodeServer.build/Debug-xros/XcodeServerModel_1_0_0-t.build/Objects-normal/arm64/XcodeServerModel_1_0_0-Swift.h -o /Users/admin/builder/spi-builder-workspace/.derivedData/Build/Intermediates.noindex/GeneratedModuleMaps-xros/XcodeServerModel_1_0_0-Swift.h
SwiftDriverJobDiscovery normal arm64 Compiling Stats.swift, StatsBreakdown.swift (in target 'XcodeServerModel_1_0_0' from project 'XcodeServer')
Copy /Users/admin/builder/spi-builder-workspace/.derivedData/Build/Products/Debug-xros/XcodeServerModel_1_0_0.swiftmodule/arm64-apple-xros.swiftmodule /Users/admin/builder/spi-builder-workspace/.derivedData/Build/Intermediates.noindex/XcodeServer.build/Debug-xros/XcodeServerModel_1_0_0-t.build/Objects-normal/arm64/XcodeServerModel_1_0_0.swiftmodule (in target 'XcodeServerModel_1_0_0' from project 'XcodeServer')
cd /Users/admin/builder/spi-builder-workspace
builtin-copy -exclude .DS_Store -exclude CVS -exclude .svn -exclude .git -exclude .hg -resolve-src-symlinks -rename /Users/admin/builder/spi-builder-workspace/.derivedData/Build/Intermediates.noindex/XcodeServer.build/Debug-xros/XcodeServerModel_1_0_0-t.build/Objects-normal/arm64/XcodeServerModel_1_0_0.swiftmodule /Users/admin/builder/spi-builder-workspace/.derivedData/Build/Products/Debug-xros/XcodeServerModel_1_0_0.swiftmodule/arm64-apple-xros.swiftmodule
Copy /Users/admin/builder/spi-builder-workspace/.derivedData/Build/Products/Debug-xros/XcodeServerModel_1_0_0.swiftmodule/arm64-apple-xros.swiftdoc /Users/admin/builder/spi-builder-workspace/.derivedData/Build/Intermediates.noindex/XcodeServer.build/Debug-xros/XcodeServerModel_1_0_0-t.build/Objects-normal/arm64/XcodeServerModel_1_0_0.swiftdoc (in target 'XcodeServerModel_1_0_0' from project 'XcodeServer')
cd /Users/admin/builder/spi-builder-workspace
builtin-copy -exclude .DS_Store -exclude CVS -exclude .svn -exclude .git -exclude .hg -resolve-src-symlinks -rename /Users/admin/builder/spi-builder-workspace/.derivedData/Build/Intermediates.noindex/XcodeServer.build/Debug-xros/XcodeServerModel_1_0_0-t.build/Objects-normal/arm64/XcodeServerModel_1_0_0.swiftdoc /Users/admin/builder/spi-builder-workspace/.derivedData/Build/Products/Debug-xros/XcodeServerModel_1_0_0.swiftmodule/arm64-apple-xros.swiftdoc
Copy /Users/admin/builder/spi-builder-workspace/.derivedData/Build/Products/Debug-xros/XcodeServerModel_1_0_0.swiftmodule/arm64-apple-xros.abi.json /Users/admin/builder/spi-builder-workspace/.derivedData/Build/Intermediates.noindex/XcodeServer.build/Debug-xros/XcodeServerModel_1_0_0-t.build/Objects-normal/arm64/XcodeServerModel_1_0_0.abi.json (in target 'XcodeServerModel_1_0_0' from project 'XcodeServer')
cd /Users/admin/builder/spi-builder-workspace
builtin-copy -exclude .DS_Store -exclude CVS -exclude .svn -exclude .git -exclude .hg -resolve-src-symlinks -rename /Users/admin/builder/spi-builder-workspace/.derivedData/Build/Intermediates.noindex/XcodeServer.build/Debug-xros/XcodeServerModel_1_0_0-t.build/Objects-normal/arm64/XcodeServerModel_1_0_0.abi.json /Users/admin/builder/spi-builder-workspace/.derivedData/Build/Products/Debug-xros/XcodeServerModel_1_0_0.swiftmodule/arm64-apple-xros.abi.json
Copy /Users/admin/builder/spi-builder-workspace/.derivedData/Build/Products/Debug-xros/XcodeServerModel_1_0_0.swiftmodule/Project/arm64-apple-xros.swiftsourceinfo /Users/admin/builder/spi-builder-workspace/.derivedData/Build/Intermediates.noindex/XcodeServer.build/Debug-xros/XcodeServerModel_1_0_0-t.build/Objects-normal/arm64/XcodeServerModel_1_0_0.swiftsourceinfo (in target 'XcodeServerModel_1_0_0' from project 'XcodeServer')
cd /Users/admin/builder/spi-builder-workspace
builtin-copy -exclude .DS_Store -exclude CVS -exclude .svn -exclude .git -exclude .hg -resolve-src-symlinks -rename /Users/admin/builder/spi-builder-workspace/.derivedData/Build/Intermediates.noindex/XcodeServer.build/Debug-xros/XcodeServerModel_1_0_0-t.build/Objects-normal/arm64/XcodeServerModel_1_0_0.swiftsourceinfo /Users/admin/builder/spi-builder-workspace/.derivedData/Build/Products/Debug-xros/XcodeServerModel_1_0_0.swiftmodule/Project/arm64-apple-xros.swiftsourceinfo
SwiftDriver\ Compilation XcodeServerModel_1_1_0 normal arm64 com.apple.xcode.tools.swift.compiler (in target 'XcodeServerModel_1_1_0' from project 'XcodeServer')
cd /Users/admin/builder/spi-builder-workspace/.swiftpm/xcode
builtin-Swift-Compilation -- /Applications/Xcode-27.0.0-Release.Candidate.app/Contents/Developer/Toolchains/XcodeDefault.xctoolchain/usr/bin/swiftc -parse-as-library -module-name XcodeServerModel_1_1_0 -Onone @/Users/admin/builder/spi-builder-workspace/.derivedData/Build/Intermediates.noindex/XcodeServer.build/Debug-xros/XcodeServerModel_1_1_0-t.build/Objects-normal/arm64/XcodeServerModel_1_1_0.SwiftFileList -DSWIFT_PACKAGE -DDEBUG -DSWIFT_MODULE_RESOURCE_BUNDLE_AVAILABLE -DXcode -plugin-path /Applications/Xcode-27.0.0-Release.Candidate.app/Contents/Developer/Toolchains/XcodeDefault.xctoolchain/usr/lib/swift/host/plugins/testing -enable-experimental-feature DebugDescriptionMacro -sdk /Applications/Xcode-27.0.0-Release.Candidate.app/Contents/Developer/Platforms/XROS.platform/Developer/SDKs/XROS27.0.sdk -target arm64-apple-xros1.0 -g -module-cache-path /Users/admin/builder/spi-builder-workspace/.derivedData/ModuleCache.noindex -Xfrontend -serialize-debugging-options -profile-coverage-mapping -profile-generate -enable-testing -index-store-path /Users/admin/builder/spi-builder-workspace/.derivedData/Index.noindex/DataStore -Xcc -D_LIBCPP_HARDENING_MODE\=_LIBCPP_HARDENING_MODE_DEBUG -swift-version 5 -I /Users/admin/builder/spi-builder-workspace/.derivedData/Build/Products/Debug-xros -Isystem /Applications/Xcode-27.0.0-Release.Candidate.app/Contents/Developer/Platforms/XROS.platform/Developer/usr/lib -F /Users/admin/builder/spi-builder-workspace/.derivedData/Build/Products/Debug-xros/PackageFrameworks -F /Users/admin/builder/spi-builder-workspace/.derivedData/Build/Products/Debug-xros -F /Applications/Xcode-27.0.0-Release.Candidate.app/Contents/Developer/Platforms/XROS.platform/Developer/Library/Frameworks -F /Applications/Xcode-27.0.0-Release.Candidate.app/Contents/Developer/Platforms/XROS.platform/Developer/SDKs/XROS27.0.sdk/Developer/Library/Frameworks -c -j10 -enable-batch-mode -incremental -Xcc -ivfsstatcache -Xcc /Users/admin/builder/spi-builder-workspace/.derivedData/SDKStatCaches.noindex/xros27.0-24M361-e829b21a6f8c9b70876ba0858053c044735bd543db762f57723cac368afd1ce4.sdkstatcache -output-file-map /Users/admin/builder/spi-builder-workspace/.derivedData/Build/Intermediates.noindex/XcodeServer.build/Debug-xros/XcodeServerModel_1_1_0-t.build/Objects-normal/arm64/XcodeServerModel_1_1_0-OutputFileMap.json -save-temps -no-color-diagnostics -explicit-module-build -module-cache-path /Users/admin/builder/spi-builder-workspace/.derivedData/Build/Intermediates.noindex/SwiftExplicitPrecompiledModules -clang-scanner-module-cache-path /Users/admin/builder/spi-builder-workspace/.derivedData/ModuleCache.noindex -sdk-module-cache-path /Users/admin/builder/spi-builder-workspace/.derivedData/SDKExplicitPrecompiledModules -emit-dependencies -emit-module -emit-module-path /Users/admin/builder/spi-builder-workspace/.derivedData/Build/Intermediates.noindex/XcodeServer.build/Debug-xros/XcodeServerModel_1_1_0-t.build/Objects-normal/arm64/XcodeServerModel_1_1_0.swiftmodule -serialize-diagnostics -dependency-scan-serialize-diagnostics-path /Users/admin/builder/spi-builder-workspace/.derivedData/Build/Intermediates.noindex/XcodeServer.build/Debug-xros/XcodeServerModel_1_1_0-t.build/Objects-normal/arm64/XcodeServerModel_1_1_0-dependency-scan.dia -validate-clang-modules-once -clang-build-session-file /Users/admin/builder/spi-builder-workspace/.derivedData/ModuleCache.noindex/Session.modulevalidation -Xcc -fmodules-prune-interval\=86400 -Xcc -fmodules-prune-after\=345600 -emit-const-values -const-gather-protocols-list /Users/admin/builder/spi-builder-workspace/.derivedData/Build/Intermediates.noindex/XcodeServer.build/Debug-xros/XcodeServerModel_1_1_0-t.build/Objects-normal/arm64/XcodeServerModel_1_1_0_const_extract_protocols.json -Xcc -I/Users/admin/builder/spi-builder-workspace/.derivedData/Build/Products/Debug-xros/include -Xcc -I/Users/admin/builder/spi-builder-workspace/.derivedData/Build/Intermediates.noindex/XcodeServer.build/Debug-xros/XcodeServerModel_1_1_0-t.build/DerivedSources-normal/arm64 -Xcc -I/Users/admin/builder/spi-builder-workspace/.derivedData/Build/Intermediates.noindex/XcodeServer.build/Debug-xros/XcodeServerModel_1_1_0-t.build/DerivedSources/arm64 -Xcc -I/Users/admin/builder/spi-builder-workspace/.derivedData/Build/Intermediates.noindex/XcodeServer.build/Debug-xros/XcodeServerModel_1_1_0-t.build/DerivedSources -Xcc -DSWIFT_PACKAGE -Xcc -DDEBUG\=1 -emit-objc-header -emit-objc-header-path /Users/admin/builder/spi-builder-workspace/.derivedData/Build/Intermediates.noindex/XcodeServer.build/Debug-xros/XcodeServerModel_1_1_0-t.build/Objects-normal/arm64/XcodeServerModel_1_1_0-Swift.h -working-directory /Users/admin/builder/spi-builder-workspace/.swiftpm/xcode -experimental-emit-module-separately -disable-cmo
Ld /Users/admin/builder/spi-builder-workspace/.derivedData/Build/Products/Debug-xros/XcodeServerModel_1_1_0.o normal (in target 'XcodeServerModel_1_1_0' from project 'XcodeServer')
cd /Users/admin/builder/spi-builder-workspace
/Applications/Xcode-27.0.0-Release.Candidate.app/Contents/Developer/Toolchains/XcodeDefault.xctoolchain/usr/bin/clang -Xlinker -reproducible -target arm64-apple-xros1.0 -r -isysroot /Applications/Xcode-27.0.0-Release.Candidate.app/Contents/Developer/Platforms/XROS.platform/Developer/SDKs/XROS27.0.sdk -O0 -Xlinker -no_warn_duplicate_libraries -F/Users/admin/builder/spi-builder-workspace/.derivedData/Build/Intermediates.noindex/EagerLinkingTBDs/Debug-xros -F/Users/admin/builder/spi-builder-workspace/.derivedData/Build/Products/Debug-xros/PackageFrameworks -F/Users/admin/builder/spi-builder-workspace/.derivedData/Build/Products/Debug-xros -iframework /Applications/Xcode-27.0.0-Release.Candidate.app/Contents/Developer/Platforms/XROS.platform/Developer/Library/Frameworks -iframework /Applications/Xcode-27.0.0-Release.Candidate.app/Contents/Developer/Platforms/XROS.platform/Developer/SDKs/XROS27.0.sdk/Developer/Library/Frameworks -filelist /Users/admin/builder/spi-builder-workspace/.derivedData/Build/Intermediates.noindex/XcodeServer.build/Debug-xros/XcodeServerModel_1_1_0-t.build/Objects-normal/arm64/XcodeServerModel_1_1_0.LinkFileList -nostdlib -Xlinker -object_path_lto -Xlinker /Users/admin/builder/spi-builder-workspace/.derivedData/Build/Intermediates.noindex/XcodeServer.build/Debug-xros/XcodeServerModel_1_1_0-t.build/Objects-normal/arm64/XcodeServerModel_1_1_0_lto.o -Xlinker -no_deduplicate -Xlinker -debug_variant -Xlinker -dependency_info -Xlinker /Users/admin/builder/spi-builder-workspace/.derivedData/Build/Intermediates.noindex/XcodeServer.build/Debug-xros/XcodeServerModel_1_1_0-t.build/Objects-normal/arm64/XcodeServerModel_1_1_0_dependency_info.dat -fobjc-link-runtime -L/Applications/Xcode-27.0.0-Release.Candidate.app/Contents/Developer/Toolchains/XcodeDefault.xctoolchain/usr/lib/swift/xros -L/usr/lib/swift -Xlinker -add_ast_path -Xlinker /Users/admin/builder/spi-builder-workspace/.derivedData/Build/Intermediates.noindex/XcodeServer.build/Debug-xros/XcodeServerModel_1_1_0-t.build/Objects-normal/arm64/XcodeServerModel_1_1_0.swiftmodule -o /Users/admin/builder/spi-builder-workspace/.derivedData/Build/Products/Debug-xros/XcodeServerModel_1_1_0.o
SwiftCompile normal arm64 Compiling\ CommitContributor.swift,\ Conditions.swift,\ Configuration.swift /Users/admin/builder/spi-builder-workspace/Sources/XcodeServerModel_1_0_0/Entities/CommitContributor.swift /Users/admin/builder/spi-builder-workspace/Sources/XcodeServerModel_1_0_0/Entities/Conditions.swift /Users/admin/builder/spi-builder-workspace/Sources/XcodeServerModel_1_0_0/Entities/Configuration.swift (in target 'XcodeServerModel_1_0_0' from project 'XcodeServer')
SwiftCompile normal arm64 /Users/admin/builder/spi-builder-workspace/Sources/XcodeServerModel_1_0_0/Entities/CommitContributor.swift (in target 'XcodeServerModel_1_0_0' from project 'XcodeServer')
cd /Users/admin/builder/spi-builder-workspace/.swiftpm/xcode
builtin-SwiftPerFileCompile CommitContributor.swift
SwiftCompile normal arm64 /Users/admin/builder/spi-builder-workspace/Sources/XcodeServerModel_1_0_0/Entities/Conditions.swift (in target 'XcodeServerModel_1_0_0' from project 'XcodeServer')
cd /Users/admin/builder/spi-builder-workspace/.swiftpm/xcode
builtin-SwiftPerFileCompile Conditions.swift
SwiftCompile normal arm64 /Users/admin/builder/spi-builder-workspace/Sources/XcodeServerModel_1_0_0/Entities/Configuration.swift (in target 'XcodeServerModel_1_0_0' from project 'XcodeServer')
cd /Users/admin/builder/spi-builder-workspace/.swiftpm/xcode
builtin-SwiftPerFileCompile Configuration.swift
SwiftDriverJobDiscovery normal arm64 Compiling Device.swift, DeviceSpecification.swift, EmailConfiguration.swift (in target 'XcodeServerModel_1_0_0' from project 'XcodeServer')
SwiftCompile normal arm64 Compiling\ PersistentContainer+Queryable.swift,\ PersistentContainer.swift /Users/admin/builder/spi-builder-workspace/Sources/XcodeServerModel_1_0_0/PersistentContainer+Queryable.swift /Users/admin/builder/spi-builder-workspace/Sources/XcodeServerModel_1_0_0/PersistentContainer.swift (in target 'XcodeServerModel_1_0_0' from project 'XcodeServer')
/Users/admin/builder/spi-builder-workspace/Sources/XcodeServerModel_1_0_0/PersistentContainer.swift:7:14: warning: class 'PersistentContainer' must restate inherited '@unchecked Sendable' conformance
5 | import CoreDataPlus
6 |
7 | public class PersistentContainer: NSPersistentContainer {
| `- warning: class 'PersistentContainer' must restate inherited '@unchecked Sendable' conformance
8 | static let logger: Logger = Logger(label: "XcodeServer.CoreDataModel_1.0.0")
9 |
SwiftCompile normal arm64 /Users/admin/builder/spi-builder-workspace/Sources/XcodeServerModel_1_0_0/PersistentContainer+Queryable.swift (in target 'XcodeServerModel_1_0_0' from project 'XcodeServer')
cd /Users/admin/builder/spi-builder-workspace/.swiftpm/xcode
builtin-SwiftPerFileCompile PersistentContainer+Queryable.swift
SwiftCompile normal arm64 /Users/admin/builder/spi-builder-workspace/Sources/XcodeServerModel_1_0_0/PersistentContainer.swift (in target 'XcodeServerModel_1_0_0' from project 'XcodeServer')
cd /Users/admin/builder/spi-builder-workspace/.swiftpm/xcode
builtin-SwiftPerFileCompile PersistentContainer.swift
SwiftDriverJobDiscovery normal arm64 Compiling resource_bundle_accessor.swift, Asset.swift, Bot.swift (in target 'XcodeServerModel_1_0_0' from project 'XcodeServer')
SwiftCompile normal arm64 Compiling\ CompressionMethod.swift,\ Container.swift,\ ContainerEntry.swift,\ ContainerEntryInfo.swift,\ ContainerEntryType.swift,\ DosAttributes.swift,\ Permissions.swift,\ DataError.swift,\ DecompressionAlgorithm.swift,\ DeltaFilter.swift /Users/admin/builder/spi-builder-workspace/.dependencies/checkouts/SWCompression/Sources/Common/CompressionMethod.swift /Users/admin/builder/spi-builder-workspace/.dependencies/checkouts/SWCompression/Sources/Common/Container/Container.swift /Users/admin/builder/spi-builder-workspace/.dependencies/checkouts/SWCompression/Sources/Common/Container/ContainerEntry.swift /Users/admin/builder/spi-builder-workspace/.dependencies/checkouts/SWCompression/Sources/Common/Container/ContainerEntryInfo.swift /Users/admin/builder/spi-builder-workspace/.dependencies/checkouts/SWCompression/Sources/Common/Container/ContainerEntryType.swift /Users/admin/builder/spi-builder-workspace/.dependencies/checkouts/SWCompression/Sources/Common/Container/DosAttributes.swift /Users/admin/builder/spi-builder-workspace/.dependencies/checkouts/SWCompression/Sources/Common/Container/Permissions.swift /Users/admin/builder/spi-builder-workspace/.dependencies/checkouts/SWCompression/Sources/Common/DataError.swift /Users/admin/builder/spi-builder-workspace/.dependencies/checkouts/SWCompression/Sources/Common/DecompressionAlgorithm.swift /Users/admin/builder/spi-builder-workspace/.dependencies/checkouts/SWCompression/Sources/Common/DeltaFilter.swift (in target 'SWCompression' from project 'SWCompression')
SwiftCompile normal arm64 /Users/admin/builder/spi-builder-workspace/.dependencies/checkouts/SWCompression/Sources/Common/CompressionMethod.swift (in target 'SWCompression' from project 'SWCompression')
cd /Users/admin/builder/spi-builder-workspace/.swiftpm/xcode
builtin-SwiftPerFileCompile CompressionMethod.swift
SwiftCompile normal arm64 /Users/admin/builder/spi-builder-workspace/.dependencies/checkouts/SWCompression/Sources/Common/Container/Container.swift (in target 'SWCompression' from project 'SWCompression')
cd /Users/admin/builder/spi-builder-workspace/.swiftpm/xcode
builtin-SwiftPerFileCompile Container.swift
SwiftCompile normal arm64 /Users/admin/builder/spi-builder-workspace/.dependencies/checkouts/SWCompression/Sources/Common/Container/ContainerEntry.swift (in target 'SWCompression' from project 'SWCompression')
cd /Users/admin/builder/spi-builder-workspace/.swiftpm/xcode
builtin-SwiftPerFileCompile ContainerEntry.swift
SwiftCompile normal arm64 /Users/admin/builder/spi-builder-workspace/.dependencies/checkouts/SWCompression/Sources/Common/Container/ContainerEntryInfo.swift (in target 'SWCompression' from project 'SWCompression')
cd /Users/admin/builder/spi-builder-workspace/.swiftpm/xcode
builtin-SwiftPerFileCompile ContainerEntryInfo.swift
SwiftCompile normal arm64 /Users/admin/builder/spi-builder-workspace/.dependencies/checkouts/SWCompression/Sources/Common/Container/ContainerEntryType.swift (in target 'SWCompression' from project 'SWCompression')
cd /Users/admin/builder/spi-builder-workspace/.swiftpm/xcode
builtin-SwiftPerFileCompile ContainerEntryType.swift
SwiftCompile normal arm64 /Users/admin/builder/spi-builder-workspace/.dependencies/checkouts/SWCompression/Sources/Common/Container/DosAttributes.swift (in target 'SWCompression' from project 'SWCompression')
cd /Users/admin/builder/spi-builder-workspace/.swiftpm/xcode
builtin-SwiftPerFileCompile DosAttributes.swift
SwiftCompile normal arm64 /Users/admin/builder/spi-builder-workspace/.dependencies/checkouts/SWCompression/Sources/Common/Container/Permissions.swift (in target 'SWCompression' from project 'SWCompression')
cd /Users/admin/builder/spi-builder-workspace/.swiftpm/xcode
builtin-SwiftPerFileCompile Permissions.swift
SwiftCompile normal arm64 /Users/admin/builder/spi-builder-workspace/.dependencies/checkouts/SWCompression/Sources/Common/DataError.swift (in target 'SWCompression' from project 'SWCompression')
cd /Users/admin/builder/spi-builder-workspace/.swiftpm/xcode
builtin-SwiftPerFileCompile DataError.swift
SwiftCompile normal arm64 /Users/admin/builder/spi-builder-workspace/.dependencies/checkouts/SWCompression/Sources/Common/DecompressionAlgorithm.swift (in target 'SWCompression' from project 'SWCompression')
cd /Users/admin/builder/spi-builder-workspace/.swiftpm/xcode
builtin-SwiftPerFileCompile DecompressionAlgorithm.swift
SwiftCompile normal arm64 /Users/admin/builder/spi-builder-workspace/.dependencies/checkouts/SWCompression/Sources/Common/DeltaFilter.swift (in target 'SWCompression' from project 'SWCompression')
cd /Users/admin/builder/spi-builder-workspace/.swiftpm/xcode
builtin-SwiftPerFileCompile DeltaFilter.swift
SwiftCompile normal arm64 Compiling\ BZip2Error.swift,\ BurrowsWheeler.swift,\ SuffixArray.swift,\ Archive.swift,\ CheckSums.swift,\ Code.swift,\ CodeLength.swift,\ DecodingTree.swift,\ EncodingTree.swift,\ CompressionAlgorithm.swift /Users/admin/builder/spi-builder-workspace/.dependencies/checkouts/SWCompression/Sources/BZip2/BZip2Error.swift /Users/admin/builder/spi-builder-workspace/.dependencies/checkouts/SWCompression/Sources/BZip2/BurrowsWheeler.swift /Users/admin/builder/spi-builder-workspace/.dependencies/checkouts/SWCompression/Sources/BZip2/SuffixArray.swift /Users/admin/builder/spi-builder-workspace/.dependencies/checkouts/SWCompression/Sources/Common/Archive.swift /Users/admin/builder/spi-builder-workspace/.dependencies/checkouts/SWCompression/Sources/Common/CheckSums.swift /Users/admin/builder/spi-builder-workspace/.dependencies/checkouts/SWCompression/Sources/Common/CodingTree/Code.swift /Users/admin/builder/spi-builder-workspace/.dependencies/checkouts/SWCompression/Sources/Common/CodingTree/CodeLength.swift /Users/admin/builder/spi-builder-workspace/.dependencies/checkouts/SWCompression/Sources/Common/CodingTree/DecodingTree.swift /Users/admin/builder/spi-builder-workspace/.dependencies/checkouts/SWCompression/Sources/Common/CodingTree/EncodingTree.swift /Users/admin/builder/spi-builder-workspace/.dependencies/checkouts/SWCompression/Sources/Common/CompressionAlgorithm.swift (in target 'SWCompression' from project 'SWCompression')
SwiftCompile normal arm64 /Users/admin/builder/spi-builder-workspace/.dependencies/checkouts/SWCompression/Sources/BZip2/BZip2Error.swift (in target 'SWCompression' from project 'SWCompression')
cd /Users/admin/builder/spi-builder-workspace/.swiftpm/xcode
builtin-SwiftPerFileCompile BZip2Error.swift
SwiftCompile normal arm64 /Users/admin/builder/spi-builder-workspace/.dependencies/checkouts/SWCompression/Sources/BZip2/BurrowsWheeler.swift (in target 'SWCompression' from project 'SWCompression')
cd /Users/admin/builder/spi-builder-workspace/.swiftpm/xcode
builtin-SwiftPerFileCompile BurrowsWheeler.swift
SwiftCompile normal arm64 /Users/admin/builder/spi-builder-workspace/.dependencies/checkouts/SWCompression/Sources/BZip2/SuffixArray.swift (in target 'SWCompression' from project 'SWCompression')
cd /Users/admin/builder/spi-builder-workspace/.swiftpm/xcode
builtin-SwiftPerFileCompile SuffixArray.swift
SwiftCompile normal arm64 /Users/admin/builder/spi-builder-workspace/.dependencies/checkouts/SWCompression/Sources/Common/Archive.swift (in target 'SWCompression' from project 'SWCompression')
cd /Users/admin/builder/spi-builder-workspace/.swiftpm/xcode
builtin-SwiftPerFileCompile Archive.swift
SwiftCompile normal arm64 /Users/admin/builder/spi-builder-workspace/.dependencies/checkouts/SWCompression/Sources/Common/CheckSums.swift (in target 'SWCompression' from project 'SWCompression')
cd /Users/admin/builder/spi-builder-workspace/.swiftpm/xcode
builtin-SwiftPerFileCompile CheckSums.swift
SwiftCompile normal arm64 /Users/admin/builder/spi-builder-workspace/.dependencies/checkouts/SWCompression/Sources/Common/CodingTree/Code.swift (in target 'SWCompression' from project 'SWCompression')
cd /Users/admin/builder/spi-builder-workspace/.swiftpm/xcode
builtin-SwiftPerFileCompile Code.swift
SwiftCompile normal arm64 /Users/admin/builder/spi-builder-workspace/.dependencies/checkouts/SWCompression/Sources/Common/CodingTree/CodeLength.swift (in target 'SWCompression' from project 'SWCompression')
cd /Users/admin/builder/spi-builder-workspace/.swiftpm/xcode
builtin-SwiftPerFileCompile CodeLength.swift
SwiftCompile normal arm64 /Users/admin/builder/spi-builder-workspace/.dependencies/checkouts/SWCompression/Sources/Common/CodingTree/DecodingTree.swift (in target 'SWCompression' from project 'SWCompression')
cd /Users/admin/builder/spi-builder-workspace/.swiftpm/xcode
builtin-SwiftPerFileCompile DecodingTree.swift
SwiftCompile normal arm64 /Users/admin/builder/spi-builder-workspace/.dependencies/checkouts/SWCompression/Sources/Common/CodingTree/EncodingTree.swift (in target 'SWCompression' from project 'SWCompression')
cd /Users/admin/builder/spi-builder-workspace/.swiftpm/xcode
builtin-SwiftPerFileCompile EncodingTree.swift
SwiftCompile normal arm64 /Users/admin/builder/spi-builder-workspace/.dependencies/checkouts/SWCompression/Sources/Common/CompressionAlgorithm.swift (in target 'SWCompression' from project 'SWCompression')
cd /Users/admin/builder/spi-builder-workspace/.swiftpm/xcode
builtin-SwiftPerFileCompile CompressionAlgorithm.swift
SwiftDriverJobDiscovery normal arm64 Compiling Trigger.swift, PersistentContainer+Persistable.swift (in target 'XcodeServerModel_1_0_0' from project 'XcodeServer')
SwiftCompile normal arm64 Compiling\ resource_bundle_accessor.swift,\ 7zCoder+Equatable.swift,\ 7zCoder.swift,\ 7zCoderInfo.swift,\ 7zContainer.swift,\ 7zEntry.swift,\ 7zEntryInfo.swift,\ 7zError.swift,\ 7zFileInfo.swift,\ 7zFolder.swift,\ 7zHeader.swift /Users/admin/builder/spi-builder-workspace/.derivedData/Build/Intermediates.noindex/SWCompression.build/Debug-xros/SWCompression-t.build/DerivedSources/resource_bundle_accessor.swift /Users/admin/builder/spi-builder-workspace/.dependencies/checkouts/SWCompression/Sources/7-Zip/7zCoder+Equatable.swift /Users/admin/builder/spi-builder-workspace/.dependencies/checkouts/SWCompression/Sources/7-Zip/7zCoder.swift /Users/admin/builder/spi-builder-workspace/.dependencies/checkouts/SWCompression/Sources/7-Zip/7zCoderInfo.swift /Users/admin/builder/spi-builder-workspace/.dependencies/checkouts/SWCompression/Sources/7-Zip/7zContainer.swift /Users/admin/builder/spi-builder-workspace/.dependencies/checkouts/SWCompression/Sources/7-Zip/7zEntry.swift /Users/admin/builder/spi-builder-workspace/.dependencies/checkouts/SWCompression/Sources/7-Zip/7zEntryInfo.swift /Users/admin/builder/spi-builder-workspace/.dependencies/checkouts/SWCompression/Sources/7-Zip/7zError.swift /Users/admin/builder/spi-builder-workspace/.dependencies/checkouts/SWCompression/Sources/7-Zip/7zFileInfo.swift /Users/admin/builder/spi-builder-workspace/.dependencies/checkouts/SWCompression/Sources/7-Zip/7zFolder.swift /Users/admin/builder/spi-builder-workspace/.dependencies/checkouts/SWCompression/Sources/7-Zip/7zHeader.swift (in target 'SWCompression' from project 'SWCompression')
SwiftCompile normal arm64 /Users/admin/builder/spi-builder-workspace/.derivedData/Build/Intermediates.noindex/SWCompression.build/Debug-xros/SWCompression-t.build/DerivedSources/resource_bundle_accessor.swift (in target 'SWCompression' from project 'SWCompression')
cd /Users/admin/builder/spi-builder-workspace/.swiftpm/xcode
builtin-SwiftPerFileCompile resource_bundle_accessor.swift
SwiftCompile normal arm64 /Users/admin/builder/spi-builder-workspace/.dependencies/checkouts/SWCompression/Sources/7-Zip/7zCoder+Equatable.swift (in target 'SWCompression' from project 'SWCompression')
cd /Users/admin/builder/spi-builder-workspace/.swiftpm/xcode
builtin-SwiftPerFileCompile 7zCoder+Equatable.swift
SwiftCompile normal arm64 /Users/admin/builder/spi-builder-workspace/.dependencies/checkouts/SWCompression/Sources/7-Zip/7zCoder.swift (in target 'SWCompression' from project 'SWCompression')
cd /Users/admin/builder/spi-builder-workspace/.swiftpm/xcode
builtin-SwiftPerFileCompile 7zCoder.swift
SwiftCompile normal arm64 /Users/admin/builder/spi-builder-workspace/.dependencies/checkouts/SWCompression/Sources/7-Zip/7zCoderInfo.swift (in target 'SWCompression' from project 'SWCompression')
cd /Users/admin/builder/spi-builder-workspace/.swiftpm/xcode
builtin-SwiftPerFileCompile 7zCoderInfo.swift
SwiftCompile normal arm64 /Users/admin/builder/spi-builder-workspace/.dependencies/checkouts/SWCompression/Sources/7-Zip/7zContainer.swift (in target 'SWCompression' from project 'SWCompression')
cd /Users/admin/builder/spi-builder-workspace/.swiftpm/xcode
builtin-SwiftPerFileCompile 7zContainer.swift
SwiftCompile normal arm64 /Users/admin/builder/spi-builder-workspace/.dependencies/checkouts/SWCompression/Sources/7-Zip/7zEntry.swift (in target 'SWCompression' from project 'SWCompression')
cd /Users/admin/builder/spi-builder-workspace/.swiftpm/xcode
builtin-SwiftPerFileCompile 7zEntry.swift
SwiftCompile normal arm64 /Users/admin/builder/spi-builder-workspace/.dependencies/checkouts/SWCompression/Sources/7-Zip/7zEntryInfo.swift (in target 'SWCompression' from project 'SWCompression')
cd /Users/admin/builder/spi-builder-workspace/.swiftpm/xcode
builtin-SwiftPerFileCompile 7zEntryInfo.swift
SwiftCompile normal arm64 /Users/admin/builder/spi-builder-workspace/.dependencies/checkouts/SWCompression/Sources/7-Zip/7zError.swift (in target 'SWCompression' from project 'SWCompression')
cd /Users/admin/builder/spi-builder-workspace/.swiftpm/xcode
builtin-SwiftPerFileCompile 7zError.swift
SwiftCompile normal arm64 /Users/admin/builder/spi-builder-workspace/.dependencies/checkouts/SWCompression/Sources/7-Zip/7zFileInfo.swift (in target 'SWCompression' from project 'SWCompression')
cd /Users/admin/builder/spi-builder-workspace/.swiftpm/xcode
builtin-SwiftPerFileCompile 7zFileInfo.swift
SwiftCompile normal arm64 /Users/admin/builder/spi-builder-workspace/.dependencies/checkouts/SWCompression/Sources/7-Zip/7zFolder.swift (in target 'SWCompression' from project 'SWCompression')
cd /Users/admin/builder/spi-builder-workspace/.swiftpm/xcode
builtin-SwiftPerFileCompile 7zFolder.swift
SwiftCompile normal arm64 /Users/admin/builder/spi-builder-workspace/.dependencies/checkouts/SWCompression/Sources/7-Zip/7zHeader.swift (in target 'SWCompression' from project 'SWCompression')
cd /Users/admin/builder/spi-builder-workspace/.swiftpm/xcode
builtin-SwiftPerFileCompile 7zHeader.swift
SwiftCompile normal arm64 Compiling\ LZMAProperties.swift,\ LZMARangeDecoder.swift,\ LZMA2.swift,\ LZMA2Decoder.swift,\ LZMA2Error.swift,\ ContainerEntryType+Tar.swift,\ Data+Tar.swift,\ LittleEndianByteReader+Tar.swift,\ TarContainer.swift,\ TarCreateError.swift /Users/admin/builder/spi-builder-workspace/.dependencies/checkouts/SWCompression/Sources/LZMA/LZMAProperties.swift /Users/admin/builder/spi-builder-workspace/.dependencies/checkouts/SWCompression/Sources/LZMA/LZMARangeDecoder.swift /Users/admin/builder/spi-builder-workspace/.dependencies/checkouts/SWCompression/Sources/LZMA2/LZMA2.swift /Users/admin/builder/spi-builder-workspace/.dependencies/checkouts/SWCompression/Sources/LZMA2/LZMA2Decoder.swift /Users/admin/builder/spi-builder-workspace/.dependencies/checkouts/SWCompression/Sources/LZMA2/LZMA2Error.swift /Users/admin/builder/spi-builder-workspace/.dependencies/checkouts/SWCompression/Sources/TAR/ContainerEntryType+Tar.swift /Users/admin/builder/spi-builder-workspace/.dependencies/checkouts/SWCompression/Sources/TAR/Data+Tar.swift /Users/admin/builder/spi-builder-workspace/.dependencies/checkouts/SWCompression/Sources/TAR/LittleEndianByteReader+Tar.swift /Users/admin/builder/spi-builder-workspace/.dependencies/checkouts/SWCompression/Sources/TAR/TarContainer.swift /Users/admin/builder/spi-builder-workspace/.dependencies/checkouts/SWCompression/Sources/TAR/TarCreateError.swift (in target 'SWCompression' from project 'SWCompression')
SwiftCompile normal arm64 /Users/admin/builder/spi-builder-workspace/.dependencies/checkouts/SWCompression/Sources/LZMA/LZMAProperties.swift (in target 'SWCompression' from project 'SWCompression')
cd /Users/admin/builder/spi-builder-workspace/.swiftpm/xcode
builtin-SwiftPerFileCompile LZMAProperties.swift
SwiftCompile normal arm64 /Users/admin/builder/spi-builder-workspace/.dependencies/checkouts/SWCompression/Sources/LZMA/LZMARangeDecoder.swift (in target 'SWCompression' from project 'SWCompression')
cd /Users/admin/builder/spi-builder-workspace/.swiftpm/xcode
builtin-SwiftPerFileCompile LZMARangeDecoder.swift
SwiftCompile normal arm64 /Users/admin/builder/spi-builder-workspace/.dependencies/checkouts/SWCompression/Sources/LZMA2/LZMA2.swift (in target 'SWCompression' from project 'SWCompression')
cd /Users/admin/builder/spi-builder-workspace/.swiftpm/xcode
builtin-SwiftPerFileCompile LZMA2.swift
SwiftCompile normal arm64 /Users/admin/builder/spi-builder-workspace/.dependencies/checkouts/SWCompression/Sources/LZMA2/LZMA2Decoder.swift (in target 'SWCompression' from project 'SWCompression')
cd /Users/admin/builder/spi-builder-workspace/.swiftpm/xcode
builtin-SwiftPerFileCompile LZMA2Decoder.swift
SwiftCompile normal arm64 /Users/admin/builder/spi-builder-workspace/.dependencies/checkouts/SWCompression/Sources/LZMA2/LZMA2Error.swift (in target 'SWCompression' from project 'SWCompression')
cd /Users/admin/builder/spi-builder-workspace/.swiftpm/xcode
builtin-SwiftPerFileCompile LZMA2Error.swift
SwiftCompile normal arm64 /Users/admin/builder/spi-builder-workspace/.dependencies/checkouts/SWCompression/Sources/TAR/ContainerEntryType+Tar.swift (in target 'SWCompression' from project 'SWCompression')
cd /Users/admin/builder/spi-builder-workspace/.swiftpm/xcode
builtin-SwiftPerFileCompile ContainerEntryType+Tar.swift
SwiftCompile normal arm64 /Users/admin/builder/spi-builder-workspace/.dependencies/checkouts/SWCompression/Sources/TAR/Data+Tar.swift (in target 'SWCompression' from project 'SWCompression')
cd /Users/admin/builder/spi-builder-workspace/.swiftpm/xcode
builtin-SwiftPerFileCompile Data+Tar.swift
SwiftCompile normal arm64 /Users/admin/builder/spi-builder-workspace/.dependencies/checkouts/SWCompression/Sources/TAR/LittleEndianByteReader+Tar.swift (in target 'SWCompression' from project 'SWCompression')
cd /Users/admin/builder/spi-builder-workspace/.swiftpm/xcode
builtin-SwiftPerFileCompile LittleEndianByteReader+Tar.swift
SwiftCompile normal arm64 /Users/admin/builder/spi-builder-workspace/.dependencies/checkouts/SWCompression/Sources/TAR/TarContainer.swift (in target 'SWCompression' from project 'SWCompression')
cd /Users/admin/builder/spi-builder-workspace/.swiftpm/xcode
builtin-SwiftPerFileCompile TarContainer.swift
SwiftCompile normal arm64 /Users/admin/builder/spi-builder-workspace/.dependencies/checkouts/SWCompression/Sources/TAR/TarCreateError.swift (in target 'SWCompression' from project 'SWCompression')
cd /Users/admin/builder/spi-builder-workspace/.swiftpm/xcode
builtin-SwiftPerFileCompile TarCreateError.swift
SwiftDriverJobDiscovery normal arm64 Compiling IntegrationIssues.swift, Issue.swift, Platform.swift (in target 'XcodeServerModel_1_0_0' from project 'XcodeServer')
SwiftExplicitDependencyGeneratePcm arm64 /Users/admin/builder/spi-builder-workspace/.derivedData/SDKExplicitPrecompiledModules/_Builtin_intrinsics-BC5IJI3YI34RQ61ZNVDRDZ6RN.pcm
SwiftDriverJobDiscovery normal arm64 Compiling BuildResultSummary.swift, Commit.swift, CommitChange.swift (in target 'XcodeServerModel_1_0_0' from project 'XcodeServer')
SwiftExplicitDependencyGeneratePcm arm64 /Users/admin/builder/spi-builder-workspace/.derivedData/SDKExplicitPrecompiledModules/UIUtilities-AOVGLUWEAN6CG2UZFNESGSP6C.pcm
SwiftDriverJobDiscovery normal arm64 Compiling Filter.swift, Integration.swift, IntegrationAssets.swift (in target 'XcodeServerModel_1_0_0' from project 'XcodeServer')
SwiftExplicitDependencyGeneratePcm arm64 /Users/admin/builder/spi-builder-workspace/.derivedData/SDKExplicitPrecompiledModules/_Builtin_tgmath-BPYSMHWI520EQRL2HW519ZY7Z.pcm
SwiftExplicitDependencyGeneratePcm arm64 /Users/admin/builder/spi-builder-workspace/.derivedData/SDKExplicitPrecompiledModules/CoreTransferable-8TBYAKHCX6UC8QQSS7BD8GQK5.pcm
SwiftDriverJobDiscovery normal arm64 Compiling Repository.swift, RevisionBlueprint.swift, Server.swift (in target 'XcodeServerModel_1_0_0' from project 'XcodeServer')
SwiftExplicitDependencyGeneratePcm arm64 /Users/admin/builder/spi-builder-workspace/.derivedData/SDKExplicitPrecompiledModules/IOSurface-5FE9U89GVFF9A7X7AGO2R8ENI.pcm
SwiftExplicitDependencyGeneratePcm arm64 /Users/admin/builder/spi-builder-workspace/.derivedData/SDKExplicitPrecompiledModules/_LocationEssentials-8GQGFVARUE99D8VJX3TINY0VP.pcm
SwiftDriverJobDiscovery normal arm64 Compiling PersistentContainer+Queryable.swift, PersistentContainer.swift (in target 'XcodeServerModel_1_0_0' from project 'XcodeServer')
SwiftExplicitDependencyGeneratePcm arm64 /Users/admin/builder/spi-builder-workspace/.derivedData/SDKExplicitPrecompiledModules/OSLog-BNGT87TS0GMBFF7TY70HHB69.pcm
SwiftExplicitDependencyGeneratePcm arm64 /Users/admin/builder/spi-builder-workspace/.derivedData/SDKExplicitPrecompiledModules/DeveloperToolsSupport-46GOQP8J1QTHLYQSJW81T8UZ3.pcm
SwiftExplicitDependencyGeneratePcm arm64 /Users/admin/builder/spi-builder-workspace/.derivedData/SDKExplicitPrecompiledModules/Symbols-8G2XC01RPQ5HYIZE6JNUT864I.pcm
SwiftDriverJobDiscovery normal arm64 Compiling CompressionMethod.swift, Container.swift, ContainerEntry.swift, ContainerEntryInfo.swift, ContainerEntryType.swift, DosAttributes.swift, Permissions.swift, DataError.swift, DecompressionAlgorithm.swift, DeltaFilter.swift (in target 'SWCompression' from project 'SWCompression')
SwiftExplicitDependencyGeneratePcm arm64 /Users/admin/builder/spi-builder-workspace/.derivedData/SDKExplicitPrecompiledModules/DataDetection-BANTQ3WXXGKZJYC0LLB3MD9K0.pcm
SwiftExplicitDependencyGeneratePcm arm64 /Users/admin/builder/spi-builder-workspace/.derivedData/SDKExplicitPrecompiledModules/OpenGLES-56BKSYXNVAP91BYZRWAKQZKGI.pcm
SwiftExplicitDependencyGeneratePcm arm64 /Users/admin/builder/spi-builder-workspace/.derivedData/SDKExplicitPrecompiledModules/Metal-EKNUM9P3PRIBHZK1ZBD6BA2T7.pcm
SwiftExplicitDependencyGeneratePcm arm64 /Users/admin/builder/spi-builder-workspace/.derivedData/SDKExplicitPrecompiledModules/CoreLocation-1SN37095DAPVJ068LLP9TBDQX.pcm
SwiftExplicitDependencyGeneratePcm arm64 /Users/admin/builder/spi-builder-workspace/.derivedData/SDKExplicitPrecompiledModules/CoreGraphics-BFUJ177R223UT2ZI327ZTZY91.pcm
SwiftExplicitDependencyGeneratePcm arm64 /Users/admin/builder/spi-builder-workspace/.derivedData/SDKExplicitPrecompiledModules/UserNotifications-8IIV1V1FPNAPA4LY1Y23LOM2N.pcm
SwiftExplicitDependencyGeneratePcm arm64 /Users/admin/builder/spi-builder-workspace/.derivedData/SDKExplicitPrecompiledModules/simd-9XXAB17Y6E4BBPQADD61NZ23.pcm
SwiftExplicitDependencyGeneratePcm arm64 /Users/admin/builder/spi-builder-workspace/.derivedData/SDKExplicitPrecompiledModules/CoreMotion-10LV922UPGE28QX2SOIO7ALIZ.pcm
SwiftExplicitDependencyGeneratePcm arm64 /Users/admin/builder/spi-builder-workspace/.derivedData/SDKExplicitPrecompiledModules/UniformTypeIdentifiers-E5KMWDZEKS4QW9RO1KBRDEXV6.pcm
SwiftCompile normal arm64 Compiling\ 7zPackInfo.swift,\ 7zProperty.swift,\ 7zStreamInfo.swift,\ 7zSubstreamInfo.swift,\ CompressionMethod+7z.swift,\ MsbBitReader+7z.swift,\ BZip2+BlockSize.swift,\ BZip2+Compress.swift,\ BZip2+Lengths.swift,\ BZip2.swift /Users/admin/builder/spi-builder-workspace/.dependencies/checkouts/SWCompression/Sources/7-Zip/7zPackInfo.swift /Users/admin/builder/spi-builder-workspace/.dependencies/checkouts/SWCompression/Sources/7-Zip/7zProperty.swift /Users/admin/builder/spi-builder-workspace/.dependencies/checkouts/SWCompression/Sources/7-Zip/7zStreamInfo.swift /Users/admin/builder/spi-builder-workspace/.dependencies/checkouts/SWCompression/Sources/7-Zip/7zSubstreamInfo.swift /Users/admin/builder/spi-builder-workspace/.dependencies/checkouts/SWCompression/Sources/7-Zip/CompressionMethod+7z.swift /Users/admin/builder/spi-builder-workspace/.dependencies/checkouts/SWCompression/Sources/7-Zip/MsbBitReader+7z.swift /Users/admin/builder/spi-builder-workspace/.dependencies/checkouts/SWCompression/Sources/BZip2/BZip2+BlockSize.swift /Users/admin/builder/spi-builder-workspace/.dependencies/checkouts/SWCompression/Sources/BZip2/BZip2+Compress.swift /Users/admin/builder/spi-builder-workspace/.dependencies/checkouts/SWCompression/Sources/BZip2/BZip2+Lengths.swift /Users/admin/builder/spi-builder-workspace/.dependencies/checkouts/SWCompression/Sources/BZip2/BZip2.swift (in target 'SWCompression' from project 'SWCompression')
SwiftCompile normal arm64 /Users/admin/builder/spi-builder-workspace/.dependencies/checkouts/SWCompression/Sources/7-Zip/7zPackInfo.swift (in target 'SWCompression' from project 'SWCompression')
cd /Users/admin/builder/spi-builder-workspace/.swiftpm/xcode
builtin-SwiftPerFileCompile 7zPackInfo.swift
SwiftCompile normal arm64 /Users/admin/builder/spi-builder-workspace/.dependencies/checkouts/SWCompression/Sources/7-Zip/7zProperty.swift (in target 'SWCompression' from project 'SWCompression')
cd /Users/admin/builder/spi-builder-workspace/.swiftpm/xcode
builtin-SwiftPerFileCompile 7zProperty.swift
SwiftCompile normal arm64 /Users/admin/builder/spi-builder-workspace/.dependencies/checkouts/SWCompression/Sources/7-Zip/7zStreamInfo.swift (in target 'SWCompression' from project 'SWCompression')
cd /Users/admin/builder/spi-builder-workspace/.swiftpm/xcode
builtin-SwiftPerFileCompile 7zStreamInfo.swift
SwiftCompile normal arm64 /Users/admin/builder/spi-builder-workspace/.dependencies/checkouts/SWCompression/Sources/7-Zip/7zSubstreamInfo.swift (in target 'SWCompression' from project 'SWCompression')
cd /Users/admin/builder/spi-builder-workspace/.swiftpm/xcode
builtin-SwiftPerFileCompile 7zSubstreamInfo.swift
SwiftCompile normal arm64 /Users/admin/builder/spi-builder-workspace/.dependencies/checkouts/SWCompression/Sources/7-Zip/CompressionMethod+7z.swift (in target 'SWCompression' from project 'SWCompression')
cd /Users/admin/builder/spi-builder-workspace/.swiftpm/xcode
builtin-SwiftPerFileCompile CompressionMethod+7z.swift
SwiftCompile normal arm64 /Users/admin/builder/spi-builder-workspace/.dependencies/checkouts/SWCompression/Sources/7-Zip/MsbBitReader+7z.swift (in target 'SWCompression' from project 'SWCompression')
cd /Users/admin/builder/spi-builder-workspace/.swiftpm/xcode
builtin-SwiftPerFileCompile MsbBitReader+7z.swift
SwiftCompile normal arm64 /Users/admin/builder/spi-builder-workspace/.dependencies/checkouts/SWCompression/Sources/BZip2/BZip2+BlockSize.swift (in target 'SWCompression' from project 'SWCompression')
cd /Users/admin/builder/spi-builder-workspace/.swiftpm/xcode
builtin-SwiftPerFileCompile BZip2+BlockSize.swift
SwiftCompile normal arm64 /Users/admin/builder/spi-builder-workspace/.dependencies/checkouts/SWCompression/Sources/BZip2/BZip2+Compress.swift (in target 'SWCompression' from project 'SWCompression')
cd /Users/admin/builder/spi-builder-workspace/.swiftpm/xcode
builtin-SwiftPerFileCompile BZip2+Compress.swift
SwiftCompile normal arm64 /Users/admin/builder/spi-builder-workspace/.dependencies/checkouts/SWCompression/Sources/BZip2/BZip2+Lengths.swift (in target 'SWCompression' from project 'SWCompression')
cd /Users/admin/builder/spi-builder-workspace/.swiftpm/xcode
builtin-SwiftPerFileCompile BZip2+Lengths.swift
SwiftCompile normal arm64 /Users/admin/builder/spi-builder-workspace/.dependencies/checkouts/SWCompression/Sources/BZip2/BZip2.swift (in target 'SWCompression' from project 'SWCompression')
cd /Users/admin/builder/spi-builder-workspace/.swiftpm/xcode
builtin-SwiftPerFileCompile BZip2.swift
SwiftDriverJobDiscovery normal arm64 Compiling CommitContributor.swift, Conditions.swift, Configuration.swift (in target 'XcodeServerModel_1_0_0' from project 'XcodeServer')
SwiftCompile normal arm64 Compiling\ ZipEndOfCentralDirectory.swift,\ ZipEntry.swift,\ ZipEntryInfo.swift,\ ZipEntryInfoHelper.swift,\ ZipError.swift,\ ZipExtraField.swift,\ ZipLocalHeader.swift,\ ZlibArchive.swift,\ ZlibError.swift,\ ZlibHeader.swift /Users/admin/builder/spi-builder-workspace/.dependencies/checkouts/SWCompression/Sources/ZIP/ZipEndOfCentralDirectory.swift /Users/admin/builder/spi-builder-workspace/.dependencies/checkouts/SWCompression/Sources/ZIP/ZipEntry.swift /Users/admin/builder/spi-builder-workspace/.dependencies/checkouts/SWCompression/Sources/ZIP/ZipEntryInfo.swift /Users/admin/builder/spi-builder-workspace/.dependencies/checkouts/SWCompression/Sources/ZIP/ZipEntryInfoHelper.swift /Users/admin/builder/spi-builder-workspace/.dependencies/checkouts/SWCompression/Sources/ZIP/ZipError.swift /Users/admin/builder/spi-builder-workspace/.dependencies/checkouts/SWCompression/Sources/ZIP/ZipExtraField.swift /Users/admin/builder/spi-builder-workspace/.dependencies/checkouts/SWCompression/Sources/ZIP/ZipLocalHeader.swift /Users/admin/builder/spi-builder-workspace/.dependencies/checkouts/SWCompression/Sources/Zlib/ZlibArchive.swift /Users/admin/builder/spi-builder-workspace/.dependencies/checkouts/SWCompression/Sources/Zlib/ZlibError.swift /Users/admin/builder/spi-builder-workspace/.dependencies/checkouts/SWCompression/Sources/Zlib/ZlibHeader.swift (in target 'SWCompression' from project 'SWCompression')
SwiftCompile normal arm64 /Users/admin/builder/spi-builder-workspace/.dependencies/checkouts/SWCompression/Sources/ZIP/ZipEndOfCentralDirectory.swift (in target 'SWCompression' from project 'SWCompression')
cd /Users/admin/builder/spi-builder-workspace/.swiftpm/xcode
builtin-SwiftPerFileCompile ZipEndOfCentralDirectory.swift
SwiftCompile normal arm64 /Users/admin/builder/spi-builder-workspace/.dependencies/checkouts/SWCompression/Sources/ZIP/ZipEntry.swift (in target 'SWCompression' from project 'SWCompression')
cd /Users/admin/builder/spi-builder-workspace/.swiftpm/xcode
builtin-SwiftPerFileCompile ZipEntry.swift
SwiftCompile normal arm64 /Users/admin/builder/spi-builder-workspace/.dependencies/checkouts/SWCompression/Sources/ZIP/ZipEntryInfo.swift (in target 'SWCompression' from project 'SWCompression')
cd /Users/admin/builder/spi-builder-workspace/.swiftpm/xcode
builtin-SwiftPerFileCompile ZipEntryInfo.swift
SwiftCompile normal arm64 /Users/admin/builder/spi-builder-workspace/.dependencies/checkouts/SWCompression/Sources/ZIP/ZipEntryInfoHelper.swift (in target 'SWCompression' from project 'SWCompression')
cd /Users/admin/builder/spi-builder-workspace/.swiftpm/xcode
builtin-SwiftPerFileCompile ZipEntryInfoHelper.swift
SwiftCompile normal arm64 /Users/admin/builder/spi-builder-workspace/.dependencies/checkouts/SWCompression/Sources/ZIP/ZipError.swift (in target 'SWCompression' from project 'SWCompression')
cd /Users/admin/builder/spi-builder-workspace/.swiftpm/xcode
builtin-SwiftPerFileCompile ZipError.swift
SwiftCompile normal arm64 /Users/admin/builder/spi-builder-workspace/.dependencies/checkouts/SWCompression/Sources/ZIP/ZipExtraField.swift (in target 'SWCompression' from project 'SWCompression')
cd /Users/admin/builder/spi-builder-workspace/.swiftpm/xcode
builtin-SwiftPerFileCompile ZipExtraField.swift
SwiftCompile normal arm64 /Users/admin/builder/spi-builder-workspace/.dependencies/checkouts/SWCompression/Sources/ZIP/ZipLocalHeader.swift (in target 'SWCompression' from project 'SWCompression')
cd /Users/admin/builder/spi-builder-workspace/.swiftpm/xcode
builtin-SwiftPerFileCompile ZipLocalHeader.swift
SwiftCompile normal arm64 /Users/admin/builder/spi-builder-workspace/.dependencies/checkouts/SWCompression/Sources/Zlib/ZlibArchive.swift (in target 'SWCompression' from project 'SWCompression')
cd /Users/admin/builder/spi-builder-workspace/.swiftpm/xcode
builtin-SwiftPerFileCompile ZlibArchive.swift
SwiftCompile normal arm64 /Users/admin/builder/spi-builder-workspace/.dependencies/checkouts/SWCompression/Sources/Zlib/ZlibError.swift (in target 'SWCompression' from project 'SWCompression')
cd /Users/admin/builder/spi-builder-workspace/.swiftpm/xcode
builtin-SwiftPerFileCompile ZlibError.swift
SwiftCompile normal arm64 /Users/admin/builder/spi-builder-workspace/.dependencies/checkouts/SWCompression/Sources/Zlib/ZlibHeader.swift (in target 'SWCompression' from project 'SWCompression')
cd /Users/admin/builder/spi-builder-workspace/.swiftpm/xcode
builtin-SwiftPerFileCompile ZlibHeader.swift
SwiftExplicitDependencyGeneratePcm arm64 /Users/admin/builder/spi-builder-workspace/.derivedData/SDKExplicitPrecompiledModules/FileProvider-C9I28SI56F2SEVH1BCWTKGODO.pcm
SwiftDriverJobDiscovery normal arm64 Emitting module for SWCompression (in target 'SWCompression' from project 'SWCompression')
SwiftDriver\ Compilation\ Requirements SWCompression normal arm64 com.apple.xcode.tools.swift.compiler (in target 'SWCompression' from project 'SWCompression')
cd /Users/admin/builder/spi-builder-workspace/.swiftpm/xcode
builtin-Swift-Compilation-Requirements -- /Applications/Xcode-27.0.0-Release.Candidate.app/Contents/Developer/Toolchains/XcodeDefault.xctoolchain/usr/bin/swiftc -parse-as-library -module-name SWCompression -Onone @/Users/admin/builder/spi-builder-workspace/.derivedData/Build/Intermediates.noindex/SWCompression.build/Debug-xros/SWCompression-t.build/Objects-normal/arm64/SWCompression.SwiftFileList -DSWIFT_PACKAGE -DDEBUG -DSWIFT_MODULE_RESOURCE_BUNDLE_AVAILABLE -DXcode -plugin-path /Applications/Xcode-27.0.0-Release.Candidate.app/Contents/Developer/Toolchains/XcodeDefault.xctoolchain/usr/lib/swift/host/plugins/testing -enable-experimental-feature DebugDescriptionMacro -sdk /Applications/Xcode-27.0.0-Release.Candidate.app/Contents/Developer/Platforms/XROS.platform/Developer/SDKs/XROS27.0.sdk -target arm64-apple-xros1.0 -g -module-cache-path /Users/admin/builder/spi-builder-workspace/.derivedData/ModuleCache.noindex -Xfrontend -serialize-debugging-options -profile-coverage-mapping -profile-generate -enable-testing -suppress-warnings -index-store-path /Users/admin/builder/spi-builder-workspace/.derivedData/Index.noindex/DataStore -Xcc -D_LIBCPP_HARDENING_MODE\=_LIBCPP_HARDENING_MODE_DEBUG -swift-version 5 -I /Users/admin/builder/spi-builder-workspace/.derivedData/Build/Products/Debug-xros -Isystem /Applications/Xcode-27.0.0-Release.Candidate.app/Contents/Developer/Platforms/XROS.platform/Developer/usr/lib -F /Users/admin/builder/spi-builder-workspace/.derivedData/Build/Products/Debug-xros/PackageFrameworks -F /Users/admin/builder/spi-builder-workspace/.derivedData/Build/Products/Debug-xros -F /Applications/Xcode-27.0.0-Release.Candidate.app/Contents/Developer/Platforms/XROS.platform/Developer/Library/Frameworks -F /Applications/Xcode-27.0.0-Release.Candidate.app/Contents/Developer/Platforms/XROS.platform/Developer/SDKs/XROS27.0.sdk/Developer/Library/Frameworks -c -j10 -enable-batch-mode -incremental -Xcc -ivfsstatcache -Xcc /Users/admin/builder/spi-builder-workspace/.derivedData/SDKStatCaches.noindex/xros27.0-24M361-e829b21a6f8c9b70876ba0858053c044735bd543db762f57723cac368afd1ce4.sdkstatcache -output-file-map /Users/admin/builder/spi-builder-workspace/.derivedData/Build/Intermediates.noindex/SWCompression.build/Debug-xros/SWCompression-t.build/Objects-normal/arm64/SWCompression-OutputFileMap.json -save-temps -no-color-diagnostics -explicit-module-build -module-cache-path /Users/admin/builder/spi-builder-workspace/.derivedData/Build/Intermediates.noindex/SwiftExplicitPrecompiledModules -clang-scanner-module-cache-path /Users/admin/builder/spi-builder-workspace/.derivedData/ModuleCache.noindex -sdk-module-cache-path /Users/admin/builder/spi-builder-workspace/.derivedData/SDKExplicitPrecompiledModules -emit-dependencies -emit-module -emit-module-path /Users/admin/builder/spi-builder-workspace/.derivedData/Build/Intermediates.noindex/SWCompression.build/Debug-xros/SWCompression-t.build/Objects-normal/arm64/SWCompression.swiftmodule -serialize-diagnostics -dependency-scan-serialize-diagnostics-path /Users/admin/builder/spi-builder-workspace/.derivedData/Build/Intermediates.noindex/SWCompression.build/Debug-xros/SWCompression-t.build/Objects-normal/arm64/SWCompression-dependency-scan.dia -validate-clang-modules-once -clang-build-session-file /Users/admin/builder/spi-builder-workspace/.derivedData/ModuleCache.noindex/Session.modulevalidation -Xcc -fmodules-prune-interval\=86400 -Xcc -fmodules-prune-after\=345600 -package-name swcompression -emit-const-values -const-gather-protocols-list /Users/admin/builder/spi-builder-workspace/.derivedData/Build/Intermediates.noindex/SWCompression.build/Debug-xros/SWCompression-t.build/Objects-normal/arm64/SWCompression_const_extract_protocols.json -Xcc -I/Users/admin/builder/spi-builder-workspace/.derivedData/Build/Products/Debug-xros/include -Xcc -I/Users/admin/builder/spi-builder-workspace/.derivedData/Build/Intermediates.noindex/SWCompression.build/Debug-xros/SWCompression-t.build/DerivedSources-normal/arm64 -Xcc -I/Users/admin/builder/spi-builder-workspace/.derivedData/Build/Intermediates.noindex/SWCompression.build/Debug-xros/SWCompression-t.build/DerivedSources/arm64 -Xcc -I/Users/admin/builder/spi-builder-workspace/.derivedData/Build/Intermediates.noindex/SWCompression.build/Debug-xros/SWCompression-t.build/DerivedSources -Xcc -DSWIFT_PACKAGE -Xcc -DDEBUG\=1 -emit-objc-header -emit-objc-header-path /Users/admin/builder/spi-builder-workspace/.derivedData/Build/Intermediates.noindex/SWCompression.build/Debug-xros/SWCompression-t.build/Objects-normal/arm64/SWCompression-Swift.h -working-directory /Users/admin/builder/spi-builder-workspace/.swiftpm/xcode -experimental-emit-module-separately -disable-cmo
SwiftDriverJobDiscovery normal arm64 Compiling BZip2Error.swift, BurrowsWheeler.swift, SuffixArray.swift, Archive.swift, CheckSums.swift, Code.swift, CodeLength.swift, DecodingTree.swift, EncodingTree.swift, CompressionAlgorithm.swift (in target 'SWCompression' from project 'SWCompression')
SwiftExplicitDependencyGeneratePcm arm64 /Users/admin/builder/spi-builder-workspace/.derivedData/SDKExplicitPrecompiledModules/CoreText-6F9TY5TEPCCZ1K2KYM4GMEGHD.pcm
SwiftMergeGeneratedHeaders /Users/admin/builder/spi-builder-workspace/.derivedData/Build/Intermediates.noindex/GeneratedModuleMaps-xros/SWCompression-Swift.h /Users/admin/builder/spi-builder-workspace/.derivedData/Build/Intermediates.noindex/SWCompression.build/Debug-xros/SWCompression-t.build/Objects-normal/arm64/SWCompression-Swift.h (in target 'SWCompression' from project 'SWCompression')
cd /Users/admin/builder/spi-builder-workspace/.dependencies/checkouts/SWCompression
builtin-swiftHeaderTool -arch arm64 /Users/admin/builder/spi-builder-workspace/.derivedData/Build/Intermediates.noindex/SWCompression.build/Debug-xros/SWCompression-t.build/Objects-normal/arm64/SWCompression-Swift.h -o /Users/admin/builder/spi-builder-workspace/.derivedData/Build/Intermediates.noindex/GeneratedModuleMaps-xros/SWCompression-Swift.h
Copy /Users/admin/builder/spi-builder-workspace/.derivedData/Build/Products/Debug-xros/SWCompression.swiftmodule/arm64-apple-xros.swiftmodule /Users/admin/builder/spi-builder-workspace/.derivedData/Build/Intermediates.noindex/SWCompression.build/Debug-xros/SWCompression-t.build/Objects-normal/arm64/SWCompression.swiftmodule (in target 'SWCompression' from project 'SWCompression')
cd /Users/admin/builder/spi-builder-workspace/.dependencies/checkouts/SWCompression
builtin-copy -exclude .DS_Store -exclude CVS -exclude .svn -exclude .git -exclude .hg -resolve-src-symlinks -rename /Users/admin/builder/spi-builder-workspace/.derivedData/Build/Intermediates.noindex/SWCompression.build/Debug-xros/SWCompression-t.build/Objects-normal/arm64/SWCompression.swiftmodule /Users/admin/builder/spi-builder-workspace/.derivedData/Build/Products/Debug-xros/SWCompression.swiftmodule/arm64-apple-xros.swiftmodule
Copy /Users/admin/builder/spi-builder-workspace/.derivedData/Build/Products/Debug-xros/SWCompression.swiftmodule/arm64-apple-xros.swiftdoc /Users/admin/builder/spi-builder-workspace/.derivedData/Build/Intermediates.noindex/SWCompression.build/Debug-xros/SWCompression-t.build/Objects-normal/arm64/SWCompression.swiftdoc (in target 'SWCompression' from project 'SWCompression')
cd /Users/admin/builder/spi-builder-workspace/.dependencies/checkouts/SWCompression
builtin-copy -exclude .DS_Store -exclude CVS -exclude .svn -exclude .git -exclude .hg -resolve-src-symlinks -rename /Users/admin/builder/spi-builder-workspace/.derivedData/Build/Intermediates.noindex/SWCompression.build/Debug-xros/SWCompression-t.build/Objects-normal/arm64/SWCompression.swiftdoc /Users/admin/builder/spi-builder-workspace/.derivedData/Build/Products/Debug-xros/SWCompression.swiftmodule/arm64-apple-xros.swiftdoc
Copy /Users/admin/builder/spi-builder-workspace/.derivedData/Build/Products/Debug-xros/SWCompression.swiftmodule/arm64-apple-xros.abi.json /Users/admin/builder/spi-builder-workspace/.derivedData/Build/Intermediates.noindex/SWCompression.build/Debug-xros/SWCompression-t.build/Objects-normal/arm64/SWCompression.abi.json (in target 'SWCompression' from project 'SWCompression')
cd /Users/admin/builder/spi-builder-workspace/.dependencies/checkouts/SWCompression
builtin-copy -exclude .DS_Store -exclude CVS -exclude .svn -exclude .git -exclude .hg -resolve-src-symlinks -rename /Users/admin/builder/spi-builder-workspace/.derivedData/Build/Intermediates.noindex/SWCompression.build/Debug-xros/SWCompression-t.build/Objects-normal/arm64/SWCompression.abi.json /Users/admin/builder/spi-builder-workspace/.derivedData/Build/Products/Debug-xros/SWCompression.swiftmodule/arm64-apple-xros.abi.json
Copy /Users/admin/builder/spi-builder-workspace/.derivedData/Build/Products/Debug-xros/SWCompression.swiftmodule/Project/arm64-apple-xros.swiftsourceinfo /Users/admin/builder/spi-builder-workspace/.derivedData/Build/Intermediates.noindex/SWCompression.build/Debug-xros/SWCompression-t.build/Objects-normal/arm64/SWCompression.swiftsourceinfo (in target 'SWCompression' from project 'SWCompression')
cd /Users/admin/builder/spi-builder-workspace/.dependencies/checkouts/SWCompression
builtin-copy -exclude .DS_Store -exclude CVS -exclude .svn -exclude .git -exclude .hg -resolve-src-symlinks -rename /Users/admin/builder/spi-builder-workspace/.derivedData/Build/Intermediates.noindex/SWCompression.build/Debug-xros/SWCompression-t.build/Objects-normal/arm64/SWCompression.swiftsourceinfo /Users/admin/builder/spi-builder-workspace/.derivedData/Build/Products/Debug-xros/SWCompression.swiftmodule/Project/arm64-apple-xros.swiftsourceinfo
SwiftExplicitDependencyGeneratePcm arm64 /Users/admin/builder/spi-builder-workspace/.derivedData/SDKExplicitPrecompiledModules/ImageIO-5CC6COR9KJYI1UBL7CSHLU2OG.pcm
SwiftExplicitDependencyGeneratePcm arm64 /Users/admin/builder/spi-builder-workspace/.derivedData/SDKExplicitPrecompiledModules/Accessibility-1DR4J4YDVDGAYQTZ0FKZ1PU09.pcm
SwiftExplicitDependencyGeneratePcm arm64 /Users/admin/builder/spi-builder-workspace/.derivedData/SDKExplicitPrecompiledModules/CoreVideo-E12HJSJSLO0YKWYBES11UKJ02.pcm
SwiftDriver\ Compilation XcodeServerModel_1_0_0 normal arm64 com.apple.xcode.tools.swift.compiler (in target 'XcodeServerModel_1_0_0' from project 'XcodeServer')
cd /Users/admin/builder/spi-builder-workspace/.swiftpm/xcode
builtin-Swift-Compilation -- /Applications/Xcode-27.0.0-Release.Candidate.app/Contents/Developer/Toolchains/XcodeDefault.xctoolchain/usr/bin/swiftc -parse-as-library -module-name XcodeServerModel_1_0_0 -Onone @/Users/admin/builder/spi-builder-workspace/.derivedData/Build/Intermediates.noindex/XcodeServer.build/Debug-xros/XcodeServerModel_1_0_0-t.build/Objects-normal/arm64/XcodeServerModel_1_0_0.SwiftFileList -DSWIFT_PACKAGE -DDEBUG -DSWIFT_MODULE_RESOURCE_BUNDLE_AVAILABLE -DXcode -plugin-path /Applications/Xcode-27.0.0-Release.Candidate.app/Contents/Developer/Toolchains/XcodeDefault.xctoolchain/usr/lib/swift/host/plugins/testing -enable-experimental-feature DebugDescriptionMacro -sdk /Applications/Xcode-27.0.0-Release.Candidate.app/Contents/Developer/Platforms/XROS.platform/Developer/SDKs/XROS27.0.sdk -target arm64-apple-xros1.0 -g -module-cache-path /Users/admin/builder/spi-builder-workspace/.derivedData/ModuleCache.noindex -Xfrontend -serialize-debugging-options -profile-coverage-mapping -profile-generate -enable-testing -index-store-path /Users/admin/builder/spi-builder-workspace/.derivedData/Index.noindex/DataStore -Xcc -D_LIBCPP_HARDENING_MODE\=_LIBCPP_HARDENING_MODE_DEBUG -swift-version 5 -I /Users/admin/builder/spi-builder-workspace/.derivedData/Build/Products/Debug-xros -Isystem /Applications/Xcode-27.0.0-Release.Candidate.app/Contents/Developer/Platforms/XROS.platform/Developer/usr/lib -F /Users/admin/builder/spi-builder-workspace/.derivedData/Build/Products/Debug-xros/PackageFrameworks -F /Users/admin/builder/spi-builder-workspace/.derivedData/Build/Products/Debug-xros -F /Applications/Xcode-27.0.0-Release.Candidate.app/Contents/Developer/Platforms/XROS.platform/Developer/Library/Frameworks -F /Applications/Xcode-27.0.0-Release.Candidate.app/Contents/Developer/Platforms/XROS.platform/Developer/SDKs/XROS27.0.sdk/Developer/Library/Frameworks -c -j10 -enable-batch-mode -incremental -Xcc -ivfsstatcache -Xcc /Users/admin/builder/spi-builder-workspace/.derivedData/SDKStatCaches.noindex/xros27.0-24M361-e829b21a6f8c9b70876ba0858053c044735bd543db762f57723cac368afd1ce4.sdkstatcache -output-file-map /Users/admin/builder/spi-builder-workspace/.derivedData/Build/Intermediates.noindex/XcodeServer.build/Debug-xros/XcodeServerModel_1_0_0-t.build/Objects-normal/arm64/XcodeServerModel_1_0_0-OutputFileMap.json -save-temps -no-color-diagnostics -explicit-module-build -module-cache-path /Users/admin/builder/spi-builder-workspace/.derivedData/Build/Intermediates.noindex/SwiftExplicitPrecompiledModules -clang-scanner-module-cache-path /Users/admin/builder/spi-builder-workspace/.derivedData/ModuleCache.noindex -sdk-module-cache-path /Users/admin/builder/spi-builder-workspace/.derivedData/SDKExplicitPrecompiledModules -emit-dependencies -emit-module -emit-module-path /Users/admin/builder/spi-builder-workspace/.derivedData/Build/Intermediates.noindex/XcodeServer.build/Debug-xros/XcodeServerModel_1_0_0-t.build/Objects-normal/arm64/XcodeServerModel_1_0_0.swiftmodule -serialize-diagnostics -dependency-scan-serialize-diagnostics-path /Users/admin/builder/spi-builder-workspace/.derivedData/Build/Intermediates.noindex/XcodeServer.build/Debug-xros/XcodeServerModel_1_0_0-t.build/Objects-normal/arm64/XcodeServerModel_1_0_0-dependency-scan.dia -validate-clang-modules-once -clang-build-session-file /Users/admin/builder/spi-builder-workspace/.derivedData/ModuleCache.noindex/Session.modulevalidation -Xcc -fmodules-prune-interval\=86400 -Xcc -fmodules-prune-after\=345600 -emit-const-values -const-gather-protocols-list /Users/admin/builder/spi-builder-workspace/.derivedData/Build/Intermediates.noindex/XcodeServer.build/Debug-xros/XcodeServerModel_1_0_0-t.build/Objects-normal/arm64/XcodeServerModel_1_0_0_const_extract_protocols.json -Xcc -I/Users/admin/builder/spi-builder-workspace/.derivedData/Build/Products/Debug-xros/include -Xcc -I/Users/admin/builder/spi-builder-workspace/.derivedData/Build/Intermediates.noindex/XcodeServer.build/Debug-xros/XcodeServerModel_1_0_0-t.build/DerivedSources-normal/arm64 -Xcc -I/Users/admin/builder/spi-builder-workspace/.derivedData/Build/Intermediates.noindex/XcodeServer.build/Debug-xros/XcodeServerModel_1_0_0-t.build/DerivedSources/arm64 -Xcc -I/Users/admin/builder/spi-builder-workspace/.derivedData/Build/Intermediates.noindex/XcodeServer.build/Debug-xros/XcodeServerModel_1_0_0-t.build/DerivedSources -Xcc -DSWIFT_PACKAGE -Xcc -DDEBUG\=1 -emit-objc-header -emit-objc-header-path /Users/admin/builder/spi-builder-workspace/.derivedData/Build/Intermediates.noindex/XcodeServer.build/Debug-xros/XcodeServerModel_1_0_0-t.build/Objects-normal/arm64/XcodeServerModel_1_0_0-Swift.h -working-directory /Users/admin/builder/spi-builder-workspace/.swiftpm/xcode -experimental-emit-module-separately -disable-cmo
SwiftCompile normal arm64 Compiling\ GzipHeader.swift,\ LZ4+Compress.swift,\ LZ4.swift,\ XxHash32.swift,\ LZMA.swift,\ LZMABitTreeDecoder.swift,\ LZMAConstants.swift,\ LZMADecoder.swift,\ LZMAError.swift,\ LZMALenDecoder.swift /Users/admin/builder/spi-builder-workspace/.dependencies/checkouts/SWCompression/Sources/GZip/GzipHeader.swift /Users/admin/builder/spi-builder-workspace/.dependencies/checkouts/SWCompression/Sources/LZ4/LZ4+Compress.swift /Users/admin/builder/spi-builder-workspace/.dependencies/checkouts/SWCompression/Sources/LZ4/LZ4.swift /Users/admin/builder/spi-builder-workspace/.dependencies/checkouts/SWCompression/Sources/LZ4/XxHash32.swift /Users/admin/builder/spi-builder-workspace/.dependencies/checkouts/SWCompression/Sources/LZMA/LZMA.swift /Users/admin/builder/spi-builder-workspace/.dependencies/checkouts/SWCompression/Sources/LZMA/LZMABitTreeDecoder.swift /Users/admin/builder/spi-builder-workspace/.dependencies/checkouts/SWCompression/Sources/LZMA/LZMAConstants.swift /Users/admin/builder/spi-builder-workspace/.dependencies/checkouts/SWCompression/Sources/LZMA/LZMADecoder.swift /Users/admin/builder/spi-builder-workspace/.dependencies/checkouts/SWCompression/Sources/LZMA/LZMAError.swift /Users/admin/builder/spi-builder-workspace/.dependencies/checkouts/SWCompression/Sources/LZMA/LZMALenDecoder.swift (in target 'SWCompression' from project 'SWCompression')
SwiftCompile normal arm64 /Users/admin/builder/spi-builder-workspace/.dependencies/checkouts/SWCompression/Sources/GZip/GzipHeader.swift (in target 'SWCompression' from project 'SWCompression')
cd /Users/admin/builder/spi-builder-workspace/.swiftpm/xcode
builtin-SwiftPerFileCompile GzipHeader.swift
SwiftCompile normal arm64 /Users/admin/builder/spi-builder-workspace/.dependencies/checkouts/SWCompression/Sources/LZ4/LZ4+Compress.swift (in target 'SWCompression' from project 'SWCompression')
cd /Users/admin/builder/spi-builder-workspace/.swiftpm/xcode
builtin-SwiftPerFileCompile LZ4+Compress.swift
SwiftCompile normal arm64 /Users/admin/builder/spi-builder-workspace/.dependencies/checkouts/SWCompression/Sources/LZ4/LZ4.swift (in target 'SWCompression' from project 'SWCompression')
cd /Users/admin/builder/spi-builder-workspace/.swiftpm/xcode
builtin-SwiftPerFileCompile LZ4.swift
SwiftCompile normal arm64 /Users/admin/builder/spi-builder-workspace/.dependencies/checkouts/SWCompression/Sources/LZ4/XxHash32.swift (in target 'SWCompression' from project 'SWCompression')
cd /Users/admin/builder/spi-builder-workspace/.swiftpm/xcode
builtin-SwiftPerFileCompile XxHash32.swift
SwiftCompile normal arm64 /Users/admin/builder/spi-builder-workspace/.dependencies/checkouts/SWCompression/Sources/LZMA/LZMA.swift (in target 'SWCompression' from project 'SWCompression')
cd /Users/admin/builder/spi-builder-workspace/.swiftpm/xcode
builtin-SwiftPerFileCompile LZMA.swift
SwiftCompile normal arm64 /Users/admin/builder/spi-builder-workspace/.dependencies/checkouts/SWCompression/Sources/LZMA/LZMABitTreeDecoder.swift (in target 'SWCompression' from project 'SWCompression')
cd /Users/admin/builder/spi-builder-workspace/.swiftpm/xcode
builtin-SwiftPerFileCompile LZMABitTreeDecoder.swift
SwiftCompile normal arm64 /Users/admin/builder/spi-builder-workspace/.dependencies/checkouts/SWCompression/Sources/LZMA/LZMAConstants.swift (in target 'SWCompression' from project 'SWCompression')
cd /Users/admin/builder/spi-builder-workspace/.swiftpm/xcode
builtin-SwiftPerFileCompile LZMAConstants.swift
SwiftCompile normal arm64 /Users/admin/builder/spi-builder-workspace/.dependencies/checkouts/SWCompression/Sources/LZMA/LZMADecoder.swift (in target 'SWCompression' from project 'SWCompression')
cd /Users/admin/builder/spi-builder-workspace/.swiftpm/xcode
builtin-SwiftPerFileCompile LZMADecoder.swift
SwiftCompile normal arm64 /Users/admin/builder/spi-builder-workspace/.dependencies/checkouts/SWCompression/Sources/LZMA/LZMAError.swift (in target 'SWCompression' from project 'SWCompression')
cd /Users/admin/builder/spi-builder-workspace/.swiftpm/xcode
builtin-SwiftPerFileCompile LZMAError.swift
SwiftCompile normal arm64 /Users/admin/builder/spi-builder-workspace/.dependencies/checkouts/SWCompression/Sources/LZMA/LZMALenDecoder.swift (in target 'SWCompression' from project 'SWCompression')
cd /Users/admin/builder/spi-builder-workspace/.swiftpm/xcode
builtin-SwiftPerFileCompile LZMALenDecoder.swift
SwiftCompile normal arm64 Compiling\ TarEntry.swift,\ TarEntryInfo.swift,\ TarError.swift,\ TarExtendedHeader.swift,\ TarHeader.swift,\ TarParser.swift,\ TarReader.swift,\ TarWriter.swift,\ LittleEndianByteReader+XZ.swift,\ Sha256.swift /Users/admin/builder/spi-builder-workspace/.dependencies/checkouts/SWCompression/Sources/TAR/TarEntry.swift /Users/admin/builder/spi-builder-workspace/.dependencies/checkouts/SWCompression/Sources/TAR/TarEntryInfo.swift /Users/admin/builder/spi-builder-workspace/.dependencies/checkouts/SWCompression/Sources/TAR/TarError.swift /Users/admin/builder/spi-builder-workspace/.dependencies/checkouts/SWCompression/Sources/TAR/TarExtendedHeader.swift /Users/admin/builder/spi-builder-workspace/.dependencies/checkouts/SWCompression/Sources/TAR/TarHeader.swift /Users/admin/builder/spi-builder-workspace/.dependencies/checkouts/SWCompression/Sources/TAR/TarParser.swift /Users/admin/builder/spi-builder-workspace/.dependencies/checkouts/SWCompression/Sources/TAR/TarReader.swift /Users/admin/builder/spi-builder-workspace/.dependencies/checkouts/SWCompression/Sources/TAR/TarWriter.swift /Users/admin/builder/spi-builder-workspace/.dependencies/checkouts/SWCompression/Sources/XZ/LittleEndianByteReader+XZ.swift /Users/admin/builder/spi-builder-workspace/.dependencies/checkouts/SWCompression/Sources/XZ/Sha256.swift (in target 'SWCompression' from project 'SWCompression')
SwiftCompile normal arm64 /Users/admin/builder/spi-builder-workspace/.dependencies/checkouts/SWCompression/Sources/TAR/TarEntry.swift (in target 'SWCompression' from project 'SWCompression')
cd /Users/admin/builder/spi-builder-workspace/.swiftpm/xcode
builtin-SwiftPerFileCompile TarEntry.swift
SwiftCompile normal arm64 /Users/admin/builder/spi-builder-workspace/.dependencies/checkouts/SWCompression/Sources/TAR/TarEntryInfo.swift (in target 'SWCompression' from project 'SWCompression')
cd /Users/admin/builder/spi-builder-workspace/.swiftpm/xcode
builtin-SwiftPerFileCompile TarEntryInfo.swift
SwiftCompile normal arm64 /Users/admin/builder/spi-builder-workspace/.dependencies/checkouts/SWCompression/Sources/TAR/TarError.swift (in target 'SWCompression' from project 'SWCompression')
cd /Users/admin/builder/spi-builder-workspace/.swiftpm/xcode
builtin-SwiftPerFileCompile TarError.swift
SwiftCompile normal arm64 /Users/admin/builder/spi-builder-workspace/.dependencies/checkouts/SWCompression/Sources/TAR/TarExtendedHeader.swift (in target 'SWCompression' from project 'SWCompression')
cd /Users/admin/builder/spi-builder-workspace/.swiftpm/xcode
builtin-SwiftPerFileCompile TarExtendedHeader.swift
SwiftCompile normal arm64 /Users/admin/builder/spi-builder-workspace/.dependencies/checkouts/SWCompression/Sources/TAR/TarHeader.swift (in target 'SWCompression' from project 'SWCompression')
cd /Users/admin/builder/spi-builder-workspace/.swiftpm/xcode
builtin-SwiftPerFileCompile TarHeader.swift
SwiftCompile normal arm64 /Users/admin/builder/spi-builder-workspace/.dependencies/checkouts/SWCompression/Sources/TAR/TarParser.swift (in target 'SWCompression' from project 'SWCompression')
cd /Users/admin/builder/spi-builder-workspace/.swiftpm/xcode
builtin-SwiftPerFileCompile TarParser.swift
SwiftCompile normal arm64 /Users/admin/builder/spi-builder-workspace/.dependencies/checkouts/SWCompression/Sources/TAR/TarReader.swift (in target 'SWCompression' from project 'SWCompression')
cd /Users/admin/builder/spi-builder-workspace/.swiftpm/xcode
builtin-SwiftPerFileCompile TarReader.swift
SwiftCompile normal arm64 /Users/admin/builder/spi-builder-workspace/.dependencies/checkouts/SWCompression/Sources/TAR/TarWriter.swift (in target 'SWCompression' from project 'SWCompression')
cd /Users/admin/builder/spi-builder-workspace/.swiftpm/xcode
builtin-SwiftPerFileCompile TarWriter.swift
SwiftCompile normal arm64 /Users/admin/builder/spi-builder-workspace/.dependencies/checkouts/SWCompression/Sources/XZ/LittleEndianByteReader+XZ.swift (in target 'SWCompression' from project 'SWCompression')
cd /Users/admin/builder/spi-builder-workspace/.swiftpm/xcode
builtin-SwiftPerFileCompile LittleEndianByteReader+XZ.swift
SwiftCompile normal arm64 /Users/admin/builder/spi-builder-workspace/.dependencies/checkouts/SWCompression/Sources/XZ/Sha256.swift (in target 'SWCompression' from project 'SWCompression')
cd /Users/admin/builder/spi-builder-workspace/.swiftpm/xcode
builtin-SwiftPerFileCompile Sha256.swift
SwiftCompile normal arm64 Compiling\ XZArchive.swift,\ XZBlock.swift,\ XZError.swift,\ XZStreamHeader.swift,\ BuiltinExtraFields.swift,\ CompressionMethod+Zip.swift,\ FileSystemType+Zip.swift,\ LittleEndianByteReader+Zip.swift,\ ZipCentralDirectoryEntry.swift,\ ZipContainer.swift /Users/admin/builder/spi-builder-workspace/.dependencies/checkouts/SWCompression/Sources/XZ/XZArchive.swift /Users/admin/builder/spi-builder-workspace/.dependencies/checkouts/SWCompression/Sources/XZ/XZBlock.swift /Users/admin/builder/spi-builder-workspace/.dependencies/checkouts/SWCompression/Sources/XZ/XZError.swift /Users/admin/builder/spi-builder-workspace/.dependencies/checkouts/SWCompression/Sources/XZ/XZStreamHeader.swift /Users/admin/builder/spi-builder-workspace/.dependencies/checkouts/SWCompression/Sources/ZIP/BuiltinExtraFields.swift /Users/admin/builder/spi-builder-workspace/.dependencies/checkouts/SWCompression/Sources/ZIP/CompressionMethod+Zip.swift /Users/admin/builder/spi-builder-workspace/.dependencies/checkouts/SWCompression/Sources/ZIP/FileSystemType+Zip.swift /Users/admin/builder/spi-builder-workspace/.dependencies/checkouts/SWCompression/Sources/ZIP/LittleEndianByteReader+Zip.swift /Users/admin/builder/spi-builder-workspace/.dependencies/checkouts/SWCompression/Sources/ZIP/ZipCentralDirectoryEntry.swift /Users/admin/builder/spi-builder-workspace/.dependencies/checkouts/SWCompression/Sources/ZIP/ZipContainer.swift (in target 'SWCompression' from project 'SWCompression')
SwiftCompile normal arm64 /Users/admin/builder/spi-builder-workspace/.dependencies/checkouts/SWCompression/Sources/XZ/XZArchive.swift (in target 'SWCompression' from project 'SWCompression')
cd /Users/admin/builder/spi-builder-workspace/.swiftpm/xcode
builtin-SwiftPerFileCompile XZArchive.swift
SwiftCompile normal arm64 /Users/admin/builder/spi-builder-workspace/.dependencies/checkouts/SWCompression/Sources/XZ/XZBlock.swift (in target 'SWCompression' from project 'SWCompression')
cd /Users/admin/builder/spi-builder-workspace/.swiftpm/xcode
builtin-SwiftPerFileCompile XZBlock.swift
SwiftCompile normal arm64 /Users/admin/builder/spi-builder-workspace/.dependencies/checkouts/SWCompression/Sources/XZ/XZError.swift (in target 'SWCompression' from project 'SWCompression')
cd /Users/admin/builder/spi-builder-workspace/.swiftpm/xcode
builtin-SwiftPerFileCompile XZError.swift
SwiftCompile normal arm64 /Users/admin/builder/spi-builder-workspace/.dependencies/checkouts/SWCompression/Sources/XZ/XZStreamHeader.swift (in target 'SWCompression' from project 'SWCompression')
cd /Users/admin/builder/spi-builder-workspace/.swiftpm/xcode
builtin-SwiftPerFileCompile XZStreamHeader.swift
SwiftCompile normal arm64 /Users/admin/builder/spi-builder-workspace/.dependencies/checkouts/SWCompression/Sources/ZIP/BuiltinExtraFields.swift (in target 'SWCompression' from project 'SWCompression')
cd /Users/admin/builder/spi-builder-workspace/.swiftpm/xcode
builtin-SwiftPerFileCompile BuiltinExtraFields.swift
SwiftCompile normal arm64 /Users/admin/builder/spi-builder-workspace/.dependencies/checkouts/SWCompression/Sources/ZIP/CompressionMethod+Zip.swift (in target 'SWCompression' from project 'SWCompression')
cd /Users/admin/builder/spi-builder-workspace/.swiftpm/xcode
builtin-SwiftPerFileCompile CompressionMethod+Zip.swift
SwiftCompile normal arm64 /Users/admin/builder/spi-builder-workspace/.dependencies/checkouts/SWCompression/Sources/ZIP/FileSystemType+Zip.swift (in target 'SWCompression' from project 'SWCompression')
cd /Users/admin/builder/spi-builder-workspace/.swiftpm/xcode
builtin-SwiftPerFileCompile FileSystemType+Zip.swift
SwiftCompile normal arm64 /Users/admin/builder/spi-builder-workspace/.dependencies/checkouts/SWCompression/Sources/ZIP/LittleEndianByteReader+Zip.swift (in target 'SWCompression' from project 'SWCompression')
cd /Users/admin/builder/spi-builder-workspace/.swiftpm/xcode
builtin-SwiftPerFileCompile LittleEndianByteReader+Zip.swift
SwiftCompile normal arm64 /Users/admin/builder/spi-builder-workspace/.dependencies/checkouts/SWCompression/Sources/ZIP/ZipCentralDirectoryEntry.swift (in target 'SWCompression' from project 'SWCompression')
cd /Users/admin/builder/spi-builder-workspace/.swiftpm/xcode
builtin-SwiftPerFileCompile ZipCentralDirectoryEntry.swift
SwiftCompile normal arm64 /Users/admin/builder/spi-builder-workspace/.dependencies/checkouts/SWCompression/Sources/ZIP/ZipContainer.swift (in target 'SWCompression' from project 'SWCompression')
cd /Users/admin/builder/spi-builder-workspace/.swiftpm/xcode
builtin-SwiftPerFileCompile ZipContainer.swift
SwiftCompile normal arm64 Compiling\ Extensions.swift,\ FileSystemType.swift,\ Deflate+Compress.swift,\ Deflate+Constants.swift,\ Deflate.swift,\ DeflateError.swift,\ FileSystemType+Gzip.swift,\ GzipArchive.swift,\ GzipError.swift,\ GzipHeader+ExtraField.swift /Users/admin/builder/spi-builder-workspace/.dependencies/checkouts/SWCompression/Sources/Common/Extensions.swift /Users/admin/builder/spi-builder-workspace/.dependencies/checkouts/SWCompression/Sources/Common/FileSystemType.swift /Users/admin/builder/spi-builder-workspace/.dependencies/checkouts/SWCompression/Sources/Deflate/Deflate+Compress.swift /Users/admin/builder/spi-builder-workspace/.dependencies/checkouts/SWCompression/Sources/Deflate/Deflate+Constants.swift /Users/admin/builder/spi-builder-workspace/.dependencies/checkouts/SWCompression/Sources/Deflate/Deflate.swift /Users/admin/builder/spi-builder-workspace/.dependencies/checkouts/SWCompression/Sources/Deflate/DeflateError.swift /Users/admin/builder/spi-builder-workspace/.dependencies/checkouts/SWCompression/Sources/GZip/FileSystemType+Gzip.swift /Users/admin/builder/spi-builder-workspace/.dependencies/checkouts/SWCompression/Sources/GZip/GzipArchive.swift /Users/admin/builder/spi-builder-workspace/.dependencies/checkouts/SWCompression/Sources/GZip/GzipError.swift /Users/admin/builder/spi-builder-workspace/.dependencies/checkouts/SWCompression/Sources/GZip/GzipHeader+ExtraField.swift (in target 'SWCompression' from project 'SWCompression')
SwiftCompile normal arm64 /Users/admin/builder/spi-builder-workspace/.dependencies/checkouts/SWCompression/Sources/Common/Extensions.swift (in target 'SWCompression' from project 'SWCompression')
cd /Users/admin/builder/spi-builder-workspace/.swiftpm/xcode
builtin-SwiftPerFileCompile Extensions.swift
SwiftCompile normal arm64 /Users/admin/builder/spi-builder-workspace/.dependencies/checkouts/SWCompression/Sources/Common/FileSystemType.swift (in target 'SWCompression' from project 'SWCompression')
cd /Users/admin/builder/spi-builder-workspace/.swiftpm/xcode
builtin-SwiftPerFileCompile FileSystemType.swift
SwiftCompile normal arm64 /Users/admin/builder/spi-builder-workspace/.dependencies/checkouts/SWCompression/Sources/Deflate/Deflate+Compress.swift (in target 'SWCompression' from project 'SWCompression')
cd /Users/admin/builder/spi-builder-workspace/.swiftpm/xcode
builtin-SwiftPerFileCompile Deflate+Compress.swift
SwiftCompile normal arm64 /Users/admin/builder/spi-builder-workspace/.dependencies/checkouts/SWCompression/Sources/Deflate/Deflate+Constants.swift (in target 'SWCompression' from project 'SWCompression')
cd /Users/admin/builder/spi-builder-workspace/.swiftpm/xcode
builtin-SwiftPerFileCompile Deflate+Constants.swift
SwiftCompile normal arm64 /Users/admin/builder/spi-builder-workspace/.dependencies/checkouts/SWCompression/Sources/Deflate/Deflate.swift (in target 'SWCompression' from project 'SWCompression')
cd /Users/admin/builder/spi-builder-workspace/.swiftpm/xcode
builtin-SwiftPerFileCompile Deflate.swift
SwiftCompile normal arm64 /Users/admin/builder/spi-builder-workspace/.dependencies/checkouts/SWCompression/Sources/Deflate/DeflateError.swift (in target 'SWCompression' from project 'SWCompression')
cd /Users/admin/builder/spi-builder-workspace/.swiftpm/xcode
builtin-SwiftPerFileCompile DeflateError.swift
SwiftCompile normal arm64 /Users/admin/builder/spi-builder-workspace/.dependencies/checkouts/SWCompression/Sources/GZip/FileSystemType+Gzip.swift (in target 'SWCompression' from project 'SWCompression')
cd /Users/admin/builder/spi-builder-workspace/.swiftpm/xcode
builtin-SwiftPerFileCompile FileSystemType+Gzip.swift
SwiftCompile normal arm64 /Users/admin/builder/spi-builder-workspace/.dependencies/checkouts/SWCompression/Sources/GZip/GzipArchive.swift (in target 'SWCompression' from project 'SWCompression')
cd /Users/admin/builder/spi-builder-workspace/.swiftpm/xcode
builtin-SwiftPerFileCompile GzipArchive.swift
SwiftCompile normal arm64 /Users/admin/builder/spi-builder-workspace/.dependencies/checkouts/SWCompression/Sources/GZip/GzipError.swift (in target 'SWCompression' from project 'SWCompression')
cd /Users/admin/builder/spi-builder-workspace/.swiftpm/xcode
builtin-SwiftPerFileCompile GzipError.swift
SwiftCompile normal arm64 /Users/admin/builder/spi-builder-workspace/.dependencies/checkouts/SWCompression/Sources/GZip/GzipHeader+ExtraField.swift (in target 'SWCompression' from project 'SWCompression')
cd /Users/admin/builder/spi-builder-workspace/.swiftpm/xcode
builtin-SwiftPerFileCompile GzipHeader+ExtraField.swift
SwiftExplicitDependencyGeneratePcm arm64 /Users/admin/builder/spi-builder-workspace/.derivedData/SDKExplicitPrecompiledModules/CoreImage-8WF1P230U10QM666EQMNV7OF1.pcm
Ld /Users/admin/builder/spi-builder-workspace/.derivedData/Build/Products/Debug-xros/XcodeServerModel_1_0_0.o normal (in target 'XcodeServerModel_1_0_0' from project 'XcodeServer')
cd /Users/admin/builder/spi-builder-workspace
/Applications/Xcode-27.0.0-Release.Candidate.app/Contents/Developer/Toolchains/XcodeDefault.xctoolchain/usr/bin/clang -Xlinker -reproducible -target arm64-apple-xros1.0 -r -isysroot /Applications/Xcode-27.0.0-Release.Candidate.app/Contents/Developer/Platforms/XROS.platform/Developer/SDKs/XROS27.0.sdk -O0 -Xlinker -no_warn_duplicate_libraries -F/Users/admin/builder/spi-builder-workspace/.derivedData/Build/Intermediates.noindex/EagerLinkingTBDs/Debug-xros -F/Users/admin/builder/spi-builder-workspace/.derivedData/Build/Products/Debug-xros/PackageFrameworks -F/Users/admin/builder/spi-builder-workspace/.derivedData/Build/Products/Debug-xros -iframework /Applications/Xcode-27.0.0-Release.Candidate.app/Contents/Developer/Platforms/XROS.platform/Developer/Library/Frameworks -iframework /Applications/Xcode-27.0.0-Release.Candidate.app/Contents/Developer/Platforms/XROS.platform/Developer/SDKs/XROS27.0.sdk/Developer/Library/Frameworks -filelist /Users/admin/builder/spi-builder-workspace/.derivedData/Build/Intermediates.noindex/XcodeServer.build/Debug-xros/XcodeServerModel_1_0_0-t.build/Objects-normal/arm64/XcodeServerModel_1_0_0.LinkFileList -nostdlib -Xlinker -object_path_lto -Xlinker /Users/admin/builder/spi-builder-workspace/.derivedData/Build/Intermediates.noindex/XcodeServer.build/Debug-xros/XcodeServerModel_1_0_0-t.build/Objects-normal/arm64/XcodeServerModel_1_0_0_lto.o -Xlinker -no_deduplicate -Xlinker -debug_variant -Xlinker -dependency_info -Xlinker /Users/admin/builder/spi-builder-workspace/.derivedData/Build/Intermediates.noindex/XcodeServer.build/Debug-xros/XcodeServerModel_1_0_0-t.build/Objects-normal/arm64/XcodeServerModel_1_0_0_dependency_info.dat -fobjc-link-runtime -L/Applications/Xcode-27.0.0-Release.Candidate.app/Contents/Developer/Toolchains/XcodeDefault.xctoolchain/usr/lib/swift/xros -L/usr/lib/swift -Xlinker -add_ast_path -Xlinker /Users/admin/builder/spi-builder-workspace/.derivedData/Build/Intermediates.noindex/XcodeServer.build/Debug-xros/XcodeServerModel_1_0_0-t.build/Objects-normal/arm64/XcodeServerModel_1_0_0.swiftmodule -o /Users/admin/builder/spi-builder-workspace/.derivedData/Build/Products/Debug-xros/XcodeServerModel_1_0_0.o
SwiftDriverJobDiscovery normal arm64 Compiling LZMAProperties.swift, LZMARangeDecoder.swift, LZMA2.swift, LZMA2Decoder.swift, LZMA2Error.swift, ContainerEntryType+Tar.swift, Data+Tar.swift, LittleEndianByteReader+Tar.swift, TarContainer.swift, TarCreateError.swift (in target 'SWCompression' from project 'SWCompression')
SwiftExplicitDependencyGeneratePcm arm64 /Users/admin/builder/spi-builder-workspace/.derivedData/SDKExplicitPrecompiledModules/QuartzCore-12T8WVKUNCL1N7VXH87MM4YOB.pcm
ExtractAppIntentsMetadata (in target 'XcodeServerModel_1_1_0' from project 'XcodeServer')
cd /Users/admin/builder/spi-builder-workspace
/Applications/Xcode-27.0.0-Release.Candidate.app/Contents/Developer/Toolchains/XcodeDefault.xctoolchain/usr/bin/appintentsmetadataprocessor --toolchain-dir /var/run/com.apple.security.cryptexd/mnt/com.apple.MobileAsset.MetalToolchain-v27.1.266.1.DIPtdD/Metal.xctoolchain --module-name XcodeServerModel_1_1_0 --sdk-root /Applications/Xcode-27.0.0-Release.Candidate.app/Contents/Developer/Platforms/XROS.platform/Developer/SDKs/XROS27.0.sdk --xcode-version 27A266a --platform-family xrOS --deployment-target 1.0 --bundle-identifier spi-builder-workspace.XcodeServerModel-1-1-0 --output /Users/admin/builder/spi-builder-workspace/.derivedData/Build/Products/Debug-xros/XcodeServerModel_1_1_0.appintents --target-triple arm64-apple-xros1.0 --binary-file /Users/admin/builder/spi-builder-workspace/.derivedData/Build/Products/Debug-xros/XcodeServerModel_1_1_0.o --dependency-file /Users/admin/builder/spi-builder-workspace/.derivedData/Build/Intermediates.noindex/XcodeServer.build/Debug-xros/XcodeServerModel_1_1_0-t.build/Objects-normal/arm64/XcodeServerModel_1_1_0_dependency_info.dat --stringsdata-file /Users/admin/builder/spi-builder-workspace/.derivedData/Build/Intermediates.noindex/XcodeServer.build/Debug-xros/XcodeServerModel_1_1_0-t.build/Objects-normal/arm64/ExtractedAppShortcutsMetadata.stringsdata --source-file-list /Users/admin/builder/spi-builder-workspace/.derivedData/Build/Intermediates.noindex/XcodeServer.build/Debug-xros/XcodeServerModel_1_1_0-t.build/Objects-normal/arm64/XcodeServerModel_1_1_0.SwiftFileList --metadata-file-list /Users/admin/builder/spi-builder-workspace/.derivedData/Build/Intermediates.noindex/XcodeServer.build/Debug-xros/XcodeServerModel_1_1_0-t.build/XcodeServerModel_1_1_0.DependencyMetadataFileList --static-metadata-file-list /Users/admin/builder/spi-builder-workspace/.derivedData/Build/Intermediates.noindex/XcodeServer.build/Debug-xros/XcodeServerModel_1_1_0-t.build/XcodeServerModel_1_1_0.DependencyStaticMetadataFileList --swift-const-vals-list /Users/admin/builder/spi-builder-workspace/.derivedData/Build/Intermediates.noindex/XcodeServer.build/Debug-xros/XcodeServerModel_1_1_0-t.build/Objects-normal/arm64/XcodeServerModel_1_1_0.SwiftConstValuesFileList --force --compile-time-extraction --deployment-aware-processing --no-app-shortcuts-localization
2026-09-18 06:27:24.397 appintentsmetadataprocessor[1574:8356] Starting appintentsmetadataprocessor export
2026-09-18 06:27:24.474 appintentsmetadataprocessor[1574:8356] Extracted no relevant App Intents symbols, skipping writing output
SwiftDriverJobDiscovery normal arm64 Compiling resource_bundle_accessor.swift, 7zCoder+Equatable.swift, 7zCoder.swift, 7zCoderInfo.swift, 7zContainer.swift, 7zEntry.swift, 7zEntryInfo.swift, 7zError.swift, 7zFileInfo.swift, 7zFolder.swift, 7zHeader.swift (in target 'SWCompression' from project 'SWCompression')
ExtractAppIntentsMetadata (in target 'XcodeServerModel_1_0_0' from project 'XcodeServer')
cd /Users/admin/builder/spi-builder-workspace
/Applications/Xcode-27.0.0-Release.Candidate.app/Contents/Developer/Toolchains/XcodeDefault.xctoolchain/usr/bin/appintentsmetadataprocessor --toolchain-dir /var/run/com.apple.security.cryptexd/mnt/com.apple.MobileAsset.MetalToolchain-v27.1.266.1.DIPtdD/Metal.xctoolchain --module-name XcodeServerModel_1_0_0 --sdk-root /Applications/Xcode-27.0.0-Release.Candidate.app/Contents/Developer/Platforms/XROS.platform/Developer/SDKs/XROS27.0.sdk --xcode-version 27A266a --platform-family xrOS --deployment-target 1.0 --bundle-identifier spi-builder-workspace.XcodeServerModel-1-0-0 --output /Users/admin/builder/spi-builder-workspace/.derivedData/Build/Products/Debug-xros/XcodeServerModel_1_0_0.appintents --target-triple arm64-apple-xros1.0 --binary-file /Users/admin/builder/spi-builder-workspace/.derivedData/Build/Products/Debug-xros/XcodeServerModel_1_0_0.o --dependency-file /Users/admin/builder/spi-builder-workspace/.derivedData/Build/Intermediates.noindex/XcodeServer.build/Debug-xros/XcodeServerModel_1_0_0-t.build/Objects-normal/arm64/XcodeServerModel_1_0_0_dependency_info.dat --stringsdata-file /Users/admin/builder/spi-builder-workspace/.derivedData/Build/Intermediates.noindex/XcodeServer.build/Debug-xros/XcodeServerModel_1_0_0-t.build/Objects-normal/arm64/ExtractedAppShortcutsMetadata.stringsdata --source-file-list /Users/admin/builder/spi-builder-workspace/.derivedData/Build/Intermediates.noindex/XcodeServer.build/Debug-xros/XcodeServerModel_1_0_0-t.build/Objects-normal/arm64/XcodeServerModel_1_0_0.SwiftFileList --metadata-file-list /Users/admin/builder/spi-builder-workspace/.derivedData/Build/Intermediates.noindex/XcodeServer.build/Debug-xros/XcodeServerModel_1_0_0-t.build/XcodeServerModel_1_0_0.DependencyMetadataFileList --static-metadata-file-list /Users/admin/builder/spi-builder-workspace/.derivedData/Build/Intermediates.noindex/XcodeServer.build/Debug-xros/XcodeServerModel_1_0_0-t.build/XcodeServerModel_1_0_0.DependencyStaticMetadataFileList --swift-const-vals-list /Users/admin/builder/spi-builder-workspace/.derivedData/Build/Intermediates.noindex/XcodeServer.build/Debug-xros/XcodeServerModel_1_0_0-t.build/Objects-normal/arm64/XcodeServerModel_1_0_0.SwiftConstValuesFileList --force --compile-time-extraction --deployment-aware-processing --no-app-shortcuts-localization
2026-09-18 06:27:24.406 appintentsmetadataprocessor[1575:8357] Starting appintentsmetadataprocessor export
2026-09-18 06:27:24.481 appintentsmetadataprocessor[1575:8357] Extracted no relevant App Intents symbols, skipping writing output
SwiftExplicitDependencyGeneratePcm arm64 /Users/admin/builder/spi-builder-workspace/.derivedData/SDKExplicitPrecompiledModules/UIKit-2D2PMAAE45TMO6S28UCGCO5BR.pcm
SwiftExplicitDependencyGeneratePcm arm64 /Users/admin/builder/spi-builder-workspace/.derivedData/SDKExplicitPrecompiledModules/Spatial-5E0I2846LO3ZE24CSVR2O57TI.pcm
SwiftDriver XcodeServerCoreData normal arm64 com.apple.xcode.tools.swift.compiler (in target 'XcodeServerCoreData' from project 'XcodeServer')
cd /Users/admin/builder/spi-builder-workspace/.swiftpm/xcode
builtin-SwiftDriver -- /Applications/Xcode-27.0.0-Release.Candidate.app/Contents/Developer/Toolchains/XcodeDefault.xctoolchain/usr/bin/swiftc -parse-as-library -module-name XcodeServerCoreData -Onone @/Users/admin/builder/spi-builder-workspace/.derivedData/Build/Intermediates.noindex/XcodeServer.build/Debug-xros/XcodeServerCoreData-t.build/Objects-normal/arm64/XcodeServerCoreData.SwiftFileList -DSWIFT_PACKAGE -DDEBUG -DSWIFT_MODULE_RESOURCE_BUNDLE_UNAVAILABLE -DXcode -plugin-path /Applications/Xcode-27.0.0-Release.Candidate.app/Contents/Developer/Toolchains/XcodeDefault.xctoolchain/usr/lib/swift/host/plugins/testing -enable-experimental-feature DebugDescriptionMacro -sdk /Applications/Xcode-27.0.0-Release.Candidate.app/Contents/Developer/Platforms/XROS.platform/Developer/SDKs/XROS27.0.sdk -target arm64-apple-xros1.0 -g -module-cache-path /Users/admin/builder/spi-builder-workspace/.derivedData/ModuleCache.noindex -Xfrontend -serialize-debugging-options -profile-coverage-mapping -profile-generate -enable-testing -index-store-path /Users/admin/builder/spi-builder-workspace/.derivedData/Index.noindex/DataStore -Xcc -D_LIBCPP_HARDENING_MODE\=_LIBCPP_HARDENING_MODE_DEBUG -swift-version 5 -I /Users/admin/builder/spi-builder-workspace/.derivedData/Build/Products/Debug-xros -Isystem /Applications/Xcode-27.0.0-Release.Candidate.app/Contents/Developer/Platforms/XROS.platform/Developer/usr/lib -F /Users/admin/builder/spi-builder-workspace/.derivedData/Build/Products/Debug-xros/PackageFrameworks -F /Users/admin/builder/spi-builder-workspace/.derivedData/Build/Products/Debug-xros -F /Applications/Xcode-27.0.0-Release.Candidate.app/Contents/Developer/Platforms/XROS.platform/Developer/Library/Frameworks -F /Applications/Xcode-27.0.0-Release.Candidate.app/Contents/Developer/Platforms/XROS.platform/Developer/SDKs/XROS27.0.sdk/Developer/Library/Frameworks -c -j10 -enable-batch-mode -incremental -Xcc -ivfsstatcache -Xcc /Users/admin/builder/spi-builder-workspace/.derivedData/SDKStatCaches.noindex/xros27.0-24M361-e829b21a6f8c9b70876ba0858053c044735bd543db762f57723cac368afd1ce4.sdkstatcache -output-file-map /Users/admin/builder/spi-builder-workspace/.derivedData/Build/Intermediates.noindex/XcodeServer.build/Debug-xros/XcodeServerCoreData-t.build/Objects-normal/arm64/XcodeServerCoreData-OutputFileMap.json -save-temps -no-color-diagnostics -explicit-module-build -module-cache-path /Users/admin/builder/spi-builder-workspace/.derivedData/Build/Intermediates.noindex/SwiftExplicitPrecompiledModules -clang-scanner-module-cache-path /Users/admin/builder/spi-builder-workspace/.derivedData/ModuleCache.noindex -sdk-module-cache-path /Users/admin/builder/spi-builder-workspace/.derivedData/SDKExplicitPrecompiledModules -emit-dependencies -emit-module -emit-module-path /Users/admin/builder/spi-builder-workspace/.derivedData/Build/Intermediates.noindex/XcodeServer.build/Debug-xros/XcodeServerCoreData-t.build/Objects-normal/arm64/XcodeServerCoreData.swiftmodule -serialize-diagnostics -dependency-scan-serialize-diagnostics-path /Users/admin/builder/spi-builder-workspace/.derivedData/Build/Intermediates.noindex/XcodeServer.build/Debug-xros/XcodeServerCoreData-t.build/Objects-normal/arm64/XcodeServerCoreData-dependency-scan.dia -validate-clang-modules-once -clang-build-session-file /Users/admin/builder/spi-builder-workspace/.derivedData/ModuleCache.noindex/Session.modulevalidation -Xcc -fmodules-prune-interval\=86400 -Xcc -fmodules-prune-after\=345600 -emit-const-values -const-gather-protocols-list /Users/admin/builder/spi-builder-workspace/.derivedData/Build/Intermediates.noindex/XcodeServer.build/Debug-xros/XcodeServerCoreData-t.build/Objects-normal/arm64/XcodeServerCoreData_const_extract_protocols.json -Xcc -I/Users/admin/builder/spi-builder-workspace/.derivedData/Build/Products/Debug-xros/include -Xcc -I/Users/admin/builder/spi-builder-workspace/.derivedData/Build/Intermediates.noindex/XcodeServer.build/Debug-xros/XcodeServerCoreData-t.build/DerivedSources-normal/arm64 -Xcc -I/Users/admin/builder/spi-builder-workspace/.derivedData/Build/Intermediates.noindex/XcodeServer.build/Debug-xros/XcodeServerCoreData-t.build/DerivedSources/arm64 -Xcc -I/Users/admin/builder/spi-builder-workspace/.derivedData/Build/Intermediates.noindex/XcodeServer.build/Debug-xros/XcodeServerCoreData-t.build/DerivedSources -Xcc -DSWIFT_PACKAGE -Xcc -DDEBUG\=1 -emit-objc-header -emit-objc-header-path /Users/admin/builder/spi-builder-workspace/.derivedData/Build/Intermediates.noindex/XcodeServer.build/Debug-xros/XcodeServerCoreData-t.build/Objects-normal/arm64/XcodeServerCoreData-Swift.h -working-directory /Users/admin/builder/spi-builder-workspace/.swiftpm/xcode -experimental-emit-module-separately -disable-cmo
SwiftExplicitDependencyGeneratePcm arm64 /Users/admin/builder/spi-builder-workspace/.derivedData/SDKExplicitPrecompiledModules/SwiftUICore-6OBBMA39VFD4CB6SG2PE41FAP.pcm
SwiftDriverJobDiscovery normal arm64 Compiling ZipEndOfCentralDirectory.swift, ZipEntry.swift, ZipEntryInfo.swift, ZipEntryInfoHelper.swift, ZipError.swift, ZipExtraField.swift, ZipLocalHeader.swift, ZlibArchive.swift, ZlibError.swift, ZlibHeader.swift (in target 'SWCompression' from project 'SWCompression')
SwiftEmitModule normal arm64 Emitting\ module\ for\ XcodeServerCoreData (in target 'XcodeServerCoreData' from project 'XcodeServer')
/Users/admin/builder/spi-builder-workspace/Sources/XcodeServerCoreData/CoreDataStore.swift:11:21: error: generic type 'CatalogContainer' specialized with too many type parameters (got 2, but expected 1)
9 | public class CoreDataStore {
10 | enum Catalog {
11 | case v1_0_0(CatalogContainer<Model, XcodeServerModel_1_0_0.PersistentContainer>)
| `- error: generic type 'CatalogContainer' specialized with too many type parameters (got 2, but expected 1)
12 | case v1_1_0(CatalogContainer<Model, XcodeServerModel_1_1_0.PersistentContainer>)
13 | case v2_0_0(CatalogContainer<Model, XcodeServerModel_2_0_0.PersistentContainer>)
CoreDataPlus.CatalogContainer:1:14: note: generic class 'CatalogContainer' declared here
1 | public class CatalogContainer<Catalog> where Catalog : CoreDataPlus.ModelCatalog {
| `- note: generic class 'CatalogContainer' declared here
2 | public let persistentContainer: NSPersistentContainer
3 | public let version: Catalog.Version
/Users/admin/builder/spi-builder-workspace/Sources/XcodeServerCoreData/CoreDataStore.swift:12:21: error: generic type 'CatalogContainer' specialized with too many type parameters (got 2, but expected 1)
10 | enum Catalog {
11 | case v1_0_0(CatalogContainer<Model, XcodeServerModel_1_0_0.PersistentContainer>)
12 | case v1_1_0(CatalogContainer<Model, XcodeServerModel_1_1_0.PersistentContainer>)
| `- error: generic type 'CatalogContainer' specialized with too many type parameters (got 2, but expected 1)
13 | case v2_0_0(CatalogContainer<Model, XcodeServerModel_2_0_0.PersistentContainer>)
14 |
CoreDataPlus.CatalogContainer:1:14: note: generic class 'CatalogContainer' declared here
1 | public class CatalogContainer<Catalog> where Catalog : CoreDataPlus.ModelCatalog {
| `- note: generic class 'CatalogContainer' declared here
2 | public let persistentContainer: NSPersistentContainer
3 | public let version: Catalog.Version
SwiftCompile normal arm64 (in target 'XcodeServerCoreData' from project 'XcodeServer')
cd /Users/admin/builder/spi-builder-workspace/.swiftpm/xcode
SwiftCompile normal arm64 Compiling\ CoreDataStore.swift /Users/admin/builder/spi-builder-workspace/Sources/XcodeServerCoreData/CoreDataStore.swift (in target 'XcodeServerCoreData' from project 'XcodeServer')
/Users/admin/builder/spi-builder-workspace/Sources/XcodeServerCoreData/CoreDataStore.swift:11:21: error: generic type 'CatalogContainer' specialized with too many type parameters (got 2, but expected 1)
9 | public class CoreDataStore {
10 | enum Catalog {
11 | case v1_0_0(CatalogContainer<Model, XcodeServerModel_1_0_0.PersistentContainer>)
| `- error: generic type 'CatalogContainer' specialized with too many type parameters (got 2, but expected 1)
12 | case v1_1_0(CatalogContainer<Model, XcodeServerModel_1_1_0.PersistentContainer>)
13 | case v2_0_0(CatalogContainer<Model, XcodeServerModel_2_0_0.PersistentContainer>)
CoreDataPlus.CatalogContainer:1:14: note: generic class 'CatalogContainer' declared here
1 | public class CatalogContainer<Catalog> where Catalog : CoreDataPlus.ModelCatalog {
| `- note: generic class 'CatalogContainer' declared here
2 | public let persistentContainer: NSPersistentContainer
3 | public let version: Catalog.Version
/Users/admin/builder/spi-builder-workspace/Sources/XcodeServerCoreData/CoreDataStore.swift:12:21: error: generic type 'CatalogContainer' specialized with too many type parameters (got 2, but expected 1)
10 | enum Catalog {
11 | case v1_0_0(CatalogContainer<Model, XcodeServerModel_1_0_0.PersistentContainer>)
12 | case v1_1_0(CatalogContainer<Model, XcodeServerModel_1_1_0.PersistentContainer>)
| `- error: generic type 'CatalogContainer' specialized with too many type parameters (got 2, but expected 1)
13 | case v2_0_0(CatalogContainer<Model, XcodeServerModel_2_0_0.PersistentContainer>)
14 |
CoreDataPlus.CatalogContainer:1:14: note: generic class 'CatalogContainer' declared here
1 | public class CatalogContainer<Catalog> where Catalog : CoreDataPlus.ModelCatalog {
| `- note: generic class 'CatalogContainer' declared here
2 | public let persistentContainer: NSPersistentContainer
3 | public let version: Catalog.Version
/Users/admin/builder/spi-builder-workspace/Sources/XcodeServerCoreData/CoreDataStore.swift:13:21: error: generic type 'CatalogContainer' specialized with too many type parameters (got 2, but expected 1)
11 | case v1_0_0(CatalogContainer<Model, XcodeServerModel_1_0_0.PersistentContainer>)
12 | case v1_1_0(CatalogContainer<Model, XcodeServerModel_1_1_0.PersistentContainer>)
13 | case v2_0_0(CatalogContainer<Model, XcodeServerModel_2_0_0.PersistentContainer>)
| `- error: generic type 'CatalogContainer' specialized with too many type parameters (got 2, but expected 1)
14 |
15 | var persistentContainer: NSPersistentContainer {
CoreDataPlus.CatalogContainer:1:14: note: generic class 'CatalogContainer' declared here
1 | public class CatalogContainer<Catalog> where Catalog : CoreDataPlus.ModelCatalog {
| `- note: generic class 'CatalogContainer' declared here
2 | public let persistentContainer: NSPersistentContainer
3 | public let version: Catalog.Version
/Users/admin/builder/spi-builder-workspace/Sources/XcodeServerCoreData/CoreDataStore.swift:51:33: error: generic type 'CatalogContainer' specialized with too many type parameters (got 2, but expected 1)
49 | switch model {
50 | case .v1_0_0:
51 | let container = try CatalogContainer<Model, XcodeServerModel_1_0_0.PersistentContainer>(version: model, persistence: persistence, name: .containerName, silentMigration: silentFailure)
| `- error: generic type 'CatalogContainer' specialized with too many type parameters (got 2, but expected 1)
52 | catalog = .v1_0_0(container)
53 | case .v1_1_0:
CoreDataPlus.CatalogContainer:1:14: note: generic class 'CatalogContainer' declared here
1 | public class CatalogContainer<Catalog> where Catalog : CoreDataPlus.ModelCatalog {
| `- note: generic class 'CatalogContainer' declared here
2 | public let persistentContainer: NSPersistentContainer
3 | public let version: Catalog.Version
/Users/admin/builder/spi-builder-workspace/Sources/XcodeServerCoreData/CoreDataStore.swift:54:33: error: generic type 'CatalogContainer' specialized with too many type parameters (got 2, but expected 1)
52 | catalog = .v1_0_0(container)
53 | case .v1_1_0:
54 | let container = try CatalogContainer<Model, XcodeServerModel_1_1_0.PersistentContainer>(version: model, persistence: persistence, name: .containerName, silentMigration: silentFailure)
| `- error: generic type 'CatalogContainer' specialized with too many type parameters (got 2, but expected 1)
55 | catalog = .v1_1_0(container)
56 | case .v2_0_0:
CoreDataPlus.CatalogContainer:1:14: note: generic class 'CatalogContainer' declared here
1 | public class CatalogContainer<Catalog> where Catalog : CoreDataPlus.ModelCatalog {
| `- note: generic class 'CatalogContainer' declared here
2 | public let persistentContainer: NSPersistentContainer
3 | public let version: Catalog.Version
/Users/admin/builder/spi-builder-workspace/Sources/XcodeServerCoreData/CoreDataStore.swift:57:33: error: generic type 'CatalogContainer' specialized with too many type parameters (got 2, but expected 1)
55 | catalog = .v1_1_0(container)
56 | case .v2_0_0:
57 | let container = try CatalogContainer<Model, XcodeServerModel_2_0_0.PersistentContainer>(version: model, persistence: persistence, name: .containerName, silentMigration: silentFailure)
| `- error: generic type 'CatalogContainer' specialized with too many type parameters (got 2, but expected 1)
58 | catalog = .v2_0_0(container)
59 | }
CoreDataPlus.CatalogContainer:1:14: note: generic class 'CatalogContainer' declared here
1 | public class CatalogContainer<Catalog> where Catalog : CoreDataPlus.ModelCatalog {
| `- note: generic class 'CatalogContainer' declared here
2 | public let persistentContainer: NSPersistentContainer
3 | public let version: Catalog.Version
Failed frontend command:
/Applications/Xcode-27.0.0-Release.Candidate.app/Contents/Developer/Toolchains/XcodeDefault.xctoolchain/usr/bin/swift-frontend -frontend -c -primary-file /Users/admin/builder/spi-builder-workspace/Sources/XcodeServerCoreData/CoreDataStore.swift /Users/admin/builder/spi-builder-workspace/Sources/XcodeServerCoreData/Model.swift /Users/admin/builder/spi-builder-workspace/Sources/XcodeServerCoreData/Persistence+XcodeServerCoreData.swift /Users/admin/builder/spi-builder-workspace/Sources/XcodeServerCoreData/String+XcodeServerCoreData.swift -emit-dependencies-path /Users/admin/builder/spi-builder-workspace/.derivedData/Build/Intermediates.noindex/XcodeServer.build/Debug-xros/XcodeServerCoreData-t.build/Objects-normal/arm64/CoreDataStore.d -emit-const-values-path /Users/admin/builder/spi-builder-workspace/.derivedData/Build/Intermediates.noindex/XcodeServer.build/Debug-xros/XcodeServerCoreData-t.build/Objects-normal/arm64/CoreDataStore.swiftconstvalues -emit-reference-dependencies-path /Users/admin/builder/spi-builder-workspace/.derivedData/Build/Intermediates.noindex/XcodeServer.build/Debug-xros/XcodeServerCoreData-t.build/Objects-normal/arm64/CoreDataStore.swiftdeps -serialize-diagnostics-path /Users/admin/builder/spi-builder-workspace/.derivedData/Build/Intermediates.noindex/XcodeServer.build/Debug-xros/XcodeServerCoreData-t.build/Objects-normal/arm64/CoreDataStore.dia -target arm64-apple-xros1.0 -module-can-import-version CoreData 1629.1 1629.1.0 -disable-cross-import-overlay-search -swift-module-cross-import CoreData /Applications/Xcode-27.0.0-Release.Candidate.app/Contents/Developer/Platforms/XROS.platform/Developer/SDKs/XROS.sdk/System/Library/Frameworks/CoreData.framework/Modules/CoreData.swiftcrossimport/CloudKit.swiftoverlay -swift-module-cross-import CoreData /Applications/Xcode-27.0.0-Release.Candidate.app/Contents/Developer/Platforms/XROS.platform/Developer/SDKs/XROS27.0.sdk/System/Library/Frameworks/CoreData.framework/Modules/CoreData.swiftcrossimport/CloudKit.swiftoverlay -load-resolved-plugin /Applications/Xcode-27.0.0-Release.Candidate.app/Contents/Developer/Platforms/XROS.platform/Developer/usr/lib/swift/host/plugins/libFoundationMacros.dylib\#/Applications/Xcode-27.0.0-Release.Candidate.app/Contents/Developer/Platforms/XROS.platform/Developer/usr/bin/swift-plugin-server\#FoundationMacros -load-resolved-plugin /Applications/Xcode-27.0.0-Release.Candidate.app/Contents/Developer/Platforms/XROS.platform/Developer/usr/lib/swift/host/plugins/libObservationMacros.dylib\#/Applications/Xcode-27.0.0-Release.Candidate.app/Contents/Developer/Platforms/XROS.platform/Developer/usr/bin/swift-plugin-server\#ObservationMacros -load-resolved-plugin /Applications/Xcode-27.0.0-Release.Candidate.app/Contents/Developer/Platforms/XROS.platform/Developer/usr/lib/swift/host/plugins/libSwiftMacros.dylib\#/Applications/Xcode-27.0.0-Release.Candidate.app/Contents/Developer/Platforms/XROS.platform/Developer/usr/bin/swift-plugin-server\#SwiftMacros -disable-implicit-swift-modules -Xcc -fno-implicit-modules -Xcc -fno-implicit-module-maps -explicit-swift-module-map-file /Users/admin/builder/spi-builder-workspace/.derivedData/Build/Intermediates.noindex/XcodeServer.build/Debug-xros/XcodeServerCoreData-t.build/Objects-normal/arm64/XcodeServerCoreData-dependencies-1.json -Xllvm -aarch64-use-tbi -enable-objc-interop -stack-check -sdk /Applications/Xcode-27.0.0-Release.Candidate.app/Contents/Developer/Platforms/XROS.platform/Developer/SDKs/XROS27.0.sdk -I /Users/admin/builder/spi-builder-workspace/.derivedData/Build/Products/Debug-xros -Isystem /Applications/Xcode-27.0.0-Release.Candidate.app/Contents/Developer/Platforms/XROS.platform/Developer/usr/lib -F /Users/admin/builder/spi-builder-workspace/.derivedData/Build/Products/Debug-xros/PackageFrameworks -F /Users/admin/builder/spi-builder-workspace/.derivedData/Build/Products/Debug-xros -F /Applications/Xcode-27.0.0-Release.Candidate.app/Contents/Developer/Platforms/XROS.platform/Developer/Library/Frameworks -F /Applications/Xcode-27.0.0-Release.Candidate.app/Contents/Developer/Platforms/XROS.platform/Developer/SDKs/XROS27.0.sdk/Developer/Library/Frameworks -module-cache-path /Users/admin/builder/spi-builder-workspace/.derivedData/Build/Intermediates.noindex/SwiftExplicitPrecompiledModules -no-color-diagnostics -Xcc -fno-color-diagnostics -enable-testing -g -debug-info-format\=dwarf -dwarf-version\=4 -profile-generate -profile-coverage-mapping -swift-version 5 -Onone -D SWIFT_PACKAGE -D DEBUG -D SWIFT_MODULE_RESOURCE_BUNDLE_UNAVAILABLE -D Xcode -serialize-debugging-options -enable-experimental-feature DebugDescriptionMacro -empty-abi-descriptor -validate-clang-modules-once -clang-build-session-file /Users/admin/builder/spi-builder-workspace/.derivedData/ModuleCache.noindex/Session.modulevalidation -Xcc -working-directory -Xcc /Users/admin/builder/spi-builder-workspace/.swiftpm/xcode -enable-anonymous-context-mangled-names -file-compilation-dir /Users/admin/builder/spi-builder-workspace/.swiftpm/xcode -Xcc -D_LIBCPP_HARDENING_MODE\=_LIBCPP_HARDENING_MODE_DEBUG -Xcc -ivfsstatcache -Xcc /Users/admin/builder/spi-builder-workspace/.derivedData/SDKStatCaches.noindex/xros27.0-24M361-e829b21a6f8c9b70876ba0858053c044735bd543db762f57723cac368afd1ce4.sdkstatcache -Xcc -fmodules-prune-interval\=86400 -Xcc -fmodules-prune-after\=345600 -Xcc -I/Users/admin/builder/spi-builder-workspace/.derivedData/Build/Products/Debug-xros/include -Xcc -I/Users/admin/builder/spi-builder-workspace/.derivedData/Build/Intermediates.noindex/XcodeServer.build/Debug-xros/XcodeServerCoreData-t.build/DerivedSources-normal/arm64 -Xcc -I/Users/admin/builder/spi-builder-workspace/.derivedData/Build/Intermediates.noindex/XcodeServer.build/Debug-xros/XcodeServerCoreData-t.build/DerivedSources/arm64 -Xcc -I/Users/admin/builder/spi-builder-workspace/.derivedData/Build/Intermediates.noindex/XcodeServer.build/Debug-xros/XcodeServerCoreData-t.build/DerivedSources -Xcc -DSWIFT_PACKAGE -Xcc -DDEBUG\=1 -no-auto-bridging-header-chaining -module-name XcodeServerCoreData -const-gather-protocols-file /Users/admin/builder/spi-builder-workspace/.derivedData/Build/Intermediates.noindex/XcodeServer.build/Debug-xros/XcodeServerCoreData-t.build/Objects-normal/arm64/XcodeServerCoreData_const_extract_protocols.json -disable-clang-spi -clang-target arm64-apple-xros27.0 -target-sdk-version 27.0 -target-sdk-name xros27.0 -in-process-plugin-server-path /Applications/Xcode-27.0.0-Release.Candidate.app/Contents/Developer/Toolchains/XcodeDefault.xctoolchain/usr/lib/swift/host/libSwiftInProcPluginServer.dylib -parse-as-library -o /Users/admin/builder/spi-builder-workspace/.derivedData/Build/Intermediates.noindex/XcodeServer.build/Debug-xros/XcodeServerCoreData-t.build/Objects-normal/arm64/CoreDataStore.o -debug-module-path /Users/admin/builder/spi-builder-workspace/.derivedData/Build/Intermediates.noindex/XcodeServer.build/Debug-xros/XcodeServerCoreData-t.build/Objects-normal/arm64/XcodeServerCoreData.swiftmodule -index-unit-output-path /XcodeServer.build/Debug-xros/XcodeServerCoreData-t.build/Objects-normal/arm64/CoreDataStore.o -index-store-path /Users/admin/builder/spi-builder-workspace/.derivedData/Index.noindex/DataStore -index-system-modules
SwiftCompile normal arm64 /Users/admin/builder/spi-builder-workspace/Sources/XcodeServerCoreData/CoreDataStore.swift (in target 'XcodeServerCoreData' from project 'XcodeServer')
cd /Users/admin/builder/spi-builder-workspace/.swiftpm/xcode
builtin-SwiftPerFileCompile CoreDataStore.swift
SwiftCompile normal arm64 Compiling\ Model.swift /Users/admin/builder/spi-builder-workspace/Sources/XcodeServerCoreData/Model.swift (in target 'XcodeServerCoreData' from project 'XcodeServer')
SwiftCompile normal arm64 /Users/admin/builder/spi-builder-workspace/Sources/XcodeServerCoreData/Model.swift (in target 'XcodeServerCoreData' from project 'XcodeServer')
cd /Users/admin/builder/spi-builder-workspace/.swiftpm/xcode
builtin-SwiftPerFileCompile Model.swift
SwiftCompile normal arm64 Compiling\ Persistence+XcodeServerCoreData.swift /Users/admin/builder/spi-builder-workspace/Sources/XcodeServerCoreData/Persistence+XcodeServerCoreData.swift (in target 'XcodeServerCoreData' from project 'XcodeServer')
SwiftCompile normal arm64 /Users/admin/builder/spi-builder-workspace/Sources/XcodeServerCoreData/Persistence+XcodeServerCoreData.swift (in target 'XcodeServerCoreData' from project 'XcodeServer')
cd /Users/admin/builder/spi-builder-workspace/.swiftpm/xcode
builtin-SwiftPerFileCompile Persistence+XcodeServerCoreData.swift
SwiftCompile normal arm64 Compiling\ String+XcodeServerCoreData.swift /Users/admin/builder/spi-builder-workspace/Sources/XcodeServerCoreData/String+XcodeServerCoreData.swift (in target 'XcodeServerCoreData' from project 'XcodeServer')
SwiftCompile normal arm64 /Users/admin/builder/spi-builder-workspace/Sources/XcodeServerCoreData/String+XcodeServerCoreData.swift (in target 'XcodeServerCoreData' from project 'XcodeServer')
cd /Users/admin/builder/spi-builder-workspace/.swiftpm/xcode
builtin-SwiftPerFileCompile String+XcodeServerCoreData.swift
PruneExplicitPrecompiledModules /Users/admin/builder/spi-builder-workspace/.derivedData/SDKExplicitPrecompiledModules
PruneExplicitPrecompiledModules /Users/admin/builder/spi-builder-workspace/.derivedData/Build/Intermediates.noindex/ExplicitPrecompiledModules
PruneExplicitPrecompiledModules /Users/admin/builder/spi-builder-workspace/.derivedData/Build/Intermediates.noindex/SwiftExplicitPrecompiledModules
2026-09-18 06:27:11.223 xcodebuild[1109:6109] [MT] IDERunDestination: Supported platforms for the buildables in the current scheme is empty.
** BUILD FAILED **
The following build commands failed:
SwiftCompile normal arm64 Compiling\ CoreDataStore.swift /Users/admin/builder/spi-builder-workspace/Sources/XcodeServerCoreData/CoreDataStore.swift (in target 'XcodeServerCoreData' from project 'XcodeServer')
SwiftCompile normal arm64 /Users/admin/builder/spi-builder-workspace/Sources/XcodeServerCoreData/CoreDataStore.swift (in target 'XcodeServerCoreData' from project 'XcodeServer')
Building workspace XcodeServer with scheme XcodeServer-Package
(3 failures)
Command line invocation:
/Applications/Xcode-27.0.0-Release.Candidate.app/Contents/Developer/usr/bin/xcodebuild -IDEClonedSourcePackagesDirPathOverride=/Users/admin/builder/spi-builder-workspace/.dependencies -resolvePackageDependencies
Resolve Package Graph
Resolved source packages:
SWCompression: https://github.com/tsolomko/SWCompression @ 4.9.1
SessionPlus: https://github.com/richardpiazza/SessionPlus.git @ 2.2.0
AsyncPlus: https://github.com/richardpiazza/AsyncPlus.git @ 0.5.0
Rainbow: https://github.com/onevcat/Rainbow @ 4.2.1
CoreDataPlus: https://github.com/richardpiazza/CoreDataPlus.git @ 0.5.0
XcodeServer: /Users/admin/builder/spi-builder-workspace
swift-argument-parser: https://github.com/apple/swift-argument-parser.git @ 1.8.2
Mutex: https://github.com/swhitty/swift-mutex.git @ 0.0.6
swift-log: https://github.com/apple/swift-log.git @ 1.15.1
BitByteData: https://github.com/tsolomko/BitByteData @ 2.1.0
resolved source packages: SWCompression, SessionPlus, AsyncPlus, Rainbow, CoreDataPlus, XcodeServer, swift-argument-parser, Mutex, swift-log, BitByteData
2026-09-18 06:27:27.109 xcodebuild[1589:8491] [MT] IDERunDestination: Supported platforms for the buildables in the current scheme is empty.
{
"dependencies" : [
{
"identity" : "sessionplus",
"requirement" : {
"range" : [
{
"lower_bound" : "2.0.1",
"upper_bound" : "3.0.0"
}
]
},
"type" : "sourceControl",
"url" : "https://github.com/richardpiazza/SessionPlus.git"
},
{
"identity" : "coredataplus",
"requirement" : {
"range" : [
{
"lower_bound" : "0.2.0",
"upper_bound" : "1.0.0"
}
]
},
"type" : "sourceControl",
"url" : "https://github.com/richardpiazza/CoreDataPlus.git"
},
{
"identity" : "swift-log",
"requirement" : {
"range" : [
{
"lower_bound" : "1.4.2",
"upper_bound" : "2.0.0"
}
]
},
"type" : "sourceControl",
"url" : "https://github.com/apple/swift-log.git"
},
{
"identity" : "swift-argument-parser",
"requirement" : {
"range" : [
{
"lower_bound" : "1.1.1",
"upper_bound" : "2.0.0"
}
]
},
"type" : "sourceControl",
"url" : "https://github.com/apple/swift-argument-parser.git"
},
{
"identity" : "swcompression",
"requirement" : {
"range" : [
{
"lower_bound" : "4.5.5",
"upper_bound" : "5.0.0"
}
]
},
"type" : "sourceControl",
"url" : "https://github.com/tsolomko/SWCompression"
},
{
"identity" : "rainbow",
"requirement" : {
"range" : [
{
"lower_bound" : "4.0.1",
"upper_bound" : "5.0.0"
}
]
},
"type" : "sourceControl",
"url" : "https://github.com/onevcat/Rainbow"
}
],
"manifest_display_name" : "XcodeServer",
"name" : "XcodeServer",
"path" : "/Users/admin/builder/spi-builder-workspace",
"platforms" : [
{
"name" : "macos",
"version" : "12.0"
},
{
"name" : "ios",
"version" : "15.0"
},
{
"name" : "tvos",
"version" : "15.0"
},
{
"name" : "watchos",
"version" : "8.0"
}
],
"products" : [
{
"name" : "XcodeServer",
"targets" : [
"XcodeServer",
"XcodeServerAPI",
"XcodeServerCoreData"
],
"type" : {
"library" : [
"automatic"
]
}
},
{
"name" : "xcscli",
"targets" : [
"xcscli"
],
"type" : {
"executable" : null
}
}
],
"swift_languages_versions" : [
"5"
],
"targets" : [
{
"c99name" : "xcscli",
"module_type" : "SwiftTarget",
"name" : "xcscli",
"path" : "Sources/xcscli",
"product_dependencies" : [
"ArgumentParser",
"Logging",
"CoreDataPlus",
"Rainbow"
],
"product_memberships" : [
"xcscli"
],
"sources" : [
"Bots.swift",
"ConsoleLogger.swift",
"Extensions/Encodable+JSON.swift",
"Extensions/Logger.Level+xcscli.swift",
"Integrations.swift",
"MainCommand.swift",
"Ping.swift",
"Protocols/Logged.swift",
"Protocols/Route.swift",
"Protocols/Stored.swift",
"Store+Info.swift",
"Store.swift",
"Sync.swift",
"Versions.swift"
],
"target_dependencies" : [
"XcodeServerCoreData",
"XcodeServerAPI"
],
"type" : "executable"
},
{
"c99name" : "XcodeServerTests",
"module_type" : "SwiftTarget",
"name" : "XcodeServerTests",
"path" : "Tests/XcodeServerTests",
"resources" : [
{
"path" : "/Users/admin/builder/spi-builder-workspace/Tests/XcodeServerTests/Resources/12.1_Bot_1.json",
"rule" : {
"process" : {
}
}
},
{
"path" : "/Users/admin/builder/spi-builder-workspace/Tests/XcodeServerTests/Resources/12.1_Integration_1_Commits.json",
"rule" : {
"process" : {
}
}
},
{
"path" : "/Users/admin/builder/spi-builder-workspace/Tests/XcodeServerTests/Resources/12.1_Integration_1_Completed_BuildErrors.json",
"rule" : {
"process" : {
}
}
},
{
"path" : "/Users/admin/builder/spi-builder-workspace/Tests/XcodeServerTests/Resources/12.1_Integration_1_InProgress.json",
"rule" : {
"process" : {
}
}
},
{
"path" : "/Users/admin/builder/spi-builder-workspace/Tests/XcodeServerTests/Resources/12.1_Integration_1_Issues.json",
"rule" : {
"process" : {
}
}
},
{
"path" : "/Users/admin/builder/spi-builder-workspace/Tests/XcodeServerTests/Resources/12.1_Integration_2_Completed_InternalProcessingError.json",
"rule" : {
"process" : {
}
}
},
{
"path" : "/Users/admin/builder/spi-builder-workspace/Tests/XcodeServerTests/Resources/12.1_Integration_2_Issues.json",
"rule" : {
"process" : {
}
}
},
{
"path" : "/Users/admin/builder/spi-builder-workspace/Tests/XcodeServerTests/Resources/12.1_Integration_3_Completed_BuildErrors.json",
"rule" : {
"process" : {
}
}
},
{
"path" : "/Users/admin/builder/spi-builder-workspace/Tests/XcodeServerTests/Resources/12.1_Integration_3_Issues.json",
"rule" : {
"process" : {
}
}
},
{
"path" : "/Users/admin/builder/spi-builder-workspace/Tests/XcodeServerTests/Resources/12.1_Versions.json",
"rule" : {
"process" : {
}
}
},
{
"path" : "/Users/admin/builder/spi-builder-workspace/Tests/XcodeServerTests/Resources/XcodeServer_1.0.0_empty.sqlite",
"rule" : {
"process" : {
}
}
},
{
"path" : "/Users/admin/builder/spi-builder-workspace/Tests/XcodeServerTests/Resources/XcodeServer_1.0.0_empty.sqlite-shm",
"rule" : {
"process" : {
}
}
},
{
"path" : "/Users/admin/builder/spi-builder-workspace/Tests/XcodeServerTests/Resources/XcodeServer_1.0.0_empty.sqlite-wal",
"rule" : {
"process" : {
}
}
},
{
"path" : "/Users/admin/builder/spi-builder-workspace/Tests/XcodeServerTests/Resources/XcodeServer_1.0.0_full.sqlite",
"rule" : {
"process" : {
}
}
},
{
"path" : "/Users/admin/builder/spi-builder-workspace/Tests/XcodeServerTests/Resources/XcodeServer_1.0.0_full.sqlite-shm",
"rule" : {
"process" : {
}
}
},
{
"path" : "/Users/admin/builder/spi-builder-workspace/Tests/XcodeServerTests/Resources/XcodeServer_1.0.0_full.sqlite-wal",
"rule" : {
"process" : {
}
}
},
{
"path" : "/Users/admin/builder/spi-builder-workspace/Tests/XcodeServerTests/Resources/bot.json",
"rule" : {
"process" : {
}
}
},
{
"path" : "/Users/admin/builder/spi-builder-workspace/Tests/XcodeServerTests/Resources/bots.json",
"rule" : {
"process" : {
}
}
},
{
"path" : "/Users/admin/builder/spi-builder-workspace/Tests/XcodeServerTests/Resources/commits.json",
"rule" : {
"process" : {
}
}
},
{
"path" : "/Users/admin/builder/spi-builder-workspace/Tests/XcodeServerTests/Resources/integration.json",
"rule" : {
"process" : {
}
}
},
{
"path" : "/Users/admin/builder/spi-builder-workspace/Tests/XcodeServerTests/Resources/integrations.json",
"rule" : {
"process" : {
}
}
},
{
"path" : "/Users/admin/builder/spi-builder-workspace/Tests/XcodeServerTests/Resources/issues.json",
"rule" : {
"process" : {
}
}
},
{
"path" : "/Users/admin/builder/spi-builder-workspace/Tests/XcodeServerTests/Resources/run-integration.json",
"rule" : {
"process" : {
}
}
},
{
"path" : "/Users/admin/builder/spi-builder-workspace/Tests/XcodeServerTests/Resources/stats.json",
"rule" : {
"process" : {
}
}
},
{
"path" : "/Users/admin/builder/spi-builder-workspace/Tests/XcodeServerTests/Resources/structured18.json",
"rule" : {
"process" : {
}
}
},
{
"path" : "/Users/admin/builder/spi-builder-workspace/Tests/XcodeServerTests/Resources/structured18_commits.json",
"rule" : {
"process" : {
}
}
},
{
"path" : "/Users/admin/builder/spi-builder-workspace/Tests/XcodeServerTests/Resources/versions.json",
"rule" : {
"process" : {
}
}
}
],
"sources" : [
"APIResponseTests.swift",
"BotWriteAndUpdateTests.swift",
"EdgeCaseTests.swift",
"Extensions/Extensions.swift",
"Extensions/NSFileManager+Tests.swift",
"Extensions/Persistable+Tests.swift",
"IntegrationIssueImportTests.swift",
"IntegrationWriteAndUpdateTests.swift",
"Mocks/MockApiClient.swift",
"ModelTests.swift",
"PersistentContainerTests.swift",
"ServerWriteAndUpdateTests.swift"
],
"target_dependencies" : [
"XcodeServer",
"XcodeServerAPI",
"XcodeServerCoreData"
],
"type" : "test"
},
{
"c99name" : "XcodeServerModel_2_0_0",
"module_type" : "SwiftTarget",
"name" : "XcodeServerModel_2_0_0",
"path" : "Sources/XcodeServerModel_2_0_0",
"product_dependencies" : [
"CoreDataPlus",
"Logging"
],
"product_memberships" : [
"XcodeServer",
"xcscli"
],
"resources" : [
{
"path" : "/Users/admin/builder/spi-builder-workspace/Sources/XcodeServerModel_2_0_0/Resources/MappingModel.cdm_precompiled",
"rule" : {
"process" : {
}
}
},
{
"path" : "/Users/admin/builder/spi-builder-workspace/Sources/XcodeServerModel_2_0_0/Resources/MappingModel.xcmappingmodel",
"rule" : {
"process" : {
}
}
},
{
"path" : "/Users/admin/builder/spi-builder-workspace/Sources/XcodeServerModel_2_0_0/Resources/XcodeServer.momd_precompiled",
"rule" : {
"process" : {
}
}
},
{
"path" : "/Users/admin/builder/spi-builder-workspace/Sources/XcodeServerModel_2_0_0/Resources/XcodeServer.xcdatamodeld",
"rule" : {
"process" : {
}
}
}
],
"sources" : [
"Entities/ManagedAsset.swift",
"Entities/ManagedBot.swift",
"Entities/ManagedBuildResultSummary.swift",
"Entities/ManagedCommit.swift",
"Entities/ManagedCommitChange.swift",
"Entities/ManagedCommitContributor.swift",
"Entities/ManagedConditions.swift",
"Entities/ManagedConfiguration.swift",
"Entities/ManagedDevice.swift",
"Entities/ManagedDeviceSpecification.swift",
"Entities/ManagedEmailConfiguration.swift",
"Entities/ManagedFilter.swift",
"Entities/ManagedIntegration.swift",
"Entities/ManagedIntegrationAssets.swift",
"Entities/ManagedIntegrationIssues.swift",
"Entities/ManagedIssue.swift",
"Entities/ManagedPlatform.swift",
"Entities/ManagedRepository.swift",
"Entities/ManagedRevisionBlueprint.swift",
"Entities/ManagedServer.swift",
"Entities/ManagedStats.swift",
"Entities/ManagedStatsBreakdown.swift",
"Entities/ManagedTrigger.swift",
"PersistentContainer+Persistable.swift",
"PersistentContainer+Queryable.swift",
"PersistentContainer.swift"
],
"target_dependencies" : [
"XcodeServer"
],
"type" : "library"
},
{
"c99name" : "XcodeServerModel_1_1_0",
"module_type" : "SwiftTarget",
"name" : "XcodeServerModel_1_1_0",
"path" : "Sources/XcodeServerModel_1_1_0",
"product_dependencies" : [
"CoreDataPlus",
"Logging"
],
"product_memberships" : [
"XcodeServer",
"xcscli"
],
"resources" : [
{
"path" : "/Users/admin/builder/spi-builder-workspace/Sources/XcodeServerModel_1_1_0/Resources/MappingModel.cdm_precompiled",
"rule" : {
"process" : {
}
}
},
{
"path" : "/Users/admin/builder/spi-builder-workspace/Sources/XcodeServerModel_1_1_0/Resources/MappingModel.xcmappingmodel",
"rule" : {
"process" : {
}
}
},
{
"path" : "/Users/admin/builder/spi-builder-workspace/Sources/XcodeServerModel_1_1_0/Resources/XcodeServer.momd_precompiled",
"rule" : {
"process" : {
}
}
},
{
"path" : "/Users/admin/builder/spi-builder-workspace/Sources/XcodeServerModel_1_1_0/Resources/XcodeServer.xcdatamodeld",
"rule" : {
"process" : {
}
}
}
],
"sources" : [
"Entities/Asset.swift",
"Entities/Bot.swift",
"Entities/BuildResultSummary.swift",
"Entities/Commit.swift",
"Entities/CommitChange.swift",
"Entities/CommitContributor.swift",
"Entities/Conditions.swift",
"Entities/Configuration.swift",
"Entities/Device.swift",
"Entities/DeviceSpecification.swift",
"Entities/EmailConfiguration.swift",
"Entities/Filter.swift",
"Entities/Integration.swift",
"Entities/IntegrationAssets.swift",
"Entities/IntegrationIssues.swift",
"Entities/Issue.swift",
"Entities/Platform.swift",
"Entities/Repository.swift",
"Entities/RevisionBlueprint.swift",
"Entities/Server.swift",
"Entities/Stats.swift",
"Entities/StatsBreakdown.swift",
"Entities/Trigger.swift",
"PersistentContainer+Persistable.swift",
"PersistentContainer+Queryable.swift",
"PersistentContainer.swift"
],
"target_dependencies" : [
"XcodeServer"
],
"type" : "library"
},
{
"c99name" : "XcodeServerModel_1_0_0",
"module_type" : "SwiftTarget",
"name" : "XcodeServerModel_1_0_0",
"path" : "Sources/XcodeServerModel_1_0_0",
"product_dependencies" : [
"CoreDataPlus",
"Logging"
],
"product_memberships" : [
"XcodeServer",
"xcscli"
],
"resources" : [
{
"path" : "/Users/admin/builder/spi-builder-workspace/Sources/XcodeServerModel_1_0_0/Resources/XcodeServer.momd_precompiled",
"rule" : {
"process" : {
}
}
},
{
"path" : "/Users/admin/builder/spi-builder-workspace/Sources/XcodeServerModel_1_0_0/Resources/XcodeServer.xcdatamodeld",
"rule" : {
"process" : {
}
}
}
],
"sources" : [
"Entities/Asset.swift",
"Entities/Bot.swift",
"Entities/BuildResultSummary.swift",
"Entities/Commit.swift",
"Entities/CommitChange.swift",
"Entities/CommitContributor.swift",
"Entities/Conditions.swift",
"Entities/Configuration.swift",
"Entities/Device.swift",
"Entities/DeviceSpecification.swift",
"Entities/EmailConfiguration.swift",
"Entities/Filter.swift",
"Entities/Integration.swift",
"Entities/IntegrationAssets.swift",
"Entities/IntegrationIssues.swift",
"Entities/Issue.swift",
"Entities/Platform.swift",
"Entities/Repository.swift",
"Entities/RevisionBlueprint.swift",
"Entities/Server.swift",
"Entities/Stats.swift",
"Entities/StatsBreakdown.swift",
"Entities/Trigger.swift",
"PersistentContainer+Persistable.swift",
"PersistentContainer+Queryable.swift",
"PersistentContainer.swift"
],
"target_dependencies" : [
"XcodeServer"
],
"type" : "library"
},
{
"c99name" : "XcodeServerCoreData",
"module_type" : "SwiftTarget",
"name" : "XcodeServerCoreData",
"path" : "Sources/XcodeServerCoreData",
"product_dependencies" : [
"CoreDataPlus"
],
"product_memberships" : [
"XcodeServer",
"xcscli"
],
"sources" : [
"CoreDataStore.swift",
"Model.swift",
"Persistence+XcodeServerCoreData.swift",
"String+XcodeServerCoreData.swift"
],
"target_dependencies" : [
"XcodeServer",
"XcodeServerModel_1_0_0",
"XcodeServerModel_1_1_0",
"XcodeServerModel_2_0_0"
],
"type" : "library"
},
{
"c99name" : "XcodeServerAPI",
"module_type" : "SwiftTarget",
"name" : "XcodeServerAPI",
"path" : "Sources/XcodeServerAPI",
"product_dependencies" : [
"SessionPlus",
"SWCompression"
],
"product_memberships" : [
"XcodeServer",
"xcscli"
],
"sources" : [
"Extensions/XCSCommit+SourceControl.Commit.swift",
"Mappings/Bot+XCSMappings.swift",
"Mappings/Device+XCSMappings.swift",
"Mappings/Integration+XCSMappings.swift",
"Mappings/Issue+XCSMappings.swift",
"Mappings/Server+XCSMappings.swift",
"Mappings/SourceControl+XCSMappings.swift",
"Mappings/Tests+XCSMappings.swift",
"Mappings/Trigger+XCSMappings.swift",
"Models/XCSArchiveExportOptions.swift",
"Models/XCSAssets.swift",
"Models/XCSAuthenticationStrategy.swift",
"Models/XCSBlueprintLocation.swift",
"Models/XCSBot.swift",
"Models/XCSBuildResultSummary.swift",
"Models/XCSCommit.swift",
"Models/XCSCommitChangeFilePath.swift",
"Models/XCSCommitContributor.swift",
"Models/XCSConditions.swift",
"Models/XCSConfiguration.swift",
"Models/XCSControlledChanges.swift",
"Models/XCSControlledChangesPlatforms.swift",
"Models/XCSControlledChangesTraits.swift",
"Models/XCSControlledChangesValues.swift",
"Models/XCSCoverageFile.swift",
"Models/XCSCoverageHierarchy.swift",
"Models/XCSCoverageMethod.swift",
"Models/XCSCoverageResult.swift",
"Models/XCSCoverageTarget.swift",
"Models/XCSDevice.swift",
"Models/XCSDeviceSpecification.swift",
"Models/XCSEmailConfiguration.swift",
"Models/XCSExportOptions.swift",
"Models/XCSFilter.swift",
"Models/XCSGroup.swift",
"Models/XCSIntegration.swift",
"Models/XCSIntegrationAsset.swift",
"Models/XCSIntegrationSnippet.swift",
"Models/XCSIssue.swift",
"Models/XCSIssueAuthor.swift",
"Models/XCSIssueGroup.swift",
"Models/XCSIssues.swift",
"Models/XCSPlatform.swift",
"Models/XCSProvisioningConfiguration.swift",
"Models/XCSProxiedDevice.swift",
"Models/XCSRemoteRepository.swift",
"Models/XCSRepositoryBlueprint.swift",
"Models/XCSRepositoryCommit.swift",
"Models/XCSRepositoryLocation.swift",
"Models/XCSResults.swift",
"Models/XCSStats.swift",
"Models/XCSStatsSummary.swift",
"Models/XCSSuspectStrategy.swift",
"Models/XCSTestLocalization.swift",
"Models/XCSTests.swift",
"Models/XCSTrigger.swift",
"Models/XCSVersion.swift",
"XCSClient+EntityQueryable.swift",
"XCSClient.swift"
],
"type" : "library"
},
{
"c99name" : "XcodeServer",
"module_type" : "SwiftTarget",
"name" : "XcodeServer",
"path" : "Sources/XcodeServer",
"product_memberships" : [
"XcodeServer",
"xcscli"
],
"sources" : [
"FileManager+XcodeServer.swift",
"Models/Bot.Cleaning.swift",
"Models/Bot.Configuration.swift",
"Models/Bot.Coverage.swift",
"Models/Bot.PeriodicInterval.swift",
"Models/Bot.Schedule.swift",
"Models/Bot.Stats.swift",
"Models/Bot.swift",
"Models/Device.Filter.swift",
"Models/Device.Platform.swift",
"Models/Device.ProxiedDevice.swift",
"Models/Device.Specification.swift",
"Models/Device.swift",
"Models/Integration.Asset.swift",
"Models/Integration.AssetCatalog.swift",
"Models/Integration.BuildSummary.swift",
"Models/Integration.ControlledChanges.swift",
"Models/Integration.IssueCatalog.swift",
"Models/Integration.IssueGroup.swift",
"Models/Integration.Result.swift",
"Models/Integration.Step.swift",
"Models/Integration.swift",
"Models/Issue.Author.swift",
"Models/Issue.Category.swift",
"Models/Issue.Confidence.swift",
"Models/Issue.Status.swift",
"Models/Issue.SuspectStrategy.swift",
"Models/Issue.swift",
"Models/Server.Version.swift",
"Models/Server.swift",
"Models/SourceControl.AuthenticationStrategy.swift",
"Models/SourceControl.Blueprint.swift",
"Models/SourceControl.Change.swift",
"Models/SourceControl.Commit.swift",
"Models/SourceControl.Contributor.swift",
"Models/SourceControl.Location.swift",
"Models/SourceControl.Remote.swift",
"Models/SourceControl.swift",
"Models/Tests.Class.swift",
"Models/Tests.Hierarchy.swift",
"Models/Tests.Method.swift",
"Models/Tests.Suite.swift",
"Models/Tests.swift",
"Models/Trigger.Category.swift",
"Models/Trigger.Conditions.swift",
"Models/Trigger.Email.swift",
"Models/Trigger.Phase.swift",
"Models/Trigger.swift",
"Protocols/Persistable.swift",
"Protocols/Queryable.swift",
"XcodeServerError.swift"
],
"type" : "library"
}
],
"tools_version" : "5.5"
}
{
"workspace" : {
"name" : "XcodeServer",
"schemes" : [
"XcodeServer",
"XcodeServer-Package",
"xcscli"
]
}
}
2026-09-18 06:27:29.522 xcodebuild[1605:8609] [MT] IDERunDestination: Supported platforms for the buildables in the current scheme is empty.
{
"workspace" : {
"name" : "XcodeServer",
"schemes" : [
"XcodeServer",
"XcodeServer-Package",
"xcscli"
]
}
}
2026-09-18 06:27:31.683 xcodebuild[1615:8690] [MT] IDERunDestination: Supported platforms for the buildables in the current scheme is empty.
Running build ...
env DEVELOPER_DIR=/Applications/Xcode-27.0.0-Release.Candidate.app xcrun xcodebuild -IDEClonedSourcePackagesDirPathOverride=$PWD/.dependencies -skipMacroValidation -skipPackagePluginValidation -derivedDataPath $PWD/.derivedData build -scheme XcodeServer-Package -destination generic/platform=xrOS
Command line invocation:
/Applications/Xcode-27.0.0-Release.Candidate.app/Contents/Developer/usr/bin/xcodebuild -IDEClonedSourcePackagesDirPathOverride=/Users/admin/builder/spi-builder-workspace/.dependencies -skipMacroValidation -skipPackagePluginValidation -derivedDataPath /Users/admin/builder/spi-builder-workspace/.derivedData build -scheme XcodeServer-Package -destination generic/platform=xrOS
Resolve Package Graph
Resolved source packages:
AsyncPlus: https://github.com/richardpiazza/AsyncPlus.git @ 0.5.0
Rainbow: https://github.com/onevcat/Rainbow @ 4.2.1
CoreDataPlus: https://github.com/richardpiazza/CoreDataPlus.git @ 0.5.0
SWCompression: https://github.com/tsolomko/SWCompression @ 4.9.1
swift-argument-parser: https://github.com/apple/swift-argument-parser.git @ 1.8.2
Mutex: https://github.com/swhitty/swift-mutex.git @ 0.0.6
BitByteData: https://github.com/tsolomko/BitByteData @ 2.1.0
swift-log: https://github.com/apple/swift-log.git @ 1.15.1
XcodeServer: /Users/admin/builder/spi-builder-workspace
SessionPlus: https://github.com/richardpiazza/SessionPlus.git @ 2.2.0
ComputePackagePrebuildTargetDependencyGraph
Prepare packages
CreateBuildRequest
SendProjectDescription
CreateBuildOperation
ComputeTargetDependencyGraph
note: Building targets in dependency order
note: Target dependency graph (33 targets)
Target 'xcscli-product' in project 'XcodeServer'
➜ Explicit dependency on target 'XcodeServer' in project 'XcodeServer'
➜ Explicit dependency on target 'XcodeServerModel_1_0_0' in project 'XcodeServer'
➜ Explicit dependency on target 'XcodeServerModel_1_1_0' in project 'XcodeServer'
➜ Explicit dependency on target 'XcodeServerModel_2_0_0' in project 'XcodeServer'
➜ Explicit dependency on target 'XcodeServerCoreData' in project 'XcodeServer'
➜ Explicit dependency on target 'XcodeServerAPI' in project 'XcodeServer'
➜ Explicit dependency on target 'CoreDataPlus-product' in project 'CoreDataPlus'
➜ Explicit dependency on target 'Logging-product' in project 'swift-log'
➜ Explicit dependency on target 'SessionPlus-product' in project 'SessionPlus'
➜ Explicit dependency on target 'SWCompression-product' in project 'SWCompression'
➜ Explicit dependency on target 'ArgumentParser-product' in project 'swift-argument-parser'
➜ Explicit dependency on target 'Rainbow-product' in project 'Rainbow'
Target 'Rainbow-product' in project 'Rainbow'
➜ Explicit dependency on target 'Rainbow' in project 'Rainbow'
Target 'Rainbow' in project 'Rainbow' (no dependencies)
Target 'ArgumentParser-product' in project 'swift-argument-parser'
➜ Explicit dependency on target 'ArgumentParser' in project 'swift-argument-parser'
➜ Explicit dependency on target 'ArgumentParserToolInfo' in project 'swift-argument-parser'
Target 'ArgumentParser' in project 'swift-argument-parser'
➜ Explicit dependency on target 'ArgumentParserToolInfo' in project 'swift-argument-parser'
Target 'ArgumentParserToolInfo' in project 'swift-argument-parser' (no dependencies)
Target 'XcodeServer-product' in project 'XcodeServer'
➜ Explicit dependency on target 'XcodeServer' in project 'XcodeServer'
➜ Explicit dependency on target 'XcodeServerAPI' in project 'XcodeServer'
➜ Explicit dependency on target 'XcodeServerCoreData' in project 'XcodeServer'
➜ Explicit dependency on target 'XcodeServerModel_1_0_0' in project 'XcodeServer'
➜ Explicit dependency on target 'XcodeServerModel_1_1_0' in project 'XcodeServer'
➜ Explicit dependency on target 'XcodeServerModel_2_0_0' in project 'XcodeServer'
➜ Explicit dependency on target 'SessionPlus-product' in project 'SessionPlus'
➜ Explicit dependency on target 'SWCompression-product' in project 'SWCompression'
➜ Explicit dependency on target 'CoreDataPlus-product' in project 'CoreDataPlus'
➜ Explicit dependency on target 'Logging-product' in project 'swift-log'
Target 'XcodeServerCoreData' in project 'XcodeServer'
➜ Explicit dependency on target 'XcodeServer' in project 'XcodeServer'
➜ Explicit dependency on target 'XcodeServerModel_1_0_0' in project 'XcodeServer'
➜ Explicit dependency on target 'XcodeServerModel_1_1_0' in project 'XcodeServer'
➜ Explicit dependency on target 'XcodeServerModel_2_0_0' in project 'XcodeServer'
➜ Explicit dependency on target 'CoreDataPlus-product' in project 'CoreDataPlus'
➜ Explicit dependency on target 'Logging-product' in project 'swift-log'
Target 'XcodeServerModel_2_0_0' in project 'XcodeServer'
➜ Explicit dependency on target 'XcodeServer_XcodeServerModel_2_0_0' in project 'XcodeServer'
➜ Explicit dependency on target 'XcodeServer' in project 'XcodeServer'
➜ Explicit dependency on target 'CoreDataPlus-product' in project 'CoreDataPlus'
➜ Explicit dependency on target 'Logging-product' in project 'swift-log'
Target 'XcodeServer_XcodeServerModel_2_0_0' in project 'XcodeServer' (no dependencies)
Target 'XcodeServerModel_1_1_0' in project 'XcodeServer'
➜ Explicit dependency on target 'XcodeServer_XcodeServerModel_1_1_0' in project 'XcodeServer'
➜ Explicit dependency on target 'XcodeServer' in project 'XcodeServer'
➜ Explicit dependency on target 'CoreDataPlus-product' in project 'CoreDataPlus'
➜ Explicit dependency on target 'Logging-product' in project 'swift-log'
Target 'XcodeServer_XcodeServerModel_1_1_0' in project 'XcodeServer' (no dependencies)
Target 'XcodeServerModel_1_0_0' in project 'XcodeServer'
➜ Explicit dependency on target 'XcodeServer_XcodeServerModel_1_0_0' in project 'XcodeServer'
➜ Explicit dependency on target 'XcodeServer' in project 'XcodeServer'
➜ Explicit dependency on target 'CoreDataPlus-product' in project 'CoreDataPlus'
➜ Explicit dependency on target 'Logging-product' in project 'swift-log'
Target 'CoreDataPlus-product' in project 'CoreDataPlus'
➜ Explicit dependency on target 'CoreDataPlus' in project 'CoreDataPlus'
➜ Explicit dependency on target 'Logging-product' in project 'swift-log'
Target 'CoreDataPlus' in project 'CoreDataPlus'
➜ Explicit dependency on target 'Logging-product' in project 'swift-log'
Target 'Logging-product' in project 'swift-log'
➜ Explicit dependency on target 'Logging' in project 'swift-log'
Target 'Logging' in project 'swift-log' (no dependencies)
Target 'XcodeServer_XcodeServerModel_1_0_0' in project 'XcodeServer' (no dependencies)
Target 'XcodeServerAPI' in project 'XcodeServer'
➜ Explicit dependency on target 'SessionPlus-product' in project 'SessionPlus'
➜ Explicit dependency on target 'SWCompression-product' in project 'SWCompression'
Target 'SWCompression-product' in project 'SWCompression'
➜ Explicit dependency on target 'SWCompression' in project 'SWCompression'
➜ Explicit dependency on target 'SWCompression_SWCompression' in project 'SWCompression'
➜ Explicit dependency on target 'BitByteData-product' in project 'BitByteData'
Target 'SWCompression' in project 'SWCompression'
➜ Explicit dependency on target 'SWCompression_SWCompression' in project 'SWCompression'
➜ Explicit dependency on target 'BitByteData-product' in project 'BitByteData'
Target 'BitByteData-product' in project 'BitByteData'
➜ Explicit dependency on target 'BitByteData' in project 'BitByteData'
➜ Explicit dependency on target 'BitByteData_BitByteData' in project 'BitByteData'
Target 'BitByteData' in project 'BitByteData'
➜ Explicit dependency on target 'BitByteData_BitByteData' in project 'BitByteData'
Target 'BitByteData_BitByteData' in project 'BitByteData' (no dependencies)
Target 'SWCompression_SWCompression' in project 'SWCompression' (no dependencies)
Target 'SessionPlus-product' in project 'SessionPlus'
➜ Explicit dependency on target 'SessionPlus' in project 'SessionPlus'
➜ Explicit dependency on target 'SessionPlusEmulation' in project 'SessionPlus'
➜ Explicit dependency on target 'AsyncPlus-product' in project 'AsyncPlus'
Target 'SessionPlusEmulation' in project 'SessionPlus'
➜ Explicit dependency on target 'SessionPlus' in project 'SessionPlus'
➜ Explicit dependency on target 'AsyncPlus-product' in project 'AsyncPlus'
Target 'SessionPlus' in project 'SessionPlus'
➜ Explicit dependency on target 'AsyncPlus-product' in project 'AsyncPlus'
Target 'AsyncPlus-product' in project 'AsyncPlus'
➜ Explicit dependency on target 'AsyncPlus' in project 'AsyncPlus'
➜ Explicit dependency on target 'Mutex-product' in project 'Mutex'
Target 'AsyncPlus' in project 'AsyncPlus'
➜ Explicit dependency on target 'Mutex-product' in project 'Mutex'
Target 'Mutex-product' in project 'Mutex'
➜ Explicit dependency on target 'Mutex' in project 'Mutex'
Target 'Mutex' in project 'Mutex' (no dependencies)
Target 'XcodeServer' in project 'XcodeServer' (no dependencies)
GatherProvisioningInputs
CreateBuildDescription
ClangStatCache /Applications/Xcode-27.0.0-Release.Candidate.app/Contents/Developer/Toolchains/XcodeDefault.xctoolchain/usr/bin/clang-stat-cache /Applications/Xcode-27.0.0-Release.Candidate.app/Contents/Developer/Platforms/XROS.platform/Developer/SDKs/XROS27.0.sdk /Users/admin/builder/spi-builder-workspace/.derivedData/SDKStatCaches.noindex/xros27.0-24M361-e829b21a6f8c9b70876ba0858053c044735bd543db762f57723cac368afd1ce4.sdkstatcache
cd /Users/admin/builder/spi-builder-workspace/.swiftpm/xcode
/Applications/Xcode-27.0.0-Release.Candidate.app/Contents/Developer/Toolchains/XcodeDefault.xctoolchain/usr/bin/clang-stat-cache /Applications/Xcode-27.0.0-Release.Candidate.app/Contents/Developer/Platforms/XROS.platform/Developer/SDKs/XROS27.0.sdk -o /Users/admin/builder/spi-builder-workspace/.derivedData/SDKStatCaches.noindex/xros27.0-24M361-e829b21a6f8c9b70876ba0858053c044735bd543db762f57723cac368afd1ce4.sdkstatcache
SwiftDriver SessionPlus normal arm64 com.apple.xcode.tools.swift.compiler (in target 'SessionPlus' from project 'SessionPlus')
cd /Users/admin/builder/spi-builder-workspace/.swiftpm/xcode
builtin-SwiftDriver -- /Applications/Xcode-27.0.0-Release.Candidate.app/Contents/Developer/Toolchains/XcodeDefault.xctoolchain/usr/bin/swiftc -parse-as-library -module-name SessionPlus -Onone @/Users/admin/builder/spi-builder-workspace/.derivedData/Build/Intermediates.noindex/SessionPlus.build/Debug-xros/SessionPlus-t.build/Objects-normal/arm64/SessionPlus.SwiftFileList -DSWIFT_PACKAGE -DDEBUG -DSWIFT_MODULE_RESOURCE_BUNDLE_UNAVAILABLE -DXcode -plugin-path /Applications/Xcode-27.0.0-Release.Candidate.app/Contents/Developer/Toolchains/XcodeDefault.xctoolchain/usr/lib/swift/host/plugins/testing -enable-experimental-feature DebugDescriptionMacro -sdk /Applications/Xcode-27.0.0-Release.Candidate.app/Contents/Developer/Platforms/XROS.platform/Developer/SDKs/XROS27.0.sdk -target arm64-apple-xros1.0 -g -module-cache-path /Users/admin/builder/spi-builder-workspace/.derivedData/ModuleCache.noindex -Xfrontend -serialize-debugging-options -profile-coverage-mapping -profile-generate -enable-testing -suppress-warnings -index-store-path /Users/admin/builder/spi-builder-workspace/.derivedData/Index.noindex/DataStore -Xcc -D_LIBCPP_HARDENING_MODE\=_LIBCPP_HARDENING_MODE_DEBUG -swift-version 5 -I /Users/admin/builder/spi-builder-workspace/.derivedData/Build/Products/Debug-xros -Isystem /Applications/Xcode-27.0.0-Release.Candidate.app/Contents/Developer/Platforms/XROS.platform/Developer/usr/lib -F /Users/admin/builder/spi-builder-workspace/.derivedData/Build/Products/Debug-xros/PackageFrameworks -F /Users/admin/builder/spi-builder-workspace/.derivedData/Build/Products/Debug-xros -F /Applications/Xcode-27.0.0-Release.Candidate.app/Contents/Developer/Platforms/XROS.platform/Developer/Library/Frameworks -F /Applications/Xcode-27.0.0-Release.Candidate.app/Contents/Developer/Platforms/XROS.platform/Developer/SDKs/XROS27.0.sdk/Developer/Library/Frameworks -c -j10 -enable-batch-mode -incremental -Xcc -ivfsstatcache -Xcc /Users/admin/builder/spi-builder-workspace/.derivedData/SDKStatCaches.noindex/xros27.0-24M361-e829b21a6f8c9b70876ba0858053c044735bd543db762f57723cac368afd1ce4.sdkstatcache -output-file-map /Users/admin/builder/spi-builder-workspace/.derivedData/Build/Intermediates.noindex/SessionPlus.build/Debug-xros/SessionPlus-t.build/Objects-normal/arm64/SessionPlus-OutputFileMap.json -save-temps -no-color-diagnostics -explicit-module-build -module-cache-path /Users/admin/builder/spi-builder-workspace/.derivedData/Build/Intermediates.noindex/SwiftExplicitPrecompiledModules -clang-scanner-module-cache-path /Users/admin/builder/spi-builder-workspace/.derivedData/ModuleCache.noindex -sdk-module-cache-path /Users/admin/builder/spi-builder-workspace/.derivedData/SDKExplicitPrecompiledModules -emit-dependencies -emit-module -emit-module-path /Users/admin/builder/spi-builder-workspace/.derivedData/Build/Intermediates.noindex/SessionPlus.build/Debug-xros/SessionPlus-t.build/Objects-normal/arm64/SessionPlus.swiftmodule -serialize-diagnostics -dependency-scan-serialize-diagnostics-path /Users/admin/builder/spi-builder-workspace/.derivedData/Build/Intermediates.noindex/SessionPlus.build/Debug-xros/SessionPlus-t.build/Objects-normal/arm64/SessionPlus-dependency-scan.dia -validate-clang-modules-once -clang-build-session-file /Users/admin/builder/spi-builder-workspace/.derivedData/ModuleCache.noindex/Session.modulevalidation -Xcc -fmodules-prune-interval\=86400 -Xcc -fmodules-prune-after\=345600 -emit-const-values -const-gather-protocols-list /Users/admin/builder/spi-builder-workspace/.derivedData/Build/Intermediates.noindex/SessionPlus.build/Debug-xros/SessionPlus-t.build/Objects-normal/arm64/SessionPlus_const_extract_protocols.json -Xcc -I/Users/admin/builder/spi-builder-workspace/.derivedData/Build/Products/Debug-xros/include -Xcc -I/Users/admin/builder/spi-builder-workspace/.derivedData/Build/Intermediates.noindex/SessionPlus.build/Debug-xros/SessionPlus-t.build/DerivedSources-normal/arm64 -Xcc -I/Users/admin/builder/spi-builder-workspace/.derivedData/Build/Intermediates.noindex/SessionPlus.build/Debug-xros/SessionPlus-t.build/DerivedSources/arm64 -Xcc -I/Users/admin/builder/spi-builder-workspace/.derivedData/Build/Intermediates.noindex/SessionPlus.build/Debug-xros/SessionPlus-t.build/DerivedSources -Xcc -DSWIFT_PACKAGE -Xcc -DDEBUG\=1 -emit-objc-header -emit-objc-header-path /Users/admin/builder/spi-builder-workspace/.derivedData/Build/Intermediates.noindex/SessionPlus.build/Debug-xros/SessionPlus-t.build/Objects-normal/arm64/SessionPlus-Swift.h -working-directory /Users/admin/builder/spi-builder-workspace/.swiftpm/xcode -experimental-emit-module-separately -disable-cmo
SwiftDriver SWCompression normal arm64 com.apple.xcode.tools.swift.compiler (in target 'SWCompression' from project 'SWCompression')
cd /Users/admin/builder/spi-builder-workspace/.swiftpm/xcode
builtin-SwiftDriver -- /Applications/Xcode-27.0.0-Release.Candidate.app/Contents/Developer/Toolchains/XcodeDefault.xctoolchain/usr/bin/swiftc -parse-as-library -module-name SWCompression -Onone @/Users/admin/builder/spi-builder-workspace/.derivedData/Build/Intermediates.noindex/SWCompression.build/Debug-xros/SWCompression-t.build/Objects-normal/arm64/SWCompression.SwiftFileList -DSWIFT_PACKAGE -DDEBUG -DSWIFT_MODULE_RESOURCE_BUNDLE_AVAILABLE -DXcode -plugin-path /Applications/Xcode-27.0.0-Release.Candidate.app/Contents/Developer/Toolchains/XcodeDefault.xctoolchain/usr/lib/swift/host/plugins/testing -enable-experimental-feature DebugDescriptionMacro -sdk /Applications/Xcode-27.0.0-Release.Candidate.app/Contents/Developer/Platforms/XROS.platform/Developer/SDKs/XROS27.0.sdk -target arm64-apple-xros1.0 -g -module-cache-path /Users/admin/builder/spi-builder-workspace/.derivedData/ModuleCache.noindex -Xfrontend -serialize-debugging-options -profile-coverage-mapping -profile-generate -enable-testing -suppress-warnings -index-store-path /Users/admin/builder/spi-builder-workspace/.derivedData/Index.noindex/DataStore -Xcc -D_LIBCPP_HARDENING_MODE\=_LIBCPP_HARDENING_MODE_DEBUG -swift-version 5 -I /Users/admin/builder/spi-builder-workspace/.derivedData/Build/Products/Debug-xros -Isystem /Applications/Xcode-27.0.0-Release.Candidate.app/Contents/Developer/Platforms/XROS.platform/Developer/usr/lib -F /Users/admin/builder/spi-builder-workspace/.derivedData/Build/Products/Debug-xros/PackageFrameworks -F /Users/admin/builder/spi-builder-workspace/.derivedData/Build/Products/Debug-xros -F /Applications/Xcode-27.0.0-Release.Candidate.app/Contents/Developer/Platforms/XROS.platform/Developer/Library/Frameworks -F /Applications/Xcode-27.0.0-Release.Candidate.app/Contents/Developer/Platforms/XROS.platform/Developer/SDKs/XROS27.0.sdk/Developer/Library/Frameworks -c -j10 -enable-batch-mode -incremental -Xcc -ivfsstatcache -Xcc /Users/admin/builder/spi-builder-workspace/.derivedData/SDKStatCaches.noindex/xros27.0-24M361-e829b21a6f8c9b70876ba0858053c044735bd543db762f57723cac368afd1ce4.sdkstatcache -output-file-map /Users/admin/builder/spi-builder-workspace/.derivedData/Build/Intermediates.noindex/SWCompression.build/Debug-xros/SWCompression-t.build/Objects-normal/arm64/SWCompression-OutputFileMap.json -save-temps -no-color-diagnostics -explicit-module-build -module-cache-path /Users/admin/builder/spi-builder-workspace/.derivedData/Build/Intermediates.noindex/SwiftExplicitPrecompiledModules -clang-scanner-module-cache-path /Users/admin/builder/spi-builder-workspace/.derivedData/ModuleCache.noindex -sdk-module-cache-path /Users/admin/builder/spi-builder-workspace/.derivedData/SDKExplicitPrecompiledModules -emit-dependencies -emit-module -emit-module-path /Users/admin/builder/spi-builder-workspace/.derivedData/Build/Intermediates.noindex/SWCompression.build/Debug-xros/SWCompression-t.build/Objects-normal/arm64/SWCompression.swiftmodule -serialize-diagnostics -dependency-scan-serialize-diagnostics-path /Users/admin/builder/spi-builder-workspace/.derivedData/Build/Intermediates.noindex/SWCompression.build/Debug-xros/SWCompression-t.build/Objects-normal/arm64/SWCompression-dependency-scan.dia -validate-clang-modules-once -clang-build-session-file /Users/admin/builder/spi-builder-workspace/.derivedData/ModuleCache.noindex/Session.modulevalidation -Xcc -fmodules-prune-interval\=86400 -Xcc -fmodules-prune-after\=345600 -package-name swcompression -emit-const-values -const-gather-protocols-list /Users/admin/builder/spi-builder-workspace/.derivedData/Build/Intermediates.noindex/SWCompression.build/Debug-xros/SWCompression-t.build/Objects-normal/arm64/SWCompression_const_extract_protocols.json -Xcc -I/Users/admin/builder/spi-builder-workspace/.derivedData/Build/Products/Debug-xros/include -Xcc -I/Users/admin/builder/spi-builder-workspace/.derivedData/Build/Intermediates.noindex/SWCompression.build/Debug-xros/SWCompression-t.build/DerivedSources-normal/arm64 -Xcc -I/Users/admin/builder/spi-builder-workspace/.derivedData/Build/Intermediates.noindex/SWCompression.build/Debug-xros/SWCompression-t.build/DerivedSources/arm64 -Xcc -I/Users/admin/builder/spi-builder-workspace/.derivedData/Build/Intermediates.noindex/SWCompression.build/Debug-xros/SWCompression-t.build/DerivedSources -Xcc -DSWIFT_PACKAGE -Xcc -DDEBUG\=1 -emit-objc-header -emit-objc-header-path /Users/admin/builder/spi-builder-workspace/.derivedData/Build/Intermediates.noindex/SWCompression.build/Debug-xros/SWCompression-t.build/Objects-normal/arm64/SWCompression-Swift.h -working-directory /Users/admin/builder/spi-builder-workspace/.swiftpm/xcode -experimental-emit-module-separately -disable-cmo
SwiftDriver XcodeServerCoreData normal arm64 com.apple.xcode.tools.swift.compiler (in target 'XcodeServerCoreData' from project 'XcodeServer')
cd /Users/admin/builder/spi-builder-workspace/.swiftpm/xcode
builtin-SwiftDriver -- /Applications/Xcode-27.0.0-Release.Candidate.app/Contents/Developer/Toolchains/XcodeDefault.xctoolchain/usr/bin/swiftc -parse-as-library -module-name XcodeServerCoreData -Onone @/Users/admin/builder/spi-builder-workspace/.derivedData/Build/Intermediates.noindex/XcodeServer.build/Debug-xros/XcodeServerCoreData-t.build/Objects-normal/arm64/XcodeServerCoreData.SwiftFileList -DSWIFT_PACKAGE -DDEBUG -DSWIFT_MODULE_RESOURCE_BUNDLE_UNAVAILABLE -DXcode -plugin-path /Applications/Xcode-27.0.0-Release.Candidate.app/Contents/Developer/Toolchains/XcodeDefault.xctoolchain/usr/lib/swift/host/plugins/testing -enable-experimental-feature DebugDescriptionMacro -sdk /Applications/Xcode-27.0.0-Release.Candidate.app/Contents/Developer/Platforms/XROS.platform/Developer/SDKs/XROS27.0.sdk -target arm64-apple-xros1.0 -g -module-cache-path /Users/admin/builder/spi-builder-workspace/.derivedData/ModuleCache.noindex -Xfrontend -serialize-debugging-options -profile-coverage-mapping -profile-generate -enable-testing -index-store-path /Users/admin/builder/spi-builder-workspace/.derivedData/Index.noindex/DataStore -Xcc -D_LIBCPP_HARDENING_MODE\=_LIBCPP_HARDENING_MODE_DEBUG -swift-version 5 -I /Users/admin/builder/spi-builder-workspace/.derivedData/Build/Products/Debug-xros -Isystem /Applications/Xcode-27.0.0-Release.Candidate.app/Contents/Developer/Platforms/XROS.platform/Developer/usr/lib -F /Users/admin/builder/spi-builder-workspace/.derivedData/Build/Products/Debug-xros/PackageFrameworks -F /Users/admin/builder/spi-builder-workspace/.derivedData/Build/Products/Debug-xros -F /Applications/Xcode-27.0.0-Release.Candidate.app/Contents/Developer/Platforms/XROS.platform/Developer/Library/Frameworks -F /Applications/Xcode-27.0.0-Release.Candidate.app/Contents/Developer/Platforms/XROS.platform/Developer/SDKs/XROS27.0.sdk/Developer/Library/Frameworks -c -j10 -enable-batch-mode -incremental -Xcc -ivfsstatcache -Xcc /Users/admin/builder/spi-builder-workspace/.derivedData/SDKStatCaches.noindex/xros27.0-24M361-e829b21a6f8c9b70876ba0858053c044735bd543db762f57723cac368afd1ce4.sdkstatcache -output-file-map /Users/admin/builder/spi-builder-workspace/.derivedData/Build/Intermediates.noindex/XcodeServer.build/Debug-xros/XcodeServerCoreData-t.build/Objects-normal/arm64/XcodeServerCoreData-OutputFileMap.json -save-temps -no-color-diagnostics -explicit-module-build -module-cache-path /Users/admin/builder/spi-builder-workspace/.derivedData/Build/Intermediates.noindex/SwiftExplicitPrecompiledModules -clang-scanner-module-cache-path /Users/admin/builder/spi-builder-workspace/.derivedData/ModuleCache.noindex -sdk-module-cache-path /Users/admin/builder/spi-builder-workspace/.derivedData/SDKExplicitPrecompiledModules -emit-dependencies -emit-module -emit-module-path /Users/admin/builder/spi-builder-workspace/.derivedData/Build/Intermediates.noindex/XcodeServer.build/Debug-xros/XcodeServerCoreData-t.build/Objects-normal/arm64/XcodeServerCoreData.swiftmodule -serialize-diagnostics -dependency-scan-serialize-diagnostics-path /Users/admin/builder/spi-builder-workspace/.derivedData/Build/Intermediates.noindex/XcodeServer.build/Debug-xros/XcodeServerCoreData-t.build/Objects-normal/arm64/XcodeServerCoreData-dependency-scan.dia -validate-clang-modules-once -clang-build-session-file /Users/admin/builder/spi-builder-workspace/.derivedData/ModuleCache.noindex/Session.modulevalidation -Xcc -fmodules-prune-interval\=86400 -Xcc -fmodules-prune-after\=345600 -emit-const-values -const-gather-protocols-list /Users/admin/builder/spi-builder-workspace/.derivedData/Build/Intermediates.noindex/XcodeServer.build/Debug-xros/XcodeServerCoreData-t.build/Objects-normal/arm64/XcodeServerCoreData_const_extract_protocols.json -Xcc -I/Users/admin/builder/spi-builder-workspace/.derivedData/Build/Products/Debug-xros/include -Xcc -I/Users/admin/builder/spi-builder-workspace/.derivedData/Build/Intermediates.noindex/XcodeServer.build/Debug-xros/XcodeServerCoreData-t.build/DerivedSources-normal/arm64 -Xcc -I/Users/admin/builder/spi-builder-workspace/.derivedData/Build/Intermediates.noindex/XcodeServer.build/Debug-xros/XcodeServerCoreData-t.build/DerivedSources/arm64 -Xcc -I/Users/admin/builder/spi-builder-workspace/.derivedData/Build/Intermediates.noindex/XcodeServer.build/Debug-xros/XcodeServerCoreData-t.build/DerivedSources -Xcc -DSWIFT_PACKAGE -Xcc -DDEBUG\=1 -emit-objc-header -emit-objc-header-path /Users/admin/builder/spi-builder-workspace/.derivedData/Build/Intermediates.noindex/XcodeServer.build/Debug-xros/XcodeServerCoreData-t.build/Objects-normal/arm64/XcodeServerCoreData-Swift.h -working-directory /Users/admin/builder/spi-builder-workspace/.swiftpm/xcode -experimental-emit-module-separately -disable-cmo
SwiftEmitModule normal arm64 Emitting\ module\ for\ XcodeServerCoreData (in target 'XcodeServerCoreData' from project 'XcodeServer')
/Users/admin/builder/spi-builder-workspace/Sources/XcodeServerCoreData/CoreDataStore.swift:11:21: error: generic type 'CatalogContainer' specialized with too many type parameters (got 2, but expected 1)
9 | public class CoreDataStore {
10 | enum Catalog {
11 | case v1_0_0(CatalogContainer<Model, XcodeServerModel_1_0_0.PersistentContainer>)
| `- error: generic type 'CatalogContainer' specialized with too many type parameters (got 2, but expected 1)
12 | case v1_1_0(CatalogContainer<Model, XcodeServerModel_1_1_0.PersistentContainer>)
13 | case v2_0_0(CatalogContainer<Model, XcodeServerModel_2_0_0.PersistentContainer>)
CoreDataPlus.CatalogContainer:1:14: note: generic class 'CatalogContainer' declared here
1 | public class CatalogContainer<Catalog> where Catalog : CoreDataPlus.ModelCatalog {
| `- note: generic class 'CatalogContainer' declared here
2 | public let persistentContainer: NSPersistentContainer
3 | public let version: Catalog.Version
/Users/admin/builder/spi-builder-workspace/Sources/XcodeServerCoreData/CoreDataStore.swift:12:21: error: generic type 'CatalogContainer' specialized with too many type parameters (got 2, but expected 1)
10 | enum Catalog {
11 | case v1_0_0(CatalogContainer<Model, XcodeServerModel_1_0_0.PersistentContainer>)
12 | case v1_1_0(CatalogContainer<Model, XcodeServerModel_1_1_0.PersistentContainer>)
| `- error: generic type 'CatalogContainer' specialized with too many type parameters (got 2, but expected 1)
13 | case v2_0_0(CatalogContainer<Model, XcodeServerModel_2_0_0.PersistentContainer>)
14 |
CoreDataPlus.CatalogContainer:1:14: note: generic class 'CatalogContainer' declared here
1 | public class CatalogContainer<Catalog> where Catalog : CoreDataPlus.ModelCatalog {
| `- note: generic class 'CatalogContainer' declared here
2 | public let persistentContainer: NSPersistentContainer
3 | public let version: Catalog.Version
SwiftCompile normal arm64 (in target 'XcodeServerCoreData' from project 'XcodeServer')
cd /Users/admin/builder/spi-builder-workspace/.swiftpm/xcode
SwiftCompile normal arm64 Compiling\ String+XcodeServerCoreData.swift /Users/admin/builder/spi-builder-workspace/Sources/XcodeServerCoreData/String+XcodeServerCoreData.swift (in target 'XcodeServerCoreData' from project 'XcodeServer')
SwiftCompile normal arm64 /Users/admin/builder/spi-builder-workspace/Sources/XcodeServerCoreData/String+XcodeServerCoreData.swift (in target 'XcodeServerCoreData' from project 'XcodeServer')
cd /Users/admin/builder/spi-builder-workspace/.swiftpm/xcode
builtin-SwiftPerFileCompile String+XcodeServerCoreData.swift
SwiftCompile normal arm64 Compiling\ Persistence+XcodeServerCoreData.swift /Users/admin/builder/spi-builder-workspace/Sources/XcodeServerCoreData/Persistence+XcodeServerCoreData.swift (in target 'XcodeServerCoreData' from project 'XcodeServer')
SwiftCompile normal arm64 /Users/admin/builder/spi-builder-workspace/Sources/XcodeServerCoreData/Persistence+XcodeServerCoreData.swift (in target 'XcodeServerCoreData' from project 'XcodeServer')
cd /Users/admin/builder/spi-builder-workspace/.swiftpm/xcode
builtin-SwiftPerFileCompile Persistence+XcodeServerCoreData.swift
SwiftCompile normal arm64 Compiling\ CoreDataStore.swift /Users/admin/builder/spi-builder-workspace/Sources/XcodeServerCoreData/CoreDataStore.swift (in target 'XcodeServerCoreData' from project 'XcodeServer')
/Users/admin/builder/spi-builder-workspace/Sources/XcodeServerCoreData/CoreDataStore.swift:11:21: error: generic type 'CatalogContainer' specialized with too many type parameters (got 2, but expected 1)
9 | public class CoreDataStore {
10 | enum Catalog {
11 | case v1_0_0(CatalogContainer<Model, XcodeServerModel_1_0_0.PersistentContainer>)
| `- error: generic type 'CatalogContainer' specialized with too many type parameters (got 2, but expected 1)
12 | case v1_1_0(CatalogContainer<Model, XcodeServerModel_1_1_0.PersistentContainer>)
13 | case v2_0_0(CatalogContainer<Model, XcodeServerModel_2_0_0.PersistentContainer>)
CoreDataPlus.CatalogContainer:1:14: note: generic class 'CatalogContainer' declared here
1 | public class CatalogContainer<Catalog> where Catalog : CoreDataPlus.ModelCatalog {
| `- note: generic class 'CatalogContainer' declared here
2 | public let persistentContainer: NSPersistentContainer
3 | public let version: Catalog.Version
/Users/admin/builder/spi-builder-workspace/Sources/XcodeServerCoreData/CoreDataStore.swift:12:21: error: generic type 'CatalogContainer' specialized with too many type parameters (got 2, but expected 1)
10 | enum Catalog {
11 | case v1_0_0(CatalogContainer<Model, XcodeServerModel_1_0_0.PersistentContainer>)
12 | case v1_1_0(CatalogContainer<Model, XcodeServerModel_1_1_0.PersistentContainer>)
| `- error: generic type 'CatalogContainer' specialized with too many type parameters (got 2, but expected 1)
13 | case v2_0_0(CatalogContainer<Model, XcodeServerModel_2_0_0.PersistentContainer>)
14 |
CoreDataPlus.CatalogContainer:1:14: note: generic class 'CatalogContainer' declared here
1 | public class CatalogContainer<Catalog> where Catalog : CoreDataPlus.ModelCatalog {
| `- note: generic class 'CatalogContainer' declared here
2 | public let persistentContainer: NSPersistentContainer
3 | public let version: Catalog.Version
/Users/admin/builder/spi-builder-workspace/Sources/XcodeServerCoreData/CoreDataStore.swift:13:21: error: generic type 'CatalogContainer' specialized with too many type parameters (got 2, but expected 1)
11 | case v1_0_0(CatalogContainer<Model, XcodeServerModel_1_0_0.PersistentContainer>)
12 | case v1_1_0(CatalogContainer<Model, XcodeServerModel_1_1_0.PersistentContainer>)
13 | case v2_0_0(CatalogContainer<Model, XcodeServerModel_2_0_0.PersistentContainer>)
| `- error: generic type 'CatalogContainer' specialized with too many type parameters (got 2, but expected 1)
14 |
15 | var persistentContainer: NSPersistentContainer {
CoreDataPlus.CatalogContainer:1:14: note: generic class 'CatalogContainer' declared here
1 | public class CatalogContainer<Catalog> where Catalog : CoreDataPlus.ModelCatalog {
| `- note: generic class 'CatalogContainer' declared here
2 | public let persistentContainer: NSPersistentContainer
3 | public let version: Catalog.Version
/Users/admin/builder/spi-builder-workspace/Sources/XcodeServerCoreData/CoreDataStore.swift:51:33: error: generic type 'CatalogContainer' specialized with too many type parameters (got 2, but expected 1)
49 | switch model {
50 | case .v1_0_0:
51 | let container = try CatalogContainer<Model, XcodeServerModel_1_0_0.PersistentContainer>(version: model, persistence: persistence, name: .containerName, silentMigration: silentFailure)
| `- error: generic type 'CatalogContainer' specialized with too many type parameters (got 2, but expected 1)
52 | catalog = .v1_0_0(container)
53 | case .v1_1_0:
CoreDataPlus.CatalogContainer:1:14: note: generic class 'CatalogContainer' declared here
1 | public class CatalogContainer<Catalog> where Catalog : CoreDataPlus.ModelCatalog {
| `- note: generic class 'CatalogContainer' declared here
2 | public let persistentContainer: NSPersistentContainer
3 | public let version: Catalog.Version
/Users/admin/builder/spi-builder-workspace/Sources/XcodeServerCoreData/CoreDataStore.swift:54:33: error: generic type 'CatalogContainer' specialized with too many type parameters (got 2, but expected 1)
52 | catalog = .v1_0_0(container)
53 | case .v1_1_0:
54 | let container = try CatalogContainer<Model, XcodeServerModel_1_1_0.PersistentContainer>(version: model, persistence: persistence, name: .containerName, silentMigration: silentFailure)
| `- error: generic type 'CatalogContainer' specialized with too many type parameters (got 2, but expected 1)
55 | catalog = .v1_1_0(container)
56 | case .v2_0_0:
CoreDataPlus.CatalogContainer:1:14: note: generic class 'CatalogContainer' declared here
1 | public class CatalogContainer<Catalog> where Catalog : CoreDataPlus.ModelCatalog {
| `- note: generic class 'CatalogContainer' declared here
2 | public let persistentContainer: NSPersistentContainer
3 | public let version: Catalog.Version
/Users/admin/builder/spi-builder-workspace/Sources/XcodeServerCoreData/CoreDataStore.swift:57:33: error: generic type 'CatalogContainer' specialized with too many type parameters (got 2, but expected 1)
55 | catalog = .v1_1_0(container)
56 | case .v2_0_0:
57 | let container = try CatalogContainer<Model, XcodeServerModel_2_0_0.PersistentContainer>(version: model, persistence: persistence, name: .containerName, silentMigration: silentFailure)
| `- error: generic type 'CatalogContainer' specialized with too many type parameters (got 2, but expected 1)
58 | catalog = .v2_0_0(container)
59 | }
CoreDataPlus.CatalogContainer:1:14: note: generic class 'CatalogContainer' declared here
1 | public class CatalogContainer<Catalog> where Catalog : CoreDataPlus.ModelCatalog {
| `- note: generic class 'CatalogContainer' declared here
2 | public let persistentContainer: NSPersistentContainer
3 | public let version: Catalog.Version
Failed frontend command:
/Applications/Xcode-27.0.0-Release.Candidate.app/Contents/Developer/Toolchains/XcodeDefault.xctoolchain/usr/bin/swift-frontend -frontend -c -primary-file /Users/admin/builder/spi-builder-workspace/Sources/XcodeServerCoreData/CoreDataStore.swift /Users/admin/builder/spi-builder-workspace/Sources/XcodeServerCoreData/Model.swift /Users/admin/builder/spi-builder-workspace/Sources/XcodeServerCoreData/Persistence+XcodeServerCoreData.swift /Users/admin/builder/spi-builder-workspace/Sources/XcodeServerCoreData/String+XcodeServerCoreData.swift -emit-dependencies-path /Users/admin/builder/spi-builder-workspace/.derivedData/Build/Intermediates.noindex/XcodeServer.build/Debug-xros/XcodeServerCoreData-t.build/Objects-normal/arm64/CoreDataStore.d -emit-const-values-path /Users/admin/builder/spi-builder-workspace/.derivedData/Build/Intermediates.noindex/XcodeServer.build/Debug-xros/XcodeServerCoreData-t.build/Objects-normal/arm64/CoreDataStore.swiftconstvalues -emit-reference-dependencies-path /Users/admin/builder/spi-builder-workspace/.derivedData/Build/Intermediates.noindex/XcodeServer.build/Debug-xros/XcodeServerCoreData-t.build/Objects-normal/arm64/CoreDataStore.swiftdeps -serialize-diagnostics-path /Users/admin/builder/spi-builder-workspace/.derivedData/Build/Intermediates.noindex/XcodeServer.build/Debug-xros/XcodeServerCoreData-t.build/Objects-normal/arm64/CoreDataStore.dia -target arm64-apple-xros1.0 -module-can-import-version CoreData 1629.1 1629.1.0 -disable-cross-import-overlay-search -swift-module-cross-import CoreData /Applications/Xcode-27.0.0-Release.Candidate.app/Contents/Developer/Platforms/XROS.platform/Developer/SDKs/XROS.sdk/System/Library/Frameworks/CoreData.framework/Modules/CoreData.swiftcrossimport/CloudKit.swiftoverlay -swift-module-cross-import CoreData /Applications/Xcode-27.0.0-Release.Candidate.app/Contents/Developer/Platforms/XROS.platform/Developer/SDKs/XROS27.0.sdk/System/Library/Frameworks/CoreData.framework/Modules/CoreData.swiftcrossimport/CloudKit.swiftoverlay -load-resolved-plugin /Applications/Xcode-27.0.0-Release.Candidate.app/Contents/Developer/Platforms/XROS.platform/Developer/usr/lib/swift/host/plugins/libFoundationMacros.dylib\#/Applications/Xcode-27.0.0-Release.Candidate.app/Contents/Developer/Platforms/XROS.platform/Developer/usr/bin/swift-plugin-server\#FoundationMacros -load-resolved-plugin /Applications/Xcode-27.0.0-Release.Candidate.app/Contents/Developer/Platforms/XROS.platform/Developer/usr/lib/swift/host/plugins/libObservationMacros.dylib\#/Applications/Xcode-27.0.0-Release.Candidate.app/Contents/Developer/Platforms/XROS.platform/Developer/usr/bin/swift-plugin-server\#ObservationMacros -load-resolved-plugin /Applications/Xcode-27.0.0-Release.Candidate.app/Contents/Developer/Platforms/XROS.platform/Developer/usr/lib/swift/host/plugins/libSwiftMacros.dylib\#/Applications/Xcode-27.0.0-Release.Candidate.app/Contents/Developer/Platforms/XROS.platform/Developer/usr/bin/swift-plugin-server\#SwiftMacros -disable-implicit-swift-modules -Xcc -fno-implicit-modules -Xcc -fno-implicit-module-maps -explicit-swift-module-map-file /Users/admin/builder/spi-builder-workspace/.derivedData/Build/Intermediates.noindex/XcodeServer.build/Debug-xros/XcodeServerCoreData-t.build/Objects-normal/arm64/XcodeServerCoreData-dependencies-1.json -Xllvm -aarch64-use-tbi -enable-objc-interop -stack-check -sdk /Applications/Xcode-27.0.0-Release.Candidate.app/Contents/Developer/Platforms/XROS.platform/Developer/SDKs/XROS27.0.sdk -I /Users/admin/builder/spi-builder-workspace/.derivedData/Build/Products/Debug-xros -Isystem /Applications/Xcode-27.0.0-Release.Candidate.app/Contents/Developer/Platforms/XROS.platform/Developer/usr/lib -F /Users/admin/builder/spi-builder-workspace/.derivedData/Build/Products/Debug-xros/PackageFrameworks -F /Users/admin/builder/spi-builder-workspace/.derivedData/Build/Products/Debug-xros -F /Applications/Xcode-27.0.0-Release.Candidate.app/Contents/Developer/Platforms/XROS.platform/Developer/Library/Frameworks -F /Applications/Xcode-27.0.0-Release.Candidate.app/Contents/Developer/Platforms/XROS.platform/Developer/SDKs/XROS27.0.sdk/Developer/Library/Frameworks -module-cache-path /Users/admin/builder/spi-builder-workspace/.derivedData/Build/Intermediates.noindex/SwiftExplicitPrecompiledModules -no-color-diagnostics -Xcc -fno-color-diagnostics -enable-testing -g -debug-info-format\=dwarf -dwarf-version\=4 -profile-generate -profile-coverage-mapping -swift-version 5 -Onone -D SWIFT_PACKAGE -D DEBUG -D SWIFT_MODULE_RESOURCE_BUNDLE_UNAVAILABLE -D Xcode -serialize-debugging-options -enable-experimental-feature DebugDescriptionMacro -empty-abi-descriptor -validate-clang-modules-once -clang-build-session-file /Users/admin/builder/spi-builder-workspace/.derivedData/ModuleCache.noindex/Session.modulevalidation -Xcc -working-directory -Xcc /Users/admin/builder/spi-builder-workspace/.swiftpm/xcode -enable-anonymous-context-mangled-names -file-compilation-dir /Users/admin/builder/spi-builder-workspace/.swiftpm/xcode -Xcc -D_LIBCPP_HARDENING_MODE\=_LIBCPP_HARDENING_MODE_DEBUG -Xcc -ivfsstatcache -Xcc /Users/admin/builder/spi-builder-workspace/.derivedData/SDKStatCaches.noindex/xros27.0-24M361-e829b21a6f8c9b70876ba0858053c044735bd543db762f57723cac368afd1ce4.sdkstatcache -Xcc -fmodules-prune-interval\=86400 -Xcc -fmodules-prune-after\=345600 -Xcc -I/Users/admin/builder/spi-builder-workspace/.derivedData/Build/Products/Debug-xros/include -Xcc -I/Users/admin/builder/spi-builder-workspace/.derivedData/Build/Intermediates.noindex/XcodeServer.build/Debug-xros/XcodeServerCoreData-t.build/DerivedSources-normal/arm64 -Xcc -I/Users/admin/builder/spi-builder-workspace/.derivedData/Build/Intermediates.noindex/XcodeServer.build/Debug-xros/XcodeServerCoreData-t.build/DerivedSources/arm64 -Xcc -I/Users/admin/builder/spi-builder-workspace/.derivedData/Build/Intermediates.noindex/XcodeServer.build/Debug-xros/XcodeServerCoreData-t.build/DerivedSources -Xcc -DSWIFT_PACKAGE -Xcc -DDEBUG\=1 -no-auto-bridging-header-chaining -module-name XcodeServerCoreData -const-gather-protocols-file /Users/admin/builder/spi-builder-workspace/.derivedData/Build/Intermediates.noindex/XcodeServer.build/Debug-xros/XcodeServerCoreData-t.build/Objects-normal/arm64/XcodeServerCoreData_const_extract_protocols.json -disable-clang-spi -clang-target arm64-apple-xros27.0 -target-sdk-version 27.0 -target-sdk-name xros27.0 -in-process-plugin-server-path /Applications/Xcode-27.0.0-Release.Candidate.app/Contents/Developer/Toolchains/XcodeDefault.xctoolchain/usr/lib/swift/host/libSwiftInProcPluginServer.dylib -parse-as-library -o /Users/admin/builder/spi-builder-workspace/.derivedData/Build/Intermediates.noindex/XcodeServer.build/Debug-xros/XcodeServerCoreData-t.build/Objects-normal/arm64/CoreDataStore.o -debug-module-path /Users/admin/builder/spi-builder-workspace/.derivedData/Build/Intermediates.noindex/XcodeServer.build/Debug-xros/XcodeServerCoreData-t.build/Objects-normal/arm64/XcodeServerCoreData.swiftmodule -index-unit-output-path /XcodeServer.build/Debug-xros/XcodeServerCoreData-t.build/Objects-normal/arm64/CoreDataStore.o -index-store-path /Users/admin/builder/spi-builder-workspace/.derivedData/Index.noindex/DataStore -index-system-modules
SwiftCompile normal arm64 /Users/admin/builder/spi-builder-workspace/Sources/XcodeServerCoreData/CoreDataStore.swift (in target 'XcodeServerCoreData' from project 'XcodeServer')
cd /Users/admin/builder/spi-builder-workspace/.swiftpm/xcode
builtin-SwiftPerFileCompile CoreDataStore.swift
SwiftCompile normal arm64 Compiling\ Model.swift /Users/admin/builder/spi-builder-workspace/Sources/XcodeServerCoreData/Model.swift (in target 'XcodeServerCoreData' from project 'XcodeServer')
SwiftCompile normal arm64 /Users/admin/builder/spi-builder-workspace/Sources/XcodeServerCoreData/Model.swift (in target 'XcodeServerCoreData' from project 'XcodeServer')
cd /Users/admin/builder/spi-builder-workspace/.swiftpm/xcode
builtin-SwiftPerFileCompile Model.swift
SwiftDriverJobDiscovery normal arm64 Compiling String+XcodeServerCoreData.swift (in target 'XcodeServerCoreData' from project 'XcodeServer')
PruneExplicitPrecompiledModules /Users/admin/builder/spi-builder-workspace/.derivedData/Build/Intermediates.noindex/ExplicitPrecompiledModules
PruneExplicitPrecompiledModules /Users/admin/builder/spi-builder-workspace/.derivedData/Build/Intermediates.noindex/SwiftExplicitPrecompiledModules
PruneExplicitPrecompiledModules /Users/admin/builder/spi-builder-workspace/.derivedData/SDKExplicitPrecompiledModules
2026-09-18 06:27:33.873 xcodebuild[1624:8771] [MT] IDERunDestination: Supported platforms for the buildables in the current scheme is empty.
** BUILD FAILED **
The following build commands failed:
SwiftCompile normal arm64 Compiling\ CoreDataStore.swift /Users/admin/builder/spi-builder-workspace/Sources/XcodeServerCoreData/CoreDataStore.swift (in target 'XcodeServerCoreData' from project 'XcodeServer')
SwiftCompile normal arm64 /Users/admin/builder/spi-builder-workspace/Sources/XcodeServerCoreData/CoreDataStore.swift (in target 'XcodeServerCoreData' from project 'XcodeServer')
Building workspace XcodeServer with scheme XcodeServer-Package
(3 failures)
BUILD FAILURE 6.4 visionOS