Build Information
Failed to build SKLite, reference 1.0.0 (524b14), with Swift 6.4 for macOS (Xcode) using Xcode 27.0 on 21 Sep 2026 22:05:11 UTC.
Build Command
env DEVELOPER_DIR=/Applications/Xcode-27.0.0-Release.Candidate.app xcrun xcodebuild -IDEClonedSourcePackagesDirPathOverride=$PWD/.dependencies -skipMacroValidation -skipPackagePluginValidation -derivedDataPath $PWD/.derivedData build -scheme SKLite -destination platform=macOS,arch=arm64Build Log
========================================
RunAll
========================================
Builder version: 5.1.0
Interrupt handler set up.
========================================
Checkout
========================================
Clone URL: https://github.com/wuyu2015/SKLiteSwift.git
Reference: 1.0.0
Initialized empty Git repository in /Users/admin/builder/spi-builder-workspace/.git/
From https://github.com/wuyu2015/SKLiteSwift
* tag 1.0.0 -> FETCH_HEAD
HEAD is now at 524b148 Initial commit
Cloned https://github.com/wuyu2015/SKLiteSwift.git
Revision (git rev-parse @):
524b14879ae1911d9b181fcbd186b4bf21ea13b8
SUCCESS checkout https://github.com/wuyu2015/SKLiteSwift.git at 1.0.0
========================================
Build
========================================
Selected platform: macosXcodebuild
Swift version: 6.4
Building package at path: $PWD
https://github.com/wuyu2015/SKLiteSwift.git
Command line invocation:
/Applications/Xcode-27.0.0-Release.Candidate.app/Contents/Developer/usr/bin/xcodebuild -IDEClonedSourcePackagesDirPathOverride=/Users/admin/builder/spi-builder-workspace/.dependencies -resolvePackageDependencies
Resolve Package Graph
Fetching from https://github.com/wuyu2015/XCTestDelayPrinter
Creating working copy of package ‘XCTestDelayPrinter’
Checking out 1.0.2 of package ‘XCTestDelayPrinter’
Resolve Package Graph
Resolved source packages:
XCTestDelayPrinter: https://github.com/wuyu2015/XCTestDelayPrinter @ 1.0.2
SKLite: /Users/admin/builder/spi-builder-workspace
resolved source packages: XCTestDelayPrinter, SKLite
2026-09-21 18:04:16.103 xcodebuild[563:3065] [MT] IDERunDestination: Supported platforms for the buildables in the current scheme is empty.
{
"dependencies" : [
{
"identity" : "xctestdelayprinter",
"requirement" : {
"range" : [
{
"lower_bound" : "1.0.1",
"upper_bound" : "2.0.0"
}
]
},
"type" : "sourceControl",
"url" : "https://github.com/wuyu2015/XCTestDelayPrinter"
}
],
"manifest_display_name" : "SKLite",
"name" : "SKLite",
"path" : "/Users/admin/builder/spi-builder-workspace",
"platforms" : [
],
"products" : [
{
"name" : "SKLite",
"targets" : [
"SKLite"
],
"type" : {
"library" : [
"automatic"
]
}
}
],
"targets" : [
{
"c99name" : "SKLiteWrapper",
"module_type" : "ClangTarget",
"name" : "SKLiteWrapper",
"path" : "Sources/SKLiteWrapper",
"product_memberships" : [
"SKLite"
],
"sources" : [
"src/SKLiteWrapper.c"
],
"type" : "library"
},
{
"c99name" : "SKLiteTests",
"module_type" : "SwiftTarget",
"name" : "SKLiteTests",
"path" : "Tests/SKLiteTests",
"product_dependencies" : [
"XCTestDelayPrinter"
],
"sources" : [
"DbTests.swift",
"EnumTests.swift",
"SKLiteConnectionTests.swift",
"SKLiteDbStatusTests.swift",
"SKLiteDbTests.swift",
"SKLiteErrorTests.swift",
"SKLiteFuncTests.swift",
"SKLiteLimitTests.swift",
"SKLiteOpenTests.swift",
"SKLiteStatement.swift",
"SKLiteStmtTests.swift",
"SKLiteVarTests.swift",
"XCTestExtention.swift",
"XCTestManifests.swift"
],
"target_dependencies" : [
"SKLite"
],
"type" : "test"
},
{
"c99name" : "SKLite",
"module_type" : "SwiftTarget",
"name" : "SKLite",
"path" : "Sources/SKLite",
"product_memberships" : [
"SKLite"
],
"sources" : [
"Db.swift",
"OptionSet/Deserialize.swift",
"OptionSet/OpenFlag.swift",
"OptionSet/PrepareFlag.swift",
"OptionSet/SKLiteError.swift",
"SKLite+Connection.swift",
"SKLite+Statement.swift",
"SKLite+bind.swift",
"SKLite+file.swift",
"SKLite+func.swift",
"SKLite+open.swift",
"SKLite+prepare.swift",
"SKLite+var.swift",
"SKLite.swift",
"Stmt.swift",
"enum/ColumnType.swift",
"enum/CompileOption.swift",
"enum/Config.swift",
"enum/Conflict.swift",
"enum/DbConfig.swift",
"enum/DbStatus.swift",
"enum/IndexConstraint.swift",
"enum/Limit.swift",
"enum/Status.swift",
"enum/StmtStatus.swift",
"enum/TextEncoding.swift",
"enum/ThreadSafeLevel.swift"
],
"target_dependencies" : [
"SKLiteWrapper"
],
"type" : "library"
}
],
"tools_version" : "5.1"
}
{
"workspace" : {
"name" : "SKLite",
"schemes" : [
"SKLite"
]
}
}
2026-09-21 18:04:57.336 xcodebuild[718:4364] [MT] IDERunDestination: Supported platforms for the buildables in the current scheme is empty.
Running build ...
env DEVELOPER_DIR=/Applications/Xcode-27.0.0-Release.Candidate.app xcrun xcodebuild -IDEClonedSourcePackagesDirPathOverride=$PWD/.dependencies -skipMacroValidation -skipPackagePluginValidation -derivedDataPath $PWD/.derivedData build -scheme SKLite -destination platform=macOS,arch=arm64
Command line invocation:
/Applications/Xcode-27.0.0-Release.Candidate.app/Contents/Developer/usr/bin/xcodebuild -IDEClonedSourcePackagesDirPathOverride=/Users/admin/builder/spi-builder-workspace/.dependencies -skipMacroValidation -skipPackagePluginValidation -derivedDataPath /Users/admin/builder/spi-builder-workspace/.derivedData build -scheme SKLite -destination platform=macOS,arch=arm64
Resolve Package Graph
Resolve Package Graph
Resolved source packages:
SKLite: /Users/admin/builder/spi-builder-workspace
XCTestDelayPrinter: https://github.com/wuyu2015/XCTestDelayPrinter @ 1.0.2
ComputePackagePrebuildTargetDependencyGraph
Prepare packages
CreateBuildRequest
SendProjectDescription
CreateBuildOperation
ComputeTargetDependencyGraph
note: Building targets in dependency order
note: Target dependency graph (3 targets)
Target 'SKLite-product' in project 'SKLite'
➜ Explicit dependency on target 'SKLite' in project 'SKLite'
➜ Explicit dependency on target 'SKLiteWrapper' in project 'SKLite'
Target 'SKLite' in project 'SKLite'
➜ Explicit dependency on target 'SKLiteWrapper' in project 'SKLite'
Target 'SKLiteWrapper' in project 'SKLite' (no dependencies)
GatherProvisioningInputs
CreateBuildDescription
ExecuteExternalTool /Applications/Xcode-27.0.0-Release.Candidate.app/Contents/Developer/Toolchains/XcodeDefault.xctoolchain/usr/bin/clang -v -E -dM -arch arm64 -isysroot /Applications/Xcode-27.0.0-Release.Candidate.app/Contents/Developer/Platforms/MacOSX.platform/Developer/SDKs/MacOSX27.0.sdk -x c -c /dev/null
ExecuteExternalTool /Applications/Xcode-27.0.0-Release.Candidate.app/Contents/Developer/Toolchains/XcodeDefault.xctoolchain/usr/bin/clang -v -E -dM -isysroot /Applications/Xcode-27.0.0-Release.Candidate.app/Contents/Developer/Platforms/MacOSX.platform/Developer/SDKs/MacOSX27.0.sdk -x c -c /dev/null
ExecuteExternalTool /Applications/Xcode-27.0.0-Release.Candidate.app/Contents/Developer/Toolchains/XcodeDefault.xctoolchain/usr/bin/swiftc --version
ExecuteExternalTool /Applications/Xcode-27.0.0-Release.Candidate.app/Contents/Developer/Toolchains/XcodeDefault.xctoolchain/usr/bin/ld -version_details
Build description signature: ce50d5bb19fbcf6f0309ae0f2035ff4d
Build description path: /Users/admin/builder/spi-builder-workspace/.derivedData/Build/Intermediates.noindex/XCBuildData/ce50d5bb19fbcf6f0309ae0f2035ff4d.xcbuilddata
CreateBuildDirectory /Users/admin/builder/spi-builder-workspace/.derivedData/SDKExplicitPrecompiledModules
cd /Users/admin/builder/spi-builder-workspace/.swiftpm/xcode
builtin-create-build-directory /Users/admin/builder/spi-builder-workspace/.derivedData/SDKExplicitPrecompiledModules
CreateBuildDirectory /Users/admin/builder/spi-builder-workspace/.derivedData/ModuleCache.noindex
cd /Users/admin/builder/spi-builder-workspace/.swiftpm/xcode
builtin-create-build-directory /Users/admin/builder/spi-builder-workspace/.derivedData/ModuleCache.noindex
CreateBuildDirectory /Users/admin/builder/spi-builder-workspace/.derivedData/CompilationCache.noindex
cd /Users/admin/builder/spi-builder-workspace/.swiftpm/xcode
builtin-create-build-directory /Users/admin/builder/spi-builder-workspace/.derivedData/CompilationCache.noindex
ClangStatCache /Applications/Xcode-27.0.0-Release.Candidate.app/Contents/Developer/Toolchains/XcodeDefault.xctoolchain/usr/bin/clang-stat-cache /Applications/Xcode-27.0.0-Release.Candidate.app/Contents/Developer/Platforms/MacOSX.platform/Developer/SDKs/MacOSX27.0.sdk /Users/admin/builder/spi-builder-workspace/.derivedData/SDKStatCaches.noindex/macosx27.0-26A425-e829b21a6f8c9b70876ba0858053c0446a22442a12e9d48fe1a705f55a1adfc4.sdkstatcache
cd /Users/admin/builder/spi-builder-workspace/.swiftpm/xcode
/Applications/Xcode-27.0.0-Release.Candidate.app/Contents/Developer/Toolchains/XcodeDefault.xctoolchain/usr/bin/clang-stat-cache /Applications/Xcode-27.0.0-Release.Candidate.app/Contents/Developer/Platforms/MacOSX.platform/Developer/SDKs/MacOSX27.0.sdk -o /Users/admin/builder/spi-builder-workspace/.derivedData/SDKStatCaches.noindex/macosx27.0-26A425-e829b21a6f8c9b70876ba0858053c0446a22442a12e9d48fe1a705f55a1adfc4.sdkstatcache
CreateBuildDirectory /Users/admin/builder/spi-builder-workspace/.derivedData/Build/Products
cd /Users/admin/builder/spi-builder-workspace/.swiftpm/xcode
builtin-create-build-directory /Users/admin/builder/spi-builder-workspace/.derivedData/Build/Products
CreateBuildDirectory /Users/admin/builder/spi-builder-workspace/.derivedData/Build/Intermediates.noindex
cd /Users/admin/builder/spi-builder-workspace/.swiftpm/xcode
builtin-create-build-directory /Users/admin/builder/spi-builder-workspace/.derivedData/Build/Intermediates.noindex
CreateBuildDirectory /Users/admin/builder/spi-builder-workspace/.derivedData/Build/Products/Debug
cd /Users/admin/builder/spi-builder-workspace/.swiftpm/xcode
builtin-create-build-directory /Users/admin/builder/spi-builder-workspace/.derivedData/Build/Products/Debug
CreateBuildDirectory /Users/admin/builder/spi-builder-workspace/.derivedData/Build/Intermediates.noindex/PrecompiledHeaders
cd /Users/admin/builder/spi-builder-workspace/.swiftpm/xcode
builtin-create-build-directory /Users/admin/builder/spi-builder-workspace/.derivedData/Build/Intermediates.noindex/PrecompiledHeaders
CreateBuildDirectory /Users/admin/builder/spi-builder-workspace/.derivedData/Build/Intermediates.noindex/ExplicitPrecompiledModules
cd /Users/admin/builder/spi-builder-workspace/.swiftpm/xcode
builtin-create-build-directory /Users/admin/builder/spi-builder-workspace/.derivedData/Build/Intermediates.noindex/ExplicitPrecompiledModules
CreateBuildDirectory /Users/admin/builder/spi-builder-workspace/.derivedData/Build/Intermediates.noindex/SwiftExplicitPrecompiledModules
cd /Users/admin/builder/spi-builder-workspace/.swiftpm/xcode
builtin-create-build-directory /Users/admin/builder/spi-builder-workspace/.derivedData/Build/Intermediates.noindex/SwiftExplicitPrecompiledModules
CreateBuildDirectory /Users/admin/builder/spi-builder-workspace/.derivedData/Build/Intermediates.noindex/EagerLinkingTBDs/Debug
cd /Users/admin/builder/spi-builder-workspace/.swiftpm/xcode
builtin-create-build-directory /Users/admin/builder/spi-builder-workspace/.derivedData/Build/Intermediates.noindex/EagerLinkingTBDs/Debug
CreateBuildDirectory /Users/admin/builder/spi-builder-workspace/.derivedData/Build/Products/Debug/PackageFrameworks
cd /Users/admin/builder/spi-builder-workspace/.swiftpm/xcode
builtin-create-build-directory /Users/admin/builder/spi-builder-workspace/.derivedData/Build/Products/Debug/PackageFrameworks
WriteAuxiliaryFile /Users/admin/builder/spi-builder-workspace/.derivedData/Build/Intermediates.noindex/SKLite.build/Debug/SKLiteWrapper-t.build/SKLiteWrapper.DependencyStaticMetadataFileList (in target 'SKLiteWrapper' from project 'SKLite')
cd /Users/admin/builder/spi-builder-workspace
write-file /Users/admin/builder/spi-builder-workspace/.derivedData/Build/Intermediates.noindex/SKLite.build/Debug/SKLiteWrapper-t.build/SKLiteWrapper.DependencyStaticMetadataFileList
WriteAuxiliaryFile /Users/admin/builder/spi-builder-workspace/.derivedData/Build/Intermediates.noindex/SKLite.build/Debug/SKLiteWrapper-t.build/SKLiteWrapper.modulemap (in target 'SKLiteWrapper' from project 'SKLite')
cd /Users/admin/builder/spi-builder-workspace
write-file /Users/admin/builder/spi-builder-workspace/.derivedData/Build/Intermediates.noindex/SKLite.build/Debug/SKLiteWrapper-t.build/SKLiteWrapper.modulemap
WriteAuxiliaryFile /Users/admin/builder/spi-builder-workspace/.derivedData/Build/Intermediates.noindex/SKLite.build/Debug/SKLiteWrapper-t.build/SKLiteWrapper.DependencyMetadataFileList (in target 'SKLiteWrapper' from project 'SKLite')
cd /Users/admin/builder/spi-builder-workspace
write-file /Users/admin/builder/spi-builder-workspace/.derivedData/Build/Intermediates.noindex/SKLite.build/Debug/SKLiteWrapper-t.build/SKLiteWrapper.DependencyMetadataFileList
WriteAuxiliaryFile /Users/admin/builder/spi-builder-workspace/.derivedData/Build/Intermediates.noindex/SKLite.build/Debug/SKLite-t.build/SKLite.modulemap (in target 'SKLite' from project 'SKLite')
cd /Users/admin/builder/spi-builder-workspace
write-file /Users/admin/builder/spi-builder-workspace/.derivedData/Build/Intermediates.noindex/SKLite.build/Debug/SKLite-t.build/SKLite.modulemap
WriteAuxiliaryFile /Users/admin/builder/spi-builder-workspace/.derivedData/Build/Intermediates.noindex/SKLite.build/Debug/SKLite-t.build/SKLite.DependencyStaticMetadataFileList (in target 'SKLite' from project 'SKLite')
cd /Users/admin/builder/spi-builder-workspace
write-file /Users/admin/builder/spi-builder-workspace/.derivedData/Build/Intermediates.noindex/SKLite.build/Debug/SKLite-t.build/SKLite.DependencyStaticMetadataFileList
WriteAuxiliaryFile /Users/admin/builder/spi-builder-workspace/.derivedData/Build/Intermediates.noindex/SKLite.build/Debug/SKLite-t.build/SKLite.DependencyMetadataFileList (in target 'SKLite' from project 'SKLite')
cd /Users/admin/builder/spi-builder-workspace
write-file /Users/admin/builder/spi-builder-workspace/.derivedData/Build/Intermediates.noindex/SKLite.build/Debug/SKLite-t.build/SKLite.DependencyMetadataFileList
WriteAuxiliaryFile /Users/admin/builder/spi-builder-workspace/.derivedData/Build/Intermediates.noindex/SKLite.build/Debug/SKLite-t.build/Objects-normal/arm64/SKLite_const_extract_protocols.json (in target 'SKLite' from project 'SKLite')
cd /Users/admin/builder/spi-builder-workspace
write-file /Users/admin/builder/spi-builder-workspace/.derivedData/Build/Intermediates.noindex/SKLite.build/Debug/SKLite-t.build/Objects-normal/arm64/SKLite_const_extract_protocols.json
WriteAuxiliaryFile /Users/admin/builder/spi-builder-workspace/.derivedData/Build/Intermediates.noindex/SKLite.build/Debug/SKLiteWrapper-t.build/Objects-normal/arm64/7187679823f38a2a940e0043cdf9d637-common-args.resp (in target 'SKLiteWrapper' from project 'SKLite')
cd /Users/admin/builder/spi-builder-workspace
write-file /Users/admin/builder/spi-builder-workspace/.derivedData/Build/Intermediates.noindex/SKLite.build/Debug/SKLiteWrapper-t.build/Objects-normal/arm64/7187679823f38a2a940e0043cdf9d637-common-args.resp
-fmodules -gmodules '-fmodules-cache-path=/Users/admin/builder/spi-builder-workspace/.derivedData/ModuleCache.noindex' '-fmodule-name=SKLiteWrapper' -fpascal-strings -O0 -DSWIFT_PACKAGE '-DDEBUG=1' -g -fprofile-instr-generate -fcoverage-mapping -I/Users/admin/builder/spi-builder-workspace/.derivedData/Build/Products/Debug/include -I/Users/admin/builder/spi-builder-workspace/Sources/SKLiteWrapper/include -I/Users/admin/builder/spi-builder-workspace/.derivedData/Build/Intermediates.noindex/SKLite.build/Debug/SKLiteWrapper-t.build/DerivedSources-normal/arm64 -I/Users/admin/builder/spi-builder-workspace/.derivedData/Build/Intermediates.noindex/SKLite.build/Debug/SKLiteWrapper-t.build/DerivedSources/arm64 -I/Users/admin/builder/spi-builder-workspace/.derivedData/Build/Intermediates.noindex/SKLite.build/Debug/SKLiteWrapper-t.build/DerivedSources -F/Users/admin/builder/spi-builder-workspace/.derivedData/Build/Products/Debug -iframework /Applications/Xcode-27.0.0-Release.Candidate.app/Contents/Developer/Platforms/MacOSX.platform/Developer/Library/Frameworks -DXcode
WriteAuxiliaryFile /Users/admin/builder/spi-builder-workspace/.derivedData/Build/Intermediates.noindex/SKLite.build/Debug/SKLiteWrapper-t.build/Objects-normal/arm64/SKLiteWrapper.LinkFileList (in target 'SKLiteWrapper' from project 'SKLite')
cd /Users/admin/builder/spi-builder-workspace
write-file /Users/admin/builder/spi-builder-workspace/.derivedData/Build/Intermediates.noindex/SKLite.build/Debug/SKLiteWrapper-t.build/Objects-normal/arm64/SKLiteWrapper.LinkFileList
WriteAuxiliaryFile /Users/admin/builder/spi-builder-workspace/.derivedData/Build/Intermediates.noindex/SKLite.build/Debug/SKLite-t.build/Objects-normal/arm64/SKLite.SwiftFileList (in target 'SKLite' from project 'SKLite')
cd /Users/admin/builder/spi-builder-workspace
write-file /Users/admin/builder/spi-builder-workspace/.derivedData/Build/Intermediates.noindex/SKLite.build/Debug/SKLite-t.build/Objects-normal/arm64/SKLite.SwiftFileList
WriteAuxiliaryFile /Users/admin/builder/spi-builder-workspace/.derivedData/Build/Intermediates.noindex/SKLite.build/Debug/SKLite-t.build/Objects-normal/arm64/SKLite.LinkFileList (in target 'SKLite' from project 'SKLite')
cd /Users/admin/builder/spi-builder-workspace
write-file /Users/admin/builder/spi-builder-workspace/.derivedData/Build/Intermediates.noindex/SKLite.build/Debug/SKLite-t.build/Objects-normal/arm64/SKLite.LinkFileList
WriteAuxiliaryFile /Users/admin/builder/spi-builder-workspace/.derivedData/Build/Intermediates.noindex/SKLite.build/Debug/SKLite-t.build/Objects-normal/arm64/SKLite-OutputFileMap.json (in target 'SKLite' from project 'SKLite')
cd /Users/admin/builder/spi-builder-workspace
write-file /Users/admin/builder/spi-builder-workspace/.derivedData/Build/Intermediates.noindex/SKLite.build/Debug/SKLite-t.build/Objects-normal/arm64/SKLite-OutputFileMap.json
WriteAuxiliaryFile /Users/admin/builder/spi-builder-workspace/.derivedData/Build/Intermediates.noindex/SKLite.build/Debug/SKLite-t.build/Objects-normal/arm64/SKLite.SwiftConstValuesFileList (in target 'SKLite' from project 'SKLite')
cd /Users/admin/builder/spi-builder-workspace
write-file /Users/admin/builder/spi-builder-workspace/.derivedData/Build/Intermediates.noindex/SKLite.build/Debug/SKLite-t.build/Objects-normal/arm64/SKLite.SwiftConstValuesFileList
Copy /Users/admin/builder/spi-builder-workspace/.derivedData/Build/Intermediates.noindex/GeneratedModuleMaps/SKLiteWrapper.modulemap /Users/admin/builder/spi-builder-workspace/.derivedData/Build/Intermediates.noindex/SKLite.build/Debug/SKLiteWrapper-t.build/SKLiteWrapper.modulemap (in target 'SKLiteWrapper' from project 'SKLite')
cd /Users/admin/builder/spi-builder-workspace
builtin-copy -exclude .DS_Store -exclude CVS -exclude .svn -exclude .git -exclude .hg -resolve-src-symlinks /Users/admin/builder/spi-builder-workspace/.derivedData/Build/Intermediates.noindex/SKLite.build/Debug/SKLiteWrapper-t.build/SKLiteWrapper.modulemap /Users/admin/builder/spi-builder-workspace/.derivedData/Build/Intermediates.noindex/GeneratedModuleMaps
Copy /Users/admin/builder/spi-builder-workspace/.derivedData/Build/Intermediates.noindex/GeneratedModuleMaps/SKLite.modulemap /Users/admin/builder/spi-builder-workspace/.derivedData/Build/Intermediates.noindex/SKLite.build/Debug/SKLite-t.build/SKLite.modulemap (in target 'SKLite' from project 'SKLite')
cd /Users/admin/builder/spi-builder-workspace
builtin-copy -exclude .DS_Store -exclude CVS -exclude .svn -exclude .git -exclude .hg -resolve-src-symlinks /Users/admin/builder/spi-builder-workspace/.derivedData/Build/Intermediates.noindex/SKLite.build/Debug/SKLite-t.build/SKLite.modulemap /Users/admin/builder/spi-builder-workspace/.derivedData/Build/Intermediates.noindex/GeneratedModuleMaps
SwiftDriver SKLite normal arm64 com.apple.xcode.tools.swift.compiler (in target 'SKLite' from project 'SKLite')
cd /Users/admin/builder/spi-builder-workspace/.swiftpm/xcode
builtin-SwiftDriver -- /Applications/Xcode-27.0.0-Release.Candidate.app/Contents/Developer/Toolchains/XcodeDefault.xctoolchain/usr/bin/swiftc -parse-as-library -module-name SKLite -Onone @/Users/admin/builder/spi-builder-workspace/.derivedData/Build/Intermediates.noindex/SKLite.build/Debug/SKLite-t.build/Objects-normal/arm64/SKLite.SwiftFileList -DSWIFT_PACKAGE -DDEBUG -DSWIFT_MODULE_RESOURCE_BUNDLE_UNAVAILABLE -Xcc -fmodule-map-file\=/Users/admin/builder/spi-builder-workspace/.derivedData/Build/Intermediates.noindex/GeneratedModuleMaps/SKLiteWrapper.modulemap -DXcode -plugin-path /Applications/Xcode-27.0.0-Release.Candidate.app/Contents/Developer/Toolchains/XcodeDefault.xctoolchain/usr/lib/swift/host/plugins/testing -enable-experimental-feature DebugDescriptionMacro -sdk /Applications/Xcode-27.0.0-Release.Candidate.app/Contents/Developer/Platforms/MacOSX.platform/Developer/SDKs/MacOSX27.0.sdk -target arm64-apple-macos12.0 -g -module-cache-path /Users/admin/builder/spi-builder-workspace/.derivedData/ModuleCache.noindex -Xfrontend -serialize-debugging-options -profile-coverage-mapping -profile-generate -enable-testing -index-store-path /Users/admin/builder/spi-builder-workspace/.derivedData/Index.noindex/DataStore -Xcc -D_LIBCPP_HARDENING_MODE\=_LIBCPP_HARDENING_MODE_DEBUG -swift-version 5 -I /Users/admin/builder/spi-builder-workspace/.derivedData/Build/Products/Debug -Isystem /Applications/Xcode-27.0.0-Release.Candidate.app/Contents/Developer/Platforms/MacOSX.platform/Developer/usr/lib -F /Users/admin/builder/spi-builder-workspace/.derivedData/Build/Products/Debug/PackageFrameworks -F /Users/admin/builder/spi-builder-workspace/.derivedData/Build/Products/Debug -F /Applications/Xcode-27.0.0-Release.Candidate.app/Contents/Developer/Platforms/MacOSX.platform/Developer/Library/Frameworks -c -j10 -enable-batch-mode -incremental -Xcc -ivfsstatcache -Xcc /Users/admin/builder/spi-builder-workspace/.derivedData/SDKStatCaches.noindex/macosx27.0-26A425-e829b21a6f8c9b70876ba0858053c0446a22442a12e9d48fe1a705f55a1adfc4.sdkstatcache -output-file-map /Users/admin/builder/spi-builder-workspace/.derivedData/Build/Intermediates.noindex/SKLite.build/Debug/SKLite-t.build/Objects-normal/arm64/SKLite-OutputFileMap.json -save-temps -no-color-diagnostics -explicit-module-build -module-cache-path /Users/admin/builder/spi-builder-workspace/.derivedData/Build/Intermediates.noindex/SwiftExplicitPrecompiledModules -clang-scanner-module-cache-path /Users/admin/builder/spi-builder-workspace/.derivedData/ModuleCache.noindex -sdk-module-cache-path /Users/admin/builder/spi-builder-workspace/.derivedData/SDKExplicitPrecompiledModules -emit-dependencies -emit-module -emit-module-path /Users/admin/builder/spi-builder-workspace/.derivedData/Build/Intermediates.noindex/SKLite.build/Debug/SKLite-t.build/Objects-normal/arm64/SKLite.swiftmodule -serialize-diagnostics -dependency-scan-serialize-diagnostics-path /Users/admin/builder/spi-builder-workspace/.derivedData/Build/Intermediates.noindex/SKLite.build/Debug/SKLite-t.build/Objects-normal/arm64/SKLite-dependency-scan.dia -validate-clang-modules-once -clang-build-session-file /Users/admin/builder/spi-builder-workspace/.derivedData/ModuleCache.noindex/Session.modulevalidation -Xcc -fmodules-prune-interval\=86400 -Xcc -fmodules-prune-after\=345600 -emit-const-values -const-gather-protocols-list /Users/admin/builder/spi-builder-workspace/.derivedData/Build/Intermediates.noindex/SKLite.build/Debug/SKLite-t.build/Objects-normal/arm64/SKLite_const_extract_protocols.json -Xcc -I/Users/admin/builder/spi-builder-workspace/Sources/SKLiteWrapper/include -Xcc -I/Users/admin/builder/spi-builder-workspace/.derivedData/Build/Products/Debug/include -Xcc -I/Users/admin/builder/spi-builder-workspace/.derivedData/Build/Intermediates.noindex/SKLite.build/Debug/SKLite-t.build/DerivedSources-normal/arm64 -Xcc -I/Users/admin/builder/spi-builder-workspace/.derivedData/Build/Intermediates.noindex/SKLite.build/Debug/SKLite-t.build/DerivedSources/arm64 -Xcc -I/Users/admin/builder/spi-builder-workspace/.derivedData/Build/Intermediates.noindex/SKLite.build/Debug/SKLite-t.build/DerivedSources -Xcc -DSWIFT_PACKAGE -Xcc -DDEBUG\=1 -emit-objc-header -emit-objc-header-path /Users/admin/builder/spi-builder-workspace/.derivedData/Build/Intermediates.noindex/SKLite.build/Debug/SKLite-t.build/Objects-normal/arm64/SKLite-Swift.h -working-directory /Users/admin/builder/spi-builder-workspace/.swiftpm/xcode -experimental-emit-module-separately -disable-cmo
ScanDependencies /Users/admin/builder/spi-builder-workspace/.derivedData/Build/Intermediates.noindex/SKLite.build/Debug/SKLiteWrapper-t.build/Objects-normal/arm64/SKLiteWrapper.o /Users/admin/builder/spi-builder-workspace/Sources/SKLiteWrapper/src/SKLiteWrapper.c normal arm64 c com.apple.compilers.llvm.clang.1_0.compiler (in target 'SKLiteWrapper' from project 'SKLite')
cd /Users/admin/builder/spi-builder-workspace/.swiftpm/xcode
Using response file: /Users/admin/builder/spi-builder-workspace/.derivedData/Build/Intermediates.noindex/SKLite.build/Debug/SKLiteWrapper-t.build/Objects-normal/arm64/7187679823f38a2a940e0043cdf9d637-common-args.resp
builtin-ScanDependencies -o /Users/admin/builder/spi-builder-workspace/.derivedData/Build/Intermediates.noindex/SKLite.build/Debug/SKLiteWrapper-t.build/Objects-normal/arm64/SKLiteWrapper.o.scan -- /Applications/Xcode-27.0.0-Release.Candidate.app/Contents/Developer/Toolchains/XcodeDefault.xctoolchain/usr/bin/clang -x c -ivfsstatcache /Users/admin/builder/spi-builder-workspace/.derivedData/SDKStatCaches.noindex/macosx27.0-26A425-e829b21a6f8c9b70876ba0858053c0446a22442a12e9d48fe1a705f55a1adfc4.sdkstatcache -target arm64-apple-macos12.0 -fmessage-length\=0 -fdiagnostics-show-note-include-stack -fmacro-backtrace-limit\=0 -fno-color-diagnostics -fmodules-prune-interval\=86400 -fmodules-prune-after\=345600 -fbuild-session-file\=/Users/admin/builder/spi-builder-workspace/.derivedData/ModuleCache.noindex/Session.modulevalidation -fmodules-validate-once-per-build-session -Wnon-modular-include-in-framework-module -Werror\=non-modular-include-in-framework-module -Wno-trigraphs -Wno-missing-field-initializers -Wno-missing-prototypes -Wno-return-type -Wno-missing-braces -Wparentheses -Wswitch -Wno-unused-function -Wno-unused-label -Wno-unused-parameter -Wno-unused-variable -Wunused-value -Wno-empty-body -Wno-uninitialized -Wno-unknown-pragmas -Wno-shadow -Wno-four-char-constants -Wno-conversion -Wno-constant-conversion -Wno-int-conversion -Wno-bool-conversion -Wno-enum-conversion -Wno-float-conversion -Wno-non-literal-null-conversion -Wno-objc-literal-conversion -Wshorten-64-to-32 -Wpointer-sign -Wno-newline-eof -Wno-implicit-fallthrough -isysroot /Applications/Xcode-27.0.0-Release.Candidate.app/Contents/Developer/Platforms/MacOSX.platform/Developer/SDKs/MacOSX27.0.sdk -fstrict-aliasing -Wdeprecated-declarations -Wno-sign-conversion -Wno-infinite-recursion -Wno-comma -Wno-block-capture-autoreleasing -Wno-strict-prototypes -Wno-semicolon-before-method-body -index-store-path /Users/admin/builder/spi-builder-workspace/.derivedData/Index.noindex/DataStore @/Users/admin/builder/spi-builder-workspace/.derivedData/Build/Intermediates.noindex/SKLite.build/Debug/SKLiteWrapper-t.build/Objects-normal/arm64/7187679823f38a2a940e0043cdf9d637-common-args.resp -MMD -MT dependencies -MF /Users/admin/builder/spi-builder-workspace/.derivedData/Build/Intermediates.noindex/SKLite.build/Debug/SKLiteWrapper-t.build/Objects-normal/arm64/SKLiteWrapper.d --serialize-diagnostics /Users/admin/builder/spi-builder-workspace/.derivedData/Build/Intermediates.noindex/SKLite.build/Debug/SKLiteWrapper-t.build/Objects-normal/arm64/SKLiteWrapper.dia -c /Users/admin/builder/spi-builder-workspace/Sources/SKLiteWrapper/src/SKLiteWrapper.c -o /Users/admin/builder/spi-builder-workspace/.derivedData/Build/Intermediates.noindex/SKLite.build/Debug/SKLiteWrapper-t.build/Objects-normal/arm64/SKLiteWrapper.o -index-unit-output-path /SKLite.build/Debug/SKLiteWrapper-t.build/Objects-normal/arm64/SKLiteWrapper.o
PrecompileModule /Users/admin/builder/spi-builder-workspace/.derivedData/Build/Intermediates.noindex/ExplicitPrecompiledModules/_AvailabilityInternal-AS40Z8MKYZKQXT7RVUC8819N1.scan
cd /
builtin-precompileModule /Users/admin/builder/spi-builder-workspace/.derivedData/Build/Intermediates.noindex/ExplicitPrecompiledModules/_AvailabilityInternal-AS40Z8MKYZKQXT7RVUC8819N1.scan
PrecompileModule /Users/admin/builder/spi-builder-workspace/.derivedData/Build/Intermediates.noindex/ExplicitPrecompiledModules/_Builtin_stdarg-FQQ6QZ1MRMN4993I1E1PCSHZ.scan
cd /
builtin-precompileModule /Users/admin/builder/spi-builder-workspace/.derivedData/Build/Intermediates.noindex/ExplicitPrecompiledModules/_Builtin_stdarg-FQQ6QZ1MRMN4993I1E1PCSHZ.scan
PrecompileModule /Users/admin/builder/spi-builder-workspace/.derivedData/Build/Intermediates.noindex/ExplicitPrecompiledModules/ptrcheck-2Y0N9XXGYS15ZR613ZPO2DI3E.scan
cd /
builtin-precompileModule /Users/admin/builder/spi-builder-workspace/.derivedData/Build/Intermediates.noindex/ExplicitPrecompiledModules/ptrcheck-2Y0N9XXGYS15ZR613ZPO2DI3E.scan
PrecompileModule /Users/admin/builder/spi-builder-workspace/.derivedData/Build/Intermediates.noindex/ExplicitPrecompiledModules/_Builtin_float-DZFE3ME63ISBKHIT2SAEGJ47W.scan
cd /
builtin-precompileModule /Users/admin/builder/spi-builder-workspace/.derivedData/Build/Intermediates.noindex/ExplicitPrecompiledModules/_Builtin_float-DZFE3ME63ISBKHIT2SAEGJ47W.scan
PrecompileModule /Users/admin/builder/spi-builder-workspace/.derivedData/Build/Intermediates.noindex/ExplicitPrecompiledModules/_DarwinFoundation1-5U4OBHR3DLA7MXW6LFKFJN5I3.scan
cd /
builtin-precompileModule /Users/admin/builder/spi-builder-workspace/.derivedData/Build/Intermediates.noindex/ExplicitPrecompiledModules/_DarwinFoundation1-5U4OBHR3DLA7MXW6LFKFJN5I3.scan
PrecompileModule /Users/admin/builder/spi-builder-workspace/.derivedData/Build/Intermediates.noindex/ExplicitPrecompiledModules/SQLite3-E8MI7WHFI8BA5XSYPQF4WDT5M.scan
cd /
builtin-precompileModule /Users/admin/builder/spi-builder-workspace/.derivedData/Build/Intermediates.noindex/ExplicitPrecompiledModules/SQLite3-E8MI7WHFI8BA5XSYPQF4WDT5M.scan
CompileC /Users/admin/builder/spi-builder-workspace/.derivedData/Build/Intermediates.noindex/SKLite.build/Debug/SKLiteWrapper-t.build/Objects-normal/arm64/SKLiteWrapper.o /Users/admin/builder/spi-builder-workspace/Sources/SKLiteWrapper/src/SKLiteWrapper.c normal arm64 c com.apple.compilers.llvm.clang.1_0.compiler (in target 'SKLiteWrapper' from project 'SKLite')
cd /Users/admin/builder/spi-builder-workspace/.swiftpm/xcode
Using response file: /Users/admin/builder/spi-builder-workspace/.derivedData/Build/Intermediates.noindex/SKLite.build/Debug/SKLiteWrapper-t.build/Objects-normal/arm64/7187679823f38a2a940e0043cdf9d637-common-args.resp
/Applications/Xcode-27.0.0-Release.Candidate.app/Contents/Developer/Toolchains/XcodeDefault.xctoolchain/usr/bin/clang -x c -ivfsstatcache /Users/admin/builder/spi-builder-workspace/.derivedData/SDKStatCaches.noindex/macosx27.0-26A425-e829b21a6f8c9b70876ba0858053c0446a22442a12e9d48fe1a705f55a1adfc4.sdkstatcache -target arm64-apple-macos12.0 -fmessage-length\=0 -fdiagnostics-show-note-include-stack -fmacro-backtrace-limit\=0 -fno-color-diagnostics -fmodules-prune-interval\=86400 -fmodules-prune-after\=345600 -fbuild-session-file\=/Users/admin/builder/spi-builder-workspace/.derivedData/ModuleCache.noindex/Session.modulevalidation -fmodules-validate-once-per-build-session -Wnon-modular-include-in-framework-module -Werror\=non-modular-include-in-framework-module -Wno-trigraphs -Wno-missing-field-initializers -Wno-missing-prototypes -Wno-return-type -Wno-missing-braces -Wparentheses -Wswitch -Wno-unused-function -Wno-unused-label -Wno-unused-parameter -Wno-unused-variable -Wunused-value -Wno-empty-body -Wno-uninitialized -Wno-unknown-pragmas -Wno-shadow -Wno-four-char-constants -Wno-conversion -Wno-constant-conversion -Wno-int-conversion -Wno-bool-conversion -Wno-enum-conversion -Wno-float-conversion -Wno-non-literal-null-conversion -Wno-objc-literal-conversion -Wshorten-64-to-32 -Wpointer-sign -Wno-newline-eof -Wno-implicit-fallthrough -isysroot /Applications/Xcode-27.0.0-Release.Candidate.app/Contents/Developer/Platforms/MacOSX.platform/Developer/SDKs/MacOSX27.0.sdk -fstrict-aliasing -Wdeprecated-declarations -Wno-sign-conversion -Wno-infinite-recursion -Wno-comma -Wno-block-capture-autoreleasing -Wno-strict-prototypes -Wno-semicolon-before-method-body -index-store-path /Users/admin/builder/spi-builder-workspace/.derivedData/Index.noindex/DataStore @/Users/admin/builder/spi-builder-workspace/.derivedData/Build/Intermediates.noindex/SKLite.build/Debug/SKLiteWrapper-t.build/Objects-normal/arm64/7187679823f38a2a940e0043cdf9d637-common-args.resp -MMD -MT dependencies -MF /Users/admin/builder/spi-builder-workspace/.derivedData/Build/Intermediates.noindex/SKLite.build/Debug/SKLiteWrapper-t.build/Objects-normal/arm64/SKLiteWrapper.d --serialize-diagnostics /Users/admin/builder/spi-builder-workspace/.derivedData/Build/Intermediates.noindex/SKLite.build/Debug/SKLiteWrapper-t.build/Objects-normal/arm64/SKLiteWrapper.dia -c /Users/admin/builder/spi-builder-workspace/Sources/SKLiteWrapper/src/SKLiteWrapper.c -o /Users/admin/builder/spi-builder-workspace/.derivedData/Build/Intermediates.noindex/SKLite.build/Debug/SKLiteWrapper-t.build/Objects-normal/arm64/SKLiteWrapper.o -index-unit-output-path /SKLite.build/Debug/SKLiteWrapper-t.build/Objects-normal/arm64/SKLiteWrapper.o
Ld /Users/admin/builder/spi-builder-workspace/.derivedData/Build/Products/Debug/SKLiteWrapper.o normal (in target 'SKLiteWrapper' from project 'SKLite')
cd /Users/admin/builder/spi-builder-workspace
/Applications/Xcode-27.0.0-Release.Candidate.app/Contents/Developer/Toolchains/XcodeDefault.xctoolchain/usr/bin/clang -Xlinker -reproducible -target arm64-apple-macos12.0 -r -isysroot /Applications/Xcode-27.0.0-Release.Candidate.app/Contents/Developer/Platforms/MacOSX.platform/Developer/SDKs/MacOSX27.0.sdk -O0 -Xlinker -no_warn_duplicate_libraries -F/Users/admin/builder/spi-builder-workspace/.derivedData/Build/Intermediates.noindex/EagerLinkingTBDs/Debug -F/Users/admin/builder/spi-builder-workspace/.derivedData/Build/Products/Debug -iframework /Applications/Xcode-27.0.0-Release.Candidate.app/Contents/Developer/Platforms/MacOSX.platform/Developer/Library/Frameworks -filelist /Users/admin/builder/spi-builder-workspace/.derivedData/Build/Intermediates.noindex/SKLite.build/Debug/SKLiteWrapper-t.build/Objects-normal/arm64/SKLiteWrapper.LinkFileList -nostdlib -Xlinker -object_path_lto -Xlinker /Users/admin/builder/spi-builder-workspace/.derivedData/Build/Intermediates.noindex/SKLite.build/Debug/SKLiteWrapper-t.build/Objects-normal/arm64/SKLiteWrapper_lto.o -Xlinker -no_deduplicate -Xlinker -debug_variant -Xlinker -dependency_info -Xlinker /Users/admin/builder/spi-builder-workspace/.derivedData/Build/Intermediates.noindex/SKLite.build/Debug/SKLiteWrapper-t.build/Objects-normal/arm64/SKLiteWrapper_dependency_info.dat -o /Users/admin/builder/spi-builder-workspace/.derivedData/Build/Products/Debug/SKLiteWrapper.o
SwiftExplicitDependencyGeneratePcm arm64 /Users/admin/builder/spi-builder-workspace/.derivedData/SDKExplicitPrecompiledModules/_Builtin_stddef-3GI9GOKXSW3QCTFOI1USFLDZO.pcm
SwiftExplicitDependencyGeneratePcm arm64 /Users/admin/builder/spi-builder-workspace/.derivedData/SDKExplicitPrecompiledModules/_Builtin_float-105CRCDRP90FQCQO5ZX1LHV7H.pcm
SwiftExplicitDependencyGeneratePcm arm64 /Users/admin/builder/spi-builder-workspace/.derivedData/SDKExplicitPrecompiledModules/_Builtin_stdarg-7CFWA9OSW5N24E7PG4ZOCF1VH.pcm
SwiftExplicitDependencyGeneratePcm arm64 /Users/admin/builder/spi-builder-workspace/.derivedData/SDKExplicitPrecompiledModules/ptrauth-2W92ZJRLNJU99RJUQGGJG3OC3.pcm
SwiftExplicitDependencyGeneratePcm arm64 /Users/admin/builder/spi-builder-workspace/.derivedData/SDKExplicitPrecompiledModules/_SwiftConcurrencyShims-BLUUWKI6AGMD7TJ4RGYS7DP6T.pcm
SwiftExplicitDependencyGeneratePcm arm64 /Users/admin/builder/spi-builder-workspace/.derivedData/SDKExplicitPrecompiledModules/_AvailabilityInternal-CJTV5E7EL3MWRA437DUFPBVN2.pcm
SwiftExplicitDependencyGeneratePcm arm64 /Users/admin/builder/spi-builder-workspace/.derivedData/SDKExplicitPrecompiledModules/SwiftShims-C4V0DQ62WSTCYBYGILXXGQNO3.pcm
SwiftExplicitDependencyGeneratePcm arm64 /Users/admin/builder/spi-builder-workspace/.derivedData/SDKExplicitPrecompiledModules/_Builtin_stdbool-KYV2HKP8IKLKMKQS9DGA2GUQ.pcm
SwiftExplicitDependencyGeneratePcm arm64 /Users/admin/builder/spi-builder-workspace/.derivedData/SDKExplicitPrecompiledModules/ptrcheck-DHLCBWKPNUZOYTPJ1J3QVTCXK.pcm
SwiftExplicitDependencyGeneratePcm arm64 /Users/admin/builder/spi-builder-workspace/.derivedData/SDKExplicitPrecompiledModules/_DarwinFoundation1-7PRJIG163YE9KSKYA3BS35ZZP.pcm
SwiftExplicitDependencyGeneratePcm arm64 /Users/admin/builder/spi-builder-workspace/.derivedData/SDKExplicitPrecompiledModules/_DarwinFoundation2-94WUUGE4H5R03OWXE0QFZX1DN.pcm
SwiftExplicitDependencyGeneratePcm arm64 /Users/admin/builder/spi-builder-workspace/.derivedData/SDKExplicitPrecompiledModules/_Builtin_limits-AXGUGXBFPC0I7QDLJFB0K341Y.pcm
SwiftExplicitDependencyGeneratePcm arm64 /Users/admin/builder/spi-builder-workspace/.derivedData/SDKExplicitPrecompiledModules/SQLite3-CECRKZSSB4DQJE7JJFJ2KLBRN.pcm
SwiftExplicitDependencyGeneratePcm arm64 /Users/admin/builder/spi-builder-workspace/.derivedData/Build/Intermediates.noindex/SwiftExplicitPrecompiledModules/SKLiteWrapper-C1ICBDWIQSKRSWZXP6C8S9IXF.pcm
SwiftExplicitDependencyGeneratePcm arm64 /Users/admin/builder/spi-builder-workspace/.derivedData/SDKExplicitPrecompiledModules/_Builtin_stdint-22CBBOK8BNSF0UELDCAXSHGB.pcm
SwiftExplicitDependencyGeneratePcm arm64 /Users/admin/builder/spi-builder-workspace/.derivedData/SDKExplicitPrecompiledModules/sys_types-F4RNCN6UR5R5OWTLTOUM7TN3E.pcm
SwiftExplicitDependencyGeneratePcm arm64 /Users/admin/builder/spi-builder-workspace/.derivedData/SDKExplicitPrecompiledModules/string_h-10WPXBF3YFYMX5HUAW06LSABR.pcm
SwiftExplicitDependencyGeneratePcm arm64 /Users/admin/builder/spi-builder-workspace/.derivedData/SDKExplicitPrecompiledModules/_DarwinFoundation3-32PO5Q4RCB6WXH5VFO3HA3AVS.pcm
SwiftExplicitDependencyGeneratePcm arm64 /Users/admin/builder/spi-builder-workspace/.derivedData/SDKExplicitPrecompiledModules/libDER-5RCYOD0PCUUY2UGMBNE9LI8N9.pcm
SwiftExplicitDependencyGeneratePcm arm64 /Users/admin/builder/spi-builder-workspace/.derivedData/SDKExplicitPrecompiledModules/_Builtin_inttypes-1U6AP9A8AJ4G9WD98E9RHLGTJ.pcm
SwiftExplicitDependencyGeneratePcm arm64 /Users/admin/builder/spi-builder-workspace/.derivedData/SDKExplicitPrecompiledModules/Darwin-1RAAWNGKQM8YGHV0YJNNN5YDY.pcm
SwiftExplicitDependencyGeneratePcm arm64 /Users/admin/builder/spi-builder-workspace/.derivedData/SDKExplicitPrecompiledModules/libkern-22MDXN9G35RPO3OLKX9B2PN16.pcm
SwiftExplicitDependencyGeneratePcm arm64 /Users/admin/builder/spi-builder-workspace/.derivedData/SDKExplicitPrecompiledModules/launch-2XAORMJNLLVS0OVKC1M0752GY.pcm
SwiftExplicitDependencyGeneratePcm arm64 /Users/admin/builder/spi-builder-workspace/.derivedData/SDKExplicitPrecompiledModules/MachO-AWTJ65TFR7TMST2NUE6ZCC1SL.pcm
SwiftExplicitDependencyGeneratePcm arm64 /Users/admin/builder/spi-builder-workspace/.derivedData/SDKExplicitPrecompiledModules/ObjectiveC-B89IQP2TC4CFSWOUMTUZRI1VZ.pcm
SwiftExplicitDependencyGeneratePcm arm64 /Users/admin/builder/spi-builder-workspace/.derivedData/SDKExplicitPrecompiledModules/os_object-3KLCCI03OX6OQTLJ92KQH2KIO.pcm
SwiftExplicitDependencyGeneratePcm arm64 /Users/admin/builder/spi-builder-workspace/.derivedData/SDKExplicitPrecompiledModules/os_workgroup-10SJ5M8R2OB4BG1TPFL9SZMKV.pcm
SwiftExplicitDependencyGeneratePcm arm64 /Users/admin/builder/spi-builder-workspace/.derivedData/SDKExplicitPrecompiledModules/Dispatch-NAMWF9KN29KC7Z5OS3TTTAE8.pcm
SwiftExplicitDependencyGeneratePcm arm64 /Users/admin/builder/spi-builder-workspace/.derivedData/SDKExplicitPrecompiledModules/CoreFoundation-4ZIITQ30SOGUQE8KJAB99ZV0Q.pcm
SwiftExplicitDependencyGeneratePcm arm64 /Users/admin/builder/spi-builder-workspace/.derivedData/SDKExplicitPrecompiledModules/XPC-E1MSAZG4ZNL24S2WK6K6Y7GWW.pcm
SwiftExplicitDependencyGeneratePcm arm64 /Users/admin/builder/spi-builder-workspace/.derivedData/SDKExplicitPrecompiledModules/Security-ESPJ7FP0YAY1EL3VXBGY9MCZ8.pcm
SwiftExplicitDependencyGeneratePcm arm64 /Users/admin/builder/spi-builder-workspace/.derivedData/SDKExplicitPrecompiledModules/CFNetwork-CVHS5CT20191MFYXQIEDWSRGJ.pcm
SwiftExplicitDependencyGeneratePcm arm64 /Users/admin/builder/spi-builder-workspace/.derivedData/SDKExplicitPrecompiledModules/IOKit-6H3X691EDBH124EYTC2PEOP5T.pcm
SwiftExplicitDependencyGeneratePcm arm64 /Users/admin/builder/spi-builder-workspace/.derivedData/SDKExplicitPrecompiledModules/DiskArbitration-ZNZZU7T0SYELB0DAR56WQF0R.pcm
SwiftExplicitDependencyGeneratePcm arm64 /Users/admin/builder/spi-builder-workspace/.derivedData/SDKExplicitPrecompiledModules/CoreServices-CGCGY0FOMEQGSNMO3HQSC09XU.pcm
SwiftExplicitDependencyGeneratePcm arm64 /Users/admin/builder/spi-builder-workspace/.derivedData/SDKExplicitPrecompiledModules/Foundation-44WR0NU86C67CV5BW8W1MGKNG.pcm
SwiftEmitModule normal arm64 Emitting\ module\ for\ SKLite (in target 'SKLite' from project 'SKLite')
SwiftCompile normal arm64 (in target 'SKLite' from project 'SKLite')
cd /Users/admin/builder/spi-builder-workspace/.swiftpm/xcode
/Users/admin/builder/spi-builder-workspace/Sources/SKLite/Stmt.swift:114:57: error: cannot find 'strdup' in scope
112 | @discardableResult
113 | public func bindString(index: Int32, value: String) throws -> Self {
114 | let result = sqlite3_bind_text(stmt, index, strdup(value), -1, { free($0) })
| `- error: cannot find 'strdup' in scope
115 | guard result == SQLITE_OK else {
116 | throw SKLite.SKLiteError(rawValue: result, message: db.errMsg, sql: expandedSql)
/Users/admin/builder/spi-builder-workspace/Sources/SKLite/Stmt.swift:114:78: error: cannot find 'free' in scope
112 | @discardableResult
113 | public func bindString(index: Int32, value: String) throws -> Self {
114 | let result = sqlite3_bind_text(stmt, index, strdup(value), -1, { free($0) })
| `- error: cannot find 'free' in scope
115 | guard result == SQLITE_OK else {
116 | throw SKLite.SKLiteError(rawValue: result, message: db.errMsg, sql: expandedSql)
Failed frontend command:
/Applications/Xcode-27.0.0-Release.Candidate.app/Contents/Developer/Toolchains/XcodeDefault.xctoolchain/usr/bin/swift-frontend -frontend -emit-module -experimental-skip-non-inlinable-function-bodies-without-types /Users/admin/builder/spi-builder-workspace/Sources/SKLite/Db.swift /Users/admin/builder/spi-builder-workspace/Sources/SKLite/OptionSet/Deserialize.swift /Users/admin/builder/spi-builder-workspace/Sources/SKLite/OptionSet/OpenFlag.swift /Users/admin/builder/spi-builder-workspace/Sources/SKLite/OptionSet/PrepareFlag.swift /Users/admin/builder/spi-builder-workspace/Sources/SKLite/OptionSet/SKLiteError.swift /Users/admin/builder/spi-builder-workspace/Sources/SKLite/SKLite+Connection.swift /Users/admin/builder/spi-builder-workspace/Sources/SKLite/SKLite+Statement.swift /Users/admin/builder/spi-builder-workspace/Sources/SKLite/SKLite+bind.swift /Users/admin/builder/spi-builder-workspace/Sources/SKLite/SKLite+file.swift /Users/admin/builder/spi-builder-workspace/Sources/SKLite/SKLite+func.swift /Users/admin/builder/spi-builder-workspace/Sources/SKLite/SKLite+open.swift /Users/admin/builder/spi-builder-workspace/Sources/SKLite/SKLite+prepare.swift /Users/admin/builder/spi-builder-workspace/Sources/SKLite/SKLite+var.swift /Users/admin/builder/spi-builder-workspace/Sources/SKLite/SKLite.swift /Users/admin/builder/spi-builder-workspace/Sources/SKLite/Stmt.swift /Users/admin/builder/spi-builder-workspace/Sources/SKLite/enum/ColumnType.swift /Users/admin/builder/spi-builder-workspace/Sources/SKLite/enum/CompileOption.swift /Users/admin/builder/spi-builder-workspace/Sources/SKLite/enum/Config.swift /Users/admin/builder/spi-builder-workspace/Sources/SKLite/enum/Conflict.swift /Users/admin/builder/spi-builder-workspace/Sources/SKLite/enum/DbConfig.swift /Users/admin/builder/spi-builder-workspace/Sources/SKLite/enum/DbStatus.swift /Users/admin/builder/spi-builder-workspace/Sources/SKLite/enum/IndexConstraint.swift /Users/admin/builder/spi-builder-workspace/Sources/SKLite/enum/Limit.swift /Users/admin/builder/spi-builder-workspace/Sources/SKLite/enum/Status.swift /Users/admin/builder/spi-builder-workspace/Sources/SKLite/enum/StmtStatus.swift /Users/admin/builder/spi-builder-workspace/Sources/SKLite/enum/TextEncoding.swift /Users/admin/builder/spi-builder-workspace/Sources/SKLite/enum/ThreadSafeLevel.swift -target arm64-apple-macos12.0 -disable-cross-import-overlay-search -load-resolved-plugin /Applications/Xcode-27.0.0-Release.Candidate.app/Contents/Developer/Platforms/MacOSX.platform/Developer/usr/lib/swift/host/plugins/libFoundationMacros.dylib\#/Applications/Xcode-27.0.0-Release.Candidate.app/Contents/Developer/Platforms/MacOSX.platform/Developer/usr/bin/swift-plugin-server\#FoundationMacros -load-resolved-plugin /Applications/Xcode-27.0.0-Release.Candidate.app/Contents/Developer/Platforms/MacOSX.platform/Developer/usr/lib/swift/host/plugins/libObservationMacros.dylib\#/Applications/Xcode-27.0.0-Release.Candidate.app/Contents/Developer/Platforms/MacOSX.platform/Developer/usr/bin/swift-plugin-server\#ObservationMacros -load-resolved-plugin /Applications/Xcode-27.0.0-Release.Candidate.app/Contents/Developer/Platforms/MacOSX.platform/Developer/usr/lib/swift/host/plugins/libSwiftMacros.dylib\#/Applications/Xcode-27.0.0-Release.Candidate.app/Contents/Developer/Platforms/MacOSX.platform/Developer/usr/bin/swift-plugin-server\#SwiftMacros -disable-implicit-swift-modules -Xcc -fno-implicit-modules -Xcc -fno-implicit-module-maps -explicit-swift-module-map-file /Users/admin/builder/spi-builder-workspace/.derivedData/Build/Intermediates.noindex/SKLite.build/Debug/SKLite-t.build/Objects-normal/arm64/SKLite-dependencies-1.json -Xllvm -aarch64-use-tbi -enable-objc-interop -stack-check -sdk /Applications/Xcode-27.0.0-Release.Candidate.app/Contents/Developer/Platforms/MacOSX.platform/Developer/SDKs/MacOSX27.0.sdk -I /Users/admin/builder/spi-builder-workspace/.derivedData/Build/Products/Debug -Isystem /Applications/Xcode-27.0.0-Release.Candidate.app/Contents/Developer/Platforms/MacOSX.platform/Developer/usr/lib -F /Users/admin/builder/spi-builder-workspace/.derivedData/Build/Products/Debug/PackageFrameworks -F /Users/admin/builder/spi-builder-workspace/.derivedData/Build/Products/Debug -F /Applications/Xcode-27.0.0-Release.Candidate.app/Contents/Developer/Platforms/MacOSX.platform/Developer/Library/Frameworks -module-cache-path /Users/admin/builder/spi-builder-workspace/.derivedData/Build/Intermediates.noindex/SwiftExplicitPrecompiledModules -no-color-diagnostics -Xcc -fno-color-diagnostics -enable-testing -g -debug-info-format\=dwarf -dwarf-version\=4 -profile-generate -profile-coverage-mapping -swift-version 5 -Onone -D SWIFT_PACKAGE -D DEBUG -D SWIFT_MODULE_RESOURCE_BUNDLE_UNAVAILABLE -D Xcode -serialize-debugging-options -enable-experimental-feature DebugDescriptionMacro -empty-abi-descriptor -validate-clang-modules-once -clang-build-session-file /Users/admin/builder/spi-builder-workspace/.derivedData/ModuleCache.noindex/Session.modulevalidation -Xcc -working-directory -Xcc /Users/admin/builder/spi-builder-workspace/.swiftpm/xcode -enable-anonymous-context-mangled-names -file-compilation-dir /Users/admin/builder/spi-builder-workspace/.swiftpm/xcode -Xcc -fmodule-map-file\=/Users/admin/builder/spi-builder-workspace/.derivedData/Build/Intermediates.noindex/GeneratedModuleMaps/SKLiteWrapper.modulemap -Xcc -D_LIBCPP_HARDENING_MODE\=_LIBCPP_HARDENING_MODE_DEBUG -Xcc -ivfsstatcache -Xcc /Users/admin/builder/spi-builder-workspace/.derivedData/SDKStatCaches.noindex/macosx27.0-26A425-e829b21a6f8c9b70876ba0858053c0446a22442a12e9d48fe1a705f55a1adfc4.sdkstatcache -Xcc -fmodules-prune-interval\=86400 -Xcc -fmodules-prune-after\=345600 -Xcc -I/Users/admin/builder/spi-builder-workspace/Sources/SKLiteWrapper/include -Xcc -I/Users/admin/builder/spi-builder-workspace/.derivedData/Build/Products/Debug/include -Xcc -I/Users/admin/builder/spi-builder-workspace/.derivedData/Build/Intermediates.noindex/SKLite.build/Debug/SKLite-t.build/DerivedSources-normal/arm64 -Xcc -I/Users/admin/builder/spi-builder-workspace/.derivedData/Build/Intermediates.noindex/SKLite.build/Debug/SKLite-t.build/DerivedSources/arm64 -Xcc -I/Users/admin/builder/spi-builder-workspace/.derivedData/Build/Intermediates.noindex/SKLite.build/Debug/SKLite-t.build/DerivedSources -Xcc -DSWIFT_PACKAGE -Xcc -DDEBUG\=1 -no-auto-bridging-header-chaining -module-name SKLite -const-gather-protocols-file /Users/admin/builder/spi-builder-workspace/.derivedData/Build/Intermediates.noindex/SKLite.build/Debug/SKLite-t.build/Objects-normal/arm64/SKLite_const_extract_protocols.json -disable-clang-spi -clang-target arm64-apple-macos27.0 -target-sdk-version 27.0 -target-sdk-name macosx27.0 -in-process-plugin-server-path /Applications/Xcode-27.0.0-Release.Candidate.app/Contents/Developer/Toolchains/XcodeDefault.xctoolchain/usr/lib/swift/host/libSwiftInProcPluginServer.dylib -emit-module-doc-path /Users/admin/builder/spi-builder-workspace/.derivedData/Build/Intermediates.noindex/SKLite.build/Debug/SKLite-t.build/Objects-normal/arm64/SKLite.swiftdoc -emit-module-source-info-path /Users/admin/builder/spi-builder-workspace/.derivedData/Build/Intermediates.noindex/SKLite.build/Debug/SKLite-t.build/Objects-normal/arm64/SKLite.swiftsourceinfo -emit-objc-header-path /Users/admin/builder/spi-builder-workspace/.derivedData/Build/Intermediates.noindex/SKLite.build/Debug/SKLite-t.build/Objects-normal/arm64/SKLite-Swift.h -serialize-diagnostics-path /Users/admin/builder/spi-builder-workspace/.derivedData/Build/Intermediates.noindex/SKLite.build/Debug/SKLite-t.build/Objects-normal/arm64/SKLite-primary-emit-module.dia -emit-dependencies-path /Users/admin/builder/spi-builder-workspace/.derivedData/Build/Intermediates.noindex/SKLite.build/Debug/SKLite-t.build/Objects-normal/arm64/SKLite-primary-emit-module.d -parse-as-library -o /Users/admin/builder/spi-builder-workspace/.derivedData/Build/Intermediates.noindex/SKLite.build/Debug/SKLite-t.build/Objects-normal/arm64/SKLite.swiftmodule -emit-abi-descriptor-path /Users/admin/builder/spi-builder-workspace/.derivedData/Build/Intermediates.noindex/SKLite.build/Debug/SKLite-t.build/Objects-normal/arm64/SKLite.abi.json
SwiftCompile normal arm64 Compiling\ IndexConstraint.swift,\ Limit.swift /Users/admin/builder/spi-builder-workspace/Sources/SKLite/enum/IndexConstraint.swift /Users/admin/builder/spi-builder-workspace/Sources/SKLite/enum/Limit.swift (in target 'SKLite' from project 'SKLite')
SwiftCompile normal arm64 /Users/admin/builder/spi-builder-workspace/Sources/SKLite/enum/IndexConstraint.swift (in target 'SKLite' from project 'SKLite')
cd /Users/admin/builder/spi-builder-workspace/.swiftpm/xcode
builtin-SwiftPerFileCompile IndexConstraint.swift
SwiftCompile normal arm64 /Users/admin/builder/spi-builder-workspace/Sources/SKLite/enum/Limit.swift (in target 'SKLite' from project 'SKLite')
cd /Users/admin/builder/spi-builder-workspace/.swiftpm/xcode
builtin-SwiftPerFileCompile Limit.swift
SwiftCompile normal arm64 Compiling\ Status.swift,\ StmtStatus.swift /Users/admin/builder/spi-builder-workspace/Sources/SKLite/enum/Status.swift /Users/admin/builder/spi-builder-workspace/Sources/SKLite/enum/StmtStatus.swift (in target 'SKLite' from project 'SKLite')
SwiftCompile normal arm64 /Users/admin/builder/spi-builder-workspace/Sources/SKLite/enum/Status.swift (in target 'SKLite' from project 'SKLite')
cd /Users/admin/builder/spi-builder-workspace/.swiftpm/xcode
builtin-SwiftPerFileCompile Status.swift
SwiftCompile normal arm64 /Users/admin/builder/spi-builder-workspace/Sources/SKLite/enum/StmtStatus.swift (in target 'SKLite' from project 'SKLite')
cd /Users/admin/builder/spi-builder-workspace/.swiftpm/xcode
builtin-SwiftPerFileCompile StmtStatus.swift
SwiftCompile normal arm64 Compiling\ TextEncoding.swift,\ ThreadSafeLevel.swift /Users/admin/builder/spi-builder-workspace/Sources/SKLite/enum/TextEncoding.swift /Users/admin/builder/spi-builder-workspace/Sources/SKLite/enum/ThreadSafeLevel.swift (in target 'SKLite' from project 'SKLite')
SwiftCompile normal arm64 /Users/admin/builder/spi-builder-workspace/Sources/SKLite/enum/TextEncoding.swift (in target 'SKLite' from project 'SKLite')
cd /Users/admin/builder/spi-builder-workspace/.swiftpm/xcode
builtin-SwiftPerFileCompile TextEncoding.swift
SwiftCompile normal arm64 /Users/admin/builder/spi-builder-workspace/Sources/SKLite/enum/ThreadSafeLevel.swift (in target 'SKLite' from project 'SKLite')
cd /Users/admin/builder/spi-builder-workspace/.swiftpm/xcode
builtin-SwiftPerFileCompile ThreadSafeLevel.swift
SwiftCompile normal arm64 Compiling\ SKLite+func.swift,\ SKLite+open.swift,\ SKLite+prepare.swift /Users/admin/builder/spi-builder-workspace/Sources/SKLite/SKLite+func.swift /Users/admin/builder/spi-builder-workspace/Sources/SKLite/SKLite+open.swift /Users/admin/builder/spi-builder-workspace/Sources/SKLite/SKLite+prepare.swift (in target 'SKLite' from project 'SKLite')
SwiftCompile normal arm64 /Users/admin/builder/spi-builder-workspace/Sources/SKLite/SKLite+func.swift (in target 'SKLite' from project 'SKLite')
cd /Users/admin/builder/spi-builder-workspace/.swiftpm/xcode
builtin-SwiftPerFileCompile SKLite+func.swift
SwiftCompile normal arm64 /Users/admin/builder/spi-builder-workspace/Sources/SKLite/SKLite+open.swift (in target 'SKLite' from project 'SKLite')
cd /Users/admin/builder/spi-builder-workspace/.swiftpm/xcode
builtin-SwiftPerFileCompile SKLite+open.swift
SwiftCompile normal arm64 /Users/admin/builder/spi-builder-workspace/Sources/SKLite/SKLite+prepare.swift (in target 'SKLite' from project 'SKLite')
cd /Users/admin/builder/spi-builder-workspace/.swiftpm/xcode
builtin-SwiftPerFileCompile SKLite+prepare.swift
/Users/admin/builder/spi-builder-workspace/Sources/SKLite/SKLite+prepare.swift:44:25: error: cannot find 'usleep' in scope
42 | if retry == 0 {
43 | // 1st 0.02ms
44 | usleep(20)
| `- error: cannot find 'usleep' in scope
45 | } else if retry == 1 {
46 | // 2nd 0.25ms
/Users/admin/builder/spi-builder-workspace/Sources/SKLite/SKLite+prepare.swift:47:25: error: cannot find 'usleep' in scope
45 | } else if retry == 1 {
46 | // 2nd 0.25ms
47 | usleep(250)
| `- error: cannot find 'usleep' in scope
48 | } else if retry <= 8 {
49 | // 0.5ms, 2ms, 8ms, 32ms, 128ms, 512ms, 2048ms(2s)
/Users/admin/builder/spi-builder-workspace/Sources/SKLite/SKLite+prepare.swift:50:25: error: cannot find 'usleep' in scope
48 | } else if retry <= 8 {
49 | // 0.5ms, 2ms, 8ms, 32ms, 128ms, 512ms, 2048ms(2s)
50 | usleep(useconds_t(500.0 * pow(4.0, Double(retry - 2))))
| `- error: cannot find 'usleep' in scope
51 | } else {
52 | // 3s ...
/Users/admin/builder/spi-builder-workspace/Sources/SKLite/SKLite+prepare.swift:50:32: error: cannot find 'useconds_t' in scope
48 | } else if retry <= 8 {
49 | // 0.5ms, 2ms, 8ms, 32ms, 128ms, 512ms, 2048ms(2s)
50 | usleep(useconds_t(500.0 * pow(4.0, Double(retry - 2))))
| `- error: cannot find 'useconds_t' in scope
51 | } else {
52 | // 3s ...
SwiftCompile normal arm64 Compiling\ SKLite+var.swift,\ SKLite.swift,\ Stmt.swift /Users/admin/builder/spi-builder-workspace/Sources/SKLite/SKLite+var.swift /Users/admin/builder/spi-builder-workspace/Sources/SKLite/SKLite.swift /Users/admin/builder/spi-builder-workspace/Sources/SKLite/Stmt.swift (in target 'SKLite' from project 'SKLite')
/Users/admin/builder/spi-builder-workspace/Sources/SKLite/SKLite+var.swift:38:31: error: cannot find 'strdup' in scope
36 | set {
37 | if let newValue = newValue {
38 | let cString = strdup(newValue)
| `- error: cannot find 'strdup' in scope
39 | sqlite3_temp_directory = cString
40 | } else {
/Users/admin/builder/spi-builder-workspace/Sources/SKLite/SKLite+var.swift:55:31: error: cannot find 'strdup' in scope
53 | set {
54 | if let newValue = newValue {
55 | let cString = strdup(newValue)
| `- error: cannot find 'strdup' in scope
56 | sqlite3_data_directory = cString
57 | } else {
/Users/admin/builder/spi-builder-workspace/Sources/SKLite/Stmt.swift:114:57: error: cannot find 'strdup' in scope
112 | @discardableResult
113 | public func bindString(index: Int32, value: String) throws -> Self {
114 | let result = sqlite3_bind_text(stmt, index, strdup(value), -1, { free($0) })
| `- error: cannot find 'strdup' in scope
115 | guard result == SQLITE_OK else {
116 | throw SKLite.SKLiteError(rawValue: result, message: db.errMsg, sql: expandedSql)
/Users/admin/builder/spi-builder-workspace/Sources/SKLite/Stmt.swift:114:78: error: cannot find 'free' in scope
112 | @discardableResult
113 | public func bindString(index: Int32, value: String) throws -> Self {
114 | let result = sqlite3_bind_text(stmt, index, strdup(value), -1, { free($0) })
| `- error: cannot find 'free' in scope
115 | guard result == SQLITE_OK else {
116 | throw SKLite.SKLiteError(rawValue: result, message: db.errMsg, sql: expandedSql)
/Users/admin/builder/spi-builder-workspace/Sources/SKLite/Stmt.swift:209:29: error: cannot find 'usleep' in scope
207 | if retry == 0 {
208 | // 1st 0.02ms
209 | usleep(20)
| `- error: cannot find 'usleep' in scope
210 | } else if retry == 1 {
211 | // 2nd 0.25ms
/Users/admin/builder/spi-builder-workspace/Sources/SKLite/Stmt.swift:212:29: error: cannot find 'usleep' in scope
210 | } else if retry == 1 {
211 | // 2nd 0.25ms
212 | usleep(250)
| `- error: cannot find 'usleep' in scope
213 | } else if retry <= 8 {
214 | // 0.5ms, 2ms, 8ms, 32ms, 128ms, 512ms, 2048ms(2s)
/Users/admin/builder/spi-builder-workspace/Sources/SKLite/Stmt.swift:215:29: error: cannot find 'usleep' in scope
213 | } else if retry <= 8 {
214 | // 0.5ms, 2ms, 8ms, 32ms, 128ms, 512ms, 2048ms(2s)
215 | usleep(useconds_t(500.0 * pow(4.0, Double(retry - 2))))
| `- error: cannot find 'usleep' in scope
216 | } else {
217 | // 3s ...
/Users/admin/builder/spi-builder-workspace/Sources/SKLite/Stmt.swift:215:36: error: cannot find 'useconds_t' in scope
213 | } else if retry <= 8 {
214 | // 0.5ms, 2ms, 8ms, 32ms, 128ms, 512ms, 2048ms(2s)
215 | usleep(useconds_t(500.0 * pow(4.0, Double(retry - 2))))
| `- error: cannot find 'useconds_t' in scope
216 | } else {
217 | // 3s ...
SwiftCompile normal arm64 /Users/admin/builder/spi-builder-workspace/Sources/SKLite/SKLite+var.swift (in target 'SKLite' from project 'SKLite')
cd /Users/admin/builder/spi-builder-workspace/.swiftpm/xcode
builtin-SwiftPerFileCompile SKLite+var.swift
SwiftCompile normal arm64 /Users/admin/builder/spi-builder-workspace/Sources/SKLite/SKLite.swift (in target 'SKLite' from project 'SKLite')
cd /Users/admin/builder/spi-builder-workspace/.swiftpm/xcode
builtin-SwiftPerFileCompile SKLite.swift
SwiftCompile normal arm64 /Users/admin/builder/spi-builder-workspace/Sources/SKLite/Stmt.swift (in target 'SKLite' from project 'SKLite')
cd /Users/admin/builder/spi-builder-workspace/.swiftpm/xcode
builtin-SwiftPerFileCompile Stmt.swift
SwiftCompile normal arm64 Compiling\ Conflict.swift,\ DbConfig.swift,\ DbStatus.swift /Users/admin/builder/spi-builder-workspace/Sources/SKLite/enum/Conflict.swift /Users/admin/builder/spi-builder-workspace/Sources/SKLite/enum/DbConfig.swift /Users/admin/builder/spi-builder-workspace/Sources/SKLite/enum/DbStatus.swift (in target 'SKLite' from project 'SKLite')
SwiftCompile normal arm64 /Users/admin/builder/spi-builder-workspace/Sources/SKLite/enum/Conflict.swift (in target 'SKLite' from project 'SKLite')
cd /Users/admin/builder/spi-builder-workspace/.swiftpm/xcode
builtin-SwiftPerFileCompile Conflict.swift
SwiftCompile normal arm64 /Users/admin/builder/spi-builder-workspace/Sources/SKLite/enum/DbConfig.swift (in target 'SKLite' from project 'SKLite')
cd /Users/admin/builder/spi-builder-workspace/.swiftpm/xcode
builtin-SwiftPerFileCompile DbConfig.swift
SwiftCompile normal arm64 /Users/admin/builder/spi-builder-workspace/Sources/SKLite/enum/DbStatus.swift (in target 'SKLite' from project 'SKLite')
cd /Users/admin/builder/spi-builder-workspace/.swiftpm/xcode
builtin-SwiftPerFileCompile DbStatus.swift
SwiftCompile normal arm64 Compiling\ PrepareFlag.swift,\ SKLiteError.swift,\ SKLite+Connection.swift /Users/admin/builder/spi-builder-workspace/Sources/SKLite/OptionSet/PrepareFlag.swift /Users/admin/builder/spi-builder-workspace/Sources/SKLite/OptionSet/SKLiteError.swift /Users/admin/builder/spi-builder-workspace/Sources/SKLite/SKLite+Connection.swift (in target 'SKLite' from project 'SKLite')
SwiftCompile normal arm64 /Users/admin/builder/spi-builder-workspace/Sources/SKLite/OptionSet/PrepareFlag.swift (in target 'SKLite' from project 'SKLite')
cd /Users/admin/builder/spi-builder-workspace/.swiftpm/xcode
builtin-SwiftPerFileCompile PrepareFlag.swift
SwiftCompile normal arm64 /Users/admin/builder/spi-builder-workspace/Sources/SKLite/OptionSet/SKLiteError.swift (in target 'SKLite' from project 'SKLite')
cd /Users/admin/builder/spi-builder-workspace/.swiftpm/xcode
builtin-SwiftPerFileCompile SKLiteError.swift
SwiftCompile normal arm64 /Users/admin/builder/spi-builder-workspace/Sources/SKLite/SKLite+Connection.swift (in target 'SKLite' from project 'SKLite')
cd /Users/admin/builder/spi-builder-workspace/.swiftpm/xcode
builtin-SwiftPerFileCompile SKLite+Connection.swift
SwiftCompile normal arm64 Compiling\ SKLite+Statement.swift,\ SKLite+bind.swift,\ SKLite+file.swift /Users/admin/builder/spi-builder-workspace/Sources/SKLite/SKLite+Statement.swift /Users/admin/builder/spi-builder-workspace/Sources/SKLite/SKLite+bind.swift /Users/admin/builder/spi-builder-workspace/Sources/SKLite/SKLite+file.swift (in target 'SKLite' from project 'SKLite')
/Users/admin/builder/spi-builder-workspace/Sources/SKLite/SKLite+bind.swift:17:58: error: cannot find 'strdup' in scope
15 | @inline(__always)
16 | public static func bindString(_ stmt: Statement, index: Int32, value: String) throws {
17 | try check(result: sqlite3_bind_text(stmt, index, strdup(value), -1, { free($0) }), stmt: stmt)
| `- error: cannot find 'strdup' in scope
18 | }
19 |
SwiftCompile normal arm64 /Users/admin/builder/spi-builder-workspace/Sources/SKLite/SKLite+Statement.swift (in target 'SKLite' from project 'SKLite')
cd /Users/admin/builder/spi-builder-workspace/.swiftpm/xcode
builtin-SwiftPerFileCompile SKLite+Statement.swift
SwiftCompile normal arm64 /Users/admin/builder/spi-builder-workspace/Sources/SKLite/SKLite+bind.swift (in target 'SKLite' from project 'SKLite')
cd /Users/admin/builder/spi-builder-workspace/.swiftpm/xcode
builtin-SwiftPerFileCompile SKLite+bind.swift
SwiftCompile normal arm64 /Users/admin/builder/spi-builder-workspace/Sources/SKLite/SKLite+file.swift (in target 'SKLite' from project 'SKLite')
cd /Users/admin/builder/spi-builder-workspace/.swiftpm/xcode
builtin-SwiftPerFileCompile SKLite+file.swift
SwiftCompile normal arm64 Compiling\ Db.swift,\ Deserialize.swift,\ OpenFlag.swift /Users/admin/builder/spi-builder-workspace/Sources/SKLite/Db.swift /Users/admin/builder/spi-builder-workspace/Sources/SKLite/OptionSet/Deserialize.swift /Users/admin/builder/spi-builder-workspace/Sources/SKLite/OptionSet/OpenFlag.swift (in target 'SKLite' from project 'SKLite')
SwiftCompile normal arm64 /Users/admin/builder/spi-builder-workspace/Sources/SKLite/Db.swift (in target 'SKLite' from project 'SKLite')
cd /Users/admin/builder/spi-builder-workspace/.swiftpm/xcode
builtin-SwiftPerFileCompile Db.swift
SwiftCompile normal arm64 /Users/admin/builder/spi-builder-workspace/Sources/SKLite/OptionSet/Deserialize.swift (in target 'SKLite' from project 'SKLite')
cd /Users/admin/builder/spi-builder-workspace/.swiftpm/xcode
builtin-SwiftPerFileCompile Deserialize.swift
SwiftCompile normal arm64 /Users/admin/builder/spi-builder-workspace/Sources/SKLite/OptionSet/OpenFlag.swift (in target 'SKLite' from project 'SKLite')
cd /Users/admin/builder/spi-builder-workspace/.swiftpm/xcode
builtin-SwiftPerFileCompile OpenFlag.swift
SwiftCompile normal arm64 Compiling\ ColumnType.swift,\ CompileOption.swift,\ Config.swift /Users/admin/builder/spi-builder-workspace/Sources/SKLite/enum/ColumnType.swift /Users/admin/builder/spi-builder-workspace/Sources/SKLite/enum/CompileOption.swift /Users/admin/builder/spi-builder-workspace/Sources/SKLite/enum/Config.swift (in target 'SKLite' from project 'SKLite')
SwiftCompile normal arm64 /Users/admin/builder/spi-builder-workspace/Sources/SKLite/enum/ColumnType.swift (in target 'SKLite' from project 'SKLite')
cd /Users/admin/builder/spi-builder-workspace/.swiftpm/xcode
builtin-SwiftPerFileCompile ColumnType.swift
SwiftCompile normal arm64 /Users/admin/builder/spi-builder-workspace/Sources/SKLite/enum/CompileOption.swift (in target 'SKLite' from project 'SKLite')
cd /Users/admin/builder/spi-builder-workspace/.swiftpm/xcode
builtin-SwiftPerFileCompile CompileOption.swift
SwiftCompile normal arm64 /Users/admin/builder/spi-builder-workspace/Sources/SKLite/enum/Config.swift (in target 'SKLite' from project 'SKLite')
cd /Users/admin/builder/spi-builder-workspace/.swiftpm/xcode
builtin-SwiftPerFileCompile Config.swift
PruneExplicitPrecompiledModules /Users/admin/builder/spi-builder-workspace/.derivedData/Build/Intermediates.noindex/SwiftExplicitPrecompiledModules
PruneExplicitPrecompiledModules /Users/admin/builder/spi-builder-workspace/.derivedData/SDKExplicitPrecompiledModules
PruneExplicitPrecompiledModules /Users/admin/builder/spi-builder-workspace/.derivedData/Build/Intermediates.noindex/ExplicitPrecompiledModules
2026-09-21 18:04:59.649 xcodebuild[719:4406] [MT] IDERunDestination: Supported platforms for the buildables in the current scheme is empty.
--- xcodebuild: WARNING: Using the first of multiple matching destinations:
{ platform:macOS, arch:arm64, id:ca80464b6a5d1e57f981e2e544624fc0f4416a03, name:My Mac }
{ platform:macOS, arch:arm64, variant:Mac Catalyst, id:ca80464b6a5d1e57f981e2e544624fc0f4416a03, name:My Mac }
{ platform:macOS, arch:arm64, variant:DriverKit, id:ca80464b6a5d1e57f981e2e544624fc0f4416a03, name:My Mac }
{ platform:macOS, arch:arm64, variant:Designed for [iPad,iPhone], id:ca80464b6a5d1e57f981e2e544624fc0f4416a03, name:My Mac }
** BUILD FAILED **
The following build commands failed:
SwiftCompile normal arm64 (in target 'SKLite' from project 'SKLite')
SwiftEmitModule normal arm64 Emitting\ module\ for\ SKLite (in target 'SKLite' from project 'SKLite')
Building workspace SKLite with scheme SKLite
(3 failures)
Command line invocation:
/Applications/Xcode-27.0.0-Release.Candidate.app/Contents/Developer/usr/bin/xcodebuild -IDEClonedSourcePackagesDirPathOverride=/Users/admin/builder/spi-builder-workspace/.dependencies -resolvePackageDependencies
Resolve Package Graph
Resolved source packages:
SKLite: /Users/admin/builder/spi-builder-workspace
XCTestDelayPrinter: https://github.com/wuyu2015/XCTestDelayPrinter @ 1.0.2
resolved source packages: SKLite, XCTestDelayPrinter
2026-09-21 18:05:07.882 xcodebuild[799:4783] [MT] IDERunDestination: Supported platforms for the buildables in the current scheme is empty.
{
"dependencies" : [
{
"identity" : "xctestdelayprinter",
"requirement" : {
"range" : [
{
"lower_bound" : "1.0.1",
"upper_bound" : "2.0.0"
}
]
},
"type" : "sourceControl",
"url" : "https://github.com/wuyu2015/XCTestDelayPrinter"
}
],
"manifest_display_name" : "SKLite",
"name" : "SKLite",
"path" : "/Users/admin/builder/spi-builder-workspace",
"platforms" : [
],
"products" : [
{
"name" : "SKLite",
"targets" : [
"SKLite"
],
"type" : {
"library" : [
"automatic"
]
}
}
],
"targets" : [
{
"c99name" : "SKLiteWrapper",
"module_type" : "ClangTarget",
"name" : "SKLiteWrapper",
"path" : "Sources/SKLiteWrapper",
"product_memberships" : [
"SKLite"
],
"sources" : [
"src/SKLiteWrapper.c"
],
"type" : "library"
},
{
"c99name" : "SKLiteTests",
"module_type" : "SwiftTarget",
"name" : "SKLiteTests",
"path" : "Tests/SKLiteTests",
"product_dependencies" : [
"XCTestDelayPrinter"
],
"sources" : [
"DbTests.swift",
"EnumTests.swift",
"SKLiteConnectionTests.swift",
"SKLiteDbStatusTests.swift",
"SKLiteDbTests.swift",
"SKLiteErrorTests.swift",
"SKLiteFuncTests.swift",
"SKLiteLimitTests.swift",
"SKLiteOpenTests.swift",
"SKLiteStatement.swift",
"SKLiteStmtTests.swift",
"SKLiteVarTests.swift",
"XCTestExtention.swift",
"XCTestManifests.swift"
],
"target_dependencies" : [
"SKLite"
],
"type" : "test"
},
{
"c99name" : "SKLite",
"module_type" : "SwiftTarget",
"name" : "SKLite",
"path" : "Sources/SKLite",
"product_memberships" : [
"SKLite"
],
"sources" : [
"Db.swift",
"OptionSet/Deserialize.swift",
"OptionSet/OpenFlag.swift",
"OptionSet/PrepareFlag.swift",
"OptionSet/SKLiteError.swift",
"SKLite+Connection.swift",
"SKLite+Statement.swift",
"SKLite+bind.swift",
"SKLite+file.swift",
"SKLite+func.swift",
"SKLite+open.swift",
"SKLite+prepare.swift",
"SKLite+var.swift",
"SKLite.swift",
"Stmt.swift",
"enum/ColumnType.swift",
"enum/CompileOption.swift",
"enum/Config.swift",
"enum/Conflict.swift",
"enum/DbConfig.swift",
"enum/DbStatus.swift",
"enum/IndexConstraint.swift",
"enum/Limit.swift",
"enum/Status.swift",
"enum/StmtStatus.swift",
"enum/TextEncoding.swift",
"enum/ThreadSafeLevel.swift"
],
"target_dependencies" : [
"SKLiteWrapper"
],
"type" : "library"
}
],
"tools_version" : "5.1"
}
{
"workspace" : {
"name" : "SKLite",
"schemes" : [
"SKLite"
]
}
}
2026-09-21 18:05:09.097 xcodebuild[807:4847] [MT] IDERunDestination: Supported platforms for the buildables in the current scheme is empty.
Running build ...
env DEVELOPER_DIR=/Applications/Xcode-27.0.0-Release.Candidate.app xcrun xcodebuild -IDEClonedSourcePackagesDirPathOverride=$PWD/.dependencies -skipMacroValidation -skipPackagePluginValidation -derivedDataPath $PWD/.derivedData build -scheme SKLite -destination platform=macOS,arch=arm64
Command line invocation:
/Applications/Xcode-27.0.0-Release.Candidate.app/Contents/Developer/usr/bin/xcodebuild -IDEClonedSourcePackagesDirPathOverride=/Users/admin/builder/spi-builder-workspace/.dependencies -skipMacroValidation -skipPackagePluginValidation -derivedDataPath /Users/admin/builder/spi-builder-workspace/.derivedData build -scheme SKLite -destination platform=macOS,arch=arm64
Resolve Package Graph
Resolved source packages:
XCTestDelayPrinter: https://github.com/wuyu2015/XCTestDelayPrinter @ 1.0.2
SKLite: /Users/admin/builder/spi-builder-workspace
ComputePackagePrebuildTargetDependencyGraph
Prepare packages
CreateBuildRequest
SendProjectDescription
CreateBuildOperation
ComputeTargetDependencyGraph
note: Building targets in dependency order
note: Target dependency graph (3 targets)
Target 'SKLite-product' in project 'SKLite'
➜ Explicit dependency on target 'SKLite' in project 'SKLite'
➜ Explicit dependency on target 'SKLiteWrapper' in project 'SKLite'
Target 'SKLite' in project 'SKLite'
➜ Explicit dependency on target 'SKLiteWrapper' in project 'SKLite'
Target 'SKLiteWrapper' in project 'SKLite' (no dependencies)
GatherProvisioningInputs
CreateBuildDescription
ClangStatCache /Applications/Xcode-27.0.0-Release.Candidate.app/Contents/Developer/Toolchains/XcodeDefault.xctoolchain/usr/bin/clang-stat-cache /Applications/Xcode-27.0.0-Release.Candidate.app/Contents/Developer/Platforms/MacOSX.platform/Developer/SDKs/MacOSX27.0.sdk /Users/admin/builder/spi-builder-workspace/.derivedData/SDKStatCaches.noindex/macosx27.0-26A425-e829b21a6f8c9b70876ba0858053c0446a22442a12e9d48fe1a705f55a1adfc4.sdkstatcache
cd /Users/admin/builder/spi-builder-workspace/.swiftpm/xcode
/Applications/Xcode-27.0.0-Release.Candidate.app/Contents/Developer/Toolchains/XcodeDefault.xctoolchain/usr/bin/clang-stat-cache /Applications/Xcode-27.0.0-Release.Candidate.app/Contents/Developer/Platforms/MacOSX.platform/Developer/SDKs/MacOSX27.0.sdk -o /Users/admin/builder/spi-builder-workspace/.derivedData/SDKStatCaches.noindex/macosx27.0-26A425-e829b21a6f8c9b70876ba0858053c0446a22442a12e9d48fe1a705f55a1adfc4.sdkstatcache
SwiftDriver SKLite normal arm64 com.apple.xcode.tools.swift.compiler (in target 'SKLite' from project 'SKLite')
cd /Users/admin/builder/spi-builder-workspace/.swiftpm/xcode
builtin-SwiftDriver -- /Applications/Xcode-27.0.0-Release.Candidate.app/Contents/Developer/Toolchains/XcodeDefault.xctoolchain/usr/bin/swiftc -parse-as-library -module-name SKLite -Onone @/Users/admin/builder/spi-builder-workspace/.derivedData/Build/Intermediates.noindex/SKLite.build/Debug/SKLite-t.build/Objects-normal/arm64/SKLite.SwiftFileList -DSWIFT_PACKAGE -DDEBUG -DSWIFT_MODULE_RESOURCE_BUNDLE_UNAVAILABLE -Xcc -fmodule-map-file\=/Users/admin/builder/spi-builder-workspace/.derivedData/Build/Intermediates.noindex/GeneratedModuleMaps/SKLiteWrapper.modulemap -DXcode -plugin-path /Applications/Xcode-27.0.0-Release.Candidate.app/Contents/Developer/Toolchains/XcodeDefault.xctoolchain/usr/lib/swift/host/plugins/testing -enable-experimental-feature DebugDescriptionMacro -sdk /Applications/Xcode-27.0.0-Release.Candidate.app/Contents/Developer/Platforms/MacOSX.platform/Developer/SDKs/MacOSX27.0.sdk -target arm64-apple-macos12.0 -g -module-cache-path /Users/admin/builder/spi-builder-workspace/.derivedData/ModuleCache.noindex -Xfrontend -serialize-debugging-options -profile-coverage-mapping -profile-generate -enable-testing -index-store-path /Users/admin/builder/spi-builder-workspace/.derivedData/Index.noindex/DataStore -Xcc -D_LIBCPP_HARDENING_MODE\=_LIBCPP_HARDENING_MODE_DEBUG -swift-version 5 -I /Users/admin/builder/spi-builder-workspace/.derivedData/Build/Products/Debug -Isystem /Applications/Xcode-27.0.0-Release.Candidate.app/Contents/Developer/Platforms/MacOSX.platform/Developer/usr/lib -F /Users/admin/builder/spi-builder-workspace/.derivedData/Build/Products/Debug/PackageFrameworks -F /Users/admin/builder/spi-builder-workspace/.derivedData/Build/Products/Debug -F /Applications/Xcode-27.0.0-Release.Candidate.app/Contents/Developer/Platforms/MacOSX.platform/Developer/Library/Frameworks -c -j10 -enable-batch-mode -incremental -Xcc -ivfsstatcache -Xcc /Users/admin/builder/spi-builder-workspace/.derivedData/SDKStatCaches.noindex/macosx27.0-26A425-e829b21a6f8c9b70876ba0858053c0446a22442a12e9d48fe1a705f55a1adfc4.sdkstatcache -output-file-map /Users/admin/builder/spi-builder-workspace/.derivedData/Build/Intermediates.noindex/SKLite.build/Debug/SKLite-t.build/Objects-normal/arm64/SKLite-OutputFileMap.json -save-temps -no-color-diagnostics -explicit-module-build -module-cache-path /Users/admin/builder/spi-builder-workspace/.derivedData/Build/Intermediates.noindex/SwiftExplicitPrecompiledModules -clang-scanner-module-cache-path /Users/admin/builder/spi-builder-workspace/.derivedData/ModuleCache.noindex -sdk-module-cache-path /Users/admin/builder/spi-builder-workspace/.derivedData/SDKExplicitPrecompiledModules -emit-dependencies -emit-module -emit-module-path /Users/admin/builder/spi-builder-workspace/.derivedData/Build/Intermediates.noindex/SKLite.build/Debug/SKLite-t.build/Objects-normal/arm64/SKLite.swiftmodule -serialize-diagnostics -dependency-scan-serialize-diagnostics-path /Users/admin/builder/spi-builder-workspace/.derivedData/Build/Intermediates.noindex/SKLite.build/Debug/SKLite-t.build/Objects-normal/arm64/SKLite-dependency-scan.dia -validate-clang-modules-once -clang-build-session-file /Users/admin/builder/spi-builder-workspace/.derivedData/ModuleCache.noindex/Session.modulevalidation -Xcc -fmodules-prune-interval\=86400 -Xcc -fmodules-prune-after\=345600 -emit-const-values -const-gather-protocols-list /Users/admin/builder/spi-builder-workspace/.derivedData/Build/Intermediates.noindex/SKLite.build/Debug/SKLite-t.build/Objects-normal/arm64/SKLite_const_extract_protocols.json -Xcc -I/Users/admin/builder/spi-builder-workspace/Sources/SKLiteWrapper/include -Xcc -I/Users/admin/builder/spi-builder-workspace/.derivedData/Build/Products/Debug/include -Xcc -I/Users/admin/builder/spi-builder-workspace/.derivedData/Build/Intermediates.noindex/SKLite.build/Debug/SKLite-t.build/DerivedSources-normal/arm64 -Xcc -I/Users/admin/builder/spi-builder-workspace/.derivedData/Build/Intermediates.noindex/SKLite.build/Debug/SKLite-t.build/DerivedSources/arm64 -Xcc -I/Users/admin/builder/spi-builder-workspace/.derivedData/Build/Intermediates.noindex/SKLite.build/Debug/SKLite-t.build/DerivedSources -Xcc -DSWIFT_PACKAGE -Xcc -DDEBUG\=1 -emit-objc-header -emit-objc-header-path /Users/admin/builder/spi-builder-workspace/.derivedData/Build/Intermediates.noindex/SKLite.build/Debug/SKLite-t.build/Objects-normal/arm64/SKLite-Swift.h -working-directory /Users/admin/builder/spi-builder-workspace/.swiftpm/xcode -experimental-emit-module-separately -disable-cmo
SwiftCompile normal arm64 Compiling\ SKLite+func.swift,\ SKLite+open.swift,\ SKLite+prepare.swift /Users/admin/builder/spi-builder-workspace/Sources/SKLite/SKLite+func.swift /Users/admin/builder/spi-builder-workspace/Sources/SKLite/SKLite+open.swift /Users/admin/builder/spi-builder-workspace/Sources/SKLite/SKLite+prepare.swift (in target 'SKLite' from project 'SKLite')
SwiftCompile normal arm64 /Users/admin/builder/spi-builder-workspace/Sources/SKLite/SKLite+func.swift (in target 'SKLite' from project 'SKLite')
cd /Users/admin/builder/spi-builder-workspace/.swiftpm/xcode
builtin-SwiftPerFileCompile SKLite+func.swift
SwiftCompile normal arm64 /Users/admin/builder/spi-builder-workspace/Sources/SKLite/SKLite+open.swift (in target 'SKLite' from project 'SKLite')
cd /Users/admin/builder/spi-builder-workspace/.swiftpm/xcode
builtin-SwiftPerFileCompile SKLite+open.swift
SwiftCompile normal arm64 /Users/admin/builder/spi-builder-workspace/Sources/SKLite/SKLite+prepare.swift (in target 'SKLite' from project 'SKLite')
cd /Users/admin/builder/spi-builder-workspace/.swiftpm/xcode
builtin-SwiftPerFileCompile SKLite+prepare.swift
/Users/admin/builder/spi-builder-workspace/Sources/SKLite/SKLite+prepare.swift:44:25: error: cannot find 'usleep' in scope
42 | if retry == 0 {
43 | // 1st 0.02ms
44 | usleep(20)
| `- error: cannot find 'usleep' in scope
45 | } else if retry == 1 {
46 | // 2nd 0.25ms
/Users/admin/builder/spi-builder-workspace/Sources/SKLite/SKLite+prepare.swift:47:25: error: cannot find 'usleep' in scope
45 | } else if retry == 1 {
46 | // 2nd 0.25ms
47 | usleep(250)
| `- error: cannot find 'usleep' in scope
48 | } else if retry <= 8 {
49 | // 0.5ms, 2ms, 8ms, 32ms, 128ms, 512ms, 2048ms(2s)
/Users/admin/builder/spi-builder-workspace/Sources/SKLite/SKLite+prepare.swift:50:25: error: cannot find 'usleep' in scope
48 | } else if retry <= 8 {
49 | // 0.5ms, 2ms, 8ms, 32ms, 128ms, 512ms, 2048ms(2s)
50 | usleep(useconds_t(500.0 * pow(4.0, Double(retry - 2))))
| `- error: cannot find 'usleep' in scope
51 | } else {
52 | // 3s ...
/Users/admin/builder/spi-builder-workspace/Sources/SKLite/SKLite+prepare.swift:50:32: error: cannot find 'useconds_t' in scope
48 | } else if retry <= 8 {
49 | // 0.5ms, 2ms, 8ms, 32ms, 128ms, 512ms, 2048ms(2s)
50 | usleep(useconds_t(500.0 * pow(4.0, Double(retry - 2))))
| `- error: cannot find 'useconds_t' in scope
51 | } else {
52 | // 3s ...
SwiftCompile normal arm64 Compiling\ Conflict.swift,\ DbConfig.swift,\ DbStatus.swift /Users/admin/builder/spi-builder-workspace/Sources/SKLite/enum/Conflict.swift /Users/admin/builder/spi-builder-workspace/Sources/SKLite/enum/DbConfig.swift /Users/admin/builder/spi-builder-workspace/Sources/SKLite/enum/DbStatus.swift (in target 'SKLite' from project 'SKLite')
SwiftCompile normal arm64 /Users/admin/builder/spi-builder-workspace/Sources/SKLite/enum/Conflict.swift (in target 'SKLite' from project 'SKLite')
cd /Users/admin/builder/spi-builder-workspace/.swiftpm/xcode
builtin-SwiftPerFileCompile Conflict.swift
SwiftCompile normal arm64 /Users/admin/builder/spi-builder-workspace/Sources/SKLite/enum/DbConfig.swift (in target 'SKLite' from project 'SKLite')
cd /Users/admin/builder/spi-builder-workspace/.swiftpm/xcode
builtin-SwiftPerFileCompile DbConfig.swift
SwiftCompile normal arm64 /Users/admin/builder/spi-builder-workspace/Sources/SKLite/enum/DbStatus.swift (in target 'SKLite' from project 'SKLite')
cd /Users/admin/builder/spi-builder-workspace/.swiftpm/xcode
builtin-SwiftPerFileCompile DbStatus.swift
SwiftCompile normal arm64 Compiling\ Status.swift,\ StmtStatus.swift /Users/admin/builder/spi-builder-workspace/Sources/SKLite/enum/Status.swift /Users/admin/builder/spi-builder-workspace/Sources/SKLite/enum/StmtStatus.swift (in target 'SKLite' from project 'SKLite')
SwiftCompile normal arm64 /Users/admin/builder/spi-builder-workspace/Sources/SKLite/enum/Status.swift (in target 'SKLite' from project 'SKLite')
cd /Users/admin/builder/spi-builder-workspace/.swiftpm/xcode
builtin-SwiftPerFileCompile Status.swift
SwiftCompile normal arm64 /Users/admin/builder/spi-builder-workspace/Sources/SKLite/enum/StmtStatus.swift (in target 'SKLite' from project 'SKLite')
cd /Users/admin/builder/spi-builder-workspace/.swiftpm/xcode
builtin-SwiftPerFileCompile StmtStatus.swift
SwiftEmitModule normal arm64 Emitting\ module\ for\ SKLite (in target 'SKLite' from project 'SKLite')
/Users/admin/builder/spi-builder-workspace/Sources/SKLite/Stmt.swift:114:57: error: cannot find 'strdup' in scope
112 | @discardableResult
113 | public func bindString(index: Int32, value: String) throws -> Self {
114 | let result = sqlite3_bind_text(stmt, index, strdup(value), -1, { free($0) })
| `- error: cannot find 'strdup' in scope
115 | guard result == SQLITE_OK else {
116 | throw SKLite.SKLiteError(rawValue: result, message: db.errMsg, sql: expandedSql)
/Users/admin/builder/spi-builder-workspace/Sources/SKLite/Stmt.swift:114:78: error: cannot find 'free' in scope
112 | @discardableResult
113 | public func bindString(index: Int32, value: String) throws -> Self {
114 | let result = sqlite3_bind_text(stmt, index, strdup(value), -1, { free($0) })
| `- error: cannot find 'free' in scope
115 | guard result == SQLITE_OK else {
116 | throw SKLite.SKLiteError(rawValue: result, message: db.errMsg, sql: expandedSql)
Failed frontend command:
/Applications/Xcode-27.0.0-Release.Candidate.app/Contents/Developer/Toolchains/XcodeDefault.xctoolchain/usr/bin/swift-frontend -frontend -emit-module -experimental-skip-non-inlinable-function-bodies-without-types /Users/admin/builder/spi-builder-workspace/Sources/SKLite/Db.swift /Users/admin/builder/spi-builder-workspace/Sources/SKLite/OptionSet/Deserialize.swift /Users/admin/builder/spi-builder-workspace/Sources/SKLite/OptionSet/OpenFlag.swift /Users/admin/builder/spi-builder-workspace/Sources/SKLite/OptionSet/PrepareFlag.swift /Users/admin/builder/spi-builder-workspace/Sources/SKLite/OptionSet/SKLiteError.swift /Users/admin/builder/spi-builder-workspace/Sources/SKLite/SKLite+Connection.swift /Users/admin/builder/spi-builder-workspace/Sources/SKLite/SKLite+Statement.swift /Users/admin/builder/spi-builder-workspace/Sources/SKLite/SKLite+bind.swift /Users/admin/builder/spi-builder-workspace/Sources/SKLite/SKLite+file.swift /Users/admin/builder/spi-builder-workspace/Sources/SKLite/SKLite+func.swift /Users/admin/builder/spi-builder-workspace/Sources/SKLite/SKLite+open.swift /Users/admin/builder/spi-builder-workspace/Sources/SKLite/SKLite+prepare.swift /Users/admin/builder/spi-builder-workspace/Sources/SKLite/SKLite+var.swift /Users/admin/builder/spi-builder-workspace/Sources/SKLite/SKLite.swift /Users/admin/builder/spi-builder-workspace/Sources/SKLite/Stmt.swift /Users/admin/builder/spi-builder-workspace/Sources/SKLite/enum/ColumnType.swift /Users/admin/builder/spi-builder-workspace/Sources/SKLite/enum/CompileOption.swift /Users/admin/builder/spi-builder-workspace/Sources/SKLite/enum/Config.swift /Users/admin/builder/spi-builder-workspace/Sources/SKLite/enum/Conflict.swift /Users/admin/builder/spi-builder-workspace/Sources/SKLite/enum/DbConfig.swift /Users/admin/builder/spi-builder-workspace/Sources/SKLite/enum/DbStatus.swift /Users/admin/builder/spi-builder-workspace/Sources/SKLite/enum/IndexConstraint.swift /Users/admin/builder/spi-builder-workspace/Sources/SKLite/enum/Limit.swift /Users/admin/builder/spi-builder-workspace/Sources/SKLite/enum/Status.swift /Users/admin/builder/spi-builder-workspace/Sources/SKLite/enum/StmtStatus.swift /Users/admin/builder/spi-builder-workspace/Sources/SKLite/enum/TextEncoding.swift /Users/admin/builder/spi-builder-workspace/Sources/SKLite/enum/ThreadSafeLevel.swift -target arm64-apple-macos12.0 -disable-cross-import-overlay-search -load-resolved-plugin /Applications/Xcode-27.0.0-Release.Candidate.app/Contents/Developer/Platforms/MacOSX.platform/Developer/usr/lib/swift/host/plugins/libFoundationMacros.dylib\#/Applications/Xcode-27.0.0-Release.Candidate.app/Contents/Developer/Platforms/MacOSX.platform/Developer/usr/bin/swift-plugin-server\#FoundationMacros -load-resolved-plugin /Applications/Xcode-27.0.0-Release.Candidate.app/Contents/Developer/Platforms/MacOSX.platform/Developer/usr/lib/swift/host/plugins/libObservationMacros.dylib\#/Applications/Xcode-27.0.0-Release.Candidate.app/Contents/Developer/Platforms/MacOSX.platform/Developer/usr/bin/swift-plugin-server\#ObservationMacros -load-resolved-plugin /Applications/Xcode-27.0.0-Release.Candidate.app/Contents/Developer/Platforms/MacOSX.platform/Developer/usr/lib/swift/host/plugins/libSwiftMacros.dylib\#/Applications/Xcode-27.0.0-Release.Candidate.app/Contents/Developer/Platforms/MacOSX.platform/Developer/usr/bin/swift-plugin-server\#SwiftMacros -disable-implicit-swift-modules -Xcc -fno-implicit-modules -Xcc -fno-implicit-module-maps -explicit-swift-module-map-file /Users/admin/builder/spi-builder-workspace/.derivedData/Build/Intermediates.noindex/SKLite.build/Debug/SKLite-t.build/Objects-normal/arm64/SKLite-dependencies-1.json -Xllvm -aarch64-use-tbi -enable-objc-interop -stack-check -sdk /Applications/Xcode-27.0.0-Release.Candidate.app/Contents/Developer/Platforms/MacOSX.platform/Developer/SDKs/MacOSX27.0.sdk -I /Users/admin/builder/spi-builder-workspace/.derivedData/Build/Products/Debug -Isystem /Applications/Xcode-27.0.0-Release.Candidate.app/Contents/Developer/Platforms/MacOSX.platform/Developer/usr/lib -F /Users/admin/builder/spi-builder-workspace/.derivedData/Build/Products/Debug/PackageFrameworks -F /Users/admin/builder/spi-builder-workspace/.derivedData/Build/Products/Debug -F /Applications/Xcode-27.0.0-Release.Candidate.app/Contents/Developer/Platforms/MacOSX.platform/Developer/Library/Frameworks -module-cache-path /Users/admin/builder/spi-builder-workspace/.derivedData/Build/Intermediates.noindex/SwiftExplicitPrecompiledModules -no-color-diagnostics -Xcc -fno-color-diagnostics -enable-testing -g -debug-info-format\=dwarf -dwarf-version\=4 -profile-generate -profile-coverage-mapping -swift-version 5 -Onone -D SWIFT_PACKAGE -D DEBUG -D SWIFT_MODULE_RESOURCE_BUNDLE_UNAVAILABLE -D Xcode -serialize-debugging-options -enable-experimental-feature DebugDescriptionMacro -empty-abi-descriptor -validate-clang-modules-once -clang-build-session-file /Users/admin/builder/spi-builder-workspace/.derivedData/ModuleCache.noindex/Session.modulevalidation -Xcc -working-directory -Xcc /Users/admin/builder/spi-builder-workspace/.swiftpm/xcode -enable-anonymous-context-mangled-names -file-compilation-dir /Users/admin/builder/spi-builder-workspace/.swiftpm/xcode -Xcc -fmodule-map-file\=/Users/admin/builder/spi-builder-workspace/.derivedData/Build/Intermediates.noindex/GeneratedModuleMaps/SKLiteWrapper.modulemap -Xcc -D_LIBCPP_HARDENING_MODE\=_LIBCPP_HARDENING_MODE_DEBUG -Xcc -ivfsstatcache -Xcc /Users/admin/builder/spi-builder-workspace/.derivedData/SDKStatCaches.noindex/macosx27.0-26A425-e829b21a6f8c9b70876ba0858053c0446a22442a12e9d48fe1a705f55a1adfc4.sdkstatcache -Xcc -fmodules-prune-interval\=86400 -Xcc -fmodules-prune-after\=345600 -Xcc -I/Users/admin/builder/spi-builder-workspace/Sources/SKLiteWrapper/include -Xcc -I/Users/admin/builder/spi-builder-workspace/.derivedData/Build/Products/Debug/include -Xcc -I/Users/admin/builder/spi-builder-workspace/.derivedData/Build/Intermediates.noindex/SKLite.build/Debug/SKLite-t.build/DerivedSources-normal/arm64 -Xcc -I/Users/admin/builder/spi-builder-workspace/.derivedData/Build/Intermediates.noindex/SKLite.build/Debug/SKLite-t.build/DerivedSources/arm64 -Xcc -I/Users/admin/builder/spi-builder-workspace/.derivedData/Build/Intermediates.noindex/SKLite.build/Debug/SKLite-t.build/DerivedSources -Xcc -DSWIFT_PACKAGE -Xcc -DDEBUG\=1 -no-auto-bridging-header-chaining -module-name SKLite -const-gather-protocols-file /Users/admin/builder/spi-builder-workspace/.derivedData/Build/Intermediates.noindex/SKLite.build/Debug/SKLite-t.build/Objects-normal/arm64/SKLite_const_extract_protocols.json -disable-clang-spi -clang-target arm64-apple-macos27.0 -target-sdk-version 27.0 -target-sdk-name macosx27.0 -in-process-plugin-server-path /Applications/Xcode-27.0.0-Release.Candidate.app/Contents/Developer/Toolchains/XcodeDefault.xctoolchain/usr/lib/swift/host/libSwiftInProcPluginServer.dylib -emit-module-doc-path /Users/admin/builder/spi-builder-workspace/.derivedData/Build/Intermediates.noindex/SKLite.build/Debug/SKLite-t.build/Objects-normal/arm64/SKLite.swiftdoc -emit-module-source-info-path /Users/admin/builder/spi-builder-workspace/.derivedData/Build/Intermediates.noindex/SKLite.build/Debug/SKLite-t.build/Objects-normal/arm64/SKLite.swiftsourceinfo -emit-objc-header-path /Users/admin/builder/spi-builder-workspace/.derivedData/Build/Intermediates.noindex/SKLite.build/Debug/SKLite-t.build/Objects-normal/arm64/SKLite-Swift.h -serialize-diagnostics-path /Users/admin/builder/spi-builder-workspace/.derivedData/Build/Intermediates.noindex/SKLite.build/Debug/SKLite-t.build/Objects-normal/arm64/SKLite-primary-emit-module.dia -emit-dependencies-path /Users/admin/builder/spi-builder-workspace/.derivedData/Build/Intermediates.noindex/SKLite.build/Debug/SKLite-t.build/Objects-normal/arm64/SKLite-primary-emit-module.d -parse-as-library -o /Users/admin/builder/spi-builder-workspace/.derivedData/Build/Intermediates.noindex/SKLite.build/Debug/SKLite-t.build/Objects-normal/arm64/SKLite.swiftmodule -emit-abi-descriptor-path /Users/admin/builder/spi-builder-workspace/.derivedData/Build/Intermediates.noindex/SKLite.build/Debug/SKLite-t.build/Objects-normal/arm64/SKLite.abi.json
SwiftCompile normal arm64 (in target 'SKLite' from project 'SKLite')
cd /Users/admin/builder/spi-builder-workspace/.swiftpm/xcode
SwiftCompile normal arm64 Compiling\ Db.swift,\ Deserialize.swift,\ OpenFlag.swift /Users/admin/builder/spi-builder-workspace/Sources/SKLite/Db.swift /Users/admin/builder/spi-builder-workspace/Sources/SKLite/OptionSet/Deserialize.swift /Users/admin/builder/spi-builder-workspace/Sources/SKLite/OptionSet/OpenFlag.swift (in target 'SKLite' from project 'SKLite')
SwiftCompile normal arm64 /Users/admin/builder/spi-builder-workspace/Sources/SKLite/Db.swift (in target 'SKLite' from project 'SKLite')
cd /Users/admin/builder/spi-builder-workspace/.swiftpm/xcode
builtin-SwiftPerFileCompile Db.swift
SwiftCompile normal arm64 /Users/admin/builder/spi-builder-workspace/Sources/SKLite/OptionSet/Deserialize.swift (in target 'SKLite' from project 'SKLite')
cd /Users/admin/builder/spi-builder-workspace/.swiftpm/xcode
builtin-SwiftPerFileCompile Deserialize.swift
SwiftCompile normal arm64 /Users/admin/builder/spi-builder-workspace/Sources/SKLite/OptionSet/OpenFlag.swift (in target 'SKLite' from project 'SKLite')
cd /Users/admin/builder/spi-builder-workspace/.swiftpm/xcode
builtin-SwiftPerFileCompile OpenFlag.swift
SwiftCompile normal arm64 Compiling\ SKLite+var.swift,\ SKLite.swift,\ Stmt.swift /Users/admin/builder/spi-builder-workspace/Sources/SKLite/SKLite+var.swift /Users/admin/builder/spi-builder-workspace/Sources/SKLite/SKLite.swift /Users/admin/builder/spi-builder-workspace/Sources/SKLite/Stmt.swift (in target 'SKLite' from project 'SKLite')
/Users/admin/builder/spi-builder-workspace/Sources/SKLite/SKLite+var.swift:38:31: error: cannot find 'strdup' in scope
36 | set {
37 | if let newValue = newValue {
38 | let cString = strdup(newValue)
| `- error: cannot find 'strdup' in scope
39 | sqlite3_temp_directory = cString
40 | } else {
/Users/admin/builder/spi-builder-workspace/Sources/SKLite/SKLite+var.swift:55:31: error: cannot find 'strdup' in scope
53 | set {
54 | if let newValue = newValue {
55 | let cString = strdup(newValue)
| `- error: cannot find 'strdup' in scope
56 | sqlite3_data_directory = cString
57 | } else {
/Users/admin/builder/spi-builder-workspace/Sources/SKLite/Stmt.swift:114:57: error: cannot find 'strdup' in scope
112 | @discardableResult
113 | public func bindString(index: Int32, value: String) throws -> Self {
114 | let result = sqlite3_bind_text(stmt, index, strdup(value), -1, { free($0) })
| `- error: cannot find 'strdup' in scope
115 | guard result == SQLITE_OK else {
116 | throw SKLite.SKLiteError(rawValue: result, message: db.errMsg, sql: expandedSql)
/Users/admin/builder/spi-builder-workspace/Sources/SKLite/Stmt.swift:114:78: error: cannot find 'free' in scope
112 | @discardableResult
113 | public func bindString(index: Int32, value: String) throws -> Self {
114 | let result = sqlite3_bind_text(stmt, index, strdup(value), -1, { free($0) })
| `- error: cannot find 'free' in scope
115 | guard result == SQLITE_OK else {
116 | throw SKLite.SKLiteError(rawValue: result, message: db.errMsg, sql: expandedSql)
/Users/admin/builder/spi-builder-workspace/Sources/SKLite/Stmt.swift:209:29: error: cannot find 'usleep' in scope
207 | if retry == 0 {
208 | // 1st 0.02ms
209 | usleep(20)
| `- error: cannot find 'usleep' in scope
210 | } else if retry == 1 {
211 | // 2nd 0.25ms
/Users/admin/builder/spi-builder-workspace/Sources/SKLite/Stmt.swift:212:29: error: cannot find 'usleep' in scope
210 | } else if retry == 1 {
211 | // 2nd 0.25ms
212 | usleep(250)
| `- error: cannot find 'usleep' in scope
213 | } else if retry <= 8 {
214 | // 0.5ms, 2ms, 8ms, 32ms, 128ms, 512ms, 2048ms(2s)
/Users/admin/builder/spi-builder-workspace/Sources/SKLite/Stmt.swift:215:29: error: cannot find 'usleep' in scope
213 | } else if retry <= 8 {
214 | // 0.5ms, 2ms, 8ms, 32ms, 128ms, 512ms, 2048ms(2s)
215 | usleep(useconds_t(500.0 * pow(4.0, Double(retry - 2))))
| `- error: cannot find 'usleep' in scope
216 | } else {
217 | // 3s ...
/Users/admin/builder/spi-builder-workspace/Sources/SKLite/Stmt.swift:215:36: error: cannot find 'useconds_t' in scope
213 | } else if retry <= 8 {
214 | // 0.5ms, 2ms, 8ms, 32ms, 128ms, 512ms, 2048ms(2s)
215 | usleep(useconds_t(500.0 * pow(4.0, Double(retry - 2))))
| `- error: cannot find 'useconds_t' in scope
216 | } else {
217 | // 3s ...
SwiftCompile normal arm64 /Users/admin/builder/spi-builder-workspace/Sources/SKLite/SKLite+var.swift (in target 'SKLite' from project 'SKLite')
cd /Users/admin/builder/spi-builder-workspace/.swiftpm/xcode
builtin-SwiftPerFileCompile SKLite+var.swift
SwiftCompile normal arm64 /Users/admin/builder/spi-builder-workspace/Sources/SKLite/SKLite.swift (in target 'SKLite' from project 'SKLite')
cd /Users/admin/builder/spi-builder-workspace/.swiftpm/xcode
builtin-SwiftPerFileCompile SKLite.swift
SwiftCompile normal arm64 /Users/admin/builder/spi-builder-workspace/Sources/SKLite/Stmt.swift (in target 'SKLite' from project 'SKLite')
cd /Users/admin/builder/spi-builder-workspace/.swiftpm/xcode
builtin-SwiftPerFileCompile Stmt.swift
SwiftCompile normal arm64 Compiling\ PrepareFlag.swift,\ SKLiteError.swift,\ SKLite+Connection.swift /Users/admin/builder/spi-builder-workspace/Sources/SKLite/OptionSet/PrepareFlag.swift /Users/admin/builder/spi-builder-workspace/Sources/SKLite/OptionSet/SKLiteError.swift /Users/admin/builder/spi-builder-workspace/Sources/SKLite/SKLite+Connection.swift (in target 'SKLite' from project 'SKLite')
SwiftCompile normal arm64 /Users/admin/builder/spi-builder-workspace/Sources/SKLite/OptionSet/PrepareFlag.swift (in target 'SKLite' from project 'SKLite')
cd /Users/admin/builder/spi-builder-workspace/.swiftpm/xcode
builtin-SwiftPerFileCompile PrepareFlag.swift
SwiftCompile normal arm64 /Users/admin/builder/spi-builder-workspace/Sources/SKLite/OptionSet/SKLiteError.swift (in target 'SKLite' from project 'SKLite')
cd /Users/admin/builder/spi-builder-workspace/.swiftpm/xcode
builtin-SwiftPerFileCompile SKLiteError.swift
SwiftCompile normal arm64 /Users/admin/builder/spi-builder-workspace/Sources/SKLite/SKLite+Connection.swift (in target 'SKLite' from project 'SKLite')
cd /Users/admin/builder/spi-builder-workspace/.swiftpm/xcode
builtin-SwiftPerFileCompile SKLite+Connection.swift
SwiftCompile normal arm64 Compiling\ TextEncoding.swift,\ ThreadSafeLevel.swift /Users/admin/builder/spi-builder-workspace/Sources/SKLite/enum/TextEncoding.swift /Users/admin/builder/spi-builder-workspace/Sources/SKLite/enum/ThreadSafeLevel.swift (in target 'SKLite' from project 'SKLite')
SwiftCompile normal arm64 /Users/admin/builder/spi-builder-workspace/Sources/SKLite/enum/TextEncoding.swift (in target 'SKLite' from project 'SKLite')
cd /Users/admin/builder/spi-builder-workspace/.swiftpm/xcode
builtin-SwiftPerFileCompile TextEncoding.swift
SwiftCompile normal arm64 /Users/admin/builder/spi-builder-workspace/Sources/SKLite/enum/ThreadSafeLevel.swift (in target 'SKLite' from project 'SKLite')
cd /Users/admin/builder/spi-builder-workspace/.swiftpm/xcode
builtin-SwiftPerFileCompile ThreadSafeLevel.swift
SwiftCompile normal arm64 Compiling\ ColumnType.swift,\ CompileOption.swift,\ Config.swift /Users/admin/builder/spi-builder-workspace/Sources/SKLite/enum/ColumnType.swift /Users/admin/builder/spi-builder-workspace/Sources/SKLite/enum/CompileOption.swift /Users/admin/builder/spi-builder-workspace/Sources/SKLite/enum/Config.swift (in target 'SKLite' from project 'SKLite')
SwiftCompile normal arm64 /Users/admin/builder/spi-builder-workspace/Sources/SKLite/enum/ColumnType.swift (in target 'SKLite' from project 'SKLite')
cd /Users/admin/builder/spi-builder-workspace/.swiftpm/xcode
builtin-SwiftPerFileCompile ColumnType.swift
SwiftCompile normal arm64 /Users/admin/builder/spi-builder-workspace/Sources/SKLite/enum/CompileOption.swift (in target 'SKLite' from project 'SKLite')
cd /Users/admin/builder/spi-builder-workspace/.swiftpm/xcode
builtin-SwiftPerFileCompile CompileOption.swift
SwiftCompile normal arm64 /Users/admin/builder/spi-builder-workspace/Sources/SKLite/enum/Config.swift (in target 'SKLite' from project 'SKLite')
cd /Users/admin/builder/spi-builder-workspace/.swiftpm/xcode
builtin-SwiftPerFileCompile Config.swift
SwiftCompile normal arm64 Compiling\ IndexConstraint.swift,\ Limit.swift /Users/admin/builder/spi-builder-workspace/Sources/SKLite/enum/IndexConstraint.swift /Users/admin/builder/spi-builder-workspace/Sources/SKLite/enum/Limit.swift (in target 'SKLite' from project 'SKLite')
SwiftCompile normal arm64 /Users/admin/builder/spi-builder-workspace/Sources/SKLite/enum/IndexConstraint.swift (in target 'SKLite' from project 'SKLite')
cd /Users/admin/builder/spi-builder-workspace/.swiftpm/xcode
builtin-SwiftPerFileCompile IndexConstraint.swift
SwiftCompile normal arm64 /Users/admin/builder/spi-builder-workspace/Sources/SKLite/enum/Limit.swift (in target 'SKLite' from project 'SKLite')
cd /Users/admin/builder/spi-builder-workspace/.swiftpm/xcode
builtin-SwiftPerFileCompile Limit.swift
SwiftCompile normal arm64 Compiling\ SKLite+Statement.swift,\ SKLite+bind.swift,\ SKLite+file.swift /Users/admin/builder/spi-builder-workspace/Sources/SKLite/SKLite+Statement.swift /Users/admin/builder/spi-builder-workspace/Sources/SKLite/SKLite+bind.swift /Users/admin/builder/spi-builder-workspace/Sources/SKLite/SKLite+file.swift (in target 'SKLite' from project 'SKLite')
SwiftCompile normal arm64 /Users/admin/builder/spi-builder-workspace/Sources/SKLite/SKLite+Statement.swift (in target 'SKLite' from project 'SKLite')
cd /Users/admin/builder/spi-builder-workspace/.swiftpm/xcode
builtin-SwiftPerFileCompile SKLite+Statement.swift
SwiftCompile normal arm64 /Users/admin/builder/spi-builder-workspace/Sources/SKLite/SKLite+bind.swift (in target 'SKLite' from project 'SKLite')
cd /Users/admin/builder/spi-builder-workspace/.swiftpm/xcode
builtin-SwiftPerFileCompile SKLite+bind.swift
SwiftCompile normal arm64 /Users/admin/builder/spi-builder-workspace/Sources/SKLite/SKLite+file.swift (in target 'SKLite' from project 'SKLite')
cd /Users/admin/builder/spi-builder-workspace/.swiftpm/xcode
builtin-SwiftPerFileCompile SKLite+file.swift
PruneExplicitPrecompiledModules /Users/admin/builder/spi-builder-workspace/.derivedData/Build/Intermediates.noindex/ExplicitPrecompiledModules
PruneExplicitPrecompiledModules /Users/admin/builder/spi-builder-workspace/.derivedData/Build/Intermediates.noindex/SwiftExplicitPrecompiledModules
PruneExplicitPrecompiledModules /Users/admin/builder/spi-builder-workspace/.derivedData/SDKExplicitPrecompiledModules
2026-09-21 18:05:10.031 xcodebuild[808:4872] [MT] IDERunDestination: Supported platforms for the buildables in the current scheme is empty.
--- xcodebuild: WARNING: Using the first of multiple matching destinations:
{ platform:macOS, arch:arm64, id:ca80464b6a5d1e57f981e2e544624fc0f4416a03, name:My Mac }
{ platform:macOS, arch:arm64, variant:Mac Catalyst, id:ca80464b6a5d1e57f981e2e544624fc0f4416a03, name:My Mac }
{ platform:macOS, arch:arm64, variant:DriverKit, id:ca80464b6a5d1e57f981e2e544624fc0f4416a03, name:My Mac }
{ platform:macOS, arch:arm64, variant:Designed for [iPad,iPhone], id:ca80464b6a5d1e57f981e2e544624fc0f4416a03, name:My Mac }
** BUILD FAILED **
The following build commands failed:
SwiftEmitModule normal arm64 Emitting\ module\ for\ SKLite (in target 'SKLite' from project 'SKLite')
SwiftCompile normal arm64 (in target 'SKLite' from project 'SKLite')
Building workspace SKLite with scheme SKLite
(3 failures)
BUILD FAILURE 6.4 macosXcodebuild