The Swift Package Index logo.Swift Package Index

Build Information

Failed to build Cirrus, reference main (9f6138), with Swift 6.4 for tvOS using Xcode 27.0 on 18 Sep 2026 17:42:01 UTC.

Build Command

env DEVELOPER_DIR=/Applications/Xcode-27.0.0-Release.Candidate.app xcrun xcodebuild -IDEClonedSourcePackagesDirPathOverride=$PWD/.dependencies -skipMacroValidation -skipPackagePluginValidation -derivedDataPath $PWD/.derivedData build -scheme Cirrus-Package -destination generic/platform=tvOS

Build Log

========================================
RunAll
========================================
Builder version: 5.1.0
Interrupt handler set up.
========================================
Checkout
========================================
Clone URL: https://github.com/jayhickey/cirrus.git
Reference: main
Initialized empty Git repository in /Users/admin/builder/spi-builder-workspace/.git/
From https://github.com/jayhickey/cirrus
 * branch            main       -> FETCH_HEAD
 * [new branch]      main       -> origin/main
HEAD is now at 9f6138c format fix
Cloned https://github.com/jayhickey/cirrus.git
Revision (git rev-parse @):
9f6138ca74e5cbcae9b20996ea9f003f701416fc
SUCCESS checkout https://github.com/jayhickey/cirrus.git at main
========================================
Build
========================================
Selected platform:         tvOS
Swift version:             6.4
Building package at path:  $PWD
https://github.com/jayhickey/cirrus.git
Command line invocation:
    /Applications/Xcode-27.0.0-Release.Candidate.app/Contents/Developer/usr/bin/xcodebuild -IDEClonedSourcePackagesDirPathOverride=/Users/admin/builder/spi-builder-workspace/.dependencies -resolvePackageDependencies
resolved source packages:
{
  "dependencies" : [
  ],
  "manifest_display_name" : "Cirrus",
  "name" : "Cirrus",
  "path" : "/Users/admin/builder/spi-builder-workspace",
  "platforms" : [
    {
      "name" : "ios",
      "version" : "13.0"
    },
    {
      "name" : "macos",
      "version" : "10.15"
    },
    {
      "name" : "tvos",
      "version" : "13.0"
    },
    {
      "name" : "watchos",
      "version" : "6.0"
    }
  ],
  "products" : [
    {
      "name" : "Cirrus",
      "targets" : [
        "Cirrus"
      ],
      "type" : {
        "library" : [
          "automatic"
        ]
      }
    },
    {
      "name" : "CloudKitCodable",
      "targets" : [
        "CloudKitCodable"
      ],
      "type" : {
        "library" : [
          "automatic"
        ]
      }
    }
  ],
  "targets" : [
    {
      "c99name" : "CloudKitCodable",
      "module_type" : "SwiftTarget",
      "name" : "CloudKitCodable",
      "path" : "Sources/CloudKitCodable",
      "product_memberships" : [
        "Cirrus",
        "CloudKitCodable"
      ],
      "sources" : [
        "CloudKitCodable+LastModifiedDate.swift",
        "CloudKitCodable.swift"
      ],
      "type" : "library"
    },
    {
      "c99name" : "Cirrus",
      "module_type" : "SwiftTarget",
      "name" : "Cirrus",
      "path" : "Sources/Cirrus",
      "product_memberships" : [
        "Cirrus"
      ],
      "sources" : [
        "DeleteRecordContext.swift",
        "Error+CloudKit.swift",
        "RecordModifyingContext.swift",
        "SyncEngine+AccountStatus.swift",
        "SyncEngine+RecordModification.swift",
        "SyncEngine+RemoteChangeTracking.swift",
        "SyncEngine+Subscription.swift",
        "SyncEngine+Zone.swift",
        "SyncEngine.swift",
        "UploadRecordContext.swift"
      ],
      "target_dependencies" : [
        "CKRecordCoder",
        "CloudKitCodable"
      ],
      "type" : "library"
    },
    {
      "c99name" : "CKRecordCoderTests",
      "module_type" : "SwiftTarget",
      "name" : "CKRecordCoderTests",
      "path" : "Tests/CKRecordCoderTests",
      "sources" : [
        "CKRecordDecoderTests.swift",
        "CKRecordEncoderDecoderRoundTripTests.swift",
        "CKRecordEncoderTests.swift",
        "Mocks/Bookmark.swift",
        "Mocks/Numbers.swift",
        "Mocks/ParentChild.swift",
        "Mocks/Person.swift",
        "Mocks/URLModel.swift",
        "Mocks/UUIDModel.swift"
      ],
      "target_dependencies" : [
        "CKRecordCoder"
      ],
      "type" : "test"
    },
    {
      "c99name" : "CKRecordCoder",
      "module_type" : "SwiftTarget",
      "name" : "CKRecordCoder",
      "path" : "Sources/CKRecordCoder",
      "product_memberships" : [
        "Cirrus"
      ],
      "sources" : [
        "CKRecordDecoder.swift",
        "CKRecordEncoder.swift",
        "CKRecordEncodingError.swift",
        "CKRecordKeyedDecodingContainer.swift",
        "CKRecordKeyedEncodingContainer.swift",
        "CKRecordSingleValueDecoder.swift",
        "CKRecordSingleValueEncoder.swift",
        "CloudKitCodable+RecordType.swift",
        "CloudKitSystemFieldsKeyName.swift",
        "URLTransformer.swift"
      ],
      "target_dependencies" : [
        "CloudKitCodable"
      ],
      "type" : "library"
    }
  ],
  "tools_version" : "5.1"
}
{
  "project" : {
    "configurations" : [
      "Debug",
      "Release"
    ],
    "name" : "Cirrus",
    "schemes" : [
      "Cirrus-Package",
      "CirrusPackageDescription",
      "CirrusPackageTests"
    ],
    "targets" : [
      "CKRecordCoder",
      "CKRecordCoderTests",
      "Cirrus",
      "CirrusPackageDescription",
      "CirrusPackageTests",
      "CloudKitCodable"
    ]
  }
}
Running build ...
env DEVELOPER_DIR=/Applications/Xcode-27.0.0-Release.Candidate.app xcrun xcodebuild -IDEClonedSourcePackagesDirPathOverride=$PWD/.dependencies -skipMacroValidation -skipPackagePluginValidation -derivedDataPath $PWD/.derivedData build -scheme Cirrus-Package -destination generic/platform=tvOS
Command line invocation:
    /Applications/Xcode-27.0.0-Release.Candidate.app/Contents/Developer/usr/bin/xcodebuild -IDEClonedSourcePackagesDirPathOverride=/Users/admin/builder/spi-builder-workspace/.dependencies -skipMacroValidation -skipPackagePluginValidation -derivedDataPath /Users/admin/builder/spi-builder-workspace/.derivedData build -scheme Cirrus-Package -destination generic/platform=tvOS
ComputePackagePrebuildTargetDependencyGraph
Prepare packages
CreateBuildRequest
SendProjectDescription
CreateBuildOperation
ComputeTargetDependencyGraph
note: Building targets in dependency order
note: Target dependency graph (3 targets)
    Target 'Cirrus' in project 'Cirrus'
        ➜ Explicit dependency on target 'CKRecordCoder' in project 'Cirrus'
        ➜ Explicit dependency on target 'CloudKitCodable' in project 'Cirrus'
    Target 'CKRecordCoder' in project 'Cirrus'
        ➜ Explicit dependency on target 'CloudKitCodable' in project 'Cirrus'
    Target 'CloudKitCodable' in project 'Cirrus' (no dependencies)
GatherProvisioningInputs
CreateBuildDescription
ExecuteExternalTool /Applications/Xcode-27.0.0-Release.Candidate.app/Contents/Developer/Toolchains/XcodeDefault.xctoolchain/usr/bin/swiftc --version
ExecuteExternalTool /Applications/Xcode-27.0.0-Release.Candidate.app/Contents/Developer/Toolchains/XcodeDefault.xctoolchain/usr/bin/clang -v -E -dM -isysroot /Applications/Xcode-27.0.0-Release.Candidate.app/Contents/Developer/Platforms/AppleTVOS.platform/Developer/SDKs/AppleTVOS27.0.sdk -x c -c /dev/null
ExecuteExternalTool /Applications/Xcode-27.0.0-Release.Candidate.app/Contents/Developer/Toolchains/XcodeDefault.xctoolchain/usr/bin/ld -version_details
Build description signature: 39812db709fc6331bac20c9b4e882eac
Build description path: /Users/admin/builder/spi-builder-workspace/.derivedData/Build/Intermediates.noindex/XCBuildData/39812db709fc6331bac20c9b4e882eac.xcbuilddata
/Users/admin/builder/spi-builder-workspace/Cirrus.xcodeproj: error: The tvOS deployment target 'TVOS_DEPLOYMENT_TARGET' is set to 13.0, but the range of supported deployment target versions is 15.0 to 27.0.x. (in target 'CloudKitCodable' from project 'Cirrus')
/Users/admin/builder/spi-builder-workspace/Cirrus.xcodeproj: error: The tvOS deployment target 'TVOS_DEPLOYMENT_TARGET' is set to 13.0, but the range of supported deployment target versions is 15.0 to 27.0.x. (in target 'CKRecordCoder' from project 'Cirrus')
/Users/admin/builder/spi-builder-workspace/Cirrus.xcodeproj: error: The tvOS deployment target 'TVOS_DEPLOYMENT_TARGET' is set to 13.0, but the range of supported deployment target versions is 15.0 to 27.0.x. (in target 'Cirrus' from project 'Cirrus')
** BUILD FAILED **
The following build commands failed:
	Building project Cirrus with scheme Cirrus-Package
(1 failure)
Command line invocation:
    /Applications/Xcode-27.0.0-Release.Candidate.app/Contents/Developer/usr/bin/xcodebuild -IDEClonedSourcePackagesDirPathOverride=/Users/admin/builder/spi-builder-workspace/.dependencies -resolvePackageDependencies
resolved source packages:
{
  "dependencies" : [
  ],
  "manifest_display_name" : "Cirrus",
  "name" : "Cirrus",
  "path" : "/Users/admin/builder/spi-builder-workspace",
  "platforms" : [
    {
      "name" : "ios",
      "version" : "13.0"
    },
    {
      "name" : "macos",
      "version" : "10.15"
    },
    {
      "name" : "tvos",
      "version" : "13.0"
    },
    {
      "name" : "watchos",
      "version" : "6.0"
    }
  ],
  "products" : [
    {
      "name" : "Cirrus",
      "targets" : [
        "Cirrus"
      ],
      "type" : {
        "library" : [
          "automatic"
        ]
      }
    },
    {
      "name" : "CloudKitCodable",
      "targets" : [
        "CloudKitCodable"
      ],
      "type" : {
        "library" : [
          "automatic"
        ]
      }
    }
  ],
  "targets" : [
    {
      "c99name" : "CloudKitCodable",
      "module_type" : "SwiftTarget",
      "name" : "CloudKitCodable",
      "path" : "Sources/CloudKitCodable",
      "product_memberships" : [
        "Cirrus",
        "CloudKitCodable"
      ],
      "sources" : [
        "CloudKitCodable+LastModifiedDate.swift",
        "CloudKitCodable.swift"
      ],
      "type" : "library"
    },
    {
      "c99name" : "Cirrus",
      "module_type" : "SwiftTarget",
      "name" : "Cirrus",
      "path" : "Sources/Cirrus",
      "product_memberships" : [
        "Cirrus"
      ],
      "sources" : [
        "DeleteRecordContext.swift",
        "Error+CloudKit.swift",
        "RecordModifyingContext.swift",
        "SyncEngine+AccountStatus.swift",
        "SyncEngine+RecordModification.swift",
        "SyncEngine+RemoteChangeTracking.swift",
        "SyncEngine+Subscription.swift",
        "SyncEngine+Zone.swift",
        "SyncEngine.swift",
        "UploadRecordContext.swift"
      ],
      "target_dependencies" : [
        "CKRecordCoder",
        "CloudKitCodable"
      ],
      "type" : "library"
    },
    {
      "c99name" : "CKRecordCoderTests",
      "module_type" : "SwiftTarget",
      "name" : "CKRecordCoderTests",
      "path" : "Tests/CKRecordCoderTests",
      "sources" : [
        "CKRecordDecoderTests.swift",
        "CKRecordEncoderDecoderRoundTripTests.swift",
        "CKRecordEncoderTests.swift",
        "Mocks/Bookmark.swift",
        "Mocks/Numbers.swift",
        "Mocks/ParentChild.swift",
        "Mocks/Person.swift",
        "Mocks/URLModel.swift",
        "Mocks/UUIDModel.swift"
      ],
      "target_dependencies" : [
        "CKRecordCoder"
      ],
      "type" : "test"
    },
    {
      "c99name" : "CKRecordCoder",
      "module_type" : "SwiftTarget",
      "name" : "CKRecordCoder",
      "path" : "Sources/CKRecordCoder",
      "product_memberships" : [
        "Cirrus"
      ],
      "sources" : [
        "CKRecordDecoder.swift",
        "CKRecordEncoder.swift",
        "CKRecordEncodingError.swift",
        "CKRecordKeyedDecodingContainer.swift",
        "CKRecordKeyedEncodingContainer.swift",
        "CKRecordSingleValueDecoder.swift",
        "CKRecordSingleValueEncoder.swift",
        "CloudKitCodable+RecordType.swift",
        "CloudKitSystemFieldsKeyName.swift",
        "URLTransformer.swift"
      ],
      "target_dependencies" : [
        "CloudKitCodable"
      ],
      "type" : "library"
    }
  ],
  "tools_version" : "5.1"
}
{
  "project" : {
    "configurations" : [
      "Debug",
      "Release"
    ],
    "name" : "Cirrus",
    "schemes" : [
      "Cirrus-Package",
      "CirrusPackageDescription",
      "CirrusPackageTests"
    ],
    "targets" : [
      "CKRecordCoder",
      "CKRecordCoderTests",
      "Cirrus",
      "CirrusPackageDescription",
      "CirrusPackageTests",
      "CloudKitCodable"
    ]
  }
}
Running build ...
env DEVELOPER_DIR=/Applications/Xcode-27.0.0-Release.Candidate.app xcrun xcodebuild -IDEClonedSourcePackagesDirPathOverride=$PWD/.dependencies -skipMacroValidation -skipPackagePluginValidation -derivedDataPath $PWD/.derivedData build -scheme Cirrus-Package -destination generic/platform=tvOS
Command line invocation:
    /Applications/Xcode-27.0.0-Release.Candidate.app/Contents/Developer/usr/bin/xcodebuild -IDEClonedSourcePackagesDirPathOverride=/Users/admin/builder/spi-builder-workspace/.dependencies -skipMacroValidation -skipPackagePluginValidation -derivedDataPath /Users/admin/builder/spi-builder-workspace/.derivedData build -scheme Cirrus-Package -destination generic/platform=tvOS
ComputePackagePrebuildTargetDependencyGraph
Prepare packages
CreateBuildRequest
SendProjectDescription
CreateBuildOperation
ComputeTargetDependencyGraph
note: Building targets in dependency order
note: Target dependency graph (3 targets)
    Target 'Cirrus' in project 'Cirrus'
        ➜ Explicit dependency on target 'CKRecordCoder' in project 'Cirrus'
        ➜ Explicit dependency on target 'CloudKitCodable' in project 'Cirrus'
    Target 'CKRecordCoder' in project 'Cirrus'
        ➜ Explicit dependency on target 'CloudKitCodable' in project 'Cirrus'
    Target 'CloudKitCodable' in project 'Cirrus' (no dependencies)
GatherProvisioningInputs
CreateBuildDescription
/Users/admin/builder/spi-builder-workspace/Cirrus.xcodeproj: error: The tvOS deployment target 'TVOS_DEPLOYMENT_TARGET' is set to 13.0, but the range of supported deployment target versions is 15.0 to 27.0.x. (in target 'CloudKitCodable' from project 'Cirrus')
/Users/admin/builder/spi-builder-workspace/Cirrus.xcodeproj: error: The tvOS deployment target 'TVOS_DEPLOYMENT_TARGET' is set to 13.0, but the range of supported deployment target versions is 15.0 to 27.0.x. (in target 'CKRecordCoder' from project 'Cirrus')
/Users/admin/builder/spi-builder-workspace/Cirrus.xcodeproj: error: The tvOS deployment target 'TVOS_DEPLOYMENT_TARGET' is set to 13.0, but the range of supported deployment target versions is 15.0 to 27.0.x. (in target 'Cirrus' from project 'Cirrus')
** BUILD FAILED **
The following build commands failed:
	Building project Cirrus with scheme Cirrus-Package
(1 failure)
BUILD FAILURE 6.4 tvOS