Build Information
Failed to build Cosmos, reference 25.0.1 (40ba10), with Swift 6.4 for visionOS using Xcode 27.0 on 22 Sep 2026 15:20:00 UTC.
Build Command
env DEVELOPER_DIR=/Applications/Xcode-27.0.0-Release.Candidate.app xcrun xcodebuild -IDEClonedSourcePackagesDirPathOverride=$PWD/.dependencies -skipMacroValidation -skipPackagePluginValidation -derivedDataPath $PWD/.derivedData build -scheme Cosmos -destination generic/platform=xrOSBuild Log
========================================
RunAll
========================================
Builder version: 5.1.0
Interrupt handler set up.
========================================
Checkout
========================================
Clone URL: https://github.com/evgenyneu/Cosmos.git
Reference: 25.0.1
Initialized empty Git repository in /Users/admin/builder/spi-builder-workspace/.git/
From https://github.com/evgenyneu/Cosmos
* tag 25.0.1 -> FETCH_HEAD
HEAD is now at 40ba10a Bump version
Cloned https://github.com/evgenyneu/Cosmos.git
Revision (git rev-parse @):
40ba10aaf175bf50abefd0e518bd3b40862af3b1
SUCCESS checkout https://github.com/evgenyneu/Cosmos.git at 25.0.1
========================================
Build
========================================
Selected platform: visionOS
Swift version: 6.4
Building package at path: $PWD
https://github.com/evgenyneu/Cosmos.git
Command line invocation:
/Applications/Xcode-27.0.0-Release.Candidate.app/Contents/Developer/usr/bin/xcodebuild -IDEClonedSourcePackagesDirPathOverride=/Users/admin/builder/spi-builder-workspace/.dependencies -resolvePackageDependencies
resolved source packages:
{
"dependencies" : [
],
"manifest_display_name" : "Cosmos",
"name" : "Cosmos",
"path" : "/Users/admin/builder/spi-builder-workspace",
"platforms" : [
],
"products" : [
{
"name" : "Cosmos",
"targets" : [
"Cosmos"
],
"type" : {
"library" : [
"automatic"
]
}
}
],
"targets" : [
{
"c99name" : "CosmosTests",
"module_type" : "SwiftTarget",
"name" : "CosmosTests",
"path" : "CosmosTests",
"sources" : [
"CosmosAccessibilityCallbacksTests.swift",
"CosmosAccessibilityTests.swift",
"CosmosLayersTests.swift",
"CosmosLocalizedRatingTests.swift",
"CosmosRatingTests.swift",
"CosmosSettingsTests.swift",
"CosmosTouchTests.swift",
"CosmosViewTests.swift",
"Helpers/CosmosTest.swift",
"Helpers/CosmosTouchTargetTests.swift",
"TestHelpers/Round.swift"
],
"target_dependencies" : [
"Cosmos"
],
"type" : "test"
},
{
"c99name" : "Cosmos",
"module_type" : "SwiftTarget",
"name" : "Cosmos",
"path" : "Cosmos",
"product_memberships" : [
"Cosmos"
],
"resources" : [
{
"path" : "/Users/admin/builder/spi-builder-workspace/Cosmos/Resources/PrivacyInfo.xcprivacy",
"rule" : {
"copy" : {
}
}
}
],
"sources" : [
"CosmosAccessibility.swift",
"CosmosDefaultSettings.swift",
"CosmosLayerHelper.swift",
"CosmosLayers.swift",
"CosmosLocalizedRating.swift",
"CosmosRating.swift",
"CosmosSettings.swift",
"CosmosSize.swift",
"CosmosText.swift",
"CosmosTouch.swift",
"CosmosView.swift",
"Helpers/CosmosTouchTarget.swift",
"Helpers/RightToLeft.swift",
"StarFillMode.swift",
"StarLayer.swift"
],
"type" : "library"
}
],
"tools_version" : "5.3"
}
{
"project" : {
"configurations" : [
"Debug",
"Release"
],
"name" : "Cosmos",
"schemes" : [
"ConcatenateSwiftFiles",
"Cosmos",
"Cosmos-tvOS",
"Demo"
],
"targets" : [
"Cosmos",
"Cosmos-tvOS",
"CosmosTests",
"Demo",
"ConcatenateSwiftFiles"
]
}
}
{
"workspace" : {
"name" : "Cosmos",
"schemes" : [
"Cosmos"
]
}
}
2026-09-22 11:19:48.789 xcodebuild[671:4251] [MT] IDERunDestination: Supported platforms for the buildables in the current scheme is empty.
Running build ...
env DEVELOPER_DIR=/Applications/Xcode-27.0.0-Release.Candidate.app xcrun xcodebuild -IDEClonedSourcePackagesDirPathOverride=$PWD/.dependencies -skipMacroValidation -skipPackagePluginValidation -derivedDataPath $PWD/.derivedData build -scheme Cosmos -destination generic/platform=xrOS
Command line invocation:
/Applications/Xcode-27.0.0-Release.Candidate.app/Contents/Developer/usr/bin/xcodebuild -IDEClonedSourcePackagesDirPathOverride=/Users/admin/builder/spi-builder-workspace/.dependencies -skipMacroValidation -skipPackagePluginValidation -derivedDataPath /Users/admin/builder/spi-builder-workspace/.derivedData build -scheme Cosmos -destination generic/platform=xrOS
Resolve Package Graph
Resolved source packages:
Cosmos: /Users/admin/builder/spi-builder-workspace
ComputePackagePrebuildTargetDependencyGraph
Prepare packages
CreateBuildRequest
SendProjectDescription
CreateBuildOperation
ComputeTargetDependencyGraph
note: Building targets in dependency order
note: Target dependency graph (3 targets)
Target 'Cosmos-product' in project 'Cosmos'
➜ Explicit dependency on target 'Cosmos' in project 'Cosmos'
➜ Explicit dependency on target 'Cosmos_Cosmos' in project 'Cosmos'
Target 'Cosmos' in project 'Cosmos'
➜ Explicit dependency on target 'Cosmos_Cosmos' in project 'Cosmos'
Target 'Cosmos_Cosmos' in project 'Cosmos' (no dependencies)
GatherProvisioningInputs
CreateBuildDescription
ExecuteExternalTool /Applications/Xcode-27.0.0-Release.Candidate.app/Contents/Developer/Toolchains/XcodeDefault.xctoolchain/usr/bin/clang -v -E -dM -isysroot /Applications/Xcode-27.0.0-Release.Candidate.app/Contents/Developer/Platforms/XROS.platform/Developer/SDKs/XROS27.0.sdk -x c -c /dev/null
ExecuteExternalTool /Applications/Xcode-27.0.0-Release.Candidate.app/Contents/Developer/Toolchains/XcodeDefault.xctoolchain/usr/bin/swiftc --version
ExecuteExternalTool /Applications/Xcode-27.0.0-Release.Candidate.app/Contents/Developer/Toolchains/XcodeDefault.xctoolchain/usr/bin/ld -version_details
Build description signature: 038a145423e0d966c6d6a1f05c4a9a96
Build description path: /Users/admin/builder/spi-builder-workspace/.derivedData/Build/Intermediates.noindex/XCBuildData/038a145423e0d966c6d6a1f05c4a9a96.xcbuilddata
CreateBuildDirectory /Users/admin/builder/spi-builder-workspace/.derivedData/SDKExplicitPrecompiledModules
cd /Users/admin/builder/spi-builder-workspace/.swiftpm/xcode
builtin-create-build-directory /Users/admin/builder/spi-builder-workspace/.derivedData/SDKExplicitPrecompiledModules
CreateBuildDirectory /Users/admin/builder/spi-builder-workspace/.derivedData/CompilationCache.noindex
cd /Users/admin/builder/spi-builder-workspace/.swiftpm/xcode
builtin-create-build-directory /Users/admin/builder/spi-builder-workspace/.derivedData/CompilationCache.noindex
CreateBuildDirectory /Users/admin/builder/spi-builder-workspace/.derivedData/ModuleCache.noindex
cd /Users/admin/builder/spi-builder-workspace/.swiftpm/xcode
builtin-create-build-directory /Users/admin/builder/spi-builder-workspace/.derivedData/ModuleCache.noindex
CreateBuildDirectory /Users/admin/builder/spi-builder-workspace/.derivedData/Build/Intermediates.noindex
cd /Users/admin/builder/spi-builder-workspace/.swiftpm/xcode
builtin-create-build-directory /Users/admin/builder/spi-builder-workspace/.derivedData/Build/Intermediates.noindex
CreateBuildDirectory /Users/admin/builder/spi-builder-workspace/.derivedData/Build/Products
cd /Users/admin/builder/spi-builder-workspace/.swiftpm/xcode
builtin-create-build-directory /Users/admin/builder/spi-builder-workspace/.derivedData/Build/Products
ClangStatCache /Applications/Xcode-27.0.0-Release.Candidate.app/Contents/Developer/Toolchains/XcodeDefault.xctoolchain/usr/bin/clang-stat-cache /Applications/Xcode-27.0.0-Release.Candidate.app/Contents/Developer/Platforms/XROS.platform/Developer/SDKs/XROS27.0.sdk /Users/admin/builder/spi-builder-workspace/.derivedData/SDKStatCaches.noindex/xros27.0-24M361-e829b21a6f8c9b70876ba0858053c044735bd543db762f57723cac368afd1ce4.sdkstatcache
cd /Users/admin/builder/spi-builder-workspace/.swiftpm/xcode
/Applications/Xcode-27.0.0-Release.Candidate.app/Contents/Developer/Toolchains/XcodeDefault.xctoolchain/usr/bin/clang-stat-cache /Applications/Xcode-27.0.0-Release.Candidate.app/Contents/Developer/Platforms/XROS.platform/Developer/SDKs/XROS27.0.sdk -o /Users/admin/builder/spi-builder-workspace/.derivedData/SDKStatCaches.noindex/xros27.0-24M361-e829b21a6f8c9b70876ba0858053c044735bd543db762f57723cac368afd1ce4.sdkstatcache
CreateBuildDirectory /Users/admin/builder/spi-builder-workspace/.derivedData/Build/Intermediates.noindex/SwiftExplicitPrecompiledModules
cd /Users/admin/builder/spi-builder-workspace/.swiftpm/xcode
builtin-create-build-directory /Users/admin/builder/spi-builder-workspace/.derivedData/Build/Intermediates.noindex/SwiftExplicitPrecompiledModules
CreateBuildDirectory /Users/admin/builder/spi-builder-workspace/.derivedData/Build/Intermediates.noindex/PrecompiledHeaders
cd /Users/admin/builder/spi-builder-workspace/.swiftpm/xcode
builtin-create-build-directory /Users/admin/builder/spi-builder-workspace/.derivedData/Build/Intermediates.noindex/PrecompiledHeaders
CreateBuildDirectory /Users/admin/builder/spi-builder-workspace/.derivedData/Build/Intermediates.noindex/ExplicitPrecompiledModules
cd /Users/admin/builder/spi-builder-workspace/.swiftpm/xcode
builtin-create-build-directory /Users/admin/builder/spi-builder-workspace/.derivedData/Build/Intermediates.noindex/ExplicitPrecompiledModules
CreateBuildDirectory /Users/admin/builder/spi-builder-workspace/.derivedData/Build/Intermediates.noindex/EagerLinkingTBDs/Debug-xros
cd /Users/admin/builder/spi-builder-workspace/.swiftpm/xcode
builtin-create-build-directory /Users/admin/builder/spi-builder-workspace/.derivedData/Build/Intermediates.noindex/EagerLinkingTBDs/Debug-xros
CreateBuildDirectory /Users/admin/builder/spi-builder-workspace/.derivedData/Build/Products/Debug-xros
cd /Users/admin/builder/spi-builder-workspace/.swiftpm/xcode
builtin-create-build-directory /Users/admin/builder/spi-builder-workspace/.derivedData/Build/Products/Debug-xros
CreateBuildDirectory /Users/admin/builder/spi-builder-workspace/.derivedData/Build/Products/Debug-xros/PackageFrameworks
cd /Users/admin/builder/spi-builder-workspace/.swiftpm/xcode
builtin-create-build-directory /Users/admin/builder/spi-builder-workspace/.derivedData/Build/Products/Debug-xros/PackageFrameworks
MkDir /Users/admin/builder/spi-builder-workspace/.derivedData/Build/Products/Debug-xros/Cosmos_Cosmos.bundle (in target 'Cosmos_Cosmos' from project 'Cosmos')
cd /Users/admin/builder/spi-builder-workspace
/bin/mkdir -p /Users/admin/builder/spi-builder-workspace/.derivedData/Build/Products/Debug-xros/Cosmos_Cosmos.bundle
WriteAuxiliaryFile /Users/admin/builder/spi-builder-workspace/.derivedData/Build/Intermediates.noindex/Cosmos.build/Debug-xros/Cosmos_Cosmos-b.build/Cosmos_Cosmos.DependencyMetadataFileList (in target 'Cosmos_Cosmos' from project 'Cosmos')
cd /Users/admin/builder/spi-builder-workspace
write-file /Users/admin/builder/spi-builder-workspace/.derivedData/Build/Intermediates.noindex/Cosmos.build/Debug-xros/Cosmos_Cosmos-b.build/Cosmos_Cosmos.DependencyMetadataFileList
WriteAuxiliaryFile /Users/admin/builder/spi-builder-workspace/.derivedData/Build/Intermediates.noindex/Cosmos.build/Debug-xros/Cosmos_Cosmos-b.build/Cosmos_Cosmos.DependencyStaticMetadataFileList (in target 'Cosmos_Cosmos' from project 'Cosmos')
cd /Users/admin/builder/spi-builder-workspace
write-file /Users/admin/builder/spi-builder-workspace/.derivedData/Build/Intermediates.noindex/Cosmos.build/Debug-xros/Cosmos_Cosmos-b.build/Cosmos_Cosmos.DependencyStaticMetadataFileList
WriteAuxiliaryFile /Users/admin/builder/spi-builder-workspace/.derivedData/Build/Intermediates.noindex/Cosmos.build/Debug-xros/Cosmos_Cosmos-b.build/empty-Cosmos_Cosmos.plist (in target 'Cosmos_Cosmos' from project 'Cosmos')
cd /Users/admin/builder/spi-builder-workspace
write-file /Users/admin/builder/spi-builder-workspace/.derivedData/Build/Intermediates.noindex/Cosmos.build/Debug-xros/Cosmos_Cosmos-b.build/empty-Cosmos_Cosmos.plist
WriteAuxiliaryFile /Users/admin/builder/spi-builder-workspace/.derivedData/Build/Intermediates.noindex/Cosmos.build/Debug-xros/Cosmos-t.build/Objects-normal/arm64/Cosmos-OutputFileMap.json (in target 'Cosmos' from project 'Cosmos')
cd /Users/admin/builder/spi-builder-workspace
write-file /Users/admin/builder/spi-builder-workspace/.derivedData/Build/Intermediates.noindex/Cosmos.build/Debug-xros/Cosmos-t.build/Objects-normal/arm64/Cosmos-OutputFileMap.json
WriteAuxiliaryFile /Users/admin/builder/spi-builder-workspace/.derivedData/Build/Intermediates.noindex/Cosmos.build/Debug-xros/Cosmos-t.build/Objects-normal/arm64/Cosmos.SwiftFileList (in target 'Cosmos' from project 'Cosmos')
cd /Users/admin/builder/spi-builder-workspace
write-file /Users/admin/builder/spi-builder-workspace/.derivedData/Build/Intermediates.noindex/Cosmos.build/Debug-xros/Cosmos-t.build/Objects-normal/arm64/Cosmos.SwiftFileList
WriteAuxiliaryFile /Users/admin/builder/spi-builder-workspace/.derivedData/Build/Intermediates.noindex/Cosmos.build/Debug-xros/Cosmos-t.build/Objects-normal/arm64/Cosmos.LinkFileList (in target 'Cosmos' from project 'Cosmos')
cd /Users/admin/builder/spi-builder-workspace
write-file /Users/admin/builder/spi-builder-workspace/.derivedData/Build/Intermediates.noindex/Cosmos.build/Debug-xros/Cosmos-t.build/Objects-normal/arm64/Cosmos.LinkFileList
WriteAuxiliaryFile /Users/admin/builder/spi-builder-workspace/.derivedData/Build/Intermediates.noindex/Cosmos.build/Debug-xros/Cosmos-t.build/Objects-normal/arm64/Cosmos_const_extract_protocols.json (in target 'Cosmos' from project 'Cosmos')
cd /Users/admin/builder/spi-builder-workspace
write-file /Users/admin/builder/spi-builder-workspace/.derivedData/Build/Intermediates.noindex/Cosmos.build/Debug-xros/Cosmos-t.build/Objects-normal/arm64/Cosmos_const_extract_protocols.json
WriteAuxiliaryFile /Users/admin/builder/spi-builder-workspace/.derivedData/Build/Intermediates.noindex/Cosmos.build/Debug-xros/Cosmos-t.build/Objects-normal/arm64/Cosmos.SwiftConstValuesFileList (in target 'Cosmos' from project 'Cosmos')
cd /Users/admin/builder/spi-builder-workspace
write-file /Users/admin/builder/spi-builder-workspace/.derivedData/Build/Intermediates.noindex/Cosmos.build/Debug-xros/Cosmos-t.build/Objects-normal/arm64/Cosmos.SwiftConstValuesFileList
WriteAuxiliaryFile /Users/admin/builder/spi-builder-workspace/.derivedData/Build/Intermediates.noindex/Cosmos.build/Debug-xros/Cosmos-t.build/DerivedSources/resource_bundle_accessor.swift (in target 'Cosmos' from project 'Cosmos')
cd /Users/admin/builder/spi-builder-workspace
write-file /Users/admin/builder/spi-builder-workspace/.derivedData/Build/Intermediates.noindex/Cosmos.build/Debug-xros/Cosmos-t.build/DerivedSources/resource_bundle_accessor.swift
WriteAuxiliaryFile /Users/admin/builder/spi-builder-workspace/.derivedData/Build/Intermediates.noindex/Cosmos.build/Debug-xros/Cosmos-t.build/Cosmos.modulemap (in target 'Cosmos' from project 'Cosmos')
cd /Users/admin/builder/spi-builder-workspace
write-file /Users/admin/builder/spi-builder-workspace/.derivedData/Build/Intermediates.noindex/Cosmos.build/Debug-xros/Cosmos-t.build/Cosmos.modulemap
WriteAuxiliaryFile /Users/admin/builder/spi-builder-workspace/.derivedData/Build/Intermediates.noindex/Cosmos.build/Debug-xros/Cosmos-t.build/Cosmos.DependencyStaticMetadataFileList (in target 'Cosmos' from project 'Cosmos')
cd /Users/admin/builder/spi-builder-workspace
write-file /Users/admin/builder/spi-builder-workspace/.derivedData/Build/Intermediates.noindex/Cosmos.build/Debug-xros/Cosmos-t.build/Cosmos.DependencyStaticMetadataFileList
WriteAuxiliaryFile /Users/admin/builder/spi-builder-workspace/.derivedData/Build/Intermediates.noindex/Cosmos.build/Debug-xros/Cosmos-t.build/Cosmos.DependencyMetadataFileList (in target 'Cosmos' from project 'Cosmos')
cd /Users/admin/builder/spi-builder-workspace
write-file /Users/admin/builder/spi-builder-workspace/.derivedData/Build/Intermediates.noindex/Cosmos.build/Debug-xros/Cosmos-t.build/Cosmos.DependencyMetadataFileList
Copy /Users/admin/builder/spi-builder-workspace/.derivedData/Build/Intermediates.noindex/GeneratedModuleMaps-xros/Cosmos.modulemap /Users/admin/builder/spi-builder-workspace/.derivedData/Build/Intermediates.noindex/Cosmos.build/Debug-xros/Cosmos-t.build/Cosmos.modulemap (in target 'Cosmos' from project 'Cosmos')
cd /Users/admin/builder/spi-builder-workspace
builtin-copy -exclude .DS_Store -exclude CVS -exclude .svn -exclude .git -exclude .hg -resolve-src-symlinks /Users/admin/builder/spi-builder-workspace/.derivedData/Build/Intermediates.noindex/Cosmos.build/Debug-xros/Cosmos-t.build/Cosmos.modulemap /Users/admin/builder/spi-builder-workspace/.derivedData/Build/Intermediates.noindex/GeneratedModuleMaps-xros
ProcessInfoPlistFile /Users/admin/builder/spi-builder-workspace/.derivedData/Build/Products/Debug-xros/Cosmos_Cosmos.bundle/Info.plist /Users/admin/builder/spi-builder-workspace/.derivedData/Build/Intermediates.noindex/Cosmos.build/Debug-xros/Cosmos_Cosmos-b.build/empty-Cosmos_Cosmos.plist (in target 'Cosmos_Cosmos' from project 'Cosmos')
cd /Users/admin/builder/spi-builder-workspace
builtin-infoPlistUtility /Users/admin/builder/spi-builder-workspace/.derivedData/Build/Intermediates.noindex/Cosmos.build/Debug-xros/Cosmos_Cosmos-b.build/empty-Cosmos_Cosmos.plist -producttype com.apple.product-type.bundle -expandbuildsettings -format binary -platform xros -o /Users/admin/builder/spi-builder-workspace/.derivedData/Build/Products/Debug-xros/Cosmos_Cosmos.bundle/Info.plist
CpResource /Users/admin/builder/spi-builder-workspace/.derivedData/Build/Products/Debug-xros/Cosmos_Cosmos.bundle/PrivacyInfo.xcprivacy /Users/admin/builder/spi-builder-workspace/Cosmos/Resources/PrivacyInfo.xcprivacy (in target 'Cosmos_Cosmos' from project 'Cosmos')
cd /Users/admin/builder/spi-builder-workspace
builtin-copy -exclude .DS_Store -exclude CVS -exclude .svn -exclude .git -exclude .hg -resolve-src-symlinks /Users/admin/builder/spi-builder-workspace/Cosmos/Resources/PrivacyInfo.xcprivacy /Users/admin/builder/spi-builder-workspace/.derivedData/Build/Products/Debug-xros/Cosmos_Cosmos.bundle
RegisterExecutionPolicyException /Users/admin/builder/spi-builder-workspace/.derivedData/Build/Products/Debug-xros/Cosmos_Cosmos.bundle (in target 'Cosmos_Cosmos' from project 'Cosmos')
cd /Users/admin/builder/spi-builder-workspace
builtin-RegisterExecutionPolicyException /Users/admin/builder/spi-builder-workspace/.derivedData/Build/Products/Debug-xros/Cosmos_Cosmos.bundle
Touch /Users/admin/builder/spi-builder-workspace/.derivedData/Build/Products/Debug-xros/Cosmos_Cosmos.bundle (in target 'Cosmos_Cosmos' from project 'Cosmos')
cd /Users/admin/builder/spi-builder-workspace
/usr/bin/touch -c /Users/admin/builder/spi-builder-workspace/.derivedData/Build/Products/Debug-xros/Cosmos_Cosmos.bundle
SwiftDriver Cosmos normal arm64 com.apple.xcode.tools.swift.compiler (in target 'Cosmos' from project 'Cosmos')
cd /Users/admin/builder/spi-builder-workspace/.swiftpm/xcode
builtin-SwiftDriver -- /Applications/Xcode-27.0.0-Release.Candidate.app/Contents/Developer/Toolchains/XcodeDefault.xctoolchain/usr/bin/swiftc -parse-as-library -module-name Cosmos -Onone @/Users/admin/builder/spi-builder-workspace/.derivedData/Build/Intermediates.noindex/Cosmos.build/Debug-xros/Cosmos-t.build/Objects-normal/arm64/Cosmos.SwiftFileList -DSWIFT_PACKAGE -DDEBUG -DSWIFT_MODULE_RESOURCE_BUNDLE_AVAILABLE -DXcode -plugin-path /Applications/Xcode-27.0.0-Release.Candidate.app/Contents/Developer/Toolchains/XcodeDefault.xctoolchain/usr/lib/swift/host/plugins/testing -enable-experimental-feature DebugDescriptionMacro -sdk /Applications/Xcode-27.0.0-Release.Candidate.app/Contents/Developer/Platforms/XROS.platform/Developer/SDKs/XROS27.0.sdk -target arm64-apple-xros1.0 -g -module-cache-path /Users/admin/builder/spi-builder-workspace/.derivedData/ModuleCache.noindex -Xfrontend -serialize-debugging-options -profile-coverage-mapping -profile-generate -enable-testing -index-store-path /Users/admin/builder/spi-builder-workspace/.derivedData/Index.noindex/DataStore -Xcc -D_LIBCPP_HARDENING_MODE\=_LIBCPP_HARDENING_MODE_DEBUG -swift-version 5 -I /Users/admin/builder/spi-builder-workspace/.derivedData/Build/Products/Debug-xros -Isystem /Applications/Xcode-27.0.0-Release.Candidate.app/Contents/Developer/Platforms/XROS.platform/Developer/usr/lib -F /Users/admin/builder/spi-builder-workspace/.derivedData/Build/Products/Debug-xros -F /Applications/Xcode-27.0.0-Release.Candidate.app/Contents/Developer/Platforms/XROS.platform/Developer/Library/Frameworks -F /Applications/Xcode-27.0.0-Release.Candidate.app/Contents/Developer/Platforms/XROS.platform/Developer/SDKs/XROS27.0.sdk/Developer/Library/Frameworks -c -j10 -enable-batch-mode -incremental -Xcc -ivfsstatcache -Xcc /Users/admin/builder/spi-builder-workspace/.derivedData/SDKStatCaches.noindex/xros27.0-24M361-e829b21a6f8c9b70876ba0858053c044735bd543db762f57723cac368afd1ce4.sdkstatcache -output-file-map /Users/admin/builder/spi-builder-workspace/.derivedData/Build/Intermediates.noindex/Cosmos.build/Debug-xros/Cosmos-t.build/Objects-normal/arm64/Cosmos-OutputFileMap.json -save-temps -no-color-diagnostics -explicit-module-build -module-cache-path /Users/admin/builder/spi-builder-workspace/.derivedData/Build/Intermediates.noindex/SwiftExplicitPrecompiledModules -clang-scanner-module-cache-path /Users/admin/builder/spi-builder-workspace/.derivedData/ModuleCache.noindex -sdk-module-cache-path /Users/admin/builder/spi-builder-workspace/.derivedData/SDKExplicitPrecompiledModules -emit-dependencies -emit-module -emit-module-path /Users/admin/builder/spi-builder-workspace/.derivedData/Build/Intermediates.noindex/Cosmos.build/Debug-xros/Cosmos-t.build/Objects-normal/arm64/Cosmos.swiftmodule -serialize-diagnostics -dependency-scan-serialize-diagnostics-path /Users/admin/builder/spi-builder-workspace/.derivedData/Build/Intermediates.noindex/Cosmos.build/Debug-xros/Cosmos-t.build/Objects-normal/arm64/Cosmos-dependency-scan.dia -validate-clang-modules-once -clang-build-session-file /Users/admin/builder/spi-builder-workspace/.derivedData/ModuleCache.noindex/Session.modulevalidation -Xcc -fmodules-prune-interval\=86400 -Xcc -fmodules-prune-after\=345600 -emit-const-values -const-gather-protocols-list /Users/admin/builder/spi-builder-workspace/.derivedData/Build/Intermediates.noindex/Cosmos.build/Debug-xros/Cosmos-t.build/Objects-normal/arm64/Cosmos_const_extract_protocols.json -Xcc -I/Users/admin/builder/spi-builder-workspace/.derivedData/Build/Products/Debug-xros/include -Xcc -I/Users/admin/builder/spi-builder-workspace/.derivedData/Build/Intermediates.noindex/Cosmos.build/Debug-xros/Cosmos-t.build/DerivedSources-normal/arm64 -Xcc -I/Users/admin/builder/spi-builder-workspace/.derivedData/Build/Intermediates.noindex/Cosmos.build/Debug-xros/Cosmos-t.build/DerivedSources/arm64 -Xcc -I/Users/admin/builder/spi-builder-workspace/.derivedData/Build/Intermediates.noindex/Cosmos.build/Debug-xros/Cosmos-t.build/DerivedSources -Xcc -DSWIFT_PACKAGE -Xcc -DDEBUG\=1 -emit-objc-header -emit-objc-header-path /Users/admin/builder/spi-builder-workspace/.derivedData/Build/Intermediates.noindex/Cosmos.build/Debug-xros/Cosmos-t.build/Objects-normal/arm64/Cosmos-Swift.h -working-directory /Users/admin/builder/spi-builder-workspace/.swiftpm/xcode -experimental-emit-module-separately -disable-cmo
SwiftExplicitDependencyGeneratePcm arm64 /Users/admin/builder/spi-builder-workspace/.derivedData/SDKExplicitPrecompiledModules/ptrauth-1WBA714DZSVUL5JQDJ08CLKZ.pcm
SwiftExplicitDependencyGeneratePcm arm64 /Users/admin/builder/spi-builder-workspace/.derivedData/SDKExplicitPrecompiledModules/DeveloperToolsSupport-46GOQP8J1QTHLYQSJW81T8UZ3.pcm
SwiftExplicitDependencyGeneratePcm arm64 /Users/admin/builder/spi-builder-workspace/.derivedData/SDKExplicitPrecompiledModules/_Builtin_stdbool-5BU2ADS7JXQMYENKQHW9X8XOU.pcm
SwiftExplicitDependencyGeneratePcm arm64 /Users/admin/builder/spi-builder-workspace/.derivedData/SDKExplicitPrecompiledModules/_SwiftConcurrencyShims-C8XHKSHX96D5YYALNM4W70Z0O.pcm
SwiftExplicitDependencyGeneratePcm arm64 /Users/admin/builder/spi-builder-workspace/.derivedData/SDKExplicitPrecompiledModules/_Builtin_stddef-5NQ9Z1GV07GBSRQGAQCGXGVRI.pcm
SwiftExplicitDependencyGeneratePcm arm64 /Users/admin/builder/spi-builder-workspace/.derivedData/SDKExplicitPrecompiledModules/ptrcheck-BXA97MNLI4BB0HF5I8MJE403D.pcm
SwiftExplicitDependencyGeneratePcm arm64 /Users/admin/builder/spi-builder-workspace/.derivedData/SDKExplicitPrecompiledModules/SwiftShims-CI4H5RO9IYFFWQ2COB512Q2S9.pcm
SwiftExplicitDependencyGeneratePcm arm64 /Users/admin/builder/spi-builder-workspace/.derivedData/SDKExplicitPrecompiledModules/_Builtin_float-6WKHNW5S40U2QGHXXGETUDIRA.pcm
SwiftExplicitDependencyGeneratePcm arm64 /Users/admin/builder/spi-builder-workspace/.derivedData/SDKExplicitPrecompiledModules/_Builtin_stdarg-CDA349K2K4US766844K8E0PVA.pcm
SwiftExplicitDependencyGeneratePcm arm64 /Users/admin/builder/spi-builder-workspace/.derivedData/SDKExplicitPrecompiledModules/_AvailabilityInternal-1Q8IQP6M38UWSGZ95UCEY2M44.pcm
SwiftExplicitDependencyGeneratePcm arm64 /Users/admin/builder/spi-builder-workspace/.derivedData/SDKExplicitPrecompiledModules/_DarwinFoundation1-5RGRVV2TZ6WC4WZW5IXF8NQ04.pcm
SwiftExplicitDependencyGeneratePcm arm64 /Users/admin/builder/spi-builder-workspace/.derivedData/SDKExplicitPrecompiledModules/_Builtin_limits-425JDMN5HPM3D0UEI8LEHP6NM.pcm
SwiftExplicitDependencyGeneratePcm arm64 /Users/admin/builder/spi-builder-workspace/.derivedData/SDKExplicitPrecompiledModules/_DarwinFoundation2-ENTECK156YEWITZRRBTOCE4KR.pcm
SwiftExplicitDependencyGeneratePcm arm64 /Users/admin/builder/spi-builder-workspace/.derivedData/SDKExplicitPrecompiledModules/sys_types-AYM0BHR77VKMWZCO2T0XGV2HF.pcm
SwiftExplicitDependencyGeneratePcm arm64 /Users/admin/builder/spi-builder-workspace/.derivedData/SDKExplicitPrecompiledModules/_Builtin_stdint-8OR6T47OOYJA90ZBO3N1USDE.pcm
SwiftExplicitDependencyGeneratePcm arm64 /Users/admin/builder/spi-builder-workspace/.derivedData/SDKExplicitPrecompiledModules/string_h-2GT67HHHHK5CF1V1S31LH0PU2.pcm
SwiftExplicitDependencyGeneratePcm arm64 /Users/admin/builder/spi-builder-workspace/.derivedData/SDKExplicitPrecompiledModules/_Builtin_tgmath-BPYSMHWI520EQRL2HW519ZY7Z.pcm
SwiftExplicitDependencyGeneratePcm arm64 /Users/admin/builder/spi-builder-workspace/.derivedData/SDKExplicitPrecompiledModules/_Builtin_intrinsics-BC5IJI3YI34RQ61ZNVDRDZ6RN.pcm
SwiftExplicitDependencyGeneratePcm arm64 /Users/admin/builder/spi-builder-workspace/.derivedData/SDKExplicitPrecompiledModules/_Builtin_stdatomic-1VUZPM79PNCAHXVBERD53WRSF.pcm
SwiftExplicitDependencyGeneratePcm arm64 /Users/admin/builder/spi-builder-workspace/.derivedData/SDKExplicitPrecompiledModules/_DarwinFoundation3-9ZHN6JKBS40BBA81RQMV8H0IC.pcm
SwiftExplicitDependencyGeneratePcm arm64 /Users/admin/builder/spi-builder-workspace/.derivedData/SDKExplicitPrecompiledModules/_Builtin_inttypes-11B64KJD36B3YOHBR1BBXBJY8.pcm
SwiftExplicitDependencyGeneratePcm arm64 /Users/admin/builder/spi-builder-workspace/.derivedData/SDKExplicitPrecompiledModules/Darwin-60P5LVNQO3ESRRM5DCJ05PFNK.pcm
SwiftExplicitDependencyGeneratePcm arm64 /Users/admin/builder/spi-builder-workspace/.derivedData/SDKExplicitPrecompiledModules/simd-9XXAB17Y6E4BBPQADD61NZ23.pcm
SwiftExplicitDependencyGeneratePcm arm64 /Users/admin/builder/spi-builder-workspace/.derivedData/SDKExplicitPrecompiledModules/MachO-3XTHY7HWV6RF3KXKYQVHUBUXK.pcm
SwiftExplicitDependencyGeneratePcm arm64 /Users/admin/builder/spi-builder-workspace/.derivedData/SDKExplicitPrecompiledModules/ObjectiveC-26TIBFYCEJZVP216ZZAU1X8KN.pcm
SwiftExplicitDependencyGeneratePcm arm64 /Users/admin/builder/spi-builder-workspace/.derivedData/SDKExplicitPrecompiledModules/os_object-692CJ8BG6RE5H04487EJJOVXW.pcm
SwiftExplicitDependencyGeneratePcm arm64 /Users/admin/builder/spi-builder-workspace/.derivedData/SDKExplicitPrecompiledModules/os_workgroup-4U1VXMWIZD80E7PRUQF2G7P9X.pcm
SwiftExplicitDependencyGeneratePcm arm64 /Users/admin/builder/spi-builder-workspace/.derivedData/SDKExplicitPrecompiledModules/Dispatch-CLT3466HKC22GCKAWSCNG0H7T.pcm
SwiftExplicitDependencyGeneratePcm arm64 /Users/admin/builder/spi-builder-workspace/.derivedData/SDKExplicitPrecompiledModules/Spatial-5E0I2846LO3ZE24CSVR2O57TI.pcm
SwiftExplicitDependencyGeneratePcm arm64 /Users/admin/builder/spi-builder-workspace/.derivedData/SDKExplicitPrecompiledModules/XPC-EP5EU7FNGP4VOA3EDM18P1KHO.pcm
SwiftExplicitDependencyGeneratePcm arm64 /Users/admin/builder/spi-builder-workspace/.derivedData/SDKExplicitPrecompiledModules/CoreFoundation-AVLTZVCXBU2TO75JCN4AGU8XJ.pcm
SwiftExplicitDependencyGeneratePcm arm64 /Users/admin/builder/spi-builder-workspace/.derivedData/SDKExplicitPrecompiledModules/os-1004XEJ3IXOOAU0KL58SM3D0K.pcm
SwiftExplicitDependencyGeneratePcm arm64 /Users/admin/builder/spi-builder-workspace/.derivedData/SDKExplicitPrecompiledModules/CoreGraphics-BFUJ177R223UT2ZI327ZTZY91.pcm
SwiftExplicitDependencyGeneratePcm arm64 /Users/admin/builder/spi-builder-workspace/.derivedData/SDKExplicitPrecompiledModules/Security-8TH2M8WJIQMET4SADWX0N8372.pcm
SwiftExplicitDependencyGeneratePcm arm64 /Users/admin/builder/spi-builder-workspace/.derivedData/SDKExplicitPrecompiledModules/CFNetwork-5MI70N1VLDQSWTX4COWLMSIRO.pcm
SwiftExplicitDependencyGeneratePcm arm64 /Users/admin/builder/spi-builder-workspace/.derivedData/SDKExplicitPrecompiledModules/Foundation-8GON1KVEKRN3NOQI8RETBRWJP.pcm
SwiftExplicitDependencyGeneratePcm arm64 /Users/admin/builder/spi-builder-workspace/.derivedData/SDKExplicitPrecompiledModules/ImageIO-5CC6COR9KJYI1UBL7CSHLU2OG.pcm
SwiftExplicitDependencyGeneratePcm arm64 /Users/admin/builder/spi-builder-workspace/.derivedData/SDKExplicitPrecompiledModules/CoreText-6F9TY5TEPCCZ1K2KYM4GMEGHD.pcm
SwiftExplicitDependencyGeneratePcm arm64 /Users/admin/builder/spi-builder-workspace/.derivedData/SDKExplicitPrecompiledModules/_LocationEssentials-8GQGFVARUE99D8VJX3TINY0VP.pcm
SwiftExplicitDependencyGeneratePcm arm64 /Users/admin/builder/spi-builder-workspace/.derivedData/SDKExplicitPrecompiledModules/UserNotifications-8IIV1V1FPNAPA4LY1Y23LOM2N.pcm
SwiftExplicitDependencyGeneratePcm arm64 /Users/admin/builder/spi-builder-workspace/.derivedData/SDKExplicitPrecompiledModules/FileProvider-C9I28SI56F2SEVH1BCWTKGODO.pcm
SwiftExplicitDependencyGeneratePcm arm64 /Users/admin/builder/spi-builder-workspace/.derivedData/SDKExplicitPrecompiledModules/UIUtilities-AOVGLUWEAN6CG2UZFNESGSP6C.pcm
SwiftExplicitDependencyGeneratePcm arm64 /Users/admin/builder/spi-builder-workspace/.derivedData/SDKExplicitPrecompiledModules/Symbols-8G2XC01RPQ5HYIZE6JNUT864I.pcm
SwiftExplicitDependencyGeneratePcm arm64 /Users/admin/builder/spi-builder-workspace/.derivedData/SDKExplicitPrecompiledModules/DataDetection-BANTQ3WXXGKZJYC0LLB3MD9K0.pcm
SwiftExplicitDependencyGeneratePcm arm64 /Users/admin/builder/spi-builder-workspace/.derivedData/SDKExplicitPrecompiledModules/UniformTypeIdentifiers-E5KMWDZEKS4QW9RO1KBRDEXV6.pcm
SwiftExplicitDependencyGeneratePcm arm64 /Users/admin/builder/spi-builder-workspace/.derivedData/SDKExplicitPrecompiledModules/IOSurface-5FE9U89GVFF9A7X7AGO2R8ENI.pcm
SwiftExplicitDependencyGeneratePcm arm64 /Users/admin/builder/spi-builder-workspace/.derivedData/SDKExplicitPrecompiledModules/CoreTransferable-8TBYAKHCX6UC8QQSS7BD8GQK5.pcm
SwiftExplicitDependencyGeneratePcm arm64 /Users/admin/builder/spi-builder-workspace/.derivedData/SDKExplicitPrecompiledModules/OSLog-BNGT87TS0GMBFF7TY70HHB69.pcm
SwiftExplicitDependencyGeneratePcm arm64 /Users/admin/builder/spi-builder-workspace/.derivedData/SDKExplicitPrecompiledModules/Accessibility-1DR4J4YDVDGAYQTZ0FKZ1PU09.pcm
SwiftExplicitDependencyGeneratePcm arm64 /Users/admin/builder/spi-builder-workspace/.derivedData/SDKExplicitPrecompiledModules/CoreLocation-1SN37095DAPVJ068LLP9TBDQX.pcm
SwiftExplicitDependencyGeneratePcm arm64 /Users/admin/builder/spi-builder-workspace/.derivedData/SDKExplicitPrecompiledModules/Metal-EKNUM9P3PRIBHZK1ZBD6BA2T7.pcm
SwiftExplicitDependencyGeneratePcm arm64 /Users/admin/builder/spi-builder-workspace/.derivedData/SDKExplicitPrecompiledModules/OpenGLES-56BKSYXNVAP91BYZRWAKQZKGI.pcm
SwiftExplicitDependencyGeneratePcm arm64 /Users/admin/builder/spi-builder-workspace/.derivedData/SDKExplicitPrecompiledModules/CoreMotion-10LV922UPGE28QX2SOIO7ALIZ.pcm
SwiftExplicitDependencyGeneratePcm arm64 /Users/admin/builder/spi-builder-workspace/.derivedData/SDKExplicitPrecompiledModules/CoreVideo-E12HJSJSLO0YKWYBES11UKJ02.pcm
SwiftExplicitDependencyGeneratePcm arm64 /Users/admin/builder/spi-builder-workspace/.derivedData/SDKExplicitPrecompiledModules/QuartzCore-12T8WVKUNCL1N7VXH87MM4YOB.pcm
SwiftExplicitDependencyGeneratePcm arm64 /Users/admin/builder/spi-builder-workspace/.derivedData/SDKExplicitPrecompiledModules/CoreImage-8WF1P230U10QM666EQMNV7OF1.pcm
SwiftExplicitDependencyGeneratePcm arm64 /Users/admin/builder/spi-builder-workspace/.derivedData/SDKExplicitPrecompiledModules/SwiftUICore-6OBBMA39VFD4CB6SG2PE41FAP.pcm
SwiftExplicitDependencyGeneratePcm arm64 /Users/admin/builder/spi-builder-workspace/.derivedData/SDKExplicitPrecompiledModules/UIKit-2D2PMAAE45TMO6S28UCGCO5BR.pcm
SwiftEmitModule normal arm64 Emitting\ module\ for\ Cosmos (in target 'Cosmos' from project 'Cosmos')
/Users/admin/builder/spi-builder-workspace/Cosmos/CosmosDefaultSettings.swift:21:52: error: 'UIScreen' is unavailable in visionOS
19 |
20 | /// Width of the border for the empty star.
21 | static let emptyBorderWidth: Double = 1 / Double(UIScreen.main.scale)
| `- error: 'UIScreen' is unavailable in visionOS
22 |
23 | /// Border color of a filled star.
/Applications/Xcode-27.0.0-Release.Candidate.app/Contents/Developer/Platforms/XROS.platform/Developer/SDKs/XROS27.0.sdk/System/Library/Frameworks/UIKit.framework/Headers/UIScreen.h:54:12: note: 'UIScreen' has been explicitly marked unavailable here
52 |
53 | UIKIT_EXTERN API_AVAILABLE(ios(2.0)) API_UNAVAILABLE(visionos, watchos) NS_SWIFT_UI_ACTOR
54 | @interface UIScreen : NSObject <UITraitEnvironment>
| `- note: 'UIScreen' has been explicitly marked unavailable here
55 |
56 | @property(class, nonatomic, readonly) NSArray<UIScreen *> *screens API_DEPRECATED("Use UIApplication.shared.openSessions to find open sessions with scenes from other screens", ios(3.2, 16.0), visionos(1.0, 1.0)) API_UNAVAILABLE(watchos); // all screens currently attached to the device
/Users/admin/builder/spi-builder-workspace/Cosmos/CosmosDefaultSettings.swift:27:53: error: 'UIScreen' is unavailable in visionOS
25 |
26 | /// Width of the border for a filled star.
27 | static let filledBorderWidth: Double = 1 / Double(UIScreen.main.scale)
| `- error: 'UIScreen' is unavailable in visionOS
28 |
29 | /// Background color of an empty star.
/Applications/Xcode-27.0.0-Release.Candidate.app/Contents/Developer/Platforms/XROS.platform/Developer/SDKs/XROS27.0.sdk/System/Library/Frameworks/UIKit.framework/Headers/UIScreen.h:54:12: note: 'UIScreen' has been explicitly marked unavailable here
52 |
53 | UIKIT_EXTERN API_AVAILABLE(ios(2.0)) API_UNAVAILABLE(visionos, watchos) NS_SWIFT_UI_ACTOR
54 | @interface UIScreen : NSObject <UITraitEnvironment>
| `- note: 'UIScreen' has been explicitly marked unavailable here
55 |
56 | @property(class, nonatomic, readonly) NSArray<UIScreen *> *screens API_DEPRECATED("Use UIApplication.shared.openSessions to find open sessions with scenes from other screens", ios(3.2, 16.0), visionos(1.0, 1.0)) API_UNAVAILABLE(watchos); // all screens currently attached to the device
Failed frontend command:
SwiftCompile normal arm64 (in target 'Cosmos' from project 'Cosmos')
cd /Users/admin/builder/spi-builder-workspace/.swiftpm/xcode
/Applications/Xcode-27.0.0-Release.Candidate.app/Contents/Developer/Toolchains/XcodeDefault.xctoolchain/usr/bin/swift-frontend -frontend -emit-module -experimental-skip-non-inlinable-function-bodies-without-types /Users/admin/builder/spi-builder-workspace/.derivedData/Build/Intermediates.noindex/Cosmos.build/Debug-xros/Cosmos-t.build/DerivedSources/resource_bundle_accessor.swift /Users/admin/builder/spi-builder-workspace/Cosmos/CosmosAccessibility.swift /Users/admin/builder/spi-builder-workspace/Cosmos/CosmosDefaultSettings.swift /Users/admin/builder/spi-builder-workspace/Cosmos/CosmosLayerHelper.swift /Users/admin/builder/spi-builder-workspace/Cosmos/CosmosLayers.swift /Users/admin/builder/spi-builder-workspace/Cosmos/CosmosLocalizedRating.swift /Users/admin/builder/spi-builder-workspace/Cosmos/CosmosRating.swift /Users/admin/builder/spi-builder-workspace/Cosmos/CosmosSettings.swift /Users/admin/builder/spi-builder-workspace/Cosmos/CosmosSize.swift /Users/admin/builder/spi-builder-workspace/Cosmos/CosmosText.swift /Users/admin/builder/spi-builder-workspace/Cosmos/CosmosTouch.swift /Users/admin/builder/spi-builder-workspace/Cosmos/CosmosView.swift /Users/admin/builder/spi-builder-workspace/Cosmos/Helpers/CosmosTouchTarget.swift /Users/admin/builder/spi-builder-workspace/Cosmos/Helpers/RightToLeft.swift /Users/admin/builder/spi-builder-workspace/Cosmos/StarFillMode.swift /Users/admin/builder/spi-builder-workspace/Cosmos/StarLayer.swift -target arm64-apple-xros1.0 -disable-cross-import-overlay-search -load-resolved-plugin /Applications/Xcode-27.0.0-Release.Candidate.app/Contents/Developer/Platforms/XROS.platform/Developer/usr/lib/swift/host/plugins/libFoundationMacros.dylib\#/Applications/Xcode-27.0.0-Release.Candidate.app/Contents/Developer/Platforms/XROS.platform/Developer/usr/bin/swift-plugin-server\#FoundationMacros -load-resolved-plugin /Applications/Xcode-27.0.0-Release.Candidate.app/Contents/Developer/Platforms/XROS.platform/Developer/usr/lib/swift/host/plugins/libObservationMacros.dylib\#/Applications/Xcode-27.0.0-Release.Candidate.app/Contents/Developer/Platforms/XROS.platform/Developer/usr/bin/swift-plugin-server\#ObservationMacros -load-resolved-plugin /Applications/Xcode-27.0.0-Release.Candidate.app/Contents/Developer/Platforms/XROS.platform/Developer/usr/lib/swift/host/plugins/libPreviewsMacros.dylib\#/Applications/Xcode-27.0.0-Release.Candidate.app/Contents/Developer/Platforms/XROS.platform/Developer/usr/bin/swift-plugin-server\#PreviewsMacros -load-resolved-plugin /Applications/Xcode-27.0.0-Release.Candidate.app/Contents/Developer/Platforms/XROS.platform/Developer/usr/lib/swift/host/plugins/libSwiftMacros.dylib\#/Applications/Xcode-27.0.0-Release.Candidate.app/Contents/Developer/Platforms/XROS.platform/Developer/usr/bin/swift-plugin-server\#SwiftMacros -load-resolved-plugin /Applications/Xcode-27.0.0-Release.Candidate.app/Contents/Developer/Platforms/XROS.platform/Developer/usr/lib/swift/host/plugins/libSwiftUIMacros.dylib\#/Applications/Xcode-27.0.0-Release.Candidate.app/Contents/Developer/Platforms/XROS.platform/Developer/usr/bin/swift-plugin-server\#SwiftUIMacros -disable-implicit-swift-modules -Xcc -fno-implicit-modules -Xcc -fno-implicit-module-maps -explicit-swift-module-map-file /Users/admin/builder/spi-builder-workspace/.derivedData/Build/Intermediates.noindex/Cosmos.build/Debug-xros/Cosmos-t.build/Objects-normal/arm64/Cosmos-dependencies-1.json -Xllvm -aarch64-use-tbi -enable-objc-interop -stack-check -sdk /Applications/Xcode-27.0.0-Release.Candidate.app/Contents/Developer/Platforms/XROS.platform/Developer/SDKs/XROS27.0.sdk -I /Users/admin/builder/spi-builder-workspace/.derivedData/Build/Products/Debug-xros -Isystem /Applications/Xcode-27.0.0-Release.Candidate.app/Contents/Developer/Platforms/XROS.platform/Developer/usr/lib -F /Users/admin/builder/spi-builder-workspace/.derivedData/Build/Products/Debug-xros -F /Applications/Xcode-27.0.0-Release.Candidate.app/Contents/Developer/Platforms/XROS.platform/Developer/Library/Frameworks -F /Applications/Xcode-27.0.0-Release.Candidate.app/Contents/Developer/Platforms/XROS.platform/Developer/SDKs/XROS27.0.sdk/Developer/Library/Frameworks -module-cache-path /Users/admin/builder/spi-builder-workspace/.derivedData/Build/Intermediates.noindex/SwiftExplicitPrecompiledModules -no-color-diagnostics -Xcc -fno-color-diagnostics -enable-testing -g -debug-info-format\=dwarf -dwarf-version\=4 -profile-generate -profile-coverage-mapping -swift-version 5 -Onone -D SWIFT_PACKAGE -D DEBUG -D SWIFT_MODULE_RESOURCE_BUNDLE_AVAILABLE -D Xcode -serialize-debugging-options -enable-experimental-feature DebugDescriptionMacro -empty-abi-descriptor -validate-clang-modules-once -clang-build-session-file /Users/admin/builder/spi-builder-workspace/.derivedData/ModuleCache.noindex/Session.modulevalidation -Xcc -working-directory -Xcc /Users/admin/builder/spi-builder-workspace/.swiftpm/xcode -enable-anonymous-context-mangled-names -file-compilation-dir /Users/admin/builder/spi-builder-workspace/.swiftpm/xcode -Xcc -D_LIBCPP_HARDENING_MODE\=_LIBCPP_HARDENING_MODE_DEBUG -Xcc -ivfsstatcache -Xcc /Users/admin/builder/spi-builder-workspace/.derivedData/SDKStatCaches.noindex/xros27.0-24M361-e829b21a6f8c9b70876ba0858053c044735bd543db762f57723cac368afd1ce4.sdkstatcache -Xcc -fmodules-prune-interval\=86400 -Xcc -fmodules-prune-after\=345600 -Xcc -I/Users/admin/builder/spi-builder-workspace/.derivedData/Build/Products/Debug-xros/include -Xcc -I/Users/admin/builder/spi-builder-workspace/.derivedData/Build/Intermediates.noindex/Cosmos.build/Debug-xros/Cosmos-t.build/DerivedSources-normal/arm64 -Xcc -I/Users/admin/builder/spi-builder-workspace/.derivedData/Build/Intermediates.noindex/Cosmos.build/Debug-xros/Cosmos-t.build/DerivedSources/arm64 -Xcc -I/Users/admin/builder/spi-builder-workspace/.derivedData/Build/Intermediates.noindex/Cosmos.build/Debug-xros/Cosmos-t.build/DerivedSources -Xcc -DSWIFT_PACKAGE -Xcc -DDEBUG\=1 -no-auto-bridging-header-chaining -module-name Cosmos -const-gather-protocols-file /Users/admin/builder/spi-builder-workspace/.derivedData/Build/Intermediates.noindex/Cosmos.build/Debug-xros/Cosmos-t.build/Objects-normal/arm64/Cosmos_const_extract_protocols.json -disable-clang-spi -clang-target arm64-apple-xros27.0 -target-sdk-version 27.0 -target-sdk-name xros27.0 -in-process-plugin-server-path /Applications/Xcode-27.0.0-Release.Candidate.app/Contents/Developer/Toolchains/XcodeDefault.xctoolchain/usr/lib/swift/host/libSwiftInProcPluginServer.dylib -emit-module-doc-path /Users/admin/builder/spi-builder-workspace/.derivedData/Build/Intermediates.noindex/Cosmos.build/Debug-xros/Cosmos-t.build/Objects-normal/arm64/Cosmos.swiftdoc -emit-module-source-info-path /Users/admin/builder/spi-builder-workspace/.derivedData/Build/Intermediates.noindex/Cosmos.build/Debug-xros/Cosmos-t.build/Objects-normal/arm64/Cosmos.swiftsourceinfo -emit-objc-header-path /Users/admin/builder/spi-builder-workspace/.derivedData/Build/Intermediates.noindex/Cosmos.build/Debug-xros/Cosmos-t.build/Objects-normal/arm64/Cosmos-Swift.h -serialize-diagnostics-path /Users/admin/builder/spi-builder-workspace/.derivedData/Build/Intermediates.noindex/Cosmos.build/Debug-xros/Cosmos-t.build/Objects-normal/arm64/Cosmos-primary-emit-module.dia -emit-dependencies-path /Users/admin/builder/spi-builder-workspace/.derivedData/Build/Intermediates.noindex/Cosmos.build/Debug-xros/Cosmos-t.build/Objects-normal/arm64/Cosmos-primary-emit-module.d -parse-as-library -o /Users/admin/builder/spi-builder-workspace/.derivedData/Build/Intermediates.noindex/Cosmos.build/Debug-xros/Cosmos-t.build/Objects-normal/arm64/Cosmos.swiftmodule -emit-abi-descriptor-path /Users/admin/builder/spi-builder-workspace/.derivedData/Build/Intermediates.noindex/Cosmos.build/Debug-xros/Cosmos-t.build/Objects-normal/arm64/Cosmos.abi.json
SwiftCompile normal arm64 Compiling\ StarFillMode.swift /Users/admin/builder/spi-builder-workspace/Cosmos/StarFillMode.swift (in target 'Cosmos' from project 'Cosmos')
SwiftCompile normal arm64 /Users/admin/builder/spi-builder-workspace/Cosmos/StarFillMode.swift (in target 'Cosmos' from project 'Cosmos')
cd /Users/admin/builder/spi-builder-workspace/.swiftpm/xcode
builtin-SwiftPerFileCompile StarFillMode.swift
SwiftCompile normal arm64 Compiling\ CosmosTouch.swift,\ CosmosView.swift /Users/admin/builder/spi-builder-workspace/Cosmos/CosmosTouch.swift /Users/admin/builder/spi-builder-workspace/Cosmos/CosmosView.swift (in target 'Cosmos' from project 'Cosmos')
/Users/admin/builder/spi-builder-workspace/Cosmos/CosmosView.swift:51:11: warning: 'awakeFromNib()' was deprecated in visionOS 1.0: Loading Interface Builder products will not be supported in a future version of visionOS. [#DeprecatedDeclaration]
49 | /// Draws the stars when the view comes out of storyboard with default settings
50 | open override func awakeFromNib() {
51 | super.awakeFromNib()
| `- warning: 'awakeFromNib()' was deprecated in visionOS 1.0: Loading Interface Builder products will not be supported in a future version of visionOS. [#DeprecatedDeclaration]
52 |
53 | update()
SwiftCompile normal arm64 /Users/admin/builder/spi-builder-workspace/Cosmos/CosmosTouch.swift (in target 'Cosmos' from project 'Cosmos')
cd /Users/admin/builder/spi-builder-workspace/.swiftpm/xcode
builtin-SwiftPerFileCompile CosmosTouch.swift
SwiftCompile normal arm64 /Users/admin/builder/spi-builder-workspace/Cosmos/CosmosView.swift (in target 'Cosmos' from project 'Cosmos')
cd /Users/admin/builder/spi-builder-workspace/.swiftpm/xcode
builtin-SwiftPerFileCompile CosmosView.swift
SwiftCompile normal arm64 Compiling\ CosmosSize.swift,\ CosmosText.swift /Users/admin/builder/spi-builder-workspace/Cosmos/CosmosSize.swift /Users/admin/builder/spi-builder-workspace/Cosmos/CosmosText.swift (in target 'Cosmos' from project 'Cosmos')
SwiftCompile normal arm64 /Users/admin/builder/spi-builder-workspace/Cosmos/CosmosSize.swift (in target 'Cosmos' from project 'Cosmos')
cd /Users/admin/builder/spi-builder-workspace/.swiftpm/xcode
builtin-SwiftPerFileCompile CosmosSize.swift
SwiftCompile normal arm64 /Users/admin/builder/spi-builder-workspace/Cosmos/CosmosText.swift (in target 'Cosmos' from project 'Cosmos')
cd /Users/admin/builder/spi-builder-workspace/.swiftpm/xcode
builtin-SwiftPerFileCompile CosmosText.swift
SwiftCompile normal arm64 Compiling\ CosmosRating.swift,\ CosmosSettings.swift /Users/admin/builder/spi-builder-workspace/Cosmos/CosmosRating.swift /Users/admin/builder/spi-builder-workspace/Cosmos/CosmosSettings.swift (in target 'Cosmos' from project 'Cosmos')
SwiftCompile normal arm64 /Users/admin/builder/spi-builder-workspace/Cosmos/CosmosRating.swift (in target 'Cosmos' from project 'Cosmos')
cd /Users/admin/builder/spi-builder-workspace/.swiftpm/xcode
builtin-SwiftPerFileCompile CosmosRating.swift
SwiftCompile normal arm64 /Users/admin/builder/spi-builder-workspace/Cosmos/CosmosSettings.swift (in target 'Cosmos' from project 'Cosmos')
cd /Users/admin/builder/spi-builder-workspace/.swiftpm/xcode
builtin-SwiftPerFileCompile CosmosSettings.swift
SwiftCompile normal arm64 Compiling\ RightToLeft.swift /Users/admin/builder/spi-builder-workspace/Cosmos/Helpers/RightToLeft.swift (in target 'Cosmos' from project 'Cosmos')
SwiftCompile normal arm64 /Users/admin/builder/spi-builder-workspace/Cosmos/Helpers/RightToLeft.swift (in target 'Cosmos' from project 'Cosmos')
cd /Users/admin/builder/spi-builder-workspace/.swiftpm/xcode
builtin-SwiftPerFileCompile RightToLeft.swift
SwiftCompile normal arm64 Compiling\ CosmosLayers.swift,\ CosmosLocalizedRating.swift /Users/admin/builder/spi-builder-workspace/Cosmos/CosmosLayers.swift /Users/admin/builder/spi-builder-workspace/Cosmos/CosmosLocalizedRating.swift (in target 'Cosmos' from project 'Cosmos')
SwiftCompile normal arm64 /Users/admin/builder/spi-builder-workspace/Cosmos/CosmosLayers.swift (in target 'Cosmos' from project 'Cosmos')
cd /Users/admin/builder/spi-builder-workspace/.swiftpm/xcode
builtin-SwiftPerFileCompile CosmosLayers.swift
SwiftCompile normal arm64 /Users/admin/builder/spi-builder-workspace/Cosmos/CosmosLocalizedRating.swift (in target 'Cosmos' from project 'Cosmos')
cd /Users/admin/builder/spi-builder-workspace/.swiftpm/xcode
builtin-SwiftPerFileCompile CosmosLocalizedRating.swift
SwiftCompile normal arm64 Compiling\ resource_bundle_accessor.swift,\ CosmosAccessibility.swift /Users/admin/builder/spi-builder-workspace/.derivedData/Build/Intermediates.noindex/Cosmos.build/Debug-xros/Cosmos-t.build/DerivedSources/resource_bundle_accessor.swift /Users/admin/builder/spi-builder-workspace/Cosmos/CosmosAccessibility.swift (in target 'Cosmos' from project 'Cosmos')
SwiftCompile normal arm64 /Users/admin/builder/spi-builder-workspace/.derivedData/Build/Intermediates.noindex/Cosmos.build/Debug-xros/Cosmos-t.build/DerivedSources/resource_bundle_accessor.swift (in target 'Cosmos' from project 'Cosmos')
cd /Users/admin/builder/spi-builder-workspace/.swiftpm/xcode
builtin-SwiftPerFileCompile resource_bundle_accessor.swift
SwiftCompile normal arm64 /Users/admin/builder/spi-builder-workspace/Cosmos/CosmosAccessibility.swift (in target 'Cosmos' from project 'Cosmos')
cd /Users/admin/builder/spi-builder-workspace/.swiftpm/xcode
builtin-SwiftPerFileCompile CosmosAccessibility.swift
SwiftCompile normal arm64 Compiling\ CosmosDefaultSettings.swift,\ CosmosLayerHelper.swift /Users/admin/builder/spi-builder-workspace/Cosmos/CosmosDefaultSettings.swift /Users/admin/builder/spi-builder-workspace/Cosmos/CosmosLayerHelper.swift (in target 'Cosmos' from project 'Cosmos')
/Users/admin/builder/spi-builder-workspace/Cosmos/CosmosDefaultSettings.swift:21:52: error: 'UIScreen' is unavailable in visionOS
19 |
20 | /// Width of the border for the empty star.
21 | static let emptyBorderWidth: Double = 1 / Double(UIScreen.main.scale)
| `- error: 'UIScreen' is unavailable in visionOS
22 |
23 | /// Border color of a filled star.
/Applications/Xcode-27.0.0-Release.Candidate.app/Contents/Developer/Platforms/XROS.platform/Developer/SDKs/XROS27.0.sdk/System/Library/Frameworks/UIKit.framework/Headers/UIScreen.h:54:12: note: 'UIScreen' has been explicitly marked unavailable here
52 |
53 | UIKIT_EXTERN API_AVAILABLE(ios(2.0)) API_UNAVAILABLE(visionos, watchos) NS_SWIFT_UI_ACTOR
54 | @interface UIScreen : NSObject <UITraitEnvironment>
| `- note: 'UIScreen' has been explicitly marked unavailable here
55 |
56 | @property(class, nonatomic, readonly) NSArray<UIScreen *> *screens API_DEPRECATED("Use UIApplication.shared.openSessions to find open sessions with scenes from other screens", ios(3.2, 16.0), visionos(1.0, 1.0)) API_UNAVAILABLE(watchos); // all screens currently attached to the device
/Users/admin/builder/spi-builder-workspace/Cosmos/CosmosDefaultSettings.swift:27:53: error: 'UIScreen' is unavailable in visionOS
25 |
26 | /// Width of the border for a filled star.
27 | static let filledBorderWidth: Double = 1 / Double(UIScreen.main.scale)
| `- error: 'UIScreen' is unavailable in visionOS
28 |
29 | /// Background color of an empty star.
/Applications/Xcode-27.0.0-Release.Candidate.app/Contents/Developer/Platforms/XROS.platform/Developer/SDKs/XROS27.0.sdk/System/Library/Frameworks/UIKit.framework/Headers/UIScreen.h:54:12: note: 'UIScreen' has been explicitly marked unavailable here
52 |
53 | UIKIT_EXTERN API_AVAILABLE(ios(2.0)) API_UNAVAILABLE(visionos, watchos) NS_SWIFT_UI_ACTOR
54 | @interface UIScreen : NSObject <UITraitEnvironment>
| `- note: 'UIScreen' has been explicitly marked unavailable here
55 |
56 | @property(class, nonatomic, readonly) NSArray<UIScreen *> *screens API_DEPRECATED("Use UIApplication.shared.openSessions to find open sessions with scenes from other screens", ios(3.2, 16.0), visionos(1.0, 1.0)) API_UNAVAILABLE(watchos); // all screens currently attached to the device
SwiftCompile normal arm64 /Users/admin/builder/spi-builder-workspace/Cosmos/CosmosDefaultSettings.swift (in target 'Cosmos' from project 'Cosmos')
cd /Users/admin/builder/spi-builder-workspace/.swiftpm/xcode
builtin-SwiftPerFileCompile CosmosDefaultSettings.swift
SwiftCompile normal arm64 /Users/admin/builder/spi-builder-workspace/Cosmos/CosmosLayerHelper.swift (in target 'Cosmos' from project 'Cosmos')
cd /Users/admin/builder/spi-builder-workspace/.swiftpm/xcode
builtin-SwiftPerFileCompile CosmosLayerHelper.swift
SwiftCompile normal arm64 Compiling\ StarLayer.swift /Users/admin/builder/spi-builder-workspace/Cosmos/StarLayer.swift (in target 'Cosmos' from project 'Cosmos')
/Users/admin/builder/spi-builder-workspace/Cosmos/StarLayer.swift:80:27: error: 'UIScreen' is unavailable in visionOS
78 | let layer = CAShapeLayer()
79 | layer.anchorPoint = CGPoint()
80 | layer.contentsScale = UIScreen.main.scale
| `- error: 'UIScreen' is unavailable in visionOS
81 | layer.strokeColor = strokeColor.cgColor
82 | layer.fillColor = fillColor.cgColor
/Applications/Xcode-27.0.0-Release.Candidate.app/Contents/Developer/Platforms/XROS.platform/Developer/SDKs/XROS27.0.sdk/System/Library/Frameworks/UIKit.framework/Headers/UIScreen.h:54:12: note: 'UIScreen' has been explicitly marked unavailable here
52 |
53 | UIKIT_EXTERN API_AVAILABLE(ios(2.0)) API_UNAVAILABLE(visionos, watchos) NS_SWIFT_UI_ACTOR
54 | @interface UIScreen : NSObject <UITraitEnvironment>
| `- note: 'UIScreen' has been explicitly marked unavailable here
55 |
56 | @property(class, nonatomic, readonly) NSArray<UIScreen *> *screens API_DEPRECATED("Use UIApplication.shared.openSessions to find open sessions with scenes from other screens", ios(3.2, 16.0), visionos(1.0, 1.0)) API_UNAVAILABLE(watchos); // all screens currently attached to the device
SwiftCompile normal arm64 /Users/admin/builder/spi-builder-workspace/Cosmos/StarLayer.swift (in target 'Cosmos' from project 'Cosmos')
cd /Users/admin/builder/spi-builder-workspace/.swiftpm/xcode
builtin-SwiftPerFileCompile StarLayer.swift
SwiftCompile normal arm64 Compiling\ CosmosTouchTarget.swift /Users/admin/builder/spi-builder-workspace/Cosmos/Helpers/CosmosTouchTarget.swift (in target 'Cosmos' from project 'Cosmos')
SwiftCompile normal arm64 /Users/admin/builder/spi-builder-workspace/Cosmos/Helpers/CosmosTouchTarget.swift (in target 'Cosmos' from project 'Cosmos')
cd /Users/admin/builder/spi-builder-workspace/.swiftpm/xcode
builtin-SwiftPerFileCompile CosmosTouchTarget.swift
PruneExplicitPrecompiledModules /Users/admin/builder/spi-builder-workspace/.derivedData/Build/Intermediates.noindex/ExplicitPrecompiledModules
PruneExplicitPrecompiledModules /Users/admin/builder/spi-builder-workspace/.derivedData/Build/Intermediates.noindex/SwiftExplicitPrecompiledModules
PruneExplicitPrecompiledModules /Users/admin/builder/spi-builder-workspace/.derivedData/SDKExplicitPrecompiledModules
2026-09-22 11:19:50.356 xcodebuild[680:4424] [MT] IDERunDestination: Supported platforms for the buildables in the current scheme is empty.
** BUILD FAILED **
The following build commands failed:
SwiftCompile normal arm64 (in target 'Cosmos' from project 'Cosmos')
SwiftEmitModule normal arm64 Emitting\ module\ for\ Cosmos (in target 'Cosmos' from project 'Cosmos')
Building workspace Cosmos with scheme Cosmos
(3 failures)
Command line invocation:
/Applications/Xcode-27.0.0-Release.Candidate.app/Contents/Developer/usr/bin/xcodebuild -IDEClonedSourcePackagesDirPathOverride=/Users/admin/builder/spi-builder-workspace/.dependencies -resolvePackageDependencies
Resolve Package Graph
Resolved source packages:
Cosmos: /Users/admin/builder/spi-builder-workspace
resolved source packages: Cosmos
2026-09-22 11:19:57.314 xcodebuild[773:4804] [MT] IDERunDestination: Supported platforms for the buildables in the current scheme is empty.
{
"dependencies" : [
],
"manifest_display_name" : "Cosmos",
"name" : "Cosmos",
"path" : "/Users/admin/builder/spi-builder-workspace",
"platforms" : [
],
"products" : [
{
"name" : "Cosmos",
"targets" : [
"Cosmos"
],
"type" : {
"library" : [
"automatic"
]
}
}
],
"targets" : [
{
"c99name" : "CosmosTests",
"module_type" : "SwiftTarget",
"name" : "CosmosTests",
"path" : "CosmosTests",
"sources" : [
"CosmosAccessibilityCallbacksTests.swift",
"CosmosAccessibilityTests.swift",
"CosmosLayersTests.swift",
"CosmosLocalizedRatingTests.swift",
"CosmosRatingTests.swift",
"CosmosSettingsTests.swift",
"CosmosTouchTests.swift",
"CosmosViewTests.swift",
"Helpers/CosmosTest.swift",
"Helpers/CosmosTouchTargetTests.swift",
"TestHelpers/Round.swift"
],
"target_dependencies" : [
"Cosmos"
],
"type" : "test"
},
{
"c99name" : "Cosmos",
"module_type" : "SwiftTarget",
"name" : "Cosmos",
"path" : "Cosmos",
"product_memberships" : [
"Cosmos"
],
"resources" : [
{
"path" : "/Users/admin/builder/spi-builder-workspace/Cosmos/Resources/PrivacyInfo.xcprivacy",
"rule" : {
"copy" : {
}
}
}
],
"sources" : [
"CosmosAccessibility.swift",
"CosmosDefaultSettings.swift",
"CosmosLayerHelper.swift",
"CosmosLayers.swift",
"CosmosLocalizedRating.swift",
"CosmosRating.swift",
"CosmosSettings.swift",
"CosmosSize.swift",
"CosmosText.swift",
"CosmosTouch.swift",
"CosmosView.swift",
"Helpers/CosmosTouchTarget.swift",
"Helpers/RightToLeft.swift",
"StarFillMode.swift",
"StarLayer.swift"
],
"type" : "library"
}
],
"tools_version" : "5.3"
}
{
"workspace" : {
"name" : "Cosmos",
"schemes" : [
"Cosmos"
]
}
}
2026-09-22 11:19:58.516 xcodebuild[781:4869] [MT] IDERunDestination: Supported platforms for the buildables in the current scheme is empty.
Running build ...
env DEVELOPER_DIR=/Applications/Xcode-27.0.0-Release.Candidate.app xcrun xcodebuild -IDEClonedSourcePackagesDirPathOverride=$PWD/.dependencies -skipMacroValidation -skipPackagePluginValidation -derivedDataPath $PWD/.derivedData build -scheme Cosmos -destination generic/platform=xrOS
Command line invocation:
/Applications/Xcode-27.0.0-Release.Candidate.app/Contents/Developer/usr/bin/xcodebuild -IDEClonedSourcePackagesDirPathOverride=/Users/admin/builder/spi-builder-workspace/.dependencies -skipMacroValidation -skipPackagePluginValidation -derivedDataPath /Users/admin/builder/spi-builder-workspace/.derivedData build -scheme Cosmos -destination generic/platform=xrOS
Resolve Package Graph
Resolved source packages:
Cosmos: /Users/admin/builder/spi-builder-workspace
ComputePackagePrebuildTargetDependencyGraph
Prepare packages
CreateBuildRequest
SendProjectDescription
CreateBuildOperation
ComputeTargetDependencyGraph
note: Building targets in dependency order
note: Target dependency graph (3 targets)
Target 'Cosmos-product' in project 'Cosmos'
➜ Explicit dependency on target 'Cosmos' in project 'Cosmos'
➜ Explicit dependency on target 'Cosmos_Cosmos' in project 'Cosmos'
Target 'Cosmos' in project 'Cosmos'
➜ Explicit dependency on target 'Cosmos_Cosmos' in project 'Cosmos'
Target 'Cosmos_Cosmos' in project 'Cosmos' (no dependencies)
GatherProvisioningInputs
CreateBuildDescription
ClangStatCache /Applications/Xcode-27.0.0-Release.Candidate.app/Contents/Developer/Toolchains/XcodeDefault.xctoolchain/usr/bin/clang-stat-cache /Applications/Xcode-27.0.0-Release.Candidate.app/Contents/Developer/Platforms/XROS.platform/Developer/SDKs/XROS27.0.sdk /Users/admin/builder/spi-builder-workspace/.derivedData/SDKStatCaches.noindex/xros27.0-24M361-e829b21a6f8c9b70876ba0858053c044735bd543db762f57723cac368afd1ce4.sdkstatcache
cd /Users/admin/builder/spi-builder-workspace/.swiftpm/xcode
/Applications/Xcode-27.0.0-Release.Candidate.app/Contents/Developer/Toolchains/XcodeDefault.xctoolchain/usr/bin/clang-stat-cache /Applications/Xcode-27.0.0-Release.Candidate.app/Contents/Developer/Platforms/XROS.platform/Developer/SDKs/XROS27.0.sdk -o /Users/admin/builder/spi-builder-workspace/.derivedData/SDKStatCaches.noindex/xros27.0-24M361-e829b21a6f8c9b70876ba0858053c044735bd543db762f57723cac368afd1ce4.sdkstatcache
SwiftDriver Cosmos normal arm64 com.apple.xcode.tools.swift.compiler (in target 'Cosmos' from project 'Cosmos')
cd /Users/admin/builder/spi-builder-workspace/.swiftpm/xcode
builtin-SwiftDriver -- /Applications/Xcode-27.0.0-Release.Candidate.app/Contents/Developer/Toolchains/XcodeDefault.xctoolchain/usr/bin/swiftc -parse-as-library -module-name Cosmos -Onone @/Users/admin/builder/spi-builder-workspace/.derivedData/Build/Intermediates.noindex/Cosmos.build/Debug-xros/Cosmos-t.build/Objects-normal/arm64/Cosmos.SwiftFileList -DSWIFT_PACKAGE -DDEBUG -DSWIFT_MODULE_RESOURCE_BUNDLE_AVAILABLE -DXcode -plugin-path /Applications/Xcode-27.0.0-Release.Candidate.app/Contents/Developer/Toolchains/XcodeDefault.xctoolchain/usr/lib/swift/host/plugins/testing -enable-experimental-feature DebugDescriptionMacro -sdk /Applications/Xcode-27.0.0-Release.Candidate.app/Contents/Developer/Platforms/XROS.platform/Developer/SDKs/XROS27.0.sdk -target arm64-apple-xros1.0 -g -module-cache-path /Users/admin/builder/spi-builder-workspace/.derivedData/ModuleCache.noindex -Xfrontend -serialize-debugging-options -profile-coverage-mapping -profile-generate -enable-testing -index-store-path /Users/admin/builder/spi-builder-workspace/.derivedData/Index.noindex/DataStore -Xcc -D_LIBCPP_HARDENING_MODE\=_LIBCPP_HARDENING_MODE_DEBUG -swift-version 5 -I /Users/admin/builder/spi-builder-workspace/.derivedData/Build/Products/Debug-xros -Isystem /Applications/Xcode-27.0.0-Release.Candidate.app/Contents/Developer/Platforms/XROS.platform/Developer/usr/lib -F /Users/admin/builder/spi-builder-workspace/.derivedData/Build/Products/Debug-xros -F /Applications/Xcode-27.0.0-Release.Candidate.app/Contents/Developer/Platforms/XROS.platform/Developer/Library/Frameworks -F /Applications/Xcode-27.0.0-Release.Candidate.app/Contents/Developer/Platforms/XROS.platform/Developer/SDKs/XROS27.0.sdk/Developer/Library/Frameworks -c -j10 -enable-batch-mode -incremental -Xcc -ivfsstatcache -Xcc /Users/admin/builder/spi-builder-workspace/.derivedData/SDKStatCaches.noindex/xros27.0-24M361-e829b21a6f8c9b70876ba0858053c044735bd543db762f57723cac368afd1ce4.sdkstatcache -output-file-map /Users/admin/builder/spi-builder-workspace/.derivedData/Build/Intermediates.noindex/Cosmos.build/Debug-xros/Cosmos-t.build/Objects-normal/arm64/Cosmos-OutputFileMap.json -save-temps -no-color-diagnostics -explicit-module-build -module-cache-path /Users/admin/builder/spi-builder-workspace/.derivedData/Build/Intermediates.noindex/SwiftExplicitPrecompiledModules -clang-scanner-module-cache-path /Users/admin/builder/spi-builder-workspace/.derivedData/ModuleCache.noindex -sdk-module-cache-path /Users/admin/builder/spi-builder-workspace/.derivedData/SDKExplicitPrecompiledModules -emit-dependencies -emit-module -emit-module-path /Users/admin/builder/spi-builder-workspace/.derivedData/Build/Intermediates.noindex/Cosmos.build/Debug-xros/Cosmos-t.build/Objects-normal/arm64/Cosmos.swiftmodule -serialize-diagnostics -dependency-scan-serialize-diagnostics-path /Users/admin/builder/spi-builder-workspace/.derivedData/Build/Intermediates.noindex/Cosmos.build/Debug-xros/Cosmos-t.build/Objects-normal/arm64/Cosmos-dependency-scan.dia -validate-clang-modules-once -clang-build-session-file /Users/admin/builder/spi-builder-workspace/.derivedData/ModuleCache.noindex/Session.modulevalidation -Xcc -fmodules-prune-interval\=86400 -Xcc -fmodules-prune-after\=345600 -emit-const-values -const-gather-protocols-list /Users/admin/builder/spi-builder-workspace/.derivedData/Build/Intermediates.noindex/Cosmos.build/Debug-xros/Cosmos-t.build/Objects-normal/arm64/Cosmos_const_extract_protocols.json -Xcc -I/Users/admin/builder/spi-builder-workspace/.derivedData/Build/Products/Debug-xros/include -Xcc -I/Users/admin/builder/spi-builder-workspace/.derivedData/Build/Intermediates.noindex/Cosmos.build/Debug-xros/Cosmos-t.build/DerivedSources-normal/arm64 -Xcc -I/Users/admin/builder/spi-builder-workspace/.derivedData/Build/Intermediates.noindex/Cosmos.build/Debug-xros/Cosmos-t.build/DerivedSources/arm64 -Xcc -I/Users/admin/builder/spi-builder-workspace/.derivedData/Build/Intermediates.noindex/Cosmos.build/Debug-xros/Cosmos-t.build/DerivedSources -Xcc -DSWIFT_PACKAGE -Xcc -DDEBUG\=1 -emit-objc-header -emit-objc-header-path /Users/admin/builder/spi-builder-workspace/.derivedData/Build/Intermediates.noindex/Cosmos.build/Debug-xros/Cosmos-t.build/Objects-normal/arm64/Cosmos-Swift.h -working-directory /Users/admin/builder/spi-builder-workspace/.swiftpm/xcode -experimental-emit-module-separately -disable-cmo
SwiftCompile normal arm64 Compiling\ CosmosLayers.swift,\ CosmosLocalizedRating.swift /Users/admin/builder/spi-builder-workspace/Cosmos/CosmosLayers.swift /Users/admin/builder/spi-builder-workspace/Cosmos/CosmosLocalizedRating.swift (in target 'Cosmos' from project 'Cosmos')
SwiftCompile normal arm64 /Users/admin/builder/spi-builder-workspace/Cosmos/CosmosLayers.swift (in target 'Cosmos' from project 'Cosmos')
cd /Users/admin/builder/spi-builder-workspace/.swiftpm/xcode
builtin-SwiftPerFileCompile CosmosLayers.swift
SwiftCompile normal arm64 /Users/admin/builder/spi-builder-workspace/Cosmos/CosmosLocalizedRating.swift (in target 'Cosmos' from project 'Cosmos')
cd /Users/admin/builder/spi-builder-workspace/.swiftpm/xcode
builtin-SwiftPerFileCompile CosmosLocalizedRating.swift
SwiftCompile normal arm64 Compiling\ RightToLeft.swift /Users/admin/builder/spi-builder-workspace/Cosmos/Helpers/RightToLeft.swift (in target 'Cosmos' from project 'Cosmos')
SwiftCompile normal arm64 /Users/admin/builder/spi-builder-workspace/Cosmos/Helpers/RightToLeft.swift (in target 'Cosmos' from project 'Cosmos')
cd /Users/admin/builder/spi-builder-workspace/.swiftpm/xcode
builtin-SwiftPerFileCompile RightToLeft.swift
SwiftCompile normal arm64 Compiling\ CosmosTouch.swift,\ CosmosView.swift /Users/admin/builder/spi-builder-workspace/Cosmos/CosmosTouch.swift /Users/admin/builder/spi-builder-workspace/Cosmos/CosmosView.swift (in target 'Cosmos' from project 'Cosmos')
SwiftCompile normal arm64 /Users/admin/builder/spi-builder-workspace/Cosmos/CosmosTouch.swift (in target 'Cosmos' from project 'Cosmos')
cd /Users/admin/builder/spi-builder-workspace/.swiftpm/xcode
builtin-SwiftPerFileCompile CosmosTouch.swift
SwiftCompile normal arm64 /Users/admin/builder/spi-builder-workspace/Cosmos/CosmosView.swift (in target 'Cosmos' from project 'Cosmos')
cd /Users/admin/builder/spi-builder-workspace/.swiftpm/xcode
builtin-SwiftPerFileCompile CosmosView.swift
/Users/admin/builder/spi-builder-workspace/Cosmos/CosmosView.swift:51:11: warning: 'awakeFromNib()' was deprecated in visionOS 1.0: Loading Interface Builder products will not be supported in a future version of visionOS. [#DeprecatedDeclaration]
49 | /// Draws the stars when the view comes out of storyboard with default settings
50 | open override func awakeFromNib() {
51 | super.awakeFromNib()
| `- warning: 'awakeFromNib()' was deprecated in visionOS 1.0: Loading Interface Builder products will not be supported in a future version of visionOS. [#DeprecatedDeclaration]
52 |
53 | update()
SwiftCompile normal arm64 Compiling\ CosmosSize.swift,\ CosmosText.swift /Users/admin/builder/spi-builder-workspace/Cosmos/CosmosSize.swift /Users/admin/builder/spi-builder-workspace/Cosmos/CosmosText.swift (in target 'Cosmos' from project 'Cosmos')
SwiftCompile normal arm64 /Users/admin/builder/spi-builder-workspace/Cosmos/CosmosSize.swift (in target 'Cosmos' from project 'Cosmos')
cd /Users/admin/builder/spi-builder-workspace/.swiftpm/xcode
builtin-SwiftPerFileCompile CosmosSize.swift
SwiftCompile normal arm64 /Users/admin/builder/spi-builder-workspace/Cosmos/CosmosText.swift (in target 'Cosmos' from project 'Cosmos')
cd /Users/admin/builder/spi-builder-workspace/.swiftpm/xcode
builtin-SwiftPerFileCompile CosmosText.swift
SwiftCompile normal arm64 Compiling\ CosmosDefaultSettings.swift,\ CosmosLayerHelper.swift /Users/admin/builder/spi-builder-workspace/Cosmos/CosmosDefaultSettings.swift /Users/admin/builder/spi-builder-workspace/Cosmos/CosmosLayerHelper.swift (in target 'Cosmos' from project 'Cosmos')
/Users/admin/builder/spi-builder-workspace/Cosmos/CosmosDefaultSettings.swift:21:52: error: 'UIScreen' is unavailable in visionOS
19 |
20 | /// Width of the border for the empty star.
21 | static let emptyBorderWidth: Double = 1 / Double(UIScreen.main.scale)
| `- error: 'UIScreen' is unavailable in visionOS
22 |
23 | /// Border color of a filled star.
/Applications/Xcode-27.0.0-Release.Candidate.app/Contents/Developer/Platforms/XROS.platform/Developer/SDKs/XROS27.0.sdk/System/Library/Frameworks/UIKit.framework/Headers/UIScreen.h:54:12: note: 'UIScreen' has been explicitly marked unavailable here
52 |
53 | UIKIT_EXTERN API_AVAILABLE(ios(2.0)) API_UNAVAILABLE(visionos, watchos) NS_SWIFT_UI_ACTOR
54 | @interface UIScreen : NSObject <UITraitEnvironment>
| `- note: 'UIScreen' has been explicitly marked unavailable here
55 |
56 | @property(class, nonatomic, readonly) NSArray<UIScreen *> *screens API_DEPRECATED("Use UIApplication.shared.openSessions to find open sessions with scenes from other screens", ios(3.2, 16.0), visionos(1.0, 1.0)) API_UNAVAILABLE(watchos); // all screens currently attached to the device
/Users/admin/builder/spi-builder-workspace/Cosmos/CosmosDefaultSettings.swift:27:53: error: 'UIScreen' is unavailable in visionOS
25 |
26 | /// Width of the border for a filled star.
27 | static let filledBorderWidth: Double = 1 / Double(UIScreen.main.scale)
| `- error: 'UIScreen' is unavailable in visionOS
28 |
29 | /// Background color of an empty star.
/Applications/Xcode-27.0.0-Release.Candidate.app/Contents/Developer/Platforms/XROS.platform/Developer/SDKs/XROS27.0.sdk/System/Library/Frameworks/UIKit.framework/Headers/UIScreen.h:54:12: note: 'UIScreen' has been explicitly marked unavailable here
52 |
53 | UIKIT_EXTERN API_AVAILABLE(ios(2.0)) API_UNAVAILABLE(visionos, watchos) NS_SWIFT_UI_ACTOR
54 | @interface UIScreen : NSObject <UITraitEnvironment>
| `- note: 'UIScreen' has been explicitly marked unavailable here
55 |
56 | @property(class, nonatomic, readonly) NSArray<UIScreen *> *screens API_DEPRECATED("Use UIApplication.shared.openSessions to find open sessions with scenes from other screens", ios(3.2, 16.0), visionos(1.0, 1.0)) API_UNAVAILABLE(watchos); // all screens currently attached to the device
SwiftCompile normal arm64 /Users/admin/builder/spi-builder-workspace/Cosmos/CosmosDefaultSettings.swift (in target 'Cosmos' from project 'Cosmos')
cd /Users/admin/builder/spi-builder-workspace/.swiftpm/xcode
builtin-SwiftPerFileCompile CosmosDefaultSettings.swift
SwiftCompile normal arm64 /Users/admin/builder/spi-builder-workspace/Cosmos/CosmosLayerHelper.swift (in target 'Cosmos' from project 'Cosmos')
cd /Users/admin/builder/spi-builder-workspace/.swiftpm/xcode
builtin-SwiftPerFileCompile CosmosLayerHelper.swift
SwiftCompile normal arm64 Compiling\ CosmosTouchTarget.swift /Users/admin/builder/spi-builder-workspace/Cosmos/Helpers/CosmosTouchTarget.swift (in target 'Cosmos' from project 'Cosmos')
SwiftCompile normal arm64 /Users/admin/builder/spi-builder-workspace/Cosmos/Helpers/CosmosTouchTarget.swift (in target 'Cosmos' from project 'Cosmos')
cd /Users/admin/builder/spi-builder-workspace/.swiftpm/xcode
builtin-SwiftPerFileCompile CosmosTouchTarget.swift
SwiftCompile normal arm64 Compiling\ StarFillMode.swift /Users/admin/builder/spi-builder-workspace/Cosmos/StarFillMode.swift (in target 'Cosmos' from project 'Cosmos')
SwiftCompile normal arm64 /Users/admin/builder/spi-builder-workspace/Cosmos/StarFillMode.swift (in target 'Cosmos' from project 'Cosmos')
cd /Users/admin/builder/spi-builder-workspace/.swiftpm/xcode
builtin-SwiftPerFileCompile StarFillMode.swift
SwiftCompile normal arm64 Compiling\ CosmosRating.swift,\ CosmosSettings.swift /Users/admin/builder/spi-builder-workspace/Cosmos/CosmosRating.swift /Users/admin/builder/spi-builder-workspace/Cosmos/CosmosSettings.swift (in target 'Cosmos' from project 'Cosmos')
SwiftCompile normal arm64 /Users/admin/builder/spi-builder-workspace/Cosmos/CosmosRating.swift (in target 'Cosmos' from project 'Cosmos')
cd /Users/admin/builder/spi-builder-workspace/.swiftpm/xcode
builtin-SwiftPerFileCompile CosmosRating.swift
SwiftCompile normal arm64 /Users/admin/builder/spi-builder-workspace/Cosmos/CosmosSettings.swift (in target 'Cosmos' from project 'Cosmos')
cd /Users/admin/builder/spi-builder-workspace/.swiftpm/xcode
builtin-SwiftPerFileCompile CosmosSettings.swift
SwiftCompile normal arm64 Compiling\ resource_bundle_accessor.swift,\ CosmosAccessibility.swift /Users/admin/builder/spi-builder-workspace/.derivedData/Build/Intermediates.noindex/Cosmos.build/Debug-xros/Cosmos-t.build/DerivedSources/resource_bundle_accessor.swift /Users/admin/builder/spi-builder-workspace/Cosmos/CosmosAccessibility.swift (in target 'Cosmos' from project 'Cosmos')
SwiftCompile normal arm64 /Users/admin/builder/spi-builder-workspace/.derivedData/Build/Intermediates.noindex/Cosmos.build/Debug-xros/Cosmos-t.build/DerivedSources/resource_bundle_accessor.swift (in target 'Cosmos' from project 'Cosmos')
cd /Users/admin/builder/spi-builder-workspace/.swiftpm/xcode
builtin-SwiftPerFileCompile resource_bundle_accessor.swift
SwiftCompile normal arm64 /Users/admin/builder/spi-builder-workspace/Cosmos/CosmosAccessibility.swift (in target 'Cosmos' from project 'Cosmos')
cd /Users/admin/builder/spi-builder-workspace/.swiftpm/xcode
builtin-SwiftPerFileCompile CosmosAccessibility.swift
SwiftEmitModule normal arm64 Emitting\ module\ for\ Cosmos (in target 'Cosmos' from project 'Cosmos')
/Users/admin/builder/spi-builder-workspace/Cosmos/CosmosDefaultSettings.swift:21:52: error: 'UIScreen' is unavailable in visionOS
19 |
20 | /// Width of the border for the empty star.
21 | static let emptyBorderWidth: Double = 1 / Double(UIScreen.main.scale)
| `- error: 'UIScreen' is unavailable in visionOS
22 |
23 | /// Border color of a filled star.
/Applications/Xcode-27.0.0-Release.Candidate.app/Contents/Developer/Platforms/XROS.platform/Developer/SDKs/XROS27.0.sdk/System/Library/Frameworks/UIKit.framework/Headers/UIScreen.h:54:12: note: 'UIScreen' has been explicitly marked unavailable here
52 |
53 | UIKIT_EXTERN API_AVAILABLE(ios(2.0)) API_UNAVAILABLE(visionos, watchos) NS_SWIFT_UI_ACTOR
54 | @interface UIScreen : NSObject <UITraitEnvironment>
| `- note: 'UIScreen' has been explicitly marked unavailable here
55 |
56 | @property(class, nonatomic, readonly) NSArray<UIScreen *> *screens API_DEPRECATED("Use UIApplication.shared.openSessions to find open sessions with scenes from other screens", ios(3.2, 16.0), visionos(1.0, 1.0)) API_UNAVAILABLE(watchos); // all screens currently attached to the device
/Users/admin/builder/spi-builder-workspace/Cosmos/CosmosDefaultSettings.swift:27:53: error: 'UIScreen' is unavailable in visionOS
25 |
26 | /// Width of the border for a filled star.
27 | static let filledBorderWidth: Double = 1 / Double(UIScreen.main.scale)
| `- error: 'UIScreen' is unavailable in visionOS
28 |
29 | /// Background color of an empty star.
/Applications/Xcode-27.0.0-Release.Candidate.app/Contents/Developer/Platforms/XROS.platform/Developer/SDKs/XROS27.0.sdk/System/Library/Frameworks/UIKit.framework/Headers/UIScreen.h:54:12: note: 'UIScreen' has been explicitly marked unavailable here
52 |
53 | UIKIT_EXTERN API_AVAILABLE(ios(2.0)) API_UNAVAILABLE(visionos, watchos) NS_SWIFT_UI_ACTOR
54 | @interface UIScreen : NSObject <UITraitEnvironment>
| `- note: 'UIScreen' has been explicitly marked unavailable here
55 |
56 | @property(class, nonatomic, readonly) NSArray<UIScreen *> *screens API_DEPRECATED("Use UIApplication.shared.openSessions to find open sessions with scenes from other screens", ios(3.2, 16.0), visionos(1.0, 1.0)) API_UNAVAILABLE(watchos); // all screens currently attached to the device
Failed frontend command:
/Applications/Xcode-27.0.0-Release.Candidate.app/Contents/Developer/Toolchains/XcodeDefault.xctoolchain/usr/bin/swift-frontend -frontend -emit-module -experimental-skip-non-inlinable-function-bodies-without-types /Users/admin/builder/spi-builder-workspace/.derivedData/Build/Intermediates.noindex/Cosmos.build/Debug-xros/Cosmos-t.build/DerivedSources/resource_bundle_accessor.swift /Users/admin/builder/spi-builder-workspace/Cosmos/CosmosAccessibility.swift /Users/admin/builder/spi-builder-workspace/Cosmos/CosmosDefaultSettings.swift /Users/admin/builder/spi-builder-workspace/Cosmos/CosmosLayerHelper.swift /Users/admin/builder/spi-builder-workspace/Cosmos/CosmosLayers.swift /Users/admin/builder/spi-builder-workspace/Cosmos/CosmosLocalizedRating.swift /Users/admin/builder/spi-builder-workspace/Cosmos/CosmosRating.swift /Users/admin/builder/spi-builder-workspace/Cosmos/CosmosSettings.swift /Users/admin/builder/spi-builder-workspace/Cosmos/CosmosSize.swift /Users/admin/builder/spi-builder-workspace/Cosmos/CosmosText.swift /Users/admin/builder/spi-builder-workspace/Cosmos/CosmosTouch.swift /Users/admin/builder/spi-builder-workspace/Cosmos/CosmosView.swift /Users/admin/builder/spi-builder-workspace/Cosmos/Helpers/CosmosTouchTarget.swift /Users/admin/builder/spi-builder-workspace/Cosmos/Helpers/RightToLeft.swift /Users/admin/builder/spi-builder-workspace/Cosmos/StarFillMode.swift /Users/admin/builder/spi-builder-workspace/Cosmos/StarLayer.swift -target arm64-apple-xros1.0 -disable-cross-import-overlay-search -load-resolved-plugin /Applications/Xcode-27.0.0-Release.Candidate.app/Contents/Developer/Platforms/XROS.platform/Developer/usr/lib/swift/host/plugins/libFoundationMacros.dylib\#/Applications/Xcode-27.0.0-Release.Candidate.app/Contents/Developer/Platforms/XROS.platform/Developer/usr/bin/swift-plugin-server\#FoundationMacros -load-resolved-plugin /Applications/Xcode-27.0.0-Release.Candidate.app/Contents/Developer/Platforms/XROS.platform/Developer/usr/lib/swift/host/plugins/libObservationMacros.dylib\#/Applications/Xcode-27.0.0-Release.Candidate.app/Contents/Developer/Platforms/XROS.platform/Developer/usr/bin/swift-plugin-server\#ObservationMacros -load-resolved-plugin /Applications/Xcode-27.0.0-Release.Candidate.app/Contents/Developer/Platforms/XROS.platform/Developer/usr/lib/swift/host/plugins/libPreviewsMacros.dylib\#/Applications/Xcode-27.0.0-Release.Candidate.app/Contents/Developer/Platforms/XROS.platform/Developer/usr/bin/swift-plugin-server\#PreviewsMacros -load-resolved-plugin /Applications/Xcode-27.0.0-Release.Candidate.app/Contents/Developer/Platforms/XROS.platform/Developer/usr/lib/swift/host/plugins/libSwiftMacros.dylib\#/Applications/Xcode-27.0.0-Release.Candidate.app/Contents/Developer/Platforms/XROS.platform/Developer/usr/bin/swift-plugin-server\#SwiftMacros -load-resolved-plugin /Applications/Xcode-27.0.0-Release.Candidate.app/Contents/Developer/Platforms/XROS.platform/Developer/usr/lib/swift/host/plugins/libSwiftUIMacros.dylib\#/Applications/Xcode-27.0.0-Release.Candidate.app/Contents/Developer/Platforms/XROS.platform/Developer/usr/bin/swift-plugin-server\#SwiftUIMacros -disable-implicit-swift-modules -Xcc -fno-implicit-modules -Xcc -fno-implicit-module-maps -explicit-swift-module-map-file /Users/admin/builder/spi-builder-workspace/.derivedData/Build/Intermediates.noindex/Cosmos.build/Debug-xros/Cosmos-t.build/Objects-normal/arm64/Cosmos-dependencies-1.json -Xllvm -aarch64-use-tbi -enable-objc-interop -stack-check -sdk /Applications/Xcode-27.0.0-Release.Candidate.app/Contents/Developer/Platforms/XROS.platform/Developer/SDKs/XROS27.0.sdk -I /Users/admin/builder/spi-builder-workspace/.derivedData/Build/Products/Debug-xros -Isystem /Applications/Xcode-27.0.0-Release.Candidate.app/Contents/Developer/Platforms/XROS.platform/Developer/usr/lib -F /Users/admin/builder/spi-builder-workspace/.derivedData/Build/Products/Debug-xros -F /Applications/Xcode-27.0.0-Release.Candidate.app/Contents/Developer/Platforms/XROS.platform/Developer/Library/Frameworks -F /Applications/Xcode-27.0.0-Release.Candidate.app/Contents/Developer/Platforms/XROS.platform/Developer/SDKs/XROS27.0.sdk/Developer/Library/Frameworks -module-cache-path /Users/admin/builder/spi-builder-workspace/.derivedData/Build/Intermediates.noindex/SwiftExplicitPrecompiledModules -no-color-diagnostics -Xcc -fno-color-diagnostics -enable-testing -g -debug-info-format\=dwarf -dwarf-version\=4 -profile-generate -profile-coverage-mapping -swift-version 5 -Onone -D SWIFT_PACKAGE -D DEBUG -D SWIFT_MODULE_RESOURCE_BUNDLE_AVAILABLE -D Xcode -serialize-debugging-options -enable-experimental-feature DebugDescriptionMacro -empty-abi-descriptor -validate-clang-modules-once -clang-build-session-file /Users/admin/builder/spi-builder-workspace/.derivedData/ModuleCache.noindex/Session.modulevalidation -Xcc -working-directory -Xcc /Users/admin/builder/spi-builder-workspace/.swiftpm/xcode -enable-anonymous-context-mangled-names -file-compilation-dir /Users/admin/builder/spi-builder-workspace/.swiftpm/xcode -Xcc -D_LIBCPP_HARDENING_MODE\=_LIBCPP_HARDENING_MODE_DEBUG -Xcc -ivfsstatcache -Xcc /Users/admin/builder/spi-builder-workspace/.derivedData/SDKStatCaches.noindex/xros27.0-24M361-e829b21a6f8c9b70876ba0858053c044735bd543db762f57723cac368afd1ce4.sdkstatcache -Xcc -fmodules-prune-interval\=86400 -Xcc -fmodules-prune-after\=345600 -Xcc -I/Users/admin/builder/spi-builder-workspace/.derivedData/Build/Products/Debug-xros/include -Xcc -I/Users/admin/builder/spi-builder-workspace/.derivedData/Build/Intermediates.noindex/Cosmos.build/Debug-xros/Cosmos-t.build/DerivedSources-normal/arm64 -Xcc -I/Users/admin/builder/spi-builder-workspace/.derivedData/Build/Intermediates.noindex/Cosmos.build/Debug-xros/Cosmos-t.build/DerivedSources/arm64 -Xcc -I/Users/admin/builder/spi-builder-workspace/.derivedData/Build/Intermediates.noindex/Cosmos.build/Debug-xros/Cosmos-t.build/DerivedSources -Xcc -DSWIFT_PACKAGE -Xcc -DDEBUG\=1 -no-auto-bridging-header-chaining -module-name Cosmos -const-gather-protocols-file /Users/admin/builder/spi-builder-workspace/.derivedData/Build/Intermediates.noindex/Cosmos.build/Debug-xros/Cosmos-t.build/Objects-normal/arm64/Cosmos_const_extract_protocols.json -disable-clang-spi -clang-target arm64-apple-xros27.0 -target-sdk-version 27.0 -target-sdk-name xros27.0 -in-process-plugin-server-path /Applications/Xcode-27.0.0-Release.Candidate.app/Contents/Developer/Toolchains/XcodeDefault.xctoolchain/usr/lib/swift/host/libSwiftInProcPluginServer.dylib -emit-module-doc-path /Users/admin/builder/spi-builder-workspace/.derivedData/Build/Intermediates.noindex/Cosmos.build/Debug-xros/Cosmos-t.build/Objects-normal/arm64/Cosmos.swiftdoc -emit-module-source-info-path /Users/admin/builder/spi-builder-workspace/.derivedData/Build/Intermediates.noindex/Cosmos.build/Debug-xros/Cosmos-t.build/Objects-normal/arm64/Cosmos.swiftsourceinfo -emit-objc-header-path /Users/admin/builder/spi-builder-workspace/.derivedData/Build/Intermediates.noindex/Cosmos.build/Debug-xros/Cosmos-t.build/Objects-normal/arm64/Cosmos-Swift.h -serialize-diagnostics-path /Users/admin/builder/spi-builder-workspace/.derivedData/Build/Intermediates.noindex/Cosmos.build/Debug-xros/Cosmos-t.build/Objects-normal/arm64/Cosmos-primary-emit-module.dia -emit-dependencies-path /Users/admin/builder/spi-builder-workspace/.derivedData/Build/Intermediates.noindex/Cosmos.build/Debug-xros/Cosmos-t.build/Objects-normal/arm64/Cosmos-primary-emit-module.d -parse-as-library -o /Users/admin/builder/spi-builder-workspace/.derivedData/Build/Intermediates.noindex/Cosmos.build/Debug-xros/Cosmos-t.build/Objects-normal/arm64/Cosmos.swiftmodule -emit-abi-descriptor-path /Users/admin/builder/spi-builder-workspace/.derivedData/Build/Intermediates.noindex/Cosmos.build/Debug-xros/Cosmos-t.build/Objects-normal/arm64/Cosmos.abi.json
SwiftCompile normal arm64 (in target 'Cosmos' from project 'Cosmos')
cd /Users/admin/builder/spi-builder-workspace/.swiftpm/xcode
SwiftCompile normal arm64 Compiling\ StarLayer.swift /Users/admin/builder/spi-builder-workspace/Cosmos/StarLayer.swift (in target 'Cosmos' from project 'Cosmos')
SwiftCompile normal arm64 /Users/admin/builder/spi-builder-workspace/Cosmos/StarLayer.swift (in target 'Cosmos' from project 'Cosmos')
cd /Users/admin/builder/spi-builder-workspace/.swiftpm/xcode
builtin-SwiftPerFileCompile StarLayer.swift
PruneExplicitPrecompiledModules /Users/admin/builder/spi-builder-workspace/.derivedData/Build/Intermediates.noindex/ExplicitPrecompiledModules
PruneExplicitPrecompiledModules /Users/admin/builder/spi-builder-workspace/.derivedData/Build/Intermediates.noindex/SwiftExplicitPrecompiledModules
PruneExplicitPrecompiledModules /Users/admin/builder/spi-builder-workspace/.derivedData/SDKExplicitPrecompiledModules
2026-09-22 11:19:59.502 xcodebuild[782:4893] [MT] IDERunDestination: Supported platforms for the buildables in the current scheme is empty.
** BUILD FAILED **
The following build commands failed:
SwiftEmitModule normal arm64 Emitting\ module\ for\ Cosmos (in target 'Cosmos' from project 'Cosmos')
SwiftCompile normal arm64 (in target 'Cosmos' from project 'Cosmos')
Building workspace Cosmos with scheme Cosmos
(3 failures)
BUILD FAILURE 6.4 visionOS