The Swift Package Index logo.Swift Package Index

Build Information

Failed to build CodeEditSourceEditor, reference 0.16.1 (74353f), with Swift 6.2 for tvOS using Xcode 26.3 on 29 Jun 2026 08:34:32 UTC.

Build Command

No build command. This typically means the build failed at an early stage where we determine the build command.

Build Log

========================================
RunAll
========================================
Builder version: undefined version: run 'make version' to update
Interrupt handler set up.
========================================
Checkout
========================================
Clone URL: https://github.com/1amageek/CodeEditSourceEditor.git
Reference: 0.16.1
Initialized empty Git repository in /Users/admin/builder/spi-builder-workspace/.git/
From https://github.com/1amageek/CodeEditSourceEditor
 * tag               0.16.1     -> FETCH_HEAD
HEAD is now at 74353f7 Update CodeEditLanguages dependency
Cloned https://github.com/1amageek/CodeEditSourceEditor.git
Revision (git rev-parse @):
74353f71fc5e603d7a3ad3f8e7d21a206efb0fad
SPI manifest file found: $PWD/.spi.yml
SUCCESS checkout https://github.com/1amageek/CodeEditSourceEditor.git at 0.16.1
========================================
Build
========================================
Selected platform:         tvOS
Swift version:             6.2
Building package at path:  $PWD
https://github.com/1amageek/CodeEditSourceEditor.git
Command line invocation:
    /Applications/Xcode-26.3.0.app/Contents/Developer/usr/bin/xcodebuild -IDEClonedSourcePackagesDirPathOverride=/Users/admin/builder/spi-builder-workspace/.dependencies -resolvePackageDependencies
Resolve Package Graph
package 'spi-builder-workspace' is using Swift tools version 6.3.0 but the installed version is 6.2.4
Resolved source packages:
  spi-builder-workspace: (null)
2026-06-29 04:34:31.475 xcodebuild[538:3085] Writing error result bundle to /var/folders/xq/y_g06wb113726d38xsyx71_h0000gn/T/ResultBundle_2026-29-06_04-34-0031.xcresult
xcodebuild: error: Could not resolve package dependencies:
  package 'spi-builder-workspace' is using Swift tools version 6.3.0 but the installed version is 6.2.4
Command line invocation:
    /Applications/Xcode-26.3.0.app/Contents/Developer/usr/bin/xcodebuild -IDEClonedSourcePackagesDirPathOverride=/Users/admin/builder/spi-builder-workspace/.dependencies -resolvePackageDependencies
Resolve Package Graph
package 'spi-builder-workspace' is using Swift tools version 6.3.0 but the installed version is 6.2.4
Resolved source packages:
  spi-builder-workspace: (null)
2026-06-29 04:34:32.337 xcodebuild[600:3606] Writing error result bundle to /var/folders/xq/y_g06wb113726d38xsyx71_h0000gn/T/ResultBundle_2026-29-06_04-34-0032.xcresult
xcodebuild: error: Could not resolve package dependencies:
  package 'spi-builder-workspace' is using Swift tools version 6.3.0 but the installed version is 6.2.4
BUILD FAILURE 6.2 tvOS