Build Information
Failed to build SwiftNumber, reference 1.0.0 (89e127), with Swift 6.4 for tvOS using Xcode 27.0 on 22 Sep 2026 18:20:16 UTC.
Build Command
env DEVELOPER_DIR=/Applications/Xcode-27.0.0-Release.Candidate.app xcrun xcodebuild -IDEClonedSourcePackagesDirPathOverride=$PWD/.dependencies -skipMacroValidation -skipPackagePluginValidation -derivedDataPath $PWD/.derivedData build -scheme SwiftNumber -destination generic/platform=tvOSBuild Log
========================================
RunAll
========================================
Builder version: 5.1.0
Interrupt handler set up.
========================================
Checkout
========================================
Clone URL: https://github.com/legend-hq/SwiftNumber.git
Reference: 1.0.0
Initialized empty Git repository in /Users/admin/builder/spi-builder-workspace/.git/
From https://github.com/legend-hq/SwiftNumber
* tag 1.0.0 -> FETCH_HEAD
HEAD is now at 89e1272 Support WASI
Cloned https://github.com/legend-hq/SwiftNumber.git
Revision (git rev-parse @):
89e127293ab1a0a7b276bed91b18ee60b651e7e9
SPI manifest file found: $PWD/.spi.yml
SUCCESS checkout https://github.com/legend-hq/SwiftNumber.git at 1.0.0
========================================
Build
========================================
Selected platform: tvOS
Swift version: 6.4
Building package at path: $PWD
https://github.com/legend-hq/SwiftNumber.git
Command line invocation:
/Applications/Xcode-27.0.0-Release.Candidate.app/Contents/Developer/usr/bin/xcodebuild -IDEClonedSourcePackagesDirPathOverride=/Users/admin/builder/spi-builder-workspace/.dependencies -resolvePackageDependencies
Resolve Package Graph
Resolve Package Graph
Resolved source packages:
SwiftNumber: /Users/admin/builder/spi-builder-workspace
resolved source packages: SwiftNumber
2026-09-22 14:19:33.859 xcodebuild[529:3011] [MT] IDERunDestination: Supported platforms for the buildables in the current scheme is empty.
{
"dependencies" : [
],
"manifest_display_name" : "SwiftNumber",
"name" : "SwiftNumber",
"path" : "/Users/admin/builder/spi-builder-workspace",
"platforms" : [
{
"name" : "macos",
"version" : "13.0"
},
{
"name" : "ios",
"version" : "16.0"
},
{
"name" : "tvos",
"version" : "13.0"
},
{
"name" : "watchos",
"version" : "4.0"
},
{
"name" : "maccatalyst",
"version" : "13.0"
},
{
"name" : "visionos",
"version" : "1.0"
}
],
"products" : [
{
"name" : "SwiftNumber",
"targets" : [
"SwiftNumber"
],
"type" : {
"library" : [
"automatic"
]
}
}
],
"targets" : [
{
"c99name" : "SwiftNumberTests",
"module_type" : "SwiftTarget",
"name" : "SwiftNumberTests",
"path" : "Tests",
"sources" : [
"NumberTests/NumberTests.swift",
"NumberTests/ProfileTests.swift",
"NumberTests/SNumberTests.swift",
"NumberTests/Tools.swift",
"NumberTests/Violet - Helpers/BitWidthTestCases.swift",
"NumberTests/Violet - Helpers/GenerateValues.swift",
"NumberTests/Violet - Helpers/GlobalFunctions.swift",
"NumberTests/Violet - Helpers/StringTestCases.swift",
"NumberTests/Violet - Helpers/WordsTestCases.swift",
"NumberTests/Violet - Property testing/ApplyA_ApplyB_Equals_ApplyAB.swift",
"NumberTests/Violet - Property testing/ApplyA_UndoA.swift",
"NumberTests/Violet/NumberCOWTests.swift",
"NumberTests/Violet/NumberHashTests.swift",
"NumberTests/Violet/NumberIntegerInitTests.swift",
"NumberTests/Violet/NumberPowerTests.swift",
"NumberTests/Violet/NumberPropertyTests.swift",
"NumberTests/Violet/NumberStringInitTests.swift",
"NumberTests/WordTests.swift"
],
"target_dependencies" : [
"SwiftNumber"
],
"type" : "test"
},
{
"c99name" : "SwiftNumber",
"module_type" : "SwiftTarget",
"name" : "SwiftNumber",
"path" : "Sources",
"product_memberships" : [
"SwiftNumber"
],
"sources" : [
"Addition.swift",
"Bitwise Ops.swift",
"Codable.swift",
"Comparable.swift",
"Data Conversion.swift",
"Decimal+Extension.swift",
"Division.swift",
"Exponentiation.swift",
"Floating Point Conversion.swift",
"GCD.swift",
"Hashable.swift",
"Integer Conversion.swift",
"Multiplication.swift",
"Number+Conversions.swift",
"Number+Pow10.swift",
"Number+StringAndPrecision.swift",
"Number.swift",
"Prime Test.swift",
"Random.swift",
"SNumber+Conversions.swift",
"SNumber+Pow10.swift",
"SNumber.swift",
"Shifts.swift",
"Square Root.swift",
"Strideable.swift",
"String Conversion.swift",
"Subtraction.swift",
"Words and Bits.swift"
],
"type" : "library"
}
],
"tools_version" : "5.9"
}
warning: 'spi-builder-workspace': /Users/admin/builder/spi-builder-workspace/Package.swift:19:19: warning: 'v4' is deprecated: watchOS 9.0 is the oldest supported version [#DeprecatedDeclaration]
17 | .iOS(.v16),
18 | .tvOS(.v13),
19 | .watchOS(.v4),
| `- warning: 'v4' is deprecated: watchOS 9.0 is the oldest supported version [#DeprecatedDeclaration]
20 | .macCatalyst(.v13),
21 | .visionOS(.v1),
[#DeprecatedDeclaration]: <https://docs.swift.org/compiler/documentation/diagnostics/deprecated-declaration>
{
"workspace" : {
"name" : "SwiftNumber",
"schemes" : [
"SwiftNumber"
]
}
}
2026-09-22 14:20:05.687 xcodebuild[626:3834] [MT] IDERunDestination: Supported platforms for the buildables in the current scheme is empty.
Running build ...
env DEVELOPER_DIR=/Applications/Xcode-27.0.0-Release.Candidate.app xcrun xcodebuild -IDEClonedSourcePackagesDirPathOverride=$PWD/.dependencies -skipMacroValidation -skipPackagePluginValidation -derivedDataPath $PWD/.derivedData build -scheme SwiftNumber -destination generic/platform=tvOS
Command line invocation:
/Applications/Xcode-27.0.0-Release.Candidate.app/Contents/Developer/usr/bin/xcodebuild -IDEClonedSourcePackagesDirPathOverride=/Users/admin/builder/spi-builder-workspace/.dependencies -skipMacroValidation -skipPackagePluginValidation -derivedDataPath /Users/admin/builder/spi-builder-workspace/.derivedData build -scheme SwiftNumber -destination generic/platform=tvOS
Resolve Package Graph
Resolved source packages:
SwiftNumber: /Users/admin/builder/spi-builder-workspace
ComputePackagePrebuildTargetDependencyGraph
Prepare packages
CreateBuildRequest
SendProjectDescription
CreateBuildOperation
ComputeTargetDependencyGraph
note: Building targets in dependency order
note: Target dependency graph (2 targets)
Target 'SwiftNumber-product' in project 'SwiftNumber'
➜ Explicit dependency on target 'SwiftNumber' in project 'SwiftNumber'
Target 'SwiftNumber' in project 'SwiftNumber' (no dependencies)
GatherProvisioningInputs
CreateBuildDescription
ExecuteExternalTool /Applications/Xcode-27.0.0-Release.Candidate.app/Contents/Developer/Toolchains/XcodeDefault.xctoolchain/usr/bin/clang -v -E -dM -isysroot /Applications/Xcode-27.0.0-Release.Candidate.app/Contents/Developer/Platforms/AppleTVOS.platform/Developer/SDKs/AppleTVOS27.0.sdk -x c -c /dev/null
ExecuteExternalTool /Applications/Xcode-27.0.0-Release.Candidate.app/Contents/Developer/Toolchains/XcodeDefault.xctoolchain/usr/bin/swiftc --version
ExecuteExternalTool /Applications/Xcode-27.0.0-Release.Candidate.app/Contents/Developer/Toolchains/XcodeDefault.xctoolchain/usr/bin/ld -version_details
Build description signature: 687ebf232771e5c5385a9004e3aef9d6
Build description path: /Users/admin/builder/spi-builder-workspace/.derivedData/Build/Intermediates.noindex/XCBuildData/687ebf232771e5c5385a9004e3aef9d6.xcbuilddata
CreateBuildDirectory /Users/admin/builder/spi-builder-workspace/.derivedData/SDKExplicitPrecompiledModules
cd /Users/admin/builder/spi-builder-workspace/.swiftpm/xcode
builtin-create-build-directory /Users/admin/builder/spi-builder-workspace/.derivedData/SDKExplicitPrecompiledModules
CreateBuildDirectory /Users/admin/builder/spi-builder-workspace/.derivedData/ModuleCache.noindex
cd /Users/admin/builder/spi-builder-workspace/.swiftpm/xcode
builtin-create-build-directory /Users/admin/builder/spi-builder-workspace/.derivedData/ModuleCache.noindex
CreateBuildDirectory /Users/admin/builder/spi-builder-workspace/.derivedData/CompilationCache.noindex
cd /Users/admin/builder/spi-builder-workspace/.swiftpm/xcode
builtin-create-build-directory /Users/admin/builder/spi-builder-workspace/.derivedData/CompilationCache.noindex
CreateBuildDirectory /Users/admin/builder/spi-builder-workspace/.derivedData/Build/Products
cd /Users/admin/builder/spi-builder-workspace/.swiftpm/xcode
builtin-create-build-directory /Users/admin/builder/spi-builder-workspace/.derivedData/Build/Products
CreateBuildDirectory /Users/admin/builder/spi-builder-workspace/.derivedData/Build/Intermediates.noindex
cd /Users/admin/builder/spi-builder-workspace/.swiftpm/xcode
builtin-create-build-directory /Users/admin/builder/spi-builder-workspace/.derivedData/Build/Intermediates.noindex
ClangStatCache /Applications/Xcode-27.0.0-Release.Candidate.app/Contents/Developer/Toolchains/XcodeDefault.xctoolchain/usr/bin/clang-stat-cache /Applications/Xcode-27.0.0-Release.Candidate.app/Contents/Developer/Platforms/AppleTVOS.platform/Developer/SDKs/AppleTVOS27.0.sdk /Users/admin/builder/spi-builder-workspace/.derivedData/SDKStatCaches.noindex/appletvos27.0-24J360-e829b21a6f8c9b70876ba0858053c044b32bfd8d43560033f8d89884cdb90028.sdkstatcache
cd /Users/admin/builder/spi-builder-workspace/.swiftpm/xcode
/Applications/Xcode-27.0.0-Release.Candidate.app/Contents/Developer/Toolchains/XcodeDefault.xctoolchain/usr/bin/clang-stat-cache /Applications/Xcode-27.0.0-Release.Candidate.app/Contents/Developer/Platforms/AppleTVOS.platform/Developer/SDKs/AppleTVOS27.0.sdk -o /Users/admin/builder/spi-builder-workspace/.derivedData/SDKStatCaches.noindex/appletvos27.0-24J360-e829b21a6f8c9b70876ba0858053c044b32bfd8d43560033f8d89884cdb90028.sdkstatcache
CreateBuildDirectory /Users/admin/builder/spi-builder-workspace/.derivedData/Build/Products/Debug-appletvos
cd /Users/admin/builder/spi-builder-workspace/.swiftpm/xcode
builtin-create-build-directory /Users/admin/builder/spi-builder-workspace/.derivedData/Build/Products/Debug-appletvos
CreateBuildDirectory /Users/admin/builder/spi-builder-workspace/.derivedData/Build/Intermediates.noindex/PrecompiledHeaders
cd /Users/admin/builder/spi-builder-workspace/.swiftpm/xcode
builtin-create-build-directory /Users/admin/builder/spi-builder-workspace/.derivedData/Build/Intermediates.noindex/PrecompiledHeaders
CreateBuildDirectory /Users/admin/builder/spi-builder-workspace/.derivedData/Build/Intermediates.noindex/ExplicitPrecompiledModules
cd /Users/admin/builder/spi-builder-workspace/.swiftpm/xcode
builtin-create-build-directory /Users/admin/builder/spi-builder-workspace/.derivedData/Build/Intermediates.noindex/ExplicitPrecompiledModules
CreateBuildDirectory /Users/admin/builder/spi-builder-workspace/.derivedData/Build/Intermediates.noindex/SwiftExplicitPrecompiledModules
cd /Users/admin/builder/spi-builder-workspace/.swiftpm/xcode
builtin-create-build-directory /Users/admin/builder/spi-builder-workspace/.derivedData/Build/Intermediates.noindex/SwiftExplicitPrecompiledModules
CreateBuildDirectory /Users/admin/builder/spi-builder-workspace/.derivedData/Build/Intermediates.noindex/EagerLinkingTBDs/Debug-appletvos
cd /Users/admin/builder/spi-builder-workspace/.swiftpm/xcode
builtin-create-build-directory /Users/admin/builder/spi-builder-workspace/.derivedData/Build/Intermediates.noindex/EagerLinkingTBDs/Debug-appletvos
CreateBuildDirectory /Users/admin/builder/spi-builder-workspace/.derivedData/Build/Products/Debug-appletvos/PackageFrameworks
cd /Users/admin/builder/spi-builder-workspace/.swiftpm/xcode
builtin-create-build-directory /Users/admin/builder/spi-builder-workspace/.derivedData/Build/Products/Debug-appletvos/PackageFrameworks
WriteAuxiliaryFile /Users/admin/builder/spi-builder-workspace/.derivedData/Build/Intermediates.noindex/SwiftNumber.build/Debug-appletvos/SwiftNumber-t.build/SwiftNumber.DependencyStaticMetadataFileList (in target 'SwiftNumber' from project 'SwiftNumber')
cd /Users/admin/builder/spi-builder-workspace
write-file /Users/admin/builder/spi-builder-workspace/.derivedData/Build/Intermediates.noindex/SwiftNumber.build/Debug-appletvos/SwiftNumber-t.build/SwiftNumber.DependencyStaticMetadataFileList
WriteAuxiliaryFile /Users/admin/builder/spi-builder-workspace/.derivedData/Build/Intermediates.noindex/SwiftNumber.build/Debug-appletvos/SwiftNumber-t.build/SwiftNumber.DependencyMetadataFileList (in target 'SwiftNumber' from project 'SwiftNumber')
cd /Users/admin/builder/spi-builder-workspace
write-file /Users/admin/builder/spi-builder-workspace/.derivedData/Build/Intermediates.noindex/SwiftNumber.build/Debug-appletvos/SwiftNumber-t.build/SwiftNumber.DependencyMetadataFileList
WriteAuxiliaryFile /Users/admin/builder/spi-builder-workspace/.derivedData/Build/Intermediates.noindex/SwiftNumber.build/Debug-appletvos/SwiftNumber-t.build/SwiftNumber.modulemap (in target 'SwiftNumber' from project 'SwiftNumber')
cd /Users/admin/builder/spi-builder-workspace
write-file /Users/admin/builder/spi-builder-workspace/.derivedData/Build/Intermediates.noindex/SwiftNumber.build/Debug-appletvos/SwiftNumber-t.build/SwiftNumber.modulemap
WriteAuxiliaryFile /Users/admin/builder/spi-builder-workspace/.derivedData/Build/Intermediates.noindex/SwiftNumber.build/Debug-appletvos/SwiftNumber-t.build/Objects-normal/arm64/SwiftNumber-OutputFileMap.json (in target 'SwiftNumber' from project 'SwiftNumber')
cd /Users/admin/builder/spi-builder-workspace
write-file /Users/admin/builder/spi-builder-workspace/.derivedData/Build/Intermediates.noindex/SwiftNumber.build/Debug-appletvos/SwiftNumber-t.build/Objects-normal/arm64/SwiftNumber-OutputFileMap.json
WriteAuxiliaryFile /Users/admin/builder/spi-builder-workspace/.derivedData/Build/Intermediates.noindex/SwiftNumber.build/Debug-appletvos/SwiftNumber-t.build/Objects-normal/arm64/SwiftNumber.SwiftFileList (in target 'SwiftNumber' from project 'SwiftNumber')
cd /Users/admin/builder/spi-builder-workspace
write-file /Users/admin/builder/spi-builder-workspace/.derivedData/Build/Intermediates.noindex/SwiftNumber.build/Debug-appletvos/SwiftNumber-t.build/Objects-normal/arm64/SwiftNumber.SwiftFileList
WriteAuxiliaryFile /Users/admin/builder/spi-builder-workspace/.derivedData/Build/Intermediates.noindex/SwiftNumber.build/Debug-appletvos/SwiftNumber-t.build/Objects-normal/arm64/SwiftNumber.LinkFileList (in target 'SwiftNumber' from project 'SwiftNumber')
cd /Users/admin/builder/spi-builder-workspace
write-file /Users/admin/builder/spi-builder-workspace/.derivedData/Build/Intermediates.noindex/SwiftNumber.build/Debug-appletvos/SwiftNumber-t.build/Objects-normal/arm64/SwiftNumber.LinkFileList
WriteAuxiliaryFile /Users/admin/builder/spi-builder-workspace/.derivedData/Build/Intermediates.noindex/SwiftNumber.build/Debug-appletvos/SwiftNumber-t.build/Objects-normal/arm64/SwiftNumber_const_extract_protocols.json (in target 'SwiftNumber' from project 'SwiftNumber')
cd /Users/admin/builder/spi-builder-workspace
write-file /Users/admin/builder/spi-builder-workspace/.derivedData/Build/Intermediates.noindex/SwiftNumber.build/Debug-appletvos/SwiftNumber-t.build/Objects-normal/arm64/SwiftNumber_const_extract_protocols.json
WriteAuxiliaryFile /Users/admin/builder/spi-builder-workspace/.derivedData/Build/Intermediates.noindex/SwiftNumber.build/Debug-appletvos/SwiftNumber-t.build/Objects-normal/arm64/SwiftNumber.SwiftConstValuesFileList (in target 'SwiftNumber' from project 'SwiftNumber')
cd /Users/admin/builder/spi-builder-workspace
write-file /Users/admin/builder/spi-builder-workspace/.derivedData/Build/Intermediates.noindex/SwiftNumber.build/Debug-appletvos/SwiftNumber-t.build/Objects-normal/arm64/SwiftNumber.SwiftConstValuesFileList
Copy /Users/admin/builder/spi-builder-workspace/.derivedData/Build/Intermediates.noindex/GeneratedModuleMaps-appletvos/SwiftNumber.modulemap /Users/admin/builder/spi-builder-workspace/.derivedData/Build/Intermediates.noindex/SwiftNumber.build/Debug-appletvos/SwiftNumber-t.build/SwiftNumber.modulemap (in target 'SwiftNumber' from project 'SwiftNumber')
cd /Users/admin/builder/spi-builder-workspace
builtin-copy -exclude .DS_Store -exclude CVS -exclude .svn -exclude .git -exclude .hg -resolve-src-symlinks /Users/admin/builder/spi-builder-workspace/.derivedData/Build/Intermediates.noindex/SwiftNumber.build/Debug-appletvos/SwiftNumber-t.build/SwiftNumber.modulemap /Users/admin/builder/spi-builder-workspace/.derivedData/Build/Intermediates.noindex/GeneratedModuleMaps-appletvos
SwiftDriver SwiftNumber normal arm64 com.apple.xcode.tools.swift.compiler (in target 'SwiftNumber' from project 'SwiftNumber')
cd /Users/admin/builder/spi-builder-workspace/.swiftpm/xcode
builtin-SwiftDriver -- /Applications/Xcode-27.0.0-Release.Candidate.app/Contents/Developer/Toolchains/XcodeDefault.xctoolchain/usr/bin/swiftc -parse-as-library -module-name SwiftNumber -Onone @/Users/admin/builder/spi-builder-workspace/.derivedData/Build/Intermediates.noindex/SwiftNumber.build/Debug-appletvos/SwiftNumber-t.build/Objects-normal/arm64/SwiftNumber.SwiftFileList -DSWIFT_PACKAGE -DDEBUG -DSWIFT_MODULE_RESOURCE_BUNDLE_UNAVAILABLE -DXcode -plugin-path /Applications/Xcode-27.0.0-Release.Candidate.app/Contents/Developer/Toolchains/XcodeDefault.xctoolchain/usr/lib/swift/host/plugins/testing -enable-experimental-feature DebugDescriptionMacro -sdk /Applications/Xcode-27.0.0-Release.Candidate.app/Contents/Developer/Platforms/AppleTVOS.platform/Developer/SDKs/AppleTVOS27.0.sdk -target arm64-apple-tvos15.0 -g -module-cache-path /Users/admin/builder/spi-builder-workspace/.derivedData/ModuleCache.noindex -Xfrontend -serialize-debugging-options -profile-coverage-mapping -profile-generate -enable-testing -index-store-path /Users/admin/builder/spi-builder-workspace/.derivedData/Index.noindex/DataStore -Xcc -D_LIBCPP_HARDENING_MODE\=_LIBCPP_HARDENING_MODE_DEBUG -swift-version 5 -I /Users/admin/builder/spi-builder-workspace/.derivedData/Build/Products/Debug-appletvos -Isystem /Applications/Xcode-27.0.0-Release.Candidate.app/Contents/Developer/Platforms/AppleTVOS.platform/Developer/usr/lib -F /Users/admin/builder/spi-builder-workspace/.derivedData/Build/Products/Debug-appletvos -F /Applications/Xcode-27.0.0-Release.Candidate.app/Contents/Developer/Platforms/AppleTVOS.platform/Developer/Library/Frameworks -F /Applications/Xcode-27.0.0-Release.Candidate.app/Contents/Developer/Platforms/AppleTVOS.platform/Developer/SDKs/AppleTVOS27.0.sdk/Developer/Library/Frameworks -c -j10 -enable-batch-mode -incremental -Xcc -ivfsstatcache -Xcc /Users/admin/builder/spi-builder-workspace/.derivedData/SDKStatCaches.noindex/appletvos27.0-24J360-e829b21a6f8c9b70876ba0858053c044b32bfd8d43560033f8d89884cdb90028.sdkstatcache -output-file-map /Users/admin/builder/spi-builder-workspace/.derivedData/Build/Intermediates.noindex/SwiftNumber.build/Debug-appletvos/SwiftNumber-t.build/Objects-normal/arm64/SwiftNumber-OutputFileMap.json -save-temps -no-color-diagnostics -explicit-module-build -module-cache-path /Users/admin/builder/spi-builder-workspace/.derivedData/Build/Intermediates.noindex/SwiftExplicitPrecompiledModules -clang-scanner-module-cache-path /Users/admin/builder/spi-builder-workspace/.derivedData/ModuleCache.noindex -sdk-module-cache-path /Users/admin/builder/spi-builder-workspace/.derivedData/SDKExplicitPrecompiledModules -emit-dependencies -emit-module -emit-module-path /Users/admin/builder/spi-builder-workspace/.derivedData/Build/Intermediates.noindex/SwiftNumber.build/Debug-appletvos/SwiftNumber-t.build/Objects-normal/arm64/SwiftNumber.swiftmodule -serialize-diagnostics -dependency-scan-serialize-diagnostics-path /Users/admin/builder/spi-builder-workspace/.derivedData/Build/Intermediates.noindex/SwiftNumber.build/Debug-appletvos/SwiftNumber-t.build/Objects-normal/arm64/SwiftNumber-dependency-scan.dia -validate-clang-modules-once -clang-build-session-file /Users/admin/builder/spi-builder-workspace/.derivedData/ModuleCache.noindex/Session.modulevalidation -Xcc -fmodules-prune-interval\=86400 -Xcc -fmodules-prune-after\=345600 -package-name spi_builder_workspace -emit-const-values -const-gather-protocols-list /Users/admin/builder/spi-builder-workspace/.derivedData/Build/Intermediates.noindex/SwiftNumber.build/Debug-appletvos/SwiftNumber-t.build/Objects-normal/arm64/SwiftNumber_const_extract_protocols.json -Xcc -I/Users/admin/builder/spi-builder-workspace/.derivedData/Build/Products/Debug-appletvos/include -Xcc -I/Users/admin/builder/spi-builder-workspace/.derivedData/Build/Intermediates.noindex/SwiftNumber.build/Debug-appletvos/SwiftNumber-t.build/DerivedSources-normal/arm64 -Xcc -I/Users/admin/builder/spi-builder-workspace/.derivedData/Build/Intermediates.noindex/SwiftNumber.build/Debug-appletvos/SwiftNumber-t.build/DerivedSources/arm64 -Xcc -I/Users/admin/builder/spi-builder-workspace/.derivedData/Build/Intermediates.noindex/SwiftNumber.build/Debug-appletvos/SwiftNumber-t.build/DerivedSources -Xcc -DSWIFT_PACKAGE -Xcc -DDEBUG\=1 -emit-objc-header -emit-objc-header-path /Users/admin/builder/spi-builder-workspace/.derivedData/Build/Intermediates.noindex/SwiftNumber.build/Debug-appletvos/SwiftNumber-t.build/Objects-normal/arm64/SwiftNumber-Swift.h -working-directory /Users/admin/builder/spi-builder-workspace/.swiftpm/xcode -experimental-emit-module-separately -disable-cmo
SwiftExplicitDependencyGeneratePcm arm64 /Users/admin/builder/spi-builder-workspace/.derivedData/SDKExplicitPrecompiledModules/_SwiftConcurrencyShims-BY5PD8KF1L5KF6F4Q69HE3TJ4.pcm
SwiftExplicitDependencyGeneratePcm arm64 /Users/admin/builder/spi-builder-workspace/.derivedData/SDKExplicitPrecompiledModules/_Builtin_stdbool-AHRDH5EKLY6D04C5E42F3VCQI.pcm
SwiftExplicitDependencyGeneratePcm arm64 /Users/admin/builder/spi-builder-workspace/.derivedData/SDKExplicitPrecompiledModules/_Builtin_float-8ZJAYZ85YBOAOP52Y9H6IUNP3.pcm
SwiftExplicitDependencyGeneratePcm arm64 /Users/admin/builder/spi-builder-workspace/.derivedData/SDKExplicitPrecompiledModules/_Builtin_stddef-9ZJZ6FDEZNKTZU8YLPMFT9RAQ.pcm
SwiftExplicitDependencyGeneratePcm arm64 /Users/admin/builder/spi-builder-workspace/.derivedData/SDKExplicitPrecompiledModules/_AvailabilityInternal-BV2EDDP0MI5QJDDPEEV4D9D3V.pcm
SwiftExplicitDependencyGeneratePcm arm64 /Users/admin/builder/spi-builder-workspace/.derivedData/SDKExplicitPrecompiledModules/SwiftShims-8N4EXJ4RUJTR8K9OO3CMOH1EP.pcm
SwiftExplicitDependencyGeneratePcm arm64 /Users/admin/builder/spi-builder-workspace/.derivedData/SDKExplicitPrecompiledModules/_Builtin_stdarg-BO2OCAUYVAXDRVQWQ8ISKGNUQ.pcm
SwiftExplicitDependencyGeneratePcm arm64 /Users/admin/builder/spi-builder-workspace/.derivedData/SDKExplicitPrecompiledModules/ptrauth-8X2KEPL7CTRPS40TUB9APHPK6.pcm
SwiftExplicitDependencyGeneratePcm arm64 /Users/admin/builder/spi-builder-workspace/.derivedData/SDKExplicitPrecompiledModules/ptrcheck-2AZ6B5IBYD3RRRTFWN2ONASY3.pcm
SwiftExplicitDependencyGeneratePcm arm64 /Users/admin/builder/spi-builder-workspace/.derivedData/SDKExplicitPrecompiledModules/_DarwinFoundation1-JOTYMOA1YZCIJ2NON6FQ848O.pcm
SwiftExplicitDependencyGeneratePcm arm64 /Users/admin/builder/spi-builder-workspace/.derivedData/SDKExplicitPrecompiledModules/_Builtin_limits-7JU2HP127LIT1X9E2V3D8WZ1.pcm
SwiftExplicitDependencyGeneratePcm arm64 /Users/admin/builder/spi-builder-workspace/.derivedData/SDKExplicitPrecompiledModules/_DarwinFoundation2-AOGAN1O02NKXRJN5V73AV3V3M.pcm
SwiftExplicitDependencyGeneratePcm arm64 /Users/admin/builder/spi-builder-workspace/.derivedData/SDKExplicitPrecompiledModules/_Builtin_stdint-6NFTB6IBKS143IVPGT1EKB7HO.pcm
SwiftExplicitDependencyGeneratePcm arm64 /Users/admin/builder/spi-builder-workspace/.derivedData/SDKExplicitPrecompiledModules/sys_types-8GCAV1YMG5UUGHUID3CA20TCH.pcm
SwiftExplicitDependencyGeneratePcm arm64 /Users/admin/builder/spi-builder-workspace/.derivedData/SDKExplicitPrecompiledModules/string_h-6EVHP7A717OUS5DMC78F79HWO.pcm
SwiftExplicitDependencyGeneratePcm arm64 /Users/admin/builder/spi-builder-workspace/.derivedData/SDKExplicitPrecompiledModules/_DarwinFoundation3-8SR3855WDFHQPR6G9GHOI2C07.pcm
SwiftExplicitDependencyGeneratePcm arm64 /Users/admin/builder/spi-builder-workspace/.derivedData/SDKExplicitPrecompiledModules/_Builtin_inttypes-6X1IQ3QK9KEVKXOK9Y79EW7J3.pcm
SwiftExplicitDependencyGeneratePcm arm64 /Users/admin/builder/spi-builder-workspace/.derivedData/SDKExplicitPrecompiledModules/Darwin-DBSQAVBBPC3D2OMU5ZI2RXMST.pcm
SwiftExplicitDependencyGeneratePcm arm64 /Users/admin/builder/spi-builder-workspace/.derivedData/SDKExplicitPrecompiledModules/ObjectiveC-5250FDCE56N8508OR6XUYDKZM.pcm
SwiftExplicitDependencyGeneratePcm arm64 /Users/admin/builder/spi-builder-workspace/.derivedData/SDKExplicitPrecompiledModules/os_object-E2DGZ0SX0TULQHULZRPO6OKNW.pcm
SwiftExplicitDependencyGeneratePcm arm64 /Users/admin/builder/spi-builder-workspace/.derivedData/SDKExplicitPrecompiledModules/os_workgroup-DBUFF7811DKMX7VPBOJPGGF1U.pcm
SwiftExplicitDependencyGeneratePcm arm64 /Users/admin/builder/spi-builder-workspace/.derivedData/SDKExplicitPrecompiledModules/Dispatch-1QL58A0V50C39KVAIC6C38SHL.pcm
SwiftExplicitDependencyGeneratePcm arm64 /Users/admin/builder/spi-builder-workspace/.derivedData/SDKExplicitPrecompiledModules/XPC-6O2DJFT3QUJ7QKTD3SNUB6PCR.pcm
SwiftExplicitDependencyGeneratePcm arm64 /Users/admin/builder/spi-builder-workspace/.derivedData/SDKExplicitPrecompiledModules/CoreFoundation-7TPJ7ENDC4L1A1ESHYI9TXS0D.pcm
SwiftExplicitDependencyGeneratePcm arm64 /Users/admin/builder/spi-builder-workspace/.derivedData/SDKExplicitPrecompiledModules/Security-8VMXEKVDA3MHUH9AOTP905DID.pcm
SwiftExplicitDependencyGeneratePcm arm64 /Users/admin/builder/spi-builder-workspace/.derivedData/SDKExplicitPrecompiledModules/CFNetwork-2CUR2VK9S3S3WPFXPNXNUWYGN.pcm
SwiftExplicitDependencyGeneratePcm arm64 /Users/admin/builder/spi-builder-workspace/.derivedData/SDKExplicitPrecompiledModules/Foundation-BSSIP64DIGUKMAYJOG1WPQ78X.pcm
SwiftEmitModule normal arm64 Emitting\ module\ for\ SwiftNumber (in target 'SwiftNumber' from project 'SwiftNumber')
SwiftCompile normal arm64 (in target 'SwiftNumber' from project 'SwiftNumber')
cd /Users/admin/builder/spi-builder-workspace/.swiftpm/xcode
SwiftCompile normal arm64 Compiling\ SNumber.swift,\ Shifts.swift,\ Square\ Root.swift /Users/admin/builder/spi-builder-workspace/Sources/SNumber.swift /Users/admin/builder/spi-builder-workspace/Sources/Shifts.swift /Users/admin/builder/spi-builder-workspace/Sources/Square\ Root.swift (in target 'SwiftNumber' from project 'SwiftNumber')
SwiftCompile normal arm64 /Users/admin/builder/spi-builder-workspace/Sources/SNumber.swift (in target 'SwiftNumber' from project 'SwiftNumber')
cd /Users/admin/builder/spi-builder-workspace/.swiftpm/xcode
builtin-SwiftPerFileCompile SNumber.swift
SwiftCompile normal arm64 /Users/admin/builder/spi-builder-workspace/Sources/Shifts.swift (in target 'SwiftNumber' from project 'SwiftNumber')
cd /Users/admin/builder/spi-builder-workspace/.swiftpm/xcode
builtin-SwiftPerFileCompile Shifts.swift
SwiftCompile normal arm64 /Users/admin/builder/spi-builder-workspace/Sources/Square\ Root.swift (in target 'SwiftNumber' from project 'SwiftNumber')
cd /Users/admin/builder/spi-builder-workspace/.swiftpm/xcode
builtin-SwiftPerFileCompile Square\ Root.swift
SwiftCompile normal arm64 Compiling\ Number+StringAndPrecision.swift,\ Number.swift,\ Prime\ Test.swift /Users/admin/builder/spi-builder-workspace/Sources/Number+StringAndPrecision.swift /Users/admin/builder/spi-builder-workspace/Sources/Number.swift /Users/admin/builder/spi-builder-workspace/Sources/Prime\ Test.swift (in target 'SwiftNumber' from project 'SwiftNumber')
SwiftCompile normal arm64 /Users/admin/builder/spi-builder-workspace/Sources/Number+StringAndPrecision.swift (in target 'SwiftNumber' from project 'SwiftNumber')
cd /Users/admin/builder/spi-builder-workspace/.swiftpm/xcode
builtin-SwiftPerFileCompile Number+StringAndPrecision.swift
SwiftCompile normal arm64 /Users/admin/builder/spi-builder-workspace/Sources/Number.swift (in target 'SwiftNumber' from project 'SwiftNumber')
cd /Users/admin/builder/spi-builder-workspace/.swiftpm/xcode
builtin-SwiftPerFileCompile Number.swift
SwiftCompile normal arm64 /Users/admin/builder/spi-builder-workspace/Sources/Prime\ Test.swift (in target 'SwiftNumber' from project 'SwiftNumber')
cd /Users/admin/builder/spi-builder-workspace/.swiftpm/xcode
builtin-SwiftPerFileCompile Prime\ Test.swift
/Users/admin/builder/spi-builder-workspace/Sources/Number+StringAndPrecision.swift:33:40: error: 'split(separator:maxSplits:omittingEmptySubsequences:)' is only available in tvOS 16.0 or newer
10 | import Foundation
11 |
12 | public extension Number {
| `- note: add '@available' attribute to enclosing extension
13 | init?(_ value: String, andPrecision precision: Int) {
| `- note: add '@available' attribute to enclosing initializer
14 | let separator = "."
15 |
:
31 |
32 | let scaledString = scaledDecimal.description
33 | let integerPart = scaledString.split(separator: separator).first.map(String.init)
| |- error: 'split(separator:maxSplits:omittingEmptySubsequences:)' is only available in tvOS 16.0 or newer
| `- note: add 'if #available' version check
34 |
35 | if let integerPart = integerPart, let numberValue = Number(integerPart) {
Failed frontend command:
/Applications/Xcode-27.0.0-Release.Candidate.app/Contents/Developer/Toolchains/XcodeDefault.xctoolchain/usr/bin/swift-frontend -frontend -c /Users/admin/builder/spi-builder-workspace/Sources/Addition.swift /Users/admin/builder/spi-builder-workspace/Sources/Bitwise\ Ops.swift /Users/admin/builder/spi-builder-workspace/Sources/Codable.swift /Users/admin/builder/spi-builder-workspace/Sources/Comparable.swift /Users/admin/builder/spi-builder-workspace/Sources/Data\ Conversion.swift /Users/admin/builder/spi-builder-workspace/Sources/Decimal+Extension.swift /Users/admin/builder/spi-builder-workspace/Sources/Division.swift /Users/admin/builder/spi-builder-workspace/Sources/Exponentiation.swift /Users/admin/builder/spi-builder-workspace/Sources/Floating\ Point\ Conversion.swift /Users/admin/builder/spi-builder-workspace/Sources/GCD.swift /Users/admin/builder/spi-builder-workspace/Sources/Hashable.swift /Users/admin/builder/spi-builder-workspace/Sources/Integer\ Conversion.swift /Users/admin/builder/spi-builder-workspace/Sources/Multiplication.swift /Users/admin/builder/spi-builder-workspace/Sources/Number+Conversions.swift /Users/admin/builder/spi-builder-workspace/Sources/Number+Pow10.swift -primary-file /Users/admin/builder/spi-builder-workspace/Sources/Number+StringAndPrecision.swift -primary-file /Users/admin/builder/spi-builder-workspace/Sources/Number.swift -primary-file /Users/admin/builder/spi-builder-workspace/Sources/Prime\ Test.swift /Users/admin/builder/spi-builder-workspace/Sources/Random.swift /Users/admin/builder/spi-builder-workspace/Sources/SNumber+Conversions.swift /Users/admin/builder/spi-builder-workspace/Sources/SNumber+Pow10.swift /Users/admin/builder/spi-builder-workspace/Sources/SNumber.swift /Users/admin/builder/spi-builder-workspace/Sources/Shifts.swift /Users/admin/builder/spi-builder-workspace/Sources/Square\ Root.swift /Users/admin/builder/spi-builder-workspace/Sources/Strideable.swift /Users/admin/builder/spi-builder-workspace/Sources/String\ Conversion.swift /Users/admin/builder/spi-builder-workspace/Sources/Subtraction.swift /Users/admin/builder/spi-builder-workspace/Sources/Words\ and\ Bits.swift -supplementary-output-file-map /Users/admin/builder/spi-builder-workspace/.derivedData/Build/Intermediates.noindex/SwiftNumber.build/Debug-appletvos/SwiftNumber-t.build/Objects-normal/arm64/supplementaryOutputs-6 -target arm64-apple-tvos15.0 -module-can-import-version Foundation 5027.0.69 5027.0.69 -disable-cross-import-overlay-search -load-resolved-plugin /Applications/Xcode-27.0.0-Release.Candidate.app/Contents/Developer/Platforms/AppleTVOS.platform/Developer/usr/lib/swift/host/plugins/libFoundationMacros.dylib\#/Applications/Xcode-27.0.0-Release.Candidate.app/Contents/Developer/Platforms/AppleTVOS.platform/Developer/usr/bin/swift-plugin-server\#FoundationMacros -load-resolved-plugin /Applications/Xcode-27.0.0-Release.Candidate.app/Contents/Developer/Platforms/AppleTVOS.platform/Developer/usr/lib/swift/host/plugins/libObservationMacros.dylib\#/Applications/Xcode-27.0.0-Release.Candidate.app/Contents/Developer/Platforms/AppleTVOS.platform/Developer/usr/bin/swift-plugin-server\#ObservationMacros -load-resolved-plugin /Applications/Xcode-27.0.0-Release.Candidate.app/Contents/Developer/Platforms/AppleTVOS.platform/Developer/usr/lib/swift/host/plugins/libSwiftMacros.dylib\#/Applications/Xcode-27.0.0-Release.Candidate.app/Contents/Developer/Platforms/AppleTVOS.platform/Developer/usr/bin/swift-plugin-server\#SwiftMacros -disable-implicit-swift-modules -Xcc -fno-implicit-modules -Xcc -fno-implicit-module-maps -explicit-swift-module-map-file /Users/admin/builder/spi-builder-workspace/.derivedData/Build/Intermediates.noindex/SwiftNumber.build/Debug-appletvos/SwiftNumber-t.build/Objects-normal/arm64/SwiftNumber-dependencies-1.json -Xllvm -aarch64-use-tbi -enable-objc-interop -stack-check -sdk /Applications/Xcode-27.0.0-Release.Candidate.app/Contents/Developer/Platforms/AppleTVOS.platform/Developer/SDKs/AppleTVOS27.0.sdk -I /Users/admin/builder/spi-builder-workspace/.derivedData/Build/Products/Debug-appletvos -Isystem /Applications/Xcode-27.0.0-Release.Candidate.app/Contents/Developer/Platforms/AppleTVOS.platform/Developer/usr/lib -F /Users/admin/builder/spi-builder-workspace/.derivedData/Build/Products/Debug-appletvos -F /Applications/Xcode-27.0.0-Release.Candidate.app/Contents/Developer/Platforms/AppleTVOS.platform/Developer/Library/Frameworks -F /Applications/Xcode-27.0.0-Release.Candidate.app/Contents/Developer/Platforms/AppleTVOS.platform/Developer/SDKs/AppleTVOS27.0.sdk/Developer/Library/Frameworks -module-cache-path /Users/admin/builder/spi-builder-workspace/.derivedData/Build/Intermediates.noindex/SwiftExplicitPrecompiledModules -no-color-diagnostics -Xcc -fno-color-diagnostics -enable-testing -g -debug-info-format\=dwarf -dwarf-version\=4 -profile-generate -profile-coverage-mapping -swift-version 5 -Onone -D SWIFT_PACKAGE -D DEBUG -D SWIFT_MODULE_RESOURCE_BUNDLE_UNAVAILABLE -D Xcode -serialize-debugging-options -enable-experimental-feature DebugDescriptionMacro -empty-abi-descriptor -validate-clang-modules-once -clang-build-session-file /Users/admin/builder/spi-builder-workspace/.derivedData/ModuleCache.noindex/Session.modulevalidation -Xcc -working-directory -Xcc /Users/admin/builder/spi-builder-workspace/.swiftpm/xcode -enable-anonymous-context-mangled-names -file-compilation-dir /Users/admin/builder/spi-builder-workspace/.swiftpm/xcode -Xcc -D_LIBCPP_HARDENING_MODE\=_LIBCPP_HARDENING_MODE_DEBUG -Xcc -ivfsstatcache -Xcc /Users/admin/builder/spi-builder-workspace/.derivedData/SDKStatCaches.noindex/appletvos27.0-24J360-e829b21a6f8c9b70876ba0858053c044b32bfd8d43560033f8d89884cdb90028.sdkstatcache -Xcc -fmodules-prune-interval\=86400 -Xcc -fmodules-prune-after\=345600 -Xcc -I/Users/admin/builder/spi-builder-workspace/.derivedData/Build/Products/Debug-appletvos/include -Xcc -I/Users/admin/builder/spi-builder-workspace/.derivedData/Build/Intermediates.noindex/SwiftNumber.build/Debug-appletvos/SwiftNumber-t.build/DerivedSources-normal/arm64 -Xcc -I/Users/admin/builder/spi-builder-workspace/.derivedData/Build/Intermediates.noindex/SwiftNumber.build/Debug-appletvos/SwiftNumber-t.build/DerivedSources/arm64 -Xcc -I/Users/admin/builder/spi-builder-workspace/.derivedData/Build/Intermediates.noindex/SwiftNumber.build/Debug-appletvos/SwiftNumber-t.build/DerivedSources -Xcc -DSWIFT_PACKAGE -Xcc -DDEBUG\=1 -no-auto-bridging-header-chaining -module-name SwiftNumber -package-name spi_builder_workspace -const-gather-protocols-file /Users/admin/builder/spi-builder-workspace/.derivedData/Build/Intermediates.noindex/SwiftNumber.build/Debug-appletvos/SwiftNumber-t.build/Objects-normal/arm64/SwiftNumber_const_extract_protocols.json -disable-clang-spi -clang-target arm64-apple-tvos27.0 -target-sdk-version 27.0 -target-sdk-name appletvos27.0 -in-process-plugin-server-path /Applications/Xcode-27.0.0-Release.Candidate.app/Contents/Developer/Toolchains/XcodeDefault.xctoolchain/usr/lib/swift/host/libSwiftInProcPluginServer.dylib -parse-as-library -o /Users/admin/builder/spi-builder-workspace/.derivedData/Build/Intermediates.noindex/SwiftNumber.build/Debug-appletvos/SwiftNumber-t.build/Objects-normal/arm64/Number+StringAndPrecision.o -o /Users/admin/builder/spi-builder-workspace/.derivedData/Build/Intermediates.noindex/SwiftNumber.build/Debug-appletvos/SwiftNumber-t.build/Objects-normal/arm64/Number.o -o /Users/admin/builder/spi-builder-workspace/.derivedData/Build/Intermediates.noindex/SwiftNumber.build/Debug-appletvos/SwiftNumber-t.build/Objects-normal/arm64/Prime\ Test.o -debug-module-path /Users/admin/builder/spi-builder-workspace/.derivedData/Build/Intermediates.noindex/SwiftNumber.build/Debug-appletvos/SwiftNumber-t.build/Objects-normal/arm64/SwiftNumber.swiftmodule -index-unit-output-path /SwiftNumber.build/Debug-appletvos/SwiftNumber-t.build/Objects-normal/arm64/Number+StringAndPrecision.o -index-unit-output-path /SwiftNumber.build/Debug-appletvos/SwiftNumber-t.build/Objects-normal/arm64/Number.o -index-unit-output-path /SwiftNumber.build/Debug-appletvos/SwiftNumber-t.build/Objects-normal/arm64/Prime\ Test.o -index-store-path /Users/admin/builder/spi-builder-workspace/.derivedData/Index.noindex/DataStore -index-system-modules
SwiftCompile normal arm64 Compiling\ Multiplication.swift,\ Number+Conversions.swift,\ Number+Pow10.swift /Users/admin/builder/spi-builder-workspace/Sources/Multiplication.swift /Users/admin/builder/spi-builder-workspace/Sources/Number+Conversions.swift /Users/admin/builder/spi-builder-workspace/Sources/Number+Pow10.swift (in target 'SwiftNumber' from project 'SwiftNumber')
SwiftCompile normal arm64 /Users/admin/builder/spi-builder-workspace/Sources/Multiplication.swift (in target 'SwiftNumber' from project 'SwiftNumber')
cd /Users/admin/builder/spi-builder-workspace/.swiftpm/xcode
builtin-SwiftPerFileCompile Multiplication.swift
SwiftCompile normal arm64 /Users/admin/builder/spi-builder-workspace/Sources/Number+Conversions.swift (in target 'SwiftNumber' from project 'SwiftNumber')
cd /Users/admin/builder/spi-builder-workspace/.swiftpm/xcode
builtin-SwiftPerFileCompile Number+Conversions.swift
SwiftCompile normal arm64 /Users/admin/builder/spi-builder-workspace/Sources/Number+Pow10.swift (in target 'SwiftNumber' from project 'SwiftNumber')
cd /Users/admin/builder/spi-builder-workspace/.swiftpm/xcode
builtin-SwiftPerFileCompile Number+Pow10.swift
SwiftCompile normal arm64 Compiling\ Strideable.swift,\ String\ Conversion.swift /Users/admin/builder/spi-builder-workspace/Sources/Strideable.swift /Users/admin/builder/spi-builder-workspace/Sources/String\ Conversion.swift (in target 'SwiftNumber' from project 'SwiftNumber')
SwiftCompile normal arm64 /Users/admin/builder/spi-builder-workspace/Sources/Strideable.swift (in target 'SwiftNumber' from project 'SwiftNumber')
cd /Users/admin/builder/spi-builder-workspace/.swiftpm/xcode
builtin-SwiftPerFileCompile Strideable.swift
SwiftCompile normal arm64 /Users/admin/builder/spi-builder-workspace/Sources/String\ Conversion.swift (in target 'SwiftNumber' from project 'SwiftNumber')
cd /Users/admin/builder/spi-builder-workspace/.swiftpm/xcode
builtin-SwiftPerFileCompile String\ Conversion.swift
SwiftCompile normal arm64 Compiling\ Subtraction.swift,\ Words\ and\ Bits.swift /Users/admin/builder/spi-builder-workspace/Sources/Subtraction.swift /Users/admin/builder/spi-builder-workspace/Sources/Words\ and\ Bits.swift (in target 'SwiftNumber' from project 'SwiftNumber')
SwiftCompile normal arm64 /Users/admin/builder/spi-builder-workspace/Sources/Subtraction.swift (in target 'SwiftNumber' from project 'SwiftNumber')
cd /Users/admin/builder/spi-builder-workspace/.swiftpm/xcode
builtin-SwiftPerFileCompile Subtraction.swift
SwiftCompile normal arm64 /Users/admin/builder/spi-builder-workspace/Sources/Words\ and\ Bits.swift (in target 'SwiftNumber' from project 'SwiftNumber')
cd /Users/admin/builder/spi-builder-workspace/.swiftpm/xcode
builtin-SwiftPerFileCompile Words\ and\ Bits.swift
SwiftCompile normal arm64 Compiling\ GCD.swift,\ Hashable.swift,\ Integer\ Conversion.swift /Users/admin/builder/spi-builder-workspace/Sources/GCD.swift /Users/admin/builder/spi-builder-workspace/Sources/Hashable.swift /Users/admin/builder/spi-builder-workspace/Sources/Integer\ Conversion.swift (in target 'SwiftNumber' from project 'SwiftNumber')
SwiftCompile normal arm64 /Users/admin/builder/spi-builder-workspace/Sources/GCD.swift (in target 'SwiftNumber' from project 'SwiftNumber')
cd /Users/admin/builder/spi-builder-workspace/.swiftpm/xcode
builtin-SwiftPerFileCompile GCD.swift
SwiftCompile normal arm64 /Users/admin/builder/spi-builder-workspace/Sources/Hashable.swift (in target 'SwiftNumber' from project 'SwiftNumber')
cd /Users/admin/builder/spi-builder-workspace/.swiftpm/xcode
builtin-SwiftPerFileCompile Hashable.swift
SwiftCompile normal arm64 /Users/admin/builder/spi-builder-workspace/Sources/Integer\ Conversion.swift (in target 'SwiftNumber' from project 'SwiftNumber')
cd /Users/admin/builder/spi-builder-workspace/.swiftpm/xcode
builtin-SwiftPerFileCompile Integer\ Conversion.swift
SwiftCompile normal arm64 Compiling\ Division.swift,\ Exponentiation.swift,\ Floating\ Point\ Conversion.swift /Users/admin/builder/spi-builder-workspace/Sources/Division.swift /Users/admin/builder/spi-builder-workspace/Sources/Exponentiation.swift /Users/admin/builder/spi-builder-workspace/Sources/Floating\ Point\ Conversion.swift (in target 'SwiftNumber' from project 'SwiftNumber')
SwiftCompile normal arm64 /Users/admin/builder/spi-builder-workspace/Sources/Division.swift (in target 'SwiftNumber' from project 'SwiftNumber')
cd /Users/admin/builder/spi-builder-workspace/.swiftpm/xcode
builtin-SwiftPerFileCompile Division.swift
SwiftCompile normal arm64 /Users/admin/builder/spi-builder-workspace/Sources/Exponentiation.swift (in target 'SwiftNumber' from project 'SwiftNumber')
cd /Users/admin/builder/spi-builder-workspace/.swiftpm/xcode
builtin-SwiftPerFileCompile Exponentiation.swift
SwiftCompile normal arm64 /Users/admin/builder/spi-builder-workspace/Sources/Floating\ Point\ Conversion.swift (in target 'SwiftNumber' from project 'SwiftNumber')
cd /Users/admin/builder/spi-builder-workspace/.swiftpm/xcode
builtin-SwiftPerFileCompile Floating\ Point\ Conversion.swift
SwiftCompile normal arm64 Compiling\ Addition.swift,\ Bitwise\ Ops.swift,\ Codable.swift /Users/admin/builder/spi-builder-workspace/Sources/Addition.swift /Users/admin/builder/spi-builder-workspace/Sources/Bitwise\ Ops.swift /Users/admin/builder/spi-builder-workspace/Sources/Codable.swift (in target 'SwiftNumber' from project 'SwiftNumber')
SwiftCompile normal arm64 /Users/admin/builder/spi-builder-workspace/Sources/Addition.swift (in target 'SwiftNumber' from project 'SwiftNumber')
cd /Users/admin/builder/spi-builder-workspace/.swiftpm/xcode
builtin-SwiftPerFileCompile Addition.swift
SwiftCompile normal arm64 /Users/admin/builder/spi-builder-workspace/Sources/Bitwise\ Ops.swift (in target 'SwiftNumber' from project 'SwiftNumber')
cd /Users/admin/builder/spi-builder-workspace/.swiftpm/xcode
builtin-SwiftPerFileCompile Bitwise\ Ops.swift
SwiftCompile normal arm64 /Users/admin/builder/spi-builder-workspace/Sources/Codable.swift (in target 'SwiftNumber' from project 'SwiftNumber')
cd /Users/admin/builder/spi-builder-workspace/.swiftpm/xcode
builtin-SwiftPerFileCompile Codable.swift
SwiftCompile normal arm64 Compiling\ Comparable.swift,\ Data\ Conversion.swift,\ Decimal+Extension.swift /Users/admin/builder/spi-builder-workspace/Sources/Comparable.swift /Users/admin/builder/spi-builder-workspace/Sources/Data\ Conversion.swift /Users/admin/builder/spi-builder-workspace/Sources/Decimal+Extension.swift (in target 'SwiftNumber' from project 'SwiftNumber')
SwiftCompile normal arm64 /Users/admin/builder/spi-builder-workspace/Sources/Comparable.swift (in target 'SwiftNumber' from project 'SwiftNumber')
cd /Users/admin/builder/spi-builder-workspace/.swiftpm/xcode
builtin-SwiftPerFileCompile Comparable.swift
SwiftCompile normal arm64 /Users/admin/builder/spi-builder-workspace/Sources/Data\ Conversion.swift (in target 'SwiftNumber' from project 'SwiftNumber')
cd /Users/admin/builder/spi-builder-workspace/.swiftpm/xcode
builtin-SwiftPerFileCompile Data\ Conversion.swift
SwiftCompile normal arm64 /Users/admin/builder/spi-builder-workspace/Sources/Decimal+Extension.swift (in target 'SwiftNumber' from project 'SwiftNumber')
cd /Users/admin/builder/spi-builder-workspace/.swiftpm/xcode
builtin-SwiftPerFileCompile Decimal+Extension.swift
SwiftCompile normal arm64 Compiling\ Random.swift,\ SNumber+Conversions.swift,\ SNumber+Pow10.swift /Users/admin/builder/spi-builder-workspace/Sources/Random.swift /Users/admin/builder/spi-builder-workspace/Sources/SNumber+Conversions.swift /Users/admin/builder/spi-builder-workspace/Sources/SNumber+Pow10.swift (in target 'SwiftNumber' from project 'SwiftNumber')
SwiftCompile normal arm64 /Users/admin/builder/spi-builder-workspace/Sources/Random.swift (in target 'SwiftNumber' from project 'SwiftNumber')
cd /Users/admin/builder/spi-builder-workspace/.swiftpm/xcode
builtin-SwiftPerFileCompile Random.swift
SwiftCompile normal arm64 /Users/admin/builder/spi-builder-workspace/Sources/SNumber+Conversions.swift (in target 'SwiftNumber' from project 'SwiftNumber')
cd /Users/admin/builder/spi-builder-workspace/.swiftpm/xcode
builtin-SwiftPerFileCompile SNumber+Conversions.swift
SwiftCompile normal arm64 /Users/admin/builder/spi-builder-workspace/Sources/SNumber+Pow10.swift (in target 'SwiftNumber' from project 'SwiftNumber')
cd /Users/admin/builder/spi-builder-workspace/.swiftpm/xcode
builtin-SwiftPerFileCompile SNumber+Pow10.swift
SwiftDriverJobDiscovery normal arm64 Emitting module for SwiftNumber (in target 'SwiftNumber' from project 'SwiftNumber')
SwiftDriver\ Compilation\ Requirements SwiftNumber normal arm64 com.apple.xcode.tools.swift.compiler (in target 'SwiftNumber' from project 'SwiftNumber')
cd /Users/admin/builder/spi-builder-workspace/.swiftpm/xcode
builtin-Swift-Compilation-Requirements -- /Applications/Xcode-27.0.0-Release.Candidate.app/Contents/Developer/Toolchains/XcodeDefault.xctoolchain/usr/bin/swiftc -parse-as-library -module-name SwiftNumber -Onone @/Users/admin/builder/spi-builder-workspace/.derivedData/Build/Intermediates.noindex/SwiftNumber.build/Debug-appletvos/SwiftNumber-t.build/Objects-normal/arm64/SwiftNumber.SwiftFileList -DSWIFT_PACKAGE -DDEBUG -DSWIFT_MODULE_RESOURCE_BUNDLE_UNAVAILABLE -DXcode -plugin-path /Applications/Xcode-27.0.0-Release.Candidate.app/Contents/Developer/Toolchains/XcodeDefault.xctoolchain/usr/lib/swift/host/plugins/testing -enable-experimental-feature DebugDescriptionMacro -sdk /Applications/Xcode-27.0.0-Release.Candidate.app/Contents/Developer/Platforms/AppleTVOS.platform/Developer/SDKs/AppleTVOS27.0.sdk -target arm64-apple-tvos15.0 -g -module-cache-path /Users/admin/builder/spi-builder-workspace/.derivedData/ModuleCache.noindex -Xfrontend -serialize-debugging-options -profile-coverage-mapping -profile-generate -enable-testing -index-store-path /Users/admin/builder/spi-builder-workspace/.derivedData/Index.noindex/DataStore -Xcc -D_LIBCPP_HARDENING_MODE\=_LIBCPP_HARDENING_MODE_DEBUG -swift-version 5 -I /Users/admin/builder/spi-builder-workspace/.derivedData/Build/Products/Debug-appletvos -Isystem /Applications/Xcode-27.0.0-Release.Candidate.app/Contents/Developer/Platforms/AppleTVOS.platform/Developer/usr/lib -F /Users/admin/builder/spi-builder-workspace/.derivedData/Build/Products/Debug-appletvos -F /Applications/Xcode-27.0.0-Release.Candidate.app/Contents/Developer/Platforms/AppleTVOS.platform/Developer/Library/Frameworks -F /Applications/Xcode-27.0.0-Release.Candidate.app/Contents/Developer/Platforms/AppleTVOS.platform/Developer/SDKs/AppleTVOS27.0.sdk/Developer/Library/Frameworks -c -j10 -enable-batch-mode -incremental -Xcc -ivfsstatcache -Xcc /Users/admin/builder/spi-builder-workspace/.derivedData/SDKStatCaches.noindex/appletvos27.0-24J360-e829b21a6f8c9b70876ba0858053c044b32bfd8d43560033f8d89884cdb90028.sdkstatcache -output-file-map /Users/admin/builder/spi-builder-workspace/.derivedData/Build/Intermediates.noindex/SwiftNumber.build/Debug-appletvos/SwiftNumber-t.build/Objects-normal/arm64/SwiftNumber-OutputFileMap.json -save-temps -no-color-diagnostics -explicit-module-build -module-cache-path /Users/admin/builder/spi-builder-workspace/.derivedData/Build/Intermediates.noindex/SwiftExplicitPrecompiledModules -clang-scanner-module-cache-path /Users/admin/builder/spi-builder-workspace/.derivedData/ModuleCache.noindex -sdk-module-cache-path /Users/admin/builder/spi-builder-workspace/.derivedData/SDKExplicitPrecompiledModules -emit-dependencies -emit-module -emit-module-path /Users/admin/builder/spi-builder-workspace/.derivedData/Build/Intermediates.noindex/SwiftNumber.build/Debug-appletvos/SwiftNumber-t.build/Objects-normal/arm64/SwiftNumber.swiftmodule -serialize-diagnostics -dependency-scan-serialize-diagnostics-path /Users/admin/builder/spi-builder-workspace/.derivedData/Build/Intermediates.noindex/SwiftNumber.build/Debug-appletvos/SwiftNumber-t.build/Objects-normal/arm64/SwiftNumber-dependency-scan.dia -validate-clang-modules-once -clang-build-session-file /Users/admin/builder/spi-builder-workspace/.derivedData/ModuleCache.noindex/Session.modulevalidation -Xcc -fmodules-prune-interval\=86400 -Xcc -fmodules-prune-after\=345600 -package-name spi_builder_workspace -emit-const-values -const-gather-protocols-list /Users/admin/builder/spi-builder-workspace/.derivedData/Build/Intermediates.noindex/SwiftNumber.build/Debug-appletvos/SwiftNumber-t.build/Objects-normal/arm64/SwiftNumber_const_extract_protocols.json -Xcc -I/Users/admin/builder/spi-builder-workspace/.derivedData/Build/Products/Debug-appletvos/include -Xcc -I/Users/admin/builder/spi-builder-workspace/.derivedData/Build/Intermediates.noindex/SwiftNumber.build/Debug-appletvos/SwiftNumber-t.build/DerivedSources-normal/arm64 -Xcc -I/Users/admin/builder/spi-builder-workspace/.derivedData/Build/Intermediates.noindex/SwiftNumber.build/Debug-appletvos/SwiftNumber-t.build/DerivedSources/arm64 -Xcc -I/Users/admin/builder/spi-builder-workspace/.derivedData/Build/Intermediates.noindex/SwiftNumber.build/Debug-appletvos/SwiftNumber-t.build/DerivedSources -Xcc -DSWIFT_PACKAGE -Xcc -DDEBUG\=1 -emit-objc-header -emit-objc-header-path /Users/admin/builder/spi-builder-workspace/.derivedData/Build/Intermediates.noindex/SwiftNumber.build/Debug-appletvos/SwiftNumber-t.build/Objects-normal/arm64/SwiftNumber-Swift.h -working-directory /Users/admin/builder/spi-builder-workspace/.swiftpm/xcode -experimental-emit-module-separately -disable-cmo
SwiftDriverJobDiscovery normal arm64 Compiling Multiplication.swift, Number+Conversions.swift, Number+Pow10.swift (in target 'SwiftNumber' from project 'SwiftNumber')
SwiftDriverJobDiscovery normal arm64 Compiling Strideable.swift, String Conversion.swift (in target 'SwiftNumber' from project 'SwiftNumber')
SwiftDriverJobDiscovery normal arm64 Compiling GCD.swift, Hashable.swift, Integer Conversion.swift (in target 'SwiftNumber' from project 'SwiftNumber')
SwiftDriverJobDiscovery normal arm64 Compiling Random.swift, SNumber+Conversions.swift, SNumber+Pow10.swift (in target 'SwiftNumber' from project 'SwiftNumber')
SwiftDriverJobDiscovery normal arm64 Compiling Subtraction.swift, Words and Bits.swift (in target 'SwiftNumber' from project 'SwiftNumber')
SwiftMergeGeneratedHeaders /Users/admin/builder/spi-builder-workspace/.derivedData/Build/Intermediates.noindex/GeneratedModuleMaps-appletvos/SwiftNumber-Swift.h /Users/admin/builder/spi-builder-workspace/.derivedData/Build/Intermediates.noindex/SwiftNumber.build/Debug-appletvos/SwiftNumber-t.build/Objects-normal/arm64/SwiftNumber-Swift.h (in target 'SwiftNumber' from project 'SwiftNumber')
cd /Users/admin/builder/spi-builder-workspace
builtin-swiftHeaderTool -arch arm64 /Users/admin/builder/spi-builder-workspace/.derivedData/Build/Intermediates.noindex/SwiftNumber.build/Debug-appletvos/SwiftNumber-t.build/Objects-normal/arm64/SwiftNumber-Swift.h -o /Users/admin/builder/spi-builder-workspace/.derivedData/Build/Intermediates.noindex/GeneratedModuleMaps-appletvos/SwiftNumber-Swift.h
Copy /Users/admin/builder/spi-builder-workspace/.derivedData/Build/Products/Debug-appletvos/SwiftNumber.swiftmodule/arm64-apple-tvos.swiftmodule /Users/admin/builder/spi-builder-workspace/.derivedData/Build/Intermediates.noindex/SwiftNumber.build/Debug-appletvos/SwiftNumber-t.build/Objects-normal/arm64/SwiftNumber.swiftmodule (in target 'SwiftNumber' from project 'SwiftNumber')
cd /Users/admin/builder/spi-builder-workspace
builtin-copy -exclude .DS_Store -exclude CVS -exclude .svn -exclude .git -exclude .hg -resolve-src-symlinks -rename /Users/admin/builder/spi-builder-workspace/.derivedData/Build/Intermediates.noindex/SwiftNumber.build/Debug-appletvos/SwiftNumber-t.build/Objects-normal/arm64/SwiftNumber.swiftmodule /Users/admin/builder/spi-builder-workspace/.derivedData/Build/Products/Debug-appletvos/SwiftNumber.swiftmodule/arm64-apple-tvos.swiftmodule
Copy /Users/admin/builder/spi-builder-workspace/.derivedData/Build/Products/Debug-appletvos/SwiftNumber.swiftmodule/arm64-apple-tvos.swiftdoc /Users/admin/builder/spi-builder-workspace/.derivedData/Build/Intermediates.noindex/SwiftNumber.build/Debug-appletvos/SwiftNumber-t.build/Objects-normal/arm64/SwiftNumber.swiftdoc (in target 'SwiftNumber' from project 'SwiftNumber')
cd /Users/admin/builder/spi-builder-workspace
builtin-copy -exclude .DS_Store -exclude CVS -exclude .svn -exclude .git -exclude .hg -resolve-src-symlinks -rename /Users/admin/builder/spi-builder-workspace/.derivedData/Build/Intermediates.noindex/SwiftNumber.build/Debug-appletvos/SwiftNumber-t.build/Objects-normal/arm64/SwiftNumber.swiftdoc /Users/admin/builder/spi-builder-workspace/.derivedData/Build/Products/Debug-appletvos/SwiftNumber.swiftmodule/arm64-apple-tvos.swiftdoc
Copy /Users/admin/builder/spi-builder-workspace/.derivedData/Build/Products/Debug-appletvos/SwiftNumber.swiftmodule/arm64-apple-tvos.abi.json /Users/admin/builder/spi-builder-workspace/.derivedData/Build/Intermediates.noindex/SwiftNumber.build/Debug-appletvos/SwiftNumber-t.build/Objects-normal/arm64/SwiftNumber.abi.json (in target 'SwiftNumber' from project 'SwiftNumber')
cd /Users/admin/builder/spi-builder-workspace
builtin-copy -exclude .DS_Store -exclude CVS -exclude .svn -exclude .git -exclude .hg -resolve-src-symlinks -rename /Users/admin/builder/spi-builder-workspace/.derivedData/Build/Intermediates.noindex/SwiftNumber.build/Debug-appletvos/SwiftNumber-t.build/Objects-normal/arm64/SwiftNumber.abi.json /Users/admin/builder/spi-builder-workspace/.derivedData/Build/Products/Debug-appletvos/SwiftNumber.swiftmodule/arm64-apple-tvos.abi.json
Copy /Users/admin/builder/spi-builder-workspace/.derivedData/Build/Products/Debug-appletvos/SwiftNumber.swiftmodule/Project/arm64-apple-tvos.swiftsourceinfo /Users/admin/builder/spi-builder-workspace/.derivedData/Build/Intermediates.noindex/SwiftNumber.build/Debug-appletvos/SwiftNumber-t.build/Objects-normal/arm64/SwiftNumber.swiftsourceinfo (in target 'SwiftNumber' from project 'SwiftNumber')
cd /Users/admin/builder/spi-builder-workspace
builtin-copy -exclude .DS_Store -exclude CVS -exclude .svn -exclude .git -exclude .hg -resolve-src-symlinks -rename /Users/admin/builder/spi-builder-workspace/.derivedData/Build/Intermediates.noindex/SwiftNumber.build/Debug-appletvos/SwiftNumber-t.build/Objects-normal/arm64/SwiftNumber.swiftsourceinfo /Users/admin/builder/spi-builder-workspace/.derivedData/Build/Products/Debug-appletvos/SwiftNumber.swiftmodule/Project/arm64-apple-tvos.swiftsourceinfo
SwiftDriverJobDiscovery normal arm64 Compiling Addition.swift, Bitwise Ops.swift, Codable.swift (in target 'SwiftNumber' from project 'SwiftNumber')
SwiftDriverJobDiscovery normal arm64 Compiling SNumber.swift, Shifts.swift, Square Root.swift (in target 'SwiftNumber' from project 'SwiftNumber')
PruneExplicitPrecompiledModules /Users/admin/builder/spi-builder-workspace/.derivedData/SDKExplicitPrecompiledModules
PruneExplicitPrecompiledModules /Users/admin/builder/spi-builder-workspace/.derivedData/Build/Intermediates.noindex/SwiftExplicitPrecompiledModules
PruneExplicitPrecompiledModules /Users/admin/builder/spi-builder-workspace/.derivedData/Build/Intermediates.noindex/ExplicitPrecompiledModules
2026-09-22 14:20:07.180 xcodebuild[628:3884] [MT] IDERunDestination: Supported platforms for the buildables in the current scheme is empty.
** BUILD FAILED **
The following build commands failed:
SwiftCompile normal arm64 /Users/admin/builder/spi-builder-workspace/Sources/Number+StringAndPrecision.swift (in target 'SwiftNumber' from project 'SwiftNumber')
SwiftCompile normal arm64 Compiling\ Number+StringAndPrecision.swift,\ Number.swift,\ Prime\ Test.swift /Users/admin/builder/spi-builder-workspace/Sources/Number+StringAndPrecision.swift /Users/admin/builder/spi-builder-workspace/Sources/Number.swift /Users/admin/builder/spi-builder-workspace/Sources/Prime\ Test.swift (in target 'SwiftNumber' from project 'SwiftNumber')
Building workspace SwiftNumber with scheme SwiftNumber
(3 failures)
Command line invocation:
/Applications/Xcode-27.0.0-Release.Candidate.app/Contents/Developer/usr/bin/xcodebuild -IDEClonedSourcePackagesDirPathOverride=/Users/admin/builder/spi-builder-workspace/.dependencies -resolvePackageDependencies
Resolve Package Graph
Resolved source packages:
SwiftNumber: /Users/admin/builder/spi-builder-workspace
resolved source packages: SwiftNumber
2026-09-22 14:20:13.025 xcodebuild[712:4381] [MT] IDERunDestination: Supported platforms for the buildables in the current scheme is empty.
{
"dependencies" : [
],
"manifest_display_name" : "SwiftNumber",
"name" : "SwiftNumber",
"path" : "/Users/admin/builder/spi-builder-workspace",
"platforms" : [
{
"name" : "macos",
"version" : "13.0"
},
{
"name" : "ios",
"version" : "16.0"
},
{
"name" : "tvos",
"version" : "13.0"
},
{
"name" : "watchos",
"version" : "4.0"
},
{
"name" : "maccatalyst",
"version" : "13.0"
},
{
"name" : "visionos",
"version" : "1.0"
}
],
"products" : [
{
"name" : "SwiftNumber",
"targets" : [
"SwiftNumber"
],
"type" : {
"library" : [
"automatic"
]
}
}
],
"targets" : [
{
"c99name" : "SwiftNumberTests",
"module_type" : "SwiftTarget",
"name" : "SwiftNumberTests",
"path" : "Tests",
"sources" : [
"NumberTests/NumberTests.swift",
"NumberTests/ProfileTests.swift",
"NumberTests/SNumberTests.swift",
"NumberTests/Tools.swift",
"NumberTests/Violet - Helpers/BitWidthTestCases.swift",
"NumberTests/Violet - Helpers/GenerateValues.swift",
"NumberTests/Violet - Helpers/GlobalFunctions.swift",
"NumberTests/Violet - Helpers/StringTestCases.swift",
"NumberTests/Violet - Helpers/WordsTestCases.swift",
"NumberTests/Violet - Property testing/ApplyA_ApplyB_Equals_ApplyAB.swift",
"NumberTests/Violet - Property testing/ApplyA_UndoA.swift",
"NumberTests/Violet/NumberCOWTests.swift",
"NumberTests/Violet/NumberHashTests.swift",
"NumberTests/Violet/NumberIntegerInitTests.swift",
"NumberTests/Violet/NumberPowerTests.swift",
"NumberTests/Violet/NumberPropertyTests.swift",
"NumberTests/Violet/NumberStringInitTests.swift",
"NumberTests/WordTests.swift"
],
"target_dependencies" : [
"SwiftNumber"
],
"type" : "test"
},
{
"c99name" : "SwiftNumber",
"module_type" : "SwiftTarget",
"name" : "SwiftNumber",
"path" : "Sources",
"product_memberships" : [
"SwiftNumber"
],
"sources" : [
"Addition.swift",
"Bitwise Ops.swift",
"Codable.swift",
"Comparable.swift",
"Data Conversion.swift",
"Decimal+Extension.swift",
"Division.swift",
"Exponentiation.swift",
"Floating Point Conversion.swift",
"GCD.swift",
"Hashable.swift",
"Integer Conversion.swift",
"Multiplication.swift",
"Number+Conversions.swift",
"Number+Pow10.swift",
"Number+StringAndPrecision.swift",
"Number.swift",
"Prime Test.swift",
"Random.swift",
"SNumber+Conversions.swift",
"SNumber+Pow10.swift",
"SNumber.swift",
"Shifts.swift",
"Square Root.swift",
"Strideable.swift",
"String Conversion.swift",
"Subtraction.swift",
"Words and Bits.swift"
],
"type" : "library"
}
],
"tools_version" : "5.9"
}
{
"workspace" : {
"name" : "SwiftNumber",
"schemes" : [
"SwiftNumber"
]
}
}
2026-09-22 14:20:14.212 xcodebuild[720:4444] [MT] IDERunDestination: Supported platforms for the buildables in the current scheme is empty.
Running build ...
env DEVELOPER_DIR=/Applications/Xcode-27.0.0-Release.Candidate.app xcrun xcodebuild -IDEClonedSourcePackagesDirPathOverride=$PWD/.dependencies -skipMacroValidation -skipPackagePluginValidation -derivedDataPath $PWD/.derivedData build -scheme SwiftNumber -destination generic/platform=tvOS
Command line invocation:
/Applications/Xcode-27.0.0-Release.Candidate.app/Contents/Developer/usr/bin/xcodebuild -IDEClonedSourcePackagesDirPathOverride=/Users/admin/builder/spi-builder-workspace/.dependencies -skipMacroValidation -skipPackagePluginValidation -derivedDataPath /Users/admin/builder/spi-builder-workspace/.derivedData build -scheme SwiftNumber -destination generic/platform=tvOS
Resolve Package Graph
Resolved source packages:
SwiftNumber: /Users/admin/builder/spi-builder-workspace
ComputePackagePrebuildTargetDependencyGraph
Prepare packages
CreateBuildRequest
SendProjectDescription
CreateBuildOperation
ComputeTargetDependencyGraph
note: Building targets in dependency order
note: Target dependency graph (2 targets)
Target 'SwiftNumber-product' in project 'SwiftNumber'
➜ Explicit dependency on target 'SwiftNumber' in project 'SwiftNumber'
Target 'SwiftNumber' in project 'SwiftNumber' (no dependencies)
GatherProvisioningInputs
CreateBuildDescription
ClangStatCache /Applications/Xcode-27.0.0-Release.Candidate.app/Contents/Developer/Toolchains/XcodeDefault.xctoolchain/usr/bin/clang-stat-cache /Applications/Xcode-27.0.0-Release.Candidate.app/Contents/Developer/Platforms/AppleTVOS.platform/Developer/SDKs/AppleTVOS27.0.sdk /Users/admin/builder/spi-builder-workspace/.derivedData/SDKStatCaches.noindex/appletvos27.0-24J360-e829b21a6f8c9b70876ba0858053c044b32bfd8d43560033f8d89884cdb90028.sdkstatcache
cd /Users/admin/builder/spi-builder-workspace/.swiftpm/xcode
/Applications/Xcode-27.0.0-Release.Candidate.app/Contents/Developer/Toolchains/XcodeDefault.xctoolchain/usr/bin/clang-stat-cache /Applications/Xcode-27.0.0-Release.Candidate.app/Contents/Developer/Platforms/AppleTVOS.platform/Developer/SDKs/AppleTVOS27.0.sdk -o /Users/admin/builder/spi-builder-workspace/.derivedData/SDKStatCaches.noindex/appletvos27.0-24J360-e829b21a6f8c9b70876ba0858053c044b32bfd8d43560033f8d89884cdb90028.sdkstatcache
SwiftDriver SwiftNumber normal arm64 com.apple.xcode.tools.swift.compiler (in target 'SwiftNumber' from project 'SwiftNumber')
cd /Users/admin/builder/spi-builder-workspace/.swiftpm/xcode
builtin-SwiftDriver -- /Applications/Xcode-27.0.0-Release.Candidate.app/Contents/Developer/Toolchains/XcodeDefault.xctoolchain/usr/bin/swiftc -parse-as-library -module-name SwiftNumber -Onone @/Users/admin/builder/spi-builder-workspace/.derivedData/Build/Intermediates.noindex/SwiftNumber.build/Debug-appletvos/SwiftNumber-t.build/Objects-normal/arm64/SwiftNumber.SwiftFileList -DSWIFT_PACKAGE -DDEBUG -DSWIFT_MODULE_RESOURCE_BUNDLE_UNAVAILABLE -DXcode -plugin-path /Applications/Xcode-27.0.0-Release.Candidate.app/Contents/Developer/Toolchains/XcodeDefault.xctoolchain/usr/lib/swift/host/plugins/testing -enable-experimental-feature DebugDescriptionMacro -sdk /Applications/Xcode-27.0.0-Release.Candidate.app/Contents/Developer/Platforms/AppleTVOS.platform/Developer/SDKs/AppleTVOS27.0.sdk -target arm64-apple-tvos15.0 -g -module-cache-path /Users/admin/builder/spi-builder-workspace/.derivedData/ModuleCache.noindex -Xfrontend -serialize-debugging-options -profile-coverage-mapping -profile-generate -enable-testing -index-store-path /Users/admin/builder/spi-builder-workspace/.derivedData/Index.noindex/DataStore -Xcc -D_LIBCPP_HARDENING_MODE\=_LIBCPP_HARDENING_MODE_DEBUG -swift-version 5 -I /Users/admin/builder/spi-builder-workspace/.derivedData/Build/Products/Debug-appletvos -Isystem /Applications/Xcode-27.0.0-Release.Candidate.app/Contents/Developer/Platforms/AppleTVOS.platform/Developer/usr/lib -F /Users/admin/builder/spi-builder-workspace/.derivedData/Build/Products/Debug-appletvos -F /Applications/Xcode-27.0.0-Release.Candidate.app/Contents/Developer/Platforms/AppleTVOS.platform/Developer/Library/Frameworks -F /Applications/Xcode-27.0.0-Release.Candidate.app/Contents/Developer/Platforms/AppleTVOS.platform/Developer/SDKs/AppleTVOS27.0.sdk/Developer/Library/Frameworks -c -j10 -enable-batch-mode -incremental -Xcc -ivfsstatcache -Xcc /Users/admin/builder/spi-builder-workspace/.derivedData/SDKStatCaches.noindex/appletvos27.0-24J360-e829b21a6f8c9b70876ba0858053c044b32bfd8d43560033f8d89884cdb90028.sdkstatcache -output-file-map /Users/admin/builder/spi-builder-workspace/.derivedData/Build/Intermediates.noindex/SwiftNumber.build/Debug-appletvos/SwiftNumber-t.build/Objects-normal/arm64/SwiftNumber-OutputFileMap.json -save-temps -no-color-diagnostics -explicit-module-build -module-cache-path /Users/admin/builder/spi-builder-workspace/.derivedData/Build/Intermediates.noindex/SwiftExplicitPrecompiledModules -clang-scanner-module-cache-path /Users/admin/builder/spi-builder-workspace/.derivedData/ModuleCache.noindex -sdk-module-cache-path /Users/admin/builder/spi-builder-workspace/.derivedData/SDKExplicitPrecompiledModules -emit-dependencies -emit-module -emit-module-path /Users/admin/builder/spi-builder-workspace/.derivedData/Build/Intermediates.noindex/SwiftNumber.build/Debug-appletvos/SwiftNumber-t.build/Objects-normal/arm64/SwiftNumber.swiftmodule -serialize-diagnostics -dependency-scan-serialize-diagnostics-path /Users/admin/builder/spi-builder-workspace/.derivedData/Build/Intermediates.noindex/SwiftNumber.build/Debug-appletvos/SwiftNumber-t.build/Objects-normal/arm64/SwiftNumber-dependency-scan.dia -validate-clang-modules-once -clang-build-session-file /Users/admin/builder/spi-builder-workspace/.derivedData/ModuleCache.noindex/Session.modulevalidation -Xcc -fmodules-prune-interval\=86400 -Xcc -fmodules-prune-after\=345600 -package-name spi_builder_workspace -emit-const-values -const-gather-protocols-list /Users/admin/builder/spi-builder-workspace/.derivedData/Build/Intermediates.noindex/SwiftNumber.build/Debug-appletvos/SwiftNumber-t.build/Objects-normal/arm64/SwiftNumber_const_extract_protocols.json -Xcc -I/Users/admin/builder/spi-builder-workspace/.derivedData/Build/Products/Debug-appletvos/include -Xcc -I/Users/admin/builder/spi-builder-workspace/.derivedData/Build/Intermediates.noindex/SwiftNumber.build/Debug-appletvos/SwiftNumber-t.build/DerivedSources-normal/arm64 -Xcc -I/Users/admin/builder/spi-builder-workspace/.derivedData/Build/Intermediates.noindex/SwiftNumber.build/Debug-appletvos/SwiftNumber-t.build/DerivedSources/arm64 -Xcc -I/Users/admin/builder/spi-builder-workspace/.derivedData/Build/Intermediates.noindex/SwiftNumber.build/Debug-appletvos/SwiftNumber-t.build/DerivedSources -Xcc -DSWIFT_PACKAGE -Xcc -DDEBUG\=1 -emit-objc-header -emit-objc-header-path /Users/admin/builder/spi-builder-workspace/.derivedData/Build/Intermediates.noindex/SwiftNumber.build/Debug-appletvos/SwiftNumber-t.build/Objects-normal/arm64/SwiftNumber-Swift.h -working-directory /Users/admin/builder/spi-builder-workspace/.swiftpm/xcode -experimental-emit-module-separately -disable-cmo
SwiftCompile normal arm64 Compiling\ Division.swift /Users/admin/builder/spi-builder-workspace/Sources/Division.swift (in target 'SwiftNumber' from project 'SwiftNumber')
SwiftCompile normal arm64 /Users/admin/builder/spi-builder-workspace/Sources/Division.swift (in target 'SwiftNumber' from project 'SwiftNumber')
cd /Users/admin/builder/spi-builder-workspace/.swiftpm/xcode
builtin-SwiftPerFileCompile Division.swift
SwiftCompile normal arm64 Compiling\ Floating\ Point\ Conversion.swift /Users/admin/builder/spi-builder-workspace/Sources/Floating\ Point\ Conversion.swift (in target 'SwiftNumber' from project 'SwiftNumber')
SwiftCompile normal arm64 /Users/admin/builder/spi-builder-workspace/Sources/Floating\ Point\ Conversion.swift (in target 'SwiftNumber' from project 'SwiftNumber')
cd /Users/admin/builder/spi-builder-workspace/.swiftpm/xcode
builtin-SwiftPerFileCompile Floating\ Point\ Conversion.swift
SwiftCompile normal arm64 Compiling\ Exponentiation.swift /Users/admin/builder/spi-builder-workspace/Sources/Exponentiation.swift (in target 'SwiftNumber' from project 'SwiftNumber')
SwiftCompile normal arm64 /Users/admin/builder/spi-builder-workspace/Sources/Exponentiation.swift (in target 'SwiftNumber' from project 'SwiftNumber')
cd /Users/admin/builder/spi-builder-workspace/.swiftpm/xcode
builtin-SwiftPerFileCompile Exponentiation.swift
SwiftCompile normal arm64 Compiling\ Comparable.swift /Users/admin/builder/spi-builder-workspace/Sources/Comparable.swift (in target 'SwiftNumber' from project 'SwiftNumber')
SwiftCompile normal arm64 /Users/admin/builder/spi-builder-workspace/Sources/Comparable.swift (in target 'SwiftNumber' from project 'SwiftNumber')
cd /Users/admin/builder/spi-builder-workspace/.swiftpm/xcode
builtin-SwiftPerFileCompile Comparable.swift
SwiftEmitModule normal arm64 Emitting\ module\ for\ SwiftNumber (in target 'SwiftNumber' from project 'SwiftNumber')
SwiftCompile normal arm64 (in target 'SwiftNumber' from project 'SwiftNumber')
cd /Users/admin/builder/spi-builder-workspace/.swiftpm/xcode
SwiftCompile normal arm64 Compiling\ Number+StringAndPrecision.swift /Users/admin/builder/spi-builder-workspace/Sources/Number+StringAndPrecision.swift (in target 'SwiftNumber' from project 'SwiftNumber')
/Users/admin/builder/spi-builder-workspace/Sources/Number+StringAndPrecision.swift:33:40: error: 'split(separator:maxSplits:omittingEmptySubsequences:)' is only available in tvOS 16.0 or newer
10 | import Foundation
11 |
12 | public extension Number {
| `- note: add '@available' attribute to enclosing extension
13 | init?(_ value: String, andPrecision precision: Int) {
| `- note: add '@available' attribute to enclosing initializer
14 | let separator = "."
15 |
:
31 |
32 | let scaledString = scaledDecimal.description
33 | let integerPart = scaledString.split(separator: separator).first.map(String.init)
| |- error: 'split(separator:maxSplits:omittingEmptySubsequences:)' is only available in tvOS 16.0 or newer
| `- note: add 'if #available' version check
34 |
35 | if let integerPart = integerPart, let numberValue = Number(integerPart) {
Failed frontend command:
/Applications/Xcode-27.0.0-Release.Candidate.app/Contents/Developer/Toolchains/XcodeDefault.xctoolchain/usr/bin/swift-frontend -frontend -c /Users/admin/builder/spi-builder-workspace/Sources/Addition.swift /Users/admin/builder/spi-builder-workspace/Sources/Bitwise\ Ops.swift /Users/admin/builder/spi-builder-workspace/Sources/Codable.swift /Users/admin/builder/spi-builder-workspace/Sources/Comparable.swift /Users/admin/builder/spi-builder-workspace/Sources/Data\ Conversion.swift /Users/admin/builder/spi-builder-workspace/Sources/Decimal+Extension.swift /Users/admin/builder/spi-builder-workspace/Sources/Division.swift /Users/admin/builder/spi-builder-workspace/Sources/Exponentiation.swift /Users/admin/builder/spi-builder-workspace/Sources/Floating\ Point\ Conversion.swift /Users/admin/builder/spi-builder-workspace/Sources/GCD.swift /Users/admin/builder/spi-builder-workspace/Sources/Hashable.swift /Users/admin/builder/spi-builder-workspace/Sources/Integer\ Conversion.swift /Users/admin/builder/spi-builder-workspace/Sources/Multiplication.swift /Users/admin/builder/spi-builder-workspace/Sources/Number+Conversions.swift /Users/admin/builder/spi-builder-workspace/Sources/Number+Pow10.swift -primary-file /Users/admin/builder/spi-builder-workspace/Sources/Number+StringAndPrecision.swift /Users/admin/builder/spi-builder-workspace/Sources/Number.swift /Users/admin/builder/spi-builder-workspace/Sources/Prime\ Test.swift /Users/admin/builder/spi-builder-workspace/Sources/Random.swift /Users/admin/builder/spi-builder-workspace/Sources/SNumber+Conversions.swift /Users/admin/builder/spi-builder-workspace/Sources/SNumber+Pow10.swift /Users/admin/builder/spi-builder-workspace/Sources/SNumber.swift /Users/admin/builder/spi-builder-workspace/Sources/Shifts.swift /Users/admin/builder/spi-builder-workspace/Sources/Square\ Root.swift /Users/admin/builder/spi-builder-workspace/Sources/Strideable.swift /Users/admin/builder/spi-builder-workspace/Sources/String\ Conversion.swift /Users/admin/builder/spi-builder-workspace/Sources/Subtraction.swift /Users/admin/builder/spi-builder-workspace/Sources/Words\ and\ Bits.swift -emit-dependencies-path /Users/admin/builder/spi-builder-workspace/.derivedData/Build/Intermediates.noindex/SwiftNumber.build/Debug-appletvos/SwiftNumber-t.build/Objects-normal/arm64/Number+StringAndPrecision.d -emit-const-values-path /Users/admin/builder/spi-builder-workspace/.derivedData/Build/Intermediates.noindex/SwiftNumber.build/Debug-appletvos/SwiftNumber-t.build/Objects-normal/arm64/Number+StringAndPrecision.swiftconstvalues -emit-reference-dependencies-path /Users/admin/builder/spi-builder-workspace/.derivedData/Build/Intermediates.noindex/SwiftNumber.build/Debug-appletvos/SwiftNumber-t.build/Objects-normal/arm64/Number+StringAndPrecision.swiftdeps -serialize-diagnostics-path /Users/admin/builder/spi-builder-workspace/.derivedData/Build/Intermediates.noindex/SwiftNumber.build/Debug-appletvos/SwiftNumber-t.build/Objects-normal/arm64/Number+StringAndPrecision.dia -target arm64-apple-tvos15.0 -module-can-import-version Foundation 5027.0.69 5027.0.69 -disable-cross-import-overlay-search -load-resolved-plugin /Applications/Xcode-27.0.0-Release.Candidate.app/Contents/Developer/Platforms/AppleTVOS.platform/Developer/usr/lib/swift/host/plugins/libFoundationMacros.dylib\#/Applications/Xcode-27.0.0-Release.Candidate.app/Contents/Developer/Platforms/AppleTVOS.platform/Developer/usr/bin/swift-plugin-server\#FoundationMacros -load-resolved-plugin /Applications/Xcode-27.0.0-Release.Candidate.app/Contents/Developer/Platforms/AppleTVOS.platform/Developer/usr/lib/swift/host/plugins/libObservationMacros.dylib\#/Applications/Xcode-27.0.0-Release.Candidate.app/Contents/Developer/Platforms/AppleTVOS.platform/Developer/usr/bin/swift-plugin-server\#ObservationMacros -load-resolved-plugin /Applications/Xcode-27.0.0-Release.Candidate.app/Contents/Developer/Platforms/AppleTVOS.platform/Developer/usr/lib/swift/host/plugins/libSwiftMacros.dylib\#/Applications/Xcode-27.0.0-Release.Candidate.app/Contents/Developer/Platforms/AppleTVOS.platform/Developer/usr/bin/swift-plugin-server\#SwiftMacros -disable-implicit-swift-modules -Xcc -fno-implicit-modules -Xcc -fno-implicit-module-maps -explicit-swift-module-map-file /Users/admin/builder/spi-builder-workspace/.derivedData/Build/Intermediates.noindex/SwiftNumber.build/Debug-appletvos/SwiftNumber-t.build/Objects-normal/arm64/SwiftNumber-dependencies-1.json -Xllvm -aarch64-use-tbi -enable-objc-interop -stack-check -sdk /Applications/Xcode-27.0.0-Release.Candidate.app/Contents/Developer/Platforms/AppleTVOS.platform/Developer/SDKs/AppleTVOS27.0.sdk -I /Users/admin/builder/spi-builder-workspace/.derivedData/Build/Products/Debug-appletvos -Isystem /Applications/Xcode-27.0.0-Release.Candidate.app/Contents/Developer/Platforms/AppleTVOS.platform/Developer/usr/lib -F /Users/admin/builder/spi-builder-workspace/.derivedData/Build/Products/Debug-appletvos -F /Applications/Xcode-27.0.0-Release.Candidate.app/Contents/Developer/Platforms/AppleTVOS.platform/Developer/Library/Frameworks -F /Applications/Xcode-27.0.0-Release.Candidate.app/Contents/Developer/Platforms/AppleTVOS.platform/Developer/SDKs/AppleTVOS27.0.sdk/Developer/Library/Frameworks -module-cache-path /Users/admin/builder/spi-builder-workspace/.derivedData/Build/Intermediates.noindex/SwiftExplicitPrecompiledModules -no-color-diagnostics -Xcc -fno-color-diagnostics -enable-testing -g -debug-info-format\=dwarf -dwarf-version\=4 -profile-generate -profile-coverage-mapping -swift-version 5 -Onone -D SWIFT_PACKAGE -D DEBUG -D SWIFT_MODULE_RESOURCE_BUNDLE_UNAVAILABLE -D Xcode -serialize-debugging-options -enable-experimental-feature DebugDescriptionMacro -empty-abi-descriptor -validate-clang-modules-once -clang-build-session-file /Users/admin/builder/spi-builder-workspace/.derivedData/ModuleCache.noindex/Session.modulevalidation -Xcc -working-directory -Xcc /Users/admin/builder/spi-builder-workspace/.swiftpm/xcode -enable-anonymous-context-mangled-names -file-compilation-dir /Users/admin/builder/spi-builder-workspace/.swiftpm/xcode -Xcc -D_LIBCPP_HARDENING_MODE\=_LIBCPP_HARDENING_MODE_DEBUG -Xcc -ivfsstatcache -Xcc /Users/admin/builder/spi-builder-workspace/.derivedData/SDKStatCaches.noindex/appletvos27.0-24J360-e829b21a6f8c9b70876ba0858053c044b32bfd8d43560033f8d89884cdb90028.sdkstatcache -Xcc -fmodules-prune-interval\=86400 -Xcc -fmodules-prune-after\=345600 -Xcc -I/Users/admin/builder/spi-builder-workspace/.derivedData/Build/Products/Debug-appletvos/include -Xcc -I/Users/admin/builder/spi-builder-workspace/.derivedData/Build/Intermediates.noindex/SwiftNumber.build/Debug-appletvos/SwiftNumber-t.build/DerivedSources-normal/arm64 -Xcc -I/Users/admin/builder/spi-builder-workspace/.derivedData/Build/Intermediates.noindex/SwiftNumber.build/Debug-appletvos/SwiftNumber-t.build/DerivedSources/arm64 -Xcc -I/Users/admin/builder/spi-builder-workspace/.derivedData/Build/Intermediates.noindex/SwiftNumber.build/Debug-appletvos/SwiftNumber-t.build/DerivedSources -Xcc -DSWIFT_PACKAGE -Xcc -DDEBUG\=1 -no-auto-bridging-header-chaining -module-name SwiftNumber -package-name spi_builder_workspace -const-gather-protocols-file /Users/admin/builder/spi-builder-workspace/.derivedData/Build/Intermediates.noindex/SwiftNumber.build/Debug-appletvos/SwiftNumber-t.build/Objects-normal/arm64/SwiftNumber_const_extract_protocols.json -disable-clang-spi -clang-target arm64-apple-tvos27.0 -target-sdk-version 27.0 -target-sdk-name appletvos27.0 -in-process-plugin-server-path /Applications/Xcode-27.0.0-Release.Candidate.app/Contents/Developer/Toolchains/XcodeDefault.xctoolchain/usr/lib/swift/host/libSwiftInProcPluginServer.dylib -parse-as-library -o /Users/admin/builder/spi-builder-workspace/.derivedData/Build/Intermediates.noindex/SwiftNumber.build/Debug-appletvos/SwiftNumber-t.build/Objects-normal/arm64/Number+StringAndPrecision.o -debug-module-path /Users/admin/builder/spi-builder-workspace/.derivedData/Build/Intermediates.noindex/SwiftNumber.build/Debug-appletvos/SwiftNumber-t.build/Objects-normal/arm64/SwiftNumber.swiftmodule -index-unit-output-path /SwiftNumber.build/Debug-appletvos/SwiftNumber-t.build/Objects-normal/arm64/Number+StringAndPrecision.o -index-store-path /Users/admin/builder/spi-builder-workspace/.derivedData/Index.noindex/DataStore -index-system-modules
SwiftCompile normal arm64 /Users/admin/builder/spi-builder-workspace/Sources/Number+StringAndPrecision.swift (in target 'SwiftNumber' from project 'SwiftNumber')
cd /Users/admin/builder/spi-builder-workspace/.swiftpm/xcode
builtin-SwiftPerFileCompile Number+StringAndPrecision.swift
SwiftCompile normal arm64 Compiling\ Data\ Conversion.swift /Users/admin/builder/spi-builder-workspace/Sources/Data\ Conversion.swift (in target 'SwiftNumber' from project 'SwiftNumber')
SwiftCompile normal arm64 /Users/admin/builder/spi-builder-workspace/Sources/Data\ Conversion.swift (in target 'SwiftNumber' from project 'SwiftNumber')
cd /Users/admin/builder/spi-builder-workspace/.swiftpm/xcode
builtin-SwiftPerFileCompile Data\ Conversion.swift
SwiftCompile normal arm64 Compiling\ Number.swift /Users/admin/builder/spi-builder-workspace/Sources/Number.swift (in target 'SwiftNumber' from project 'SwiftNumber')
SwiftCompile normal arm64 /Users/admin/builder/spi-builder-workspace/Sources/Number.swift (in target 'SwiftNumber' from project 'SwiftNumber')
cd /Users/admin/builder/spi-builder-workspace/.swiftpm/xcode
builtin-SwiftPerFileCompile Number.swift
SwiftCompile normal arm64 Compiling\ Prime\ Test.swift /Users/admin/builder/spi-builder-workspace/Sources/Prime\ Test.swift (in target 'SwiftNumber' from project 'SwiftNumber')
SwiftCompile normal arm64 /Users/admin/builder/spi-builder-workspace/Sources/Prime\ Test.swift (in target 'SwiftNumber' from project 'SwiftNumber')
cd /Users/admin/builder/spi-builder-workspace/.swiftpm/xcode
builtin-SwiftPerFileCompile Prime\ Test.swift
SwiftCompile normal arm64 Compiling\ Decimal+Extension.swift /Users/admin/builder/spi-builder-workspace/Sources/Decimal+Extension.swift (in target 'SwiftNumber' from project 'SwiftNumber')
SwiftCompile normal arm64 /Users/admin/builder/spi-builder-workspace/Sources/Decimal+Extension.swift (in target 'SwiftNumber' from project 'SwiftNumber')
cd /Users/admin/builder/spi-builder-workspace/.swiftpm/xcode
builtin-SwiftPerFileCompile Decimal+Extension.swift
SwiftDriverJobDiscovery normal arm64 Compiling Decimal+Extension.swift (in target 'SwiftNumber' from project 'SwiftNumber')
SwiftDriverJobDiscovery normal arm64 Compiling Comparable.swift (in target 'SwiftNumber' from project 'SwiftNumber')
PruneExplicitPrecompiledModules /Users/admin/builder/spi-builder-workspace/.derivedData/Build/Intermediates.noindex/ExplicitPrecompiledModules
PruneExplicitPrecompiledModules /Users/admin/builder/spi-builder-workspace/.derivedData/SDKExplicitPrecompiledModules
PruneExplicitPrecompiledModules /Users/admin/builder/spi-builder-workspace/.derivedData/Build/Intermediates.noindex/SwiftExplicitPrecompiledModules
2026-09-22 14:20:15.177 xcodebuild[721:4471] [MT] IDERunDestination: Supported platforms for the buildables in the current scheme is empty.
** BUILD FAILED **
The following build commands failed:
SwiftCompile normal arm64 Compiling\ Number+StringAndPrecision.swift /Users/admin/builder/spi-builder-workspace/Sources/Number+StringAndPrecision.swift (in target 'SwiftNumber' from project 'SwiftNumber')
SwiftCompile normal arm64 /Users/admin/builder/spi-builder-workspace/Sources/Number+StringAndPrecision.swift (in target 'SwiftNumber' from project 'SwiftNumber')
Building workspace SwiftNumber with scheme SwiftNumber
(3 failures)
BUILD FAILURE 6.4 tvOS