The Swift Package Index logo.Swift Package Index

Build Information

Failed to build NYTPhotoViewer, reference 5.0.8 (e807f8), with Swift 6.4 for macOS (Xcode) using Xcode 27.0 on 22 Sep 2026 00:21:50 UTC.

Build Command

env DEVELOPER_DIR=/Applications/Xcode-27.0.0-Release.Candidate.app xcrun xcodebuild -IDEClonedSourcePackagesDirPathOverride=$PWD/.dependencies -skipMacroValidation -skipPackagePluginValidation -derivedDataPath $PWD/.derivedData build -scheme NYTPhotoViewer -destination platform=macOS,arch=arm64

Build Log

ScanDependencies /Users/admin/builder/spi-builder-workspace/.derivedData/Build/Intermediates.noindex/PINRemoteImage.build/Debug/PINRemoteImage-t.build/Objects-normal/arm64/PINRemoteImageBasicCache.o /Users/admin/builder/spi-builder-workspace/.dependencies/checkouts/PINRemoteImage/Source/Classes/PINRemoteImageBasicCache.m normal arm64 objective-c com.apple.compilers.llvm.clang.1_0.compiler (in target 'PINRemoteImage' from project 'PINRemoteImage')
    cd /Users/admin/builder/spi-builder-workspace/.swiftpm/xcode

    Using response file: /Users/admin/builder/spi-builder-workspace/.derivedData/Build/Intermediates.noindex/PINRemoteImage.build/Debug/PINRemoteImage-t.build/Objects-normal/arm64/e6072d4f65d7061329687fe24e3d63a7-common-args.resp

    builtin-ScanDependencies -o /Users/admin/builder/spi-builder-workspace/.derivedData/Build/Intermediates.noindex/PINRemoteImage.build/Debug/PINRemoteImage-t.build/Objects-normal/arm64/PINRemoteImageBasicCache.o.scan -- /Applications/Xcode-27.0.0-Release.Candidate.app/Contents/Developer/Toolchains/XcodeDefault.xctoolchain/usr/bin/clang -x objective-c -ivfsstatcache /Users/admin/builder/spi-builder-workspace/.derivedData/SDKStatCaches.noindex/macosx27.0-26A425-e829b21a6f8c9b70876ba0858053c0446a22442a12e9d48fe1a705f55a1adfc4.sdkstatcache -target arm64-apple-macos12.0 -fmessage-length\=0 -fdiagnostics-show-note-include-stack -fmacro-backtrace-limit\=0 -fno-color-diagnostics -fmodules-prune-interval\=86400 -fmodules-prune-after\=345600 -fbuild-session-file\=/Users/admin/builder/spi-builder-workspace/.derivedData/ModuleCache.noindex/Session.modulevalidation -fmodules-validate-once-per-build-session -Wnon-modular-include-in-framework-module -Werror\=non-modular-include-in-framework-module -Wno-trigraphs -Wno-missing-field-initializers -Wno-missing-prototypes -Wno-return-type -Wno-implicit-atomic-properties -Wno-objc-interface-ivars -Wno-arc-repeated-use-of-weak -Wno-missing-braces -Wparentheses -Wswitch -Wno-unused-function -Wno-unused-label -Wno-unused-parameter -Wno-unused-variable -Wunused-value -Wno-empty-body -Wno-uninitialized -Wno-unknown-pragmas -w -Wno-shadow -Wno-four-char-constants -Wno-conversion -Wno-constant-conversion -Wno-int-conversion -Wno-bool-conversion -Wno-enum-conversion -Wno-float-conversion -Wno-non-literal-null-conversion -Wno-objc-literal-conversion -Wshorten-64-to-32 -Wpointer-sign -Wno-newline-eof -Wno-selector -Wno-strict-selector-match -Wno-undeclared-selector -Wno-deprecated-implementations -Wno-implicit-fallthrough -isysroot /Applications/Xcode-27.0.0-Release.Candidate.app/Contents/Developer/Platforms/MacOSX.platform/Developer/SDKs/MacOSX27.0.sdk -fstrict-aliasing -Wprotocol -Wdeprecated-declarations -Wno-sign-conversion -Wno-infinite-recursion -Wno-comma -Wno-block-capture-autoreleasing -Wno-strict-prototypes -Wno-semicolon-before-method-body -index-store-path /Users/admin/builder/spi-builder-workspace/.derivedData/Index.noindex/DataStore @/Users/admin/builder/spi-builder-workspace/.derivedData/Build/Intermediates.noindex/PINRemoteImage.build/Debug/PINRemoteImage-t.build/Objects-normal/arm64/e6072d4f65d7061329687fe24e3d63a7-common-args.resp -MMD -MT dependencies -MF /Users/admin/builder/spi-builder-workspace/.derivedData/Build/Intermediates.noindex/PINRemoteImage.build/Debug/PINRemoteImage-t.build/Objects-normal/arm64/PINRemoteImageBasicCache.d --serialize-diagnostics /Users/admin/builder/spi-builder-workspace/.derivedData/Build/Intermediates.noindex/PINRemoteImage.build/Debug/PINRemoteImage-t.build/Objects-normal/arm64/PINRemoteImageBasicCache.dia -c /Users/admin/builder/spi-builder-workspace/.dependencies/checkouts/PINRemoteImage/Source/Classes/PINRemoteImageBasicCache.m -o /Users/admin/builder/spi-builder-workspace/.derivedData/Build/Intermediates.noindex/PINRemoteImage.build/Debug/PINRemoteImage-t.build/Objects-normal/arm64/PINRemoteImageBasicCache.o -index-unit-output-path /PINRemoteImage.build/Debug/PINRemoteImage-t.build/Objects-normal/arm64/PINRemoteImageBasicCache.o
ScanDependencies /Users/admin/builder/spi-builder-workspace/.derivedData/Build/Intermediates.noindex/PINRemoteImage.build/Debug/PINRemoteImage-t.build/Objects-normal/arm64/PINProgressiveImage.o /Users/admin/builder/spi-builder-workspace/.dependencies/checkouts/PINRemoteImage/Source/Classes/PINProgressiveImage.m normal arm64 objective-c com.apple.compilers.llvm.clang.1_0.compiler (in target 'PINRemoteImage' from project 'PINRemoteImage')
    cd /Users/admin/builder/spi-builder-workspace/.swiftpm/xcode

    Using response file: /Users/admin/builder/spi-builder-workspace/.derivedData/Build/Intermediates.noindex/PINRemoteImage.build/Debug/PINRemoteImage-t.build/Objects-normal/arm64/e6072d4f65d7061329687fe24e3d63a7-common-args.resp

    builtin-ScanDependencies -o /Users/admin/builder/spi-builder-workspace/.derivedData/Build/Intermediates.noindex/PINRemoteImage.build/Debug/PINRemoteImage-t.build/Objects-normal/arm64/PINProgressiveImage.o.scan -- /Applications/Xcode-27.0.0-Release.Candidate.app/Contents/Developer/Toolchains/XcodeDefault.xctoolchain/usr/bin/clang -x objective-c -ivfsstatcache /Users/admin/builder/spi-builder-workspace/.derivedData/SDKStatCaches.noindex/macosx27.0-26A425-e829b21a6f8c9b70876ba0858053c0446a22442a12e9d48fe1a705f55a1adfc4.sdkstatcache -target arm64-apple-macos12.0 -fmessage-length\=0 -fdiagnostics-show-note-include-stack -fmacro-backtrace-limit\=0 -fno-color-diagnostics -fmodules-prune-interval\=86400 -fmodules-prune-after\=345600 -fbuild-session-file\=/Users/admin/builder/spi-builder-workspace/.derivedData/ModuleCache.noindex/Session.modulevalidation -fmodules-validate-once-per-build-session -Wnon-modular-include-in-framework-module -Werror\=non-modular-include-in-framework-module -Wno-trigraphs -Wno-missing-field-initializers -Wno-missing-prototypes -Wno-return-type -Wno-implicit-atomic-properties -Wno-objc-interface-ivars -Wno-arc-repeated-use-of-weak -Wno-missing-braces -Wparentheses -Wswitch -Wno-unused-function -Wno-unused-label -Wno-unused-parameter -Wno-unused-variable -Wunused-value -Wno-empty-body -Wno-uninitialized -Wno-unknown-pragmas -w -Wno-shadow -Wno-four-char-constants -Wno-conversion -Wno-constant-conversion -Wno-int-conversion -Wno-bool-conversion -Wno-enum-conversion -Wno-float-conversion -Wno-non-literal-null-conversion -Wno-objc-literal-conversion -Wshorten-64-to-32 -Wpointer-sign -Wno-newline-eof -Wno-selector -Wno-strict-selector-match -Wno-undeclared-selector -Wno-deprecated-implementations -Wno-implicit-fallthrough -isysroot /Applications/Xcode-27.0.0-Release.Candidate.app/Contents/Developer/Platforms/MacOSX.platform/Developer/SDKs/MacOSX27.0.sdk -fstrict-aliasing -Wprotocol -Wdeprecated-declarations -Wno-sign-conversion -Wno-infinite-recursion -Wno-comma -Wno-block-capture-autoreleasing -Wno-strict-prototypes -Wno-semicolon-before-method-body -index-store-path /Users/admin/builder/spi-builder-workspace/.derivedData/Index.noindex/DataStore @/Users/admin/builder/spi-builder-workspace/.derivedData/Build/Intermediates.noindex/PINRemoteImage.build/Debug/PINRemoteImage-t.build/Objects-normal/arm64/e6072d4f65d7061329687fe24e3d63a7-common-args.resp -MMD -MT dependencies -MF /Users/admin/builder/spi-builder-workspace/.derivedData/Build/Intermediates.noindex/PINRemoteImage.build/Debug/PINRemoteImage-t.build/Objects-normal/arm64/PINProgressiveImage.d --serialize-diagnostics /Users/admin/builder/spi-builder-workspace/.derivedData/Build/Intermediates.noindex/PINRemoteImage.build/Debug/PINRemoteImage-t.build/Objects-normal/arm64/PINProgressiveImage.dia -c /Users/admin/builder/spi-builder-workspace/.dependencies/checkouts/PINRemoteImage/Source/Classes/PINProgressiveImage.m -o /Users/admin/builder/spi-builder-workspace/.derivedData/Build/Intermediates.noindex/PINRemoteImage.build/Debug/PINRemoteImage-t.build/Objects-normal/arm64/PINProgressiveImage.o -index-unit-output-path /PINRemoteImage.build/Debug/PINRemoteImage-t.build/Objects-normal/arm64/PINProgressiveImage.o
ScanDependencies /Users/admin/builder/spi-builder-workspace/.derivedData/Build/Intermediates.noindex/PINRemoteImage.build/Debug/PINRemoteImage-t.build/Objects-normal/arm64/PINImageView+PINRemoteImage.o /Users/admin/builder/spi-builder-workspace/.dependencies/checkouts/PINRemoteImage/Source/Classes/ImageCategories/PINImageView+PINRemoteImage.m normal arm64 objective-c com.apple.compilers.llvm.clang.1_0.compiler (in target 'PINRemoteImage' from project 'PINRemoteImage')
    cd /Users/admin/builder/spi-builder-workspace/.swiftpm/xcode

    Using response file: /Users/admin/builder/spi-builder-workspace/.derivedData/Build/Intermediates.noindex/PINRemoteImage.build/Debug/PINRemoteImage-t.build/Objects-normal/arm64/e6072d4f65d7061329687fe24e3d63a7-common-args.resp

    builtin-ScanDependencies -o /Users/admin/builder/spi-builder-workspace/.derivedData/Build/Intermediates.noindex/PINRemoteImage.build/Debug/PINRemoteImage-t.build/Objects-normal/arm64/PINImageView+PINRemoteImage.o.scan -- /Applications/Xcode-27.0.0-Release.Candidate.app/Contents/Developer/Toolchains/XcodeDefault.xctoolchain/usr/bin/clang -x objective-c -ivfsstatcache /Users/admin/builder/spi-builder-workspace/.derivedData/SDKStatCaches.noindex/macosx27.0-26A425-e829b21a6f8c9b70876ba0858053c0446a22442a12e9d48fe1a705f55a1adfc4.sdkstatcache -target arm64-apple-macos12.0 -fmessage-length\=0 -fdiagnostics-show-note-include-stack -fmacro-backtrace-limit\=0 -fno-color-diagnostics -fmodules-prune-interval\=86400 -fmodules-prune-after\=345600 -fbuild-session-file\=/Users/admin/builder/spi-builder-workspace/.derivedData/ModuleCache.noindex/Session.modulevalidation -fmodules-validate-once-per-build-session -Wnon-modular-include-in-framework-module -Werror\=non-modular-include-in-framework-module -Wno-trigraphs -Wno-missing-field-initializers -Wno-missing-prototypes -Wno-return-type -Wno-implicit-atomic-properties -Wno-objc-interface-ivars -Wno-arc-repeated-use-of-weak -Wno-missing-braces -Wparentheses -Wswitch -Wno-unused-function -Wno-unused-label -Wno-unused-parameter -Wno-unused-variable -Wunused-value -Wno-empty-body -Wno-uninitialized -Wno-unknown-pragmas -w -Wno-shadow -Wno-four-char-constants -Wno-conversion -Wno-constant-conversion -Wno-int-conversion -Wno-bool-conversion -Wno-enum-conversion -Wno-float-conversion -Wno-non-literal-null-conversion -Wno-objc-literal-conversion -Wshorten-64-to-32 -Wpointer-sign -Wno-newline-eof -Wno-selector -Wno-strict-selector-match -Wno-undeclared-selector -Wno-deprecated-implementations -Wno-implicit-fallthrough -isysroot /Applications/Xcode-27.0.0-Release.Candidate.app/Contents/Developer/Platforms/MacOSX.platform/Developer/SDKs/MacOSX27.0.sdk -fstrict-aliasing -Wprotocol -Wdeprecated-declarations -Wno-sign-conversion -Wno-infinite-recursion -Wno-comma -Wno-block-capture-autoreleasing -Wno-strict-prototypes -Wno-semicolon-before-method-body -index-store-path /Users/admin/builder/spi-builder-workspace/.derivedData/Index.noindex/DataStore @/Users/admin/builder/spi-builder-workspace/.derivedData/Build/Intermediates.noindex/PINRemoteImage.build/Debug/PINRemoteImage-t.build/Objects-normal/arm64/e6072d4f65d7061329687fe24e3d63a7-common-args.resp -MMD -MT dependencies -MF /Users/admin/builder/spi-builder-workspace/.derivedData/Build/Intermediates.noindex/PINRemoteImage.build/Debug/PINRemoteImage-t.build/Objects-normal/arm64/PINImageView+PINRemoteImage.d --serialize-diagnostics /Users/admin/builder/spi-builder-workspace/.derivedData/Build/Intermediates.noindex/PINRemoteImage.build/Debug/PINRemoteImage-t.build/Objects-normal/arm64/PINImageView+PINRemoteImage.dia -c /Users/admin/builder/spi-builder-workspace/.dependencies/checkouts/PINRemoteImage/Source/Classes/ImageCategories/PINImageView+PINRemoteImage.m -o /Users/admin/builder/spi-builder-workspace/.derivedData/Build/Intermediates.noindex/PINRemoteImage.build/Debug/PINRemoteImage-t.build/Objects-normal/arm64/PINImageView+PINRemoteImage.o -index-unit-output-path /PINRemoteImage.build/Debug/PINRemoteImage-t.build/Objects-normal/arm64/PINImageView+PINRemoteImage.o
ScanDependencies /Users/admin/builder/spi-builder-workspace/.derivedData/Build/Intermediates.noindex/PINRemoteImage.build/Debug/PINRemoteImage-t.build/Objects-normal/arm64/PINImage+ScaledImage.o /Users/admin/builder/spi-builder-workspace/.dependencies/checkouts/PINRemoteImage/Source/Classes/Categories/PINImage+ScaledImage.m normal arm64 objective-c com.apple.compilers.llvm.clang.1_0.compiler (in target 'PINRemoteImage' from project 'PINRemoteImage')
    cd /Users/admin/builder/spi-builder-workspace/.swiftpm/xcode

    Using response file: /Users/admin/builder/spi-builder-workspace/.derivedData/Build/Intermediates.noindex/PINRemoteImage.build/Debug/PINRemoteImage-t.build/Objects-normal/arm64/e6072d4f65d7061329687fe24e3d63a7-common-args.resp

    builtin-ScanDependencies -o /Users/admin/builder/spi-builder-workspace/.derivedData/Build/Intermediates.noindex/PINRemoteImage.build/Debug/PINRemoteImage-t.build/Objects-normal/arm64/PINImage+ScaledImage.o.scan -- /Applications/Xcode-27.0.0-Release.Candidate.app/Contents/Developer/Toolchains/XcodeDefault.xctoolchain/usr/bin/clang -x objective-c -ivfsstatcache /Users/admin/builder/spi-builder-workspace/.derivedData/SDKStatCaches.noindex/macosx27.0-26A425-e829b21a6f8c9b70876ba0858053c0446a22442a12e9d48fe1a705f55a1adfc4.sdkstatcache -target arm64-apple-macos12.0 -fmessage-length\=0 -fdiagnostics-show-note-include-stack -fmacro-backtrace-limit\=0 -fno-color-diagnostics -fmodules-prune-interval\=86400 -fmodules-prune-after\=345600 -fbuild-session-file\=/Users/admin/builder/spi-builder-workspace/.derivedData/ModuleCache.noindex/Session.modulevalidation -fmodules-validate-once-per-build-session -Wnon-modular-include-in-framework-module -Werror\=non-modular-include-in-framework-module -Wno-trigraphs -Wno-missing-field-initializers -Wno-missing-prototypes -Wno-return-type -Wno-implicit-atomic-properties -Wno-objc-interface-ivars -Wno-arc-repeated-use-of-weak -Wno-missing-braces -Wparentheses -Wswitch -Wno-unused-function -Wno-unused-label -Wno-unused-parameter -Wno-unused-variable -Wunused-value -Wno-empty-body -Wno-uninitialized -Wno-unknown-pragmas -w -Wno-shadow -Wno-four-char-constants -Wno-conversion -Wno-constant-conversion -Wno-int-conversion -Wno-bool-conversion -Wno-enum-conversion -Wno-float-conversion -Wno-non-literal-null-conversion -Wno-objc-literal-conversion -Wshorten-64-to-32 -Wpointer-sign -Wno-newline-eof -Wno-selector -Wno-strict-selector-match -Wno-undeclared-selector -Wno-deprecated-implementations -Wno-implicit-fallthrough -isysroot /Applications/Xcode-27.0.0-Release.Candidate.app/Contents/Developer/Platforms/MacOSX.platform/Developer/SDKs/MacOSX27.0.sdk -fstrict-aliasing -Wprotocol -Wdeprecated-declarations -Wno-sign-conversion -Wno-infinite-recursion -Wno-comma -Wno-block-capture-autoreleasing -Wno-strict-prototypes -Wno-semicolon-before-method-body -index-store-path /Users/admin/builder/spi-builder-workspace/.derivedData/Index.noindex/DataStore @/Users/admin/builder/spi-builder-workspace/.derivedData/Build/Intermediates.noindex/PINRemoteImage.build/Debug/PINRemoteImage-t.build/Objects-normal/arm64/e6072d4f65d7061329687fe24e3d63a7-common-args.resp -MMD -MT dependencies -MF /Users/admin/builder/spi-builder-workspace/.derivedData/Build/Intermediates.noindex/PINRemoteImage.build/Debug/PINRemoteImage-t.build/Objects-normal/arm64/PINImage+ScaledImage.d --serialize-diagnostics /Users/admin/builder/spi-builder-workspace/.derivedData/Build/Intermediates.noindex/PINRemoteImage.build/Debug/PINRemoteImage-t.build/Objects-normal/arm64/PINImage+ScaledImage.dia -c /Users/admin/builder/spi-builder-workspace/.dependencies/checkouts/PINRemoteImage/Source/Classes/Categories/PINImage+ScaledImage.m -o /Users/admin/builder/spi-builder-workspace/.derivedData/Build/Intermediates.noindex/PINRemoteImage.build/Debug/PINRemoteImage-t.build/Objects-normal/arm64/PINImage+ScaledImage.o -index-unit-output-path /PINRemoteImage.build/Debug/PINRemoteImage-t.build/Objects-normal/arm64/PINImage+ScaledImage.o
ScanDependencies /Users/admin/builder/spi-builder-workspace/.derivedData/Build/Intermediates.noindex/PINRemoteImage.build/Debug/PINRemoteImage-t.build/Objects-normal/arm64/PINImage+DecodedImage.o /Users/admin/builder/spi-builder-workspace/.dependencies/checkouts/PINRemoteImage/Source/Classes/Categories/PINImage+DecodedImage.m normal arm64 objective-c com.apple.compilers.llvm.clang.1_0.compiler (in target 'PINRemoteImage' from project 'PINRemoteImage')
    cd /Users/admin/builder/spi-builder-workspace/.swiftpm/xcode

    Using response file: /Users/admin/builder/spi-builder-workspace/.derivedData/Build/Intermediates.noindex/PINRemoteImage.build/Debug/PINRemoteImage-t.build/Objects-normal/arm64/e6072d4f65d7061329687fe24e3d63a7-common-args.resp

    builtin-ScanDependencies -o /Users/admin/builder/spi-builder-workspace/.derivedData/Build/Intermediates.noindex/PINRemoteImage.build/Debug/PINRemoteImage-t.build/Objects-normal/arm64/PINImage+DecodedImage.o.scan -- /Applications/Xcode-27.0.0-Release.Candidate.app/Contents/Developer/Toolchains/XcodeDefault.xctoolchain/usr/bin/clang -x objective-c -ivfsstatcache /Users/admin/builder/spi-builder-workspace/.derivedData/SDKStatCaches.noindex/macosx27.0-26A425-e829b21a6f8c9b70876ba0858053c0446a22442a12e9d48fe1a705f55a1adfc4.sdkstatcache -target arm64-apple-macos12.0 -fmessage-length\=0 -fdiagnostics-show-note-include-stack -fmacro-backtrace-limit\=0 -fno-color-diagnostics -fmodules-prune-interval\=86400 -fmodules-prune-after\=345600 -fbuild-session-file\=/Users/admin/builder/spi-builder-workspace/.derivedData/ModuleCache.noindex/Session.modulevalidation -fmodules-validate-once-per-build-session -Wnon-modular-include-in-framework-module -Werror\=non-modular-include-in-framework-module -Wno-trigraphs -Wno-missing-field-initializers -Wno-missing-prototypes -Wno-return-type -Wno-implicit-atomic-properties -Wno-objc-interface-ivars -Wno-arc-repeated-use-of-weak -Wno-missing-braces -Wparentheses -Wswitch -Wno-unused-function -Wno-unused-label -Wno-unused-parameter -Wno-unused-variable -Wunused-value -Wno-empty-body -Wno-uninitialized -Wno-unknown-pragmas -w -Wno-shadow -Wno-four-char-constants -Wno-conversion -Wno-constant-conversion -Wno-int-conversion -Wno-bool-conversion -Wno-enum-conversion -Wno-float-conversion -Wno-non-literal-null-conversion -Wno-objc-literal-conversion -Wshorten-64-to-32 -Wpointer-sign -Wno-newline-eof -Wno-selector -Wno-strict-selector-match -Wno-undeclared-selector -Wno-deprecated-implementations -Wno-implicit-fallthrough -isysroot /Applications/Xcode-27.0.0-Release.Candidate.app/Contents/Developer/Platforms/MacOSX.platform/Developer/SDKs/MacOSX27.0.sdk -fstrict-aliasing -Wprotocol -Wdeprecated-declarations -Wno-sign-conversion -Wno-infinite-recursion -Wno-comma -Wno-block-capture-autoreleasing -Wno-strict-prototypes -Wno-semicolon-before-method-body -index-store-path /Users/admin/builder/spi-builder-workspace/.derivedData/Index.noindex/DataStore @/Users/admin/builder/spi-builder-workspace/.derivedData/Build/Intermediates.noindex/PINRemoteImage.build/Debug/PINRemoteImage-t.build/Objects-normal/arm64/e6072d4f65d7061329687fe24e3d63a7-common-args.resp -MMD -MT dependencies -MF /Users/admin/builder/spi-builder-workspace/.derivedData/Build/Intermediates.noindex/PINRemoteImage.build/Debug/PINRemoteImage-t.build/Objects-normal/arm64/PINImage+DecodedImage.d --serialize-diagnostics /Users/admin/builder/spi-builder-workspace/.derivedData/Build/Intermediates.noindex/PINRemoteImage.build/Debug/PINRemoteImage-t.build/Objects-normal/arm64/PINImage+DecodedImage.dia -c /Users/admin/builder/spi-builder-workspace/.dependencies/checkouts/PINRemoteImage/Source/Classes/Categories/PINImage+DecodedImage.m -o /Users/admin/builder/spi-builder-workspace/.derivedData/Build/Intermediates.noindex/PINRemoteImage.build/Debug/PINRemoteImage-t.build/Objects-normal/arm64/PINImage+DecodedImage.o -index-unit-output-path /PINRemoteImage.build/Debug/PINRemoteImage-t.build/Objects-normal/arm64/PINImage+DecodedImage.o
ScanDependencies /Users/admin/builder/spi-builder-workspace/.derivedData/Build/Intermediates.noindex/PINRemoteImage.build/Debug/PINRemoteImage-t.build/Objects-normal/arm64/PINGIFAnimatedImage.o /Users/admin/builder/spi-builder-workspace/.dependencies/checkouts/PINRemoteImage/Source/Classes/AnimatedImages/PINGIFAnimatedImage.m normal arm64 objective-c com.apple.compilers.llvm.clang.1_0.compiler (in target 'PINRemoteImage' from project 'PINRemoteImage')
    cd /Users/admin/builder/spi-builder-workspace/.swiftpm/xcode

    Using response file: /Users/admin/builder/spi-builder-workspace/.derivedData/Build/Intermediates.noindex/PINRemoteImage.build/Debug/PINRemoteImage-t.build/Objects-normal/arm64/e6072d4f65d7061329687fe24e3d63a7-common-args.resp

    builtin-ScanDependencies -o /Users/admin/builder/spi-builder-workspace/.derivedData/Build/Intermediates.noindex/PINRemoteImage.build/Debug/PINRemoteImage-t.build/Objects-normal/arm64/PINGIFAnimatedImage.o.scan -- /Applications/Xcode-27.0.0-Release.Candidate.app/Contents/Developer/Toolchains/XcodeDefault.xctoolchain/usr/bin/clang -x objective-c -ivfsstatcache /Users/admin/builder/spi-builder-workspace/.derivedData/SDKStatCaches.noindex/macosx27.0-26A425-e829b21a6f8c9b70876ba0858053c0446a22442a12e9d48fe1a705f55a1adfc4.sdkstatcache -target arm64-apple-macos12.0 -fmessage-length\=0 -fdiagnostics-show-note-include-stack -fmacro-backtrace-limit\=0 -fno-color-diagnostics -fmodules-prune-interval\=86400 -fmodules-prune-after\=345600 -fbuild-session-file\=/Users/admin/builder/spi-builder-workspace/.derivedData/ModuleCache.noindex/Session.modulevalidation -fmodules-validate-once-per-build-session -Wnon-modular-include-in-framework-module -Werror\=non-modular-include-in-framework-module -Wno-trigraphs -Wno-missing-field-initializers -Wno-missing-prototypes -Wno-return-type -Wno-implicit-atomic-properties -Wno-objc-interface-ivars -Wno-arc-repeated-use-of-weak -Wno-missing-braces -Wparentheses -Wswitch -Wno-unused-function -Wno-unused-label -Wno-unused-parameter -Wno-unused-variable -Wunused-value -Wno-empty-body -Wno-uninitialized -Wno-unknown-pragmas -w -Wno-shadow -Wno-four-char-constants -Wno-conversion -Wno-constant-conversion -Wno-int-conversion -Wno-bool-conversion -Wno-enum-conversion -Wno-float-conversion -Wno-non-literal-null-conversion -Wno-objc-literal-conversion -Wshorten-64-to-32 -Wpointer-sign -Wno-newline-eof -Wno-selector -Wno-strict-selector-match -Wno-undeclared-selector -Wno-deprecated-implementations -Wno-implicit-fallthrough -isysroot /Applications/Xcode-27.0.0-Release.Candidate.app/Contents/Developer/Platforms/MacOSX.platform/Developer/SDKs/MacOSX27.0.sdk -fstrict-aliasing -Wprotocol -Wdeprecated-declarations -Wno-sign-conversion -Wno-infinite-recursion -Wno-comma -Wno-block-capture-autoreleasing -Wno-strict-prototypes -Wno-semicolon-before-method-body -index-store-path /Users/admin/builder/spi-builder-workspace/.derivedData/Index.noindex/DataStore @/Users/admin/builder/spi-builder-workspace/.derivedData/Build/Intermediates.noindex/PINRemoteImage.build/Debug/PINRemoteImage-t.build/Objects-normal/arm64/e6072d4f65d7061329687fe24e3d63a7-common-args.resp -MMD -MT dependencies -MF /Users/admin/builder/spi-builder-workspace/.derivedData/Build/Intermediates.noindex/PINRemoteImage.build/Debug/PINRemoteImage-t.build/Objects-normal/arm64/PINGIFAnimatedImage.d --serialize-diagnostics /Users/admin/builder/spi-builder-workspace/.derivedData/Build/Intermediates.noindex/PINRemoteImage.build/Debug/PINRemoteImage-t.build/Objects-normal/arm64/PINGIFAnimatedImage.dia -c /Users/admin/builder/spi-builder-workspace/.dependencies/checkouts/PINRemoteImage/Source/Classes/AnimatedImages/PINGIFAnimatedImage.m -o /Users/admin/builder/spi-builder-workspace/.derivedData/Build/Intermediates.noindex/PINRemoteImage.build/Debug/PINRemoteImage-t.build/Objects-normal/arm64/PINGIFAnimatedImage.o -index-unit-output-path /PINRemoteImage.build/Debug/PINRemoteImage-t.build/Objects-normal/arm64/PINGIFAnimatedImage.o
ScanDependencies /Users/admin/builder/spi-builder-workspace/.derivedData/Build/Intermediates.noindex/PINRemoteImage.build/Debug/PINRemoteImage-t.build/Objects-normal/arm64/PINDisplayLink.o /Users/admin/builder/spi-builder-workspace/.dependencies/checkouts/PINRemoteImage/Source/Classes/PINDisplayLink.m normal arm64 objective-c com.apple.compilers.llvm.clang.1_0.compiler (in target 'PINRemoteImage' from project 'PINRemoteImage')
    cd /Users/admin/builder/spi-builder-workspace/.swiftpm/xcode

    Using response file: /Users/admin/builder/spi-builder-workspace/.derivedData/Build/Intermediates.noindex/PINRemoteImage.build/Debug/PINRemoteImage-t.build/Objects-normal/arm64/e6072d4f65d7061329687fe24e3d63a7-common-args.resp

    builtin-ScanDependencies -o /Users/admin/builder/spi-builder-workspace/.derivedData/Build/Intermediates.noindex/PINRemoteImage.build/Debug/PINRemoteImage-t.build/Objects-normal/arm64/PINDisplayLink.o.scan -- /Applications/Xcode-27.0.0-Release.Candidate.app/Contents/Developer/Toolchains/XcodeDefault.xctoolchain/usr/bin/clang -x objective-c -ivfsstatcache /Users/admin/builder/spi-builder-workspace/.derivedData/SDKStatCaches.noindex/macosx27.0-26A425-e829b21a6f8c9b70876ba0858053c0446a22442a12e9d48fe1a705f55a1adfc4.sdkstatcache -target arm64-apple-macos12.0 -fmessage-length\=0 -fdiagnostics-show-note-include-stack -fmacro-backtrace-limit\=0 -fno-color-diagnostics -fmodules-prune-interval\=86400 -fmodules-prune-after\=345600 -fbuild-session-file\=/Users/admin/builder/spi-builder-workspace/.derivedData/ModuleCache.noindex/Session.modulevalidation -fmodules-validate-once-per-build-session -Wnon-modular-include-in-framework-module -Werror\=non-modular-include-in-framework-module -Wno-trigraphs -Wno-missing-field-initializers -Wno-missing-prototypes -Wno-return-type -Wno-implicit-atomic-properties -Wno-objc-interface-ivars -Wno-arc-repeated-use-of-weak -Wno-missing-braces -Wparentheses -Wswitch -Wno-unused-function -Wno-unused-label -Wno-unused-parameter -Wno-unused-variable -Wunused-value -Wno-empty-body -Wno-uninitialized -Wno-unknown-pragmas -w -Wno-shadow -Wno-four-char-constants -Wno-conversion -Wno-constant-conversion -Wno-int-conversion -Wno-bool-conversion -Wno-enum-conversion -Wno-float-conversion -Wno-non-literal-null-conversion -Wno-objc-literal-conversion -Wshorten-64-to-32 -Wpointer-sign -Wno-newline-eof -Wno-selector -Wno-strict-selector-match -Wno-undeclared-selector -Wno-deprecated-implementations -Wno-implicit-fallthrough -isysroot /Applications/Xcode-27.0.0-Release.Candidate.app/Contents/Developer/Platforms/MacOSX.platform/Developer/SDKs/MacOSX27.0.sdk -fstrict-aliasing -Wprotocol -Wdeprecated-declarations -Wno-sign-conversion -Wno-infinite-recursion -Wno-comma -Wno-block-capture-autoreleasing -Wno-strict-prototypes -Wno-semicolon-before-method-body -index-store-path /Users/admin/builder/spi-builder-workspace/.derivedData/Index.noindex/DataStore @/Users/admin/builder/spi-builder-workspace/.derivedData/Build/Intermediates.noindex/PINRemoteImage.build/Debug/PINRemoteImage-t.build/Objects-normal/arm64/e6072d4f65d7061329687fe24e3d63a7-common-args.resp -MMD -MT dependencies -MF /Users/admin/builder/spi-builder-workspace/.derivedData/Build/Intermediates.noindex/PINRemoteImage.build/Debug/PINRemoteImage-t.build/Objects-normal/arm64/PINDisplayLink.d --serialize-diagnostics /Users/admin/builder/spi-builder-workspace/.derivedData/Build/Intermediates.noindex/PINRemoteImage.build/Debug/PINRemoteImage-t.build/Objects-normal/arm64/PINDisplayLink.dia -c /Users/admin/builder/spi-builder-workspace/.dependencies/checkouts/PINRemoteImage/Source/Classes/PINDisplayLink.m -o /Users/admin/builder/spi-builder-workspace/.derivedData/Build/Intermediates.noindex/PINRemoteImage.build/Debug/PINRemoteImage-t.build/Objects-normal/arm64/PINDisplayLink.o -index-unit-output-path /PINRemoteImage.build/Debug/PINRemoteImage-t.build/Objects-normal/arm64/PINDisplayLink.o
ScanDependencies /Users/admin/builder/spi-builder-workspace/.derivedData/Build/Intermediates.noindex/PINRemoteImage.build/Debug/PINRemoteImage-t.build/Objects-normal/arm64/PINCachedAnimatedImage.o /Users/admin/builder/spi-builder-workspace/.dependencies/checkouts/PINRemoteImage/Source/Classes/AnimatedImages/PINCachedAnimatedImage.m normal arm64 objective-c com.apple.compilers.llvm.clang.1_0.compiler (in target 'PINRemoteImage' from project 'PINRemoteImage')
    cd /Users/admin/builder/spi-builder-workspace/.swiftpm/xcode

    Using response file: /Users/admin/builder/spi-builder-workspace/.derivedData/Build/Intermediates.noindex/PINRemoteImage.build/Debug/PINRemoteImage-t.build/Objects-normal/arm64/e6072d4f65d7061329687fe24e3d63a7-common-args.resp

    builtin-ScanDependencies -o /Users/admin/builder/spi-builder-workspace/.derivedData/Build/Intermediates.noindex/PINRemoteImage.build/Debug/PINRemoteImage-t.build/Objects-normal/arm64/PINCachedAnimatedImage.o.scan -- /Applications/Xcode-27.0.0-Release.Candidate.app/Contents/Developer/Toolchains/XcodeDefault.xctoolchain/usr/bin/clang -x objective-c -ivfsstatcache /Users/admin/builder/spi-builder-workspace/.derivedData/SDKStatCaches.noindex/macosx27.0-26A425-e829b21a6f8c9b70876ba0858053c0446a22442a12e9d48fe1a705f55a1adfc4.sdkstatcache -target arm64-apple-macos12.0 -fmessage-length\=0 -fdiagnostics-show-note-include-stack -fmacro-backtrace-limit\=0 -fno-color-diagnostics -fmodules-prune-interval\=86400 -fmodules-prune-after\=345600 -fbuild-session-file\=/Users/admin/builder/spi-builder-workspace/.derivedData/ModuleCache.noindex/Session.modulevalidation -fmodules-validate-once-per-build-session -Wnon-modular-include-in-framework-module -Werror\=non-modular-include-in-framework-module -Wno-trigraphs -Wno-missing-field-initializers -Wno-missing-prototypes -Wno-return-type -Wno-implicit-atomic-properties -Wno-objc-interface-ivars -Wno-arc-repeated-use-of-weak -Wno-missing-braces -Wparentheses -Wswitch -Wno-unused-function -Wno-unused-label -Wno-unused-parameter -Wno-unused-variable -Wunused-value -Wno-empty-body -Wno-uninitialized -Wno-unknown-pragmas -w -Wno-shadow -Wno-four-char-constants -Wno-conversion -Wno-constant-conversion -Wno-int-conversion -Wno-bool-conversion -Wno-enum-conversion -Wno-float-conversion -Wno-non-literal-null-conversion -Wno-objc-literal-conversion -Wshorten-64-to-32 -Wpointer-sign -Wno-newline-eof -Wno-selector -Wno-strict-selector-match -Wno-undeclared-selector -Wno-deprecated-implementations -Wno-implicit-fallthrough -isysroot /Applications/Xcode-27.0.0-Release.Candidate.app/Contents/Developer/Platforms/MacOSX.platform/Developer/SDKs/MacOSX27.0.sdk -fstrict-aliasing -Wprotocol -Wdeprecated-declarations -Wno-sign-conversion -Wno-infinite-recursion -Wno-comma -Wno-block-capture-autoreleasing -Wno-strict-prototypes -Wno-semicolon-before-method-body -index-store-path /Users/admin/builder/spi-builder-workspace/.derivedData/Index.noindex/DataStore @/Users/admin/builder/spi-builder-workspace/.derivedData/Build/Intermediates.noindex/PINRemoteImage.build/Debug/PINRemoteImage-t.build/Objects-normal/arm64/e6072d4f65d7061329687fe24e3d63a7-common-args.resp -MMD -MT dependencies -MF /Users/admin/builder/spi-builder-workspace/.derivedData/Build/Intermediates.noindex/PINRemoteImage.build/Debug/PINRemoteImage-t.build/Objects-normal/arm64/PINCachedAnimatedImage.d --serialize-diagnostics /Users/admin/builder/spi-builder-workspace/.derivedData/Build/Intermediates.noindex/PINRemoteImage.build/Debug/PINRemoteImage-t.build/Objects-normal/arm64/PINCachedAnimatedImage.dia -c /Users/admin/builder/spi-builder-workspace/.dependencies/checkouts/PINRemoteImage/Source/Classes/AnimatedImages/PINCachedAnimatedImage.m -o /Users/admin/builder/spi-builder-workspace/.derivedData/Build/Intermediates.noindex/PINRemoteImage.build/Debug/PINRemoteImage-t.build/Objects-normal/arm64/PINCachedAnimatedImage.o -index-unit-output-path /PINRemoteImage.build/Debug/PINRemoteImage-t.build/Objects-normal/arm64/PINCachedAnimatedImage.o
ScanDependencies /Users/admin/builder/spi-builder-workspace/.derivedData/Build/Intermediates.noindex/PINRemoteImage.build/Debug/PINRemoteImage-t.build/Objects-normal/arm64/PINCache+PINRemoteImageCaching.o /Users/admin/builder/spi-builder-workspace/.dependencies/checkouts/PINRemoteImage/Source/Classes/PINCache/PINCache+PINRemoteImageCaching.m normal arm64 objective-c com.apple.compilers.llvm.clang.1_0.compiler (in target 'PINRemoteImage' from project 'PINRemoteImage')
    cd /Users/admin/builder/spi-builder-workspace/.swiftpm/xcode

    Using response file: /Users/admin/builder/spi-builder-workspace/.derivedData/Build/Intermediates.noindex/PINRemoteImage.build/Debug/PINRemoteImage-t.build/Objects-normal/arm64/e6072d4f65d7061329687fe24e3d63a7-common-args.resp

    builtin-ScanDependencies -o /Users/admin/builder/spi-builder-workspace/.derivedData/Build/Intermediates.noindex/PINRemoteImage.build/Debug/PINRemoteImage-t.build/Objects-normal/arm64/PINCache+PINRemoteImageCaching.o.scan -- /Applications/Xcode-27.0.0-Release.Candidate.app/Contents/Developer/Toolchains/XcodeDefault.xctoolchain/usr/bin/clang -x objective-c -ivfsstatcache /Users/admin/builder/spi-builder-workspace/.derivedData/SDKStatCaches.noindex/macosx27.0-26A425-e829b21a6f8c9b70876ba0858053c0446a22442a12e9d48fe1a705f55a1adfc4.sdkstatcache -target arm64-apple-macos12.0 -fmessage-length\=0 -fdiagnostics-show-note-include-stack -fmacro-backtrace-limit\=0 -fno-color-diagnostics -fmodules-prune-interval\=86400 -fmodules-prune-after\=345600 -fbuild-session-file\=/Users/admin/builder/spi-builder-workspace/.derivedData/ModuleCache.noindex/Session.modulevalidation -fmodules-validate-once-per-build-session -Wnon-modular-include-in-framework-module -Werror\=non-modular-include-in-framework-module -Wno-trigraphs -Wno-missing-field-initializers -Wno-missing-prototypes -Wno-return-type -Wno-implicit-atomic-properties -Wno-objc-interface-ivars -Wno-arc-repeated-use-of-weak -Wno-missing-braces -Wparentheses -Wswitch -Wno-unused-function -Wno-unused-label -Wno-unused-parameter -Wno-unused-variable -Wunused-value -Wno-empty-body -Wno-uninitialized -Wno-unknown-pragmas -w -Wno-shadow -Wno-four-char-constants -Wno-conversion -Wno-constant-conversion -Wno-int-conversion -Wno-bool-conversion -Wno-enum-conversion -Wno-float-conversion -Wno-non-literal-null-conversion -Wno-objc-literal-conversion -Wshorten-64-to-32 -Wpointer-sign -Wno-newline-eof -Wno-selector -Wno-strict-selector-match -Wno-undeclared-selector -Wno-deprecated-implementations -Wno-implicit-fallthrough -isysroot /Applications/Xcode-27.0.0-Release.Candidate.app/Contents/Developer/Platforms/MacOSX.platform/Developer/SDKs/MacOSX27.0.sdk -fstrict-aliasing -Wprotocol -Wdeprecated-declarations -Wno-sign-conversion -Wno-infinite-recursion -Wno-comma -Wno-block-capture-autoreleasing -Wno-strict-prototypes -Wno-semicolon-before-method-body -index-store-path /Users/admin/builder/spi-builder-workspace/.derivedData/Index.noindex/DataStore @/Users/admin/builder/spi-builder-workspace/.derivedData/Build/Intermediates.noindex/PINRemoteImage.build/Debug/PINRemoteImage-t.build/Objects-normal/arm64/e6072d4f65d7061329687fe24e3d63a7-common-args.resp -MMD -MT dependencies -MF /Users/admin/builder/spi-builder-workspace/.derivedData/Build/Intermediates.noindex/PINRemoteImage.build/Debug/PINRemoteImage-t.build/Objects-normal/arm64/PINCache+PINRemoteImageCaching.d --serialize-diagnostics /Users/admin/builder/spi-builder-workspace/.derivedData/Build/Intermediates.noindex/PINRemoteImage.build/Debug/PINRemoteImage-t.build/Objects-normal/arm64/PINCache+PINRemoteImageCaching.dia -c /Users/admin/builder/spi-builder-workspace/.dependencies/checkouts/PINRemoteImage/Source/Classes/PINCache/PINCache+PINRemoteImageCaching.m -o /Users/admin/builder/spi-builder-workspace/.derivedData/Build/Intermediates.noindex/PINRemoteImage.build/Debug/PINRemoteImage-t.build/Objects-normal/arm64/PINCache+PINRemoteImageCaching.o -index-unit-output-path /PINRemoteImage.build/Debug/PINRemoteImage-t.build/Objects-normal/arm64/PINCache+PINRemoteImageCaching.o
ScanDependencies /Users/admin/builder/spi-builder-workspace/.derivedData/Build/Intermediates.noindex/PINRemoteImage.build/Debug/PINRemoteImage-t.build/Objects-normal/arm64/PINButton+PINRemoteImage.o /Users/admin/builder/spi-builder-workspace/.dependencies/checkouts/PINRemoteImage/Source/Classes/ImageCategories/PINButton+PINRemoteImage.m normal arm64 objective-c com.apple.compilers.llvm.clang.1_0.compiler (in target 'PINRemoteImage' from project 'PINRemoteImage')
    cd /Users/admin/builder/spi-builder-workspace/.swiftpm/xcode

    Using response file: /Users/admin/builder/spi-builder-workspace/.derivedData/Build/Intermediates.noindex/PINRemoteImage.build/Debug/PINRemoteImage-t.build/Objects-normal/arm64/e6072d4f65d7061329687fe24e3d63a7-common-args.resp

    builtin-ScanDependencies -o /Users/admin/builder/spi-builder-workspace/.derivedData/Build/Intermediates.noindex/PINRemoteImage.build/Debug/PINRemoteImage-t.build/Objects-normal/arm64/PINButton+PINRemoteImage.o.scan -- /Applications/Xcode-27.0.0-Release.Candidate.app/Contents/Developer/Toolchains/XcodeDefault.xctoolchain/usr/bin/clang -x objective-c -ivfsstatcache /Users/admin/builder/spi-builder-workspace/.derivedData/SDKStatCaches.noindex/macosx27.0-26A425-e829b21a6f8c9b70876ba0858053c0446a22442a12e9d48fe1a705f55a1adfc4.sdkstatcache -target arm64-apple-macos12.0 -fmessage-length\=0 -fdiagnostics-show-note-include-stack -fmacro-backtrace-limit\=0 -fno-color-diagnostics -fmodules-prune-interval\=86400 -fmodules-prune-after\=345600 -fbuild-session-file\=/Users/admin/builder/spi-builder-workspace/.derivedData/ModuleCache.noindex/Session.modulevalidation -fmodules-validate-once-per-build-session -Wnon-modular-include-in-framework-module -Werror\=non-modular-include-in-framework-module -Wno-trigraphs -Wno-missing-field-initializers -Wno-missing-prototypes -Wno-return-type -Wno-implicit-atomic-properties -Wno-objc-interface-ivars -Wno-arc-repeated-use-of-weak -Wno-missing-braces -Wparentheses -Wswitch -Wno-unused-function -Wno-unused-label -Wno-unused-parameter -Wno-unused-variable -Wunused-value -Wno-empty-body -Wno-uninitialized -Wno-unknown-pragmas -w -Wno-shadow -Wno-four-char-constants -Wno-conversion -Wno-constant-conversion -Wno-int-conversion -Wno-bool-conversion -Wno-enum-conversion -Wno-float-conversion -Wno-non-literal-null-conversion -Wno-objc-literal-conversion -Wshorten-64-to-32 -Wpointer-sign -Wno-newline-eof -Wno-selector -Wno-strict-selector-match -Wno-undeclared-selector -Wno-deprecated-implementations -Wno-implicit-fallthrough -isysroot /Applications/Xcode-27.0.0-Release.Candidate.app/Contents/Developer/Platforms/MacOSX.platform/Developer/SDKs/MacOSX27.0.sdk -fstrict-aliasing -Wprotocol -Wdeprecated-declarations -Wno-sign-conversion -Wno-infinite-recursion -Wno-comma -Wno-block-capture-autoreleasing -Wno-strict-prototypes -Wno-semicolon-before-method-body -index-store-path /Users/admin/builder/spi-builder-workspace/.derivedData/Index.noindex/DataStore @/Users/admin/builder/spi-builder-workspace/.derivedData/Build/Intermediates.noindex/PINRemoteImage.build/Debug/PINRemoteImage-t.build/Objects-normal/arm64/e6072d4f65d7061329687fe24e3d63a7-common-args.resp -MMD -MT dependencies -MF /Users/admin/builder/spi-builder-workspace/.derivedData/Build/Intermediates.noindex/PINRemoteImage.build/Debug/PINRemoteImage-t.build/Objects-normal/arm64/PINButton+PINRemoteImage.d --serialize-diagnostics /Users/admin/builder/spi-builder-workspace/.derivedData/Build/Intermediates.noindex/PINRemoteImage.build/Debug/PINRemoteImage-t.build/Objects-normal/arm64/PINButton+PINRemoteImage.dia -c /Users/admin/builder/spi-builder-workspace/.dependencies/checkouts/PINRemoteImage/Source/Classes/ImageCategories/PINButton+PINRemoteImage.m -o /Users/admin/builder/spi-builder-workspace/.derivedData/Build/Intermediates.noindex/PINRemoteImage.build/Debug/PINRemoteImage-t.build/Objects-normal/arm64/PINButton+PINRemoteImage.o -index-unit-output-path /PINRemoteImage.build/Debug/PINRemoteImage-t.build/Objects-normal/arm64/PINButton+PINRemoteImage.o
ScanDependencies /Users/admin/builder/spi-builder-workspace/.derivedData/Build/Intermediates.noindex/PINRemoteImage.build/Debug/PINRemoteImage-t.build/Objects-normal/arm64/PINAnimatedImageView.o /Users/admin/builder/spi-builder-workspace/.dependencies/checkouts/PINRemoteImage/Source/Classes/AnimatedImages/PINAnimatedImageView.m normal arm64 objective-c com.apple.compilers.llvm.clang.1_0.compiler (in target 'PINRemoteImage' from project 'PINRemoteImage')
    cd /Users/admin/builder/spi-builder-workspace/.swiftpm/xcode

    Using response file: /Users/admin/builder/spi-builder-workspace/.derivedData/Build/Intermediates.noindex/PINRemoteImage.build/Debug/PINRemoteImage-t.build/Objects-normal/arm64/e6072d4f65d7061329687fe24e3d63a7-common-args.resp

    builtin-ScanDependencies -o /Users/admin/builder/spi-builder-workspace/.derivedData/Build/Intermediates.noindex/PINRemoteImage.build/Debug/PINRemoteImage-t.build/Objects-normal/arm64/PINAnimatedImageView.o.scan -- /Applications/Xcode-27.0.0-Release.Candidate.app/Contents/Developer/Toolchains/XcodeDefault.xctoolchain/usr/bin/clang -x objective-c -ivfsstatcache /Users/admin/builder/spi-builder-workspace/.derivedData/SDKStatCaches.noindex/macosx27.0-26A425-e829b21a6f8c9b70876ba0858053c0446a22442a12e9d48fe1a705f55a1adfc4.sdkstatcache -target arm64-apple-macos12.0 -fmessage-length\=0 -fdiagnostics-show-note-include-stack -fmacro-backtrace-limit\=0 -fno-color-diagnostics -fmodules-prune-interval\=86400 -fmodules-prune-after\=345600 -fbuild-session-file\=/Users/admin/builder/spi-builder-workspace/.derivedData/ModuleCache.noindex/Session.modulevalidation -fmodules-validate-once-per-build-session -Wnon-modular-include-in-framework-module -Werror\=non-modular-include-in-framework-module -Wno-trigraphs -Wno-missing-field-initializers -Wno-missing-prototypes -Wno-return-type -Wno-implicit-atomic-properties -Wno-objc-interface-ivars -Wno-arc-repeated-use-of-weak -Wno-missing-braces -Wparentheses -Wswitch -Wno-unused-function -Wno-unused-label -Wno-unused-parameter -Wno-unused-variable -Wunused-value -Wno-empty-body -Wno-uninitialized -Wno-unknown-pragmas -w -Wno-shadow -Wno-four-char-constants -Wno-conversion -Wno-constant-conversion -Wno-int-conversion -Wno-bool-conversion -Wno-enum-conversion -Wno-float-conversion -Wno-non-literal-null-conversion -Wno-objc-literal-conversion -Wshorten-64-to-32 -Wpointer-sign -Wno-newline-eof -Wno-selector -Wno-strict-selector-match -Wno-undeclared-selector -Wno-deprecated-implementations -Wno-implicit-fallthrough -isysroot /Applications/Xcode-27.0.0-Release.Candidate.app/Contents/Developer/Platforms/MacOSX.platform/Developer/SDKs/MacOSX27.0.sdk -fstrict-aliasing -Wprotocol -Wdeprecated-declarations -Wno-sign-conversion -Wno-infinite-recursion -Wno-comma -Wno-block-capture-autoreleasing -Wno-strict-prototypes -Wno-semicolon-before-method-body -index-store-path /Users/admin/builder/spi-builder-workspace/.derivedData/Index.noindex/DataStore @/Users/admin/builder/spi-builder-workspace/.derivedData/Build/Intermediates.noindex/PINRemoteImage.build/Debug/PINRemoteImage-t.build/Objects-normal/arm64/e6072d4f65d7061329687fe24e3d63a7-common-args.resp -MMD -MT dependencies -MF /Users/admin/builder/spi-builder-workspace/.derivedData/Build/Intermediates.noindex/PINRemoteImage.build/Debug/PINRemoteImage-t.build/Objects-normal/arm64/PINAnimatedImageView.d --serialize-diagnostics /Users/admin/builder/spi-builder-workspace/.derivedData/Build/Intermediates.noindex/PINRemoteImage.build/Debug/PINRemoteImage-t.build/Objects-normal/arm64/PINAnimatedImageView.dia -c /Users/admin/builder/spi-builder-workspace/.dependencies/checkouts/PINRemoteImage/Source/Classes/AnimatedImages/PINAnimatedImageView.m -o /Users/admin/builder/spi-builder-workspace/.derivedData/Build/Intermediates.noindex/PINRemoteImage.build/Debug/PINRemoteImage-t.build/Objects-normal/arm64/PINAnimatedImageView.o -index-unit-output-path /PINRemoteImage.build/Debug/PINRemoteImage-t.build/Objects-normal/arm64/PINAnimatedImageView.o
ScanDependencies /Users/admin/builder/spi-builder-workspace/.derivedData/Build/Intermediates.noindex/PINRemoteImage.build/Debug/PINRemoteImage-t.build/Objects-normal/arm64/PINAnimatedImageView+PINRemoteImage.o /Users/admin/builder/spi-builder-workspace/.dependencies/checkouts/PINRemoteImage/Source/Classes/ImageCategories/PINAnimatedImageView+PINRemoteImage.m normal arm64 objective-c com.apple.compilers.llvm.clang.1_0.compiler (in target 'PINRemoteImage' from project 'PINRemoteImage')
    cd /Users/admin/builder/spi-builder-workspace/.swiftpm/xcode

    Using response file: /Users/admin/builder/spi-builder-workspace/.derivedData/Build/Intermediates.noindex/PINRemoteImage.build/Debug/PINRemoteImage-t.build/Objects-normal/arm64/e6072d4f65d7061329687fe24e3d63a7-common-args.resp

    builtin-ScanDependencies -o /Users/admin/builder/spi-builder-workspace/.derivedData/Build/Intermediates.noindex/PINRemoteImage.build/Debug/PINRemoteImage-t.build/Objects-normal/arm64/PINAnimatedImageView+PINRemoteImage.o.scan -- /Applications/Xcode-27.0.0-Release.Candidate.app/Contents/Developer/Toolchains/XcodeDefault.xctoolchain/usr/bin/clang -x objective-c -ivfsstatcache /Users/admin/builder/spi-builder-workspace/.derivedData/SDKStatCaches.noindex/macosx27.0-26A425-e829b21a6f8c9b70876ba0858053c0446a22442a12e9d48fe1a705f55a1adfc4.sdkstatcache -target arm64-apple-macos12.0 -fmessage-length\=0 -fdiagnostics-show-note-include-stack -fmacro-backtrace-limit\=0 -fno-color-diagnostics -fmodules-prune-interval\=86400 -fmodules-prune-after\=345600 -fbuild-session-file\=/Users/admin/builder/spi-builder-workspace/.derivedData/ModuleCache.noindex/Session.modulevalidation -fmodules-validate-once-per-build-session -Wnon-modular-include-in-framework-module -Werror\=non-modular-include-in-framework-module -Wno-trigraphs -Wno-missing-field-initializers -Wno-missing-prototypes -Wno-return-type -Wno-implicit-atomic-properties -Wno-objc-interface-ivars -Wno-arc-repeated-use-of-weak -Wno-missing-braces -Wparentheses -Wswitch -Wno-unused-function -Wno-unused-label -Wno-unused-parameter -Wno-unused-variable -Wunused-value -Wno-empty-body -Wno-uninitialized -Wno-unknown-pragmas -w -Wno-shadow -Wno-four-char-constants -Wno-conversion -Wno-constant-conversion -Wno-int-conversion -Wno-bool-conversion -Wno-enum-conversion -Wno-float-conversion -Wno-non-literal-null-conversion -Wno-objc-literal-conversion -Wshorten-64-to-32 -Wpointer-sign -Wno-newline-eof -Wno-selector -Wno-strict-selector-match -Wno-undeclared-selector -Wno-deprecated-implementations -Wno-implicit-fallthrough -isysroot /Applications/Xcode-27.0.0-Release.Candidate.app/Contents/Developer/Platforms/MacOSX.platform/Developer/SDKs/MacOSX27.0.sdk -fstrict-aliasing -Wprotocol -Wdeprecated-declarations -Wno-sign-conversion -Wno-infinite-recursion -Wno-comma -Wno-block-capture-autoreleasing -Wno-strict-prototypes -Wno-semicolon-before-method-body -index-store-path /Users/admin/builder/spi-builder-workspace/.derivedData/Index.noindex/DataStore @/Users/admin/builder/spi-builder-workspace/.derivedData/Build/Intermediates.noindex/PINRemoteImage.build/Debug/PINRemoteImage-t.build/Objects-normal/arm64/e6072d4f65d7061329687fe24e3d63a7-common-args.resp -MMD -MT dependencies -MF /Users/admin/builder/spi-builder-workspace/.derivedData/Build/Intermediates.noindex/PINRemoteImage.build/Debug/PINRemoteImage-t.build/Objects-normal/arm64/PINAnimatedImageView+PINRemoteImage.d --serialize-diagnostics /Users/admin/builder/spi-builder-workspace/.derivedData/Build/Intermediates.noindex/PINRemoteImage.build/Debug/PINRemoteImage-t.build/Objects-normal/arm64/PINAnimatedImageView+PINRemoteImage.dia -c /Users/admin/builder/spi-builder-workspace/.dependencies/checkouts/PINRemoteImage/Source/Classes/ImageCategories/PINAnimatedImageView+PINRemoteImage.m -o /Users/admin/builder/spi-builder-workspace/.derivedData/Build/Intermediates.noindex/PINRemoteImage.build/Debug/PINRemoteImage-t.build/Objects-normal/arm64/PINAnimatedImageView+PINRemoteImage.o -index-unit-output-path /PINRemoteImage.build/Debug/PINRemoteImage-t.build/Objects-normal/arm64/PINAnimatedImageView+PINRemoteImage.o
ScanDependencies /Users/admin/builder/spi-builder-workspace/.derivedData/Build/Intermediates.noindex/PINRemoteImage.build/Debug/PINRemoteImage-t.build/Objects-normal/arm64/PINAnimatedImage.o /Users/admin/builder/spi-builder-workspace/.dependencies/checkouts/PINRemoteImage/Source/Classes/AnimatedImages/PINAnimatedImage.m normal arm64 objective-c com.apple.compilers.llvm.clang.1_0.compiler (in target 'PINRemoteImage' from project 'PINRemoteImage')
    cd /Users/admin/builder/spi-builder-workspace/.swiftpm/xcode

    Using response file: /Users/admin/builder/spi-builder-workspace/.derivedData/Build/Intermediates.noindex/PINRemoteImage.build/Debug/PINRemoteImage-t.build/Objects-normal/arm64/e6072d4f65d7061329687fe24e3d63a7-common-args.resp

    builtin-ScanDependencies -o /Users/admin/builder/spi-builder-workspace/.derivedData/Build/Intermediates.noindex/PINRemoteImage.build/Debug/PINRemoteImage-t.build/Objects-normal/arm64/PINAnimatedImage.o.scan -- /Applications/Xcode-27.0.0-Release.Candidate.app/Contents/Developer/Toolchains/XcodeDefault.xctoolchain/usr/bin/clang -x objective-c -ivfsstatcache /Users/admin/builder/spi-builder-workspace/.derivedData/SDKStatCaches.noindex/macosx27.0-26A425-e829b21a6f8c9b70876ba0858053c0446a22442a12e9d48fe1a705f55a1adfc4.sdkstatcache -target arm64-apple-macos12.0 -fmessage-length\=0 -fdiagnostics-show-note-include-stack -fmacro-backtrace-limit\=0 -fno-color-diagnostics -fmodules-prune-interval\=86400 -fmodules-prune-after\=345600 -fbuild-session-file\=/Users/admin/builder/spi-builder-workspace/.derivedData/ModuleCache.noindex/Session.modulevalidation -fmodules-validate-once-per-build-session -Wnon-modular-include-in-framework-module -Werror\=non-modular-include-in-framework-module -Wno-trigraphs -Wno-missing-field-initializers -Wno-missing-prototypes -Wno-return-type -Wno-implicit-atomic-properties -Wno-objc-interface-ivars -Wno-arc-repeated-use-of-weak -Wno-missing-braces -Wparentheses -Wswitch -Wno-unused-function -Wno-unused-label -Wno-unused-parameter -Wno-unused-variable -Wunused-value -Wno-empty-body -Wno-uninitialized -Wno-unknown-pragmas -w -Wno-shadow -Wno-four-char-constants -Wno-conversion -Wno-constant-conversion -Wno-int-conversion -Wno-bool-conversion -Wno-enum-conversion -Wno-float-conversion -Wno-non-literal-null-conversion -Wno-objc-literal-conversion -Wshorten-64-to-32 -Wpointer-sign -Wno-newline-eof -Wno-selector -Wno-strict-selector-match -Wno-undeclared-selector -Wno-deprecated-implementations -Wno-implicit-fallthrough -isysroot /Applications/Xcode-27.0.0-Release.Candidate.app/Contents/Developer/Platforms/MacOSX.platform/Developer/SDKs/MacOSX27.0.sdk -fstrict-aliasing -Wprotocol -Wdeprecated-declarations -Wno-sign-conversion -Wno-infinite-recursion -Wno-comma -Wno-block-capture-autoreleasing -Wno-strict-prototypes -Wno-semicolon-before-method-body -index-store-path /Users/admin/builder/spi-builder-workspace/.derivedData/Index.noindex/DataStore @/Users/admin/builder/spi-builder-workspace/.derivedData/Build/Intermediates.noindex/PINRemoteImage.build/Debug/PINRemoteImage-t.build/Objects-normal/arm64/e6072d4f65d7061329687fe24e3d63a7-common-args.resp -MMD -MT dependencies -MF /Users/admin/builder/spi-builder-workspace/.derivedData/Build/Intermediates.noindex/PINRemoteImage.build/Debug/PINRemoteImage-t.build/Objects-normal/arm64/PINAnimatedImage.d --serialize-diagnostics /Users/admin/builder/spi-builder-workspace/.derivedData/Build/Intermediates.noindex/PINRemoteImage.build/Debug/PINRemoteImage-t.build/Objects-normal/arm64/PINAnimatedImage.dia -c /Users/admin/builder/spi-builder-workspace/.dependencies/checkouts/PINRemoteImage/Source/Classes/AnimatedImages/PINAnimatedImage.m -o /Users/admin/builder/spi-builder-workspace/.derivedData/Build/Intermediates.noindex/PINRemoteImage.build/Debug/PINRemoteImage-t.build/Objects-normal/arm64/PINAnimatedImage.o -index-unit-output-path /PINRemoteImage.build/Debug/PINRemoteImage-t.build/Objects-normal/arm64/PINAnimatedImage.o
ScanDependencies /Users/admin/builder/spi-builder-workspace/.derivedData/Build/Intermediates.noindex/PINRemoteImage.build/Debug/PINRemoteImage-t.build/Objects-normal/arm64/PINAlternateRepresentationProvider.o /Users/admin/builder/spi-builder-workspace/.dependencies/checkouts/PINRemoteImage/Source/Classes/PINAlternateRepresentationProvider.m normal arm64 objective-c com.apple.compilers.llvm.clang.1_0.compiler (in target 'PINRemoteImage' from project 'PINRemoteImage')
    cd /Users/admin/builder/spi-builder-workspace/.swiftpm/xcode

    Using response file: /Users/admin/builder/spi-builder-workspace/.derivedData/Build/Intermediates.noindex/PINRemoteImage.build/Debug/PINRemoteImage-t.build/Objects-normal/arm64/e6072d4f65d7061329687fe24e3d63a7-common-args.resp

    builtin-ScanDependencies -o /Users/admin/builder/spi-builder-workspace/.derivedData/Build/Intermediates.noindex/PINRemoteImage.build/Debug/PINRemoteImage-t.build/Objects-normal/arm64/PINAlternateRepresentationProvider.o.scan -- /Applications/Xcode-27.0.0-Release.Candidate.app/Contents/Developer/Toolchains/XcodeDefault.xctoolchain/usr/bin/clang -x objective-c -ivfsstatcache /Users/admin/builder/spi-builder-workspace/.derivedData/SDKStatCaches.noindex/macosx27.0-26A425-e829b21a6f8c9b70876ba0858053c0446a22442a12e9d48fe1a705f55a1adfc4.sdkstatcache -target arm64-apple-macos12.0 -fmessage-length\=0 -fdiagnostics-show-note-include-stack -fmacro-backtrace-limit\=0 -fno-color-diagnostics -fmodules-prune-interval\=86400 -fmodules-prune-after\=345600 -fbuild-session-file\=/Users/admin/builder/spi-builder-workspace/.derivedData/ModuleCache.noindex/Session.modulevalidation -fmodules-validate-once-per-build-session -Wnon-modular-include-in-framework-module -Werror\=non-modular-include-in-framework-module -Wno-trigraphs -Wno-missing-field-initializers -Wno-missing-prototypes -Wno-return-type -Wno-implicit-atomic-properties -Wno-objc-interface-ivars -Wno-arc-repeated-use-of-weak -Wno-missing-braces -Wparentheses -Wswitch -Wno-unused-function -Wno-unused-label -Wno-unused-parameter -Wno-unused-variable -Wunused-value -Wno-empty-body -Wno-uninitialized -Wno-unknown-pragmas -w -Wno-shadow -Wno-four-char-constants -Wno-conversion -Wno-constant-conversion -Wno-int-conversion -Wno-bool-conversion -Wno-enum-conversion -Wno-float-conversion -Wno-non-literal-null-conversion -Wno-objc-literal-conversion -Wshorten-64-to-32 -Wpointer-sign -Wno-newline-eof -Wno-selector -Wno-strict-selector-match -Wno-undeclared-selector -Wno-deprecated-implementations -Wno-implicit-fallthrough -isysroot /Applications/Xcode-27.0.0-Release.Candidate.app/Contents/Developer/Platforms/MacOSX.platform/Developer/SDKs/MacOSX27.0.sdk -fstrict-aliasing -Wprotocol -Wdeprecated-declarations -Wno-sign-conversion -Wno-infinite-recursion -Wno-comma -Wno-block-capture-autoreleasing -Wno-strict-prototypes -Wno-semicolon-before-method-body -index-store-path /Users/admin/builder/spi-builder-workspace/.derivedData/Index.noindex/DataStore @/Users/admin/builder/spi-builder-workspace/.derivedData/Build/Intermediates.noindex/PINRemoteImage.build/Debug/PINRemoteImage-t.build/Objects-normal/arm64/e6072d4f65d7061329687fe24e3d63a7-common-args.resp -MMD -MT dependencies -MF /Users/admin/builder/spi-builder-workspace/.derivedData/Build/Intermediates.noindex/PINRemoteImage.build/Debug/PINRemoteImage-t.build/Objects-normal/arm64/PINAlternateRepresentationProvider.d --serialize-diagnostics /Users/admin/builder/spi-builder-workspace/.derivedData/Build/Intermediates.noindex/PINRemoteImage.build/Debug/PINRemoteImage-t.build/Objects-normal/arm64/PINAlternateRepresentationProvider.dia -c /Users/admin/builder/spi-builder-workspace/.dependencies/checkouts/PINRemoteImage/Source/Classes/PINAlternateRepresentationProvider.m -o /Users/admin/builder/spi-builder-workspace/.derivedData/Build/Intermediates.noindex/PINRemoteImage.build/Debug/PINRemoteImage-t.build/Objects-normal/arm64/PINAlternateRepresentationProvider.o -index-unit-output-path /PINRemoteImage.build/Debug/PINRemoteImage-t.build/Objects-normal/arm64/PINAlternateRepresentationProvider.o
PrecompileModule /Users/admin/builder/spi-builder-workspace/.derivedData/Build/Intermediates.noindex/ExplicitPrecompiledModules/_DarwinFoundation1-BY627KZU9GDLMFMDT49M5L8DA.scan
    cd /
    builtin-precompileModule /Users/admin/builder/spi-builder-workspace/.derivedData/Build/Intermediates.noindex/ExplicitPrecompiledModules/_DarwinFoundation1-BY627KZU9GDLMFMDT49M5L8DA.scan
ScanDependencies /Users/admin/builder/spi-builder-workspace/.derivedData/Build/Intermediates.noindex/PINRemoteImage.build/Debug/PINRemoteImage-t.build/Objects-normal/arm64/PINAPNGAnimatedImage.o /Users/admin/builder/spi-builder-workspace/.dependencies/checkouts/PINRemoteImage/Source/Classes/AnimatedImages/PINAPNGAnimatedImage.m normal arm64 objective-c com.apple.compilers.llvm.clang.1_0.compiler (in target 'PINRemoteImage' from project 'PINRemoteImage')
    cd /Users/admin/builder/spi-builder-workspace/.swiftpm/xcode

    Using response file: /Users/admin/builder/spi-builder-workspace/.derivedData/Build/Intermediates.noindex/PINRemoteImage.build/Debug/PINRemoteImage-t.build/Objects-normal/arm64/e6072d4f65d7061329687fe24e3d63a7-common-args.resp

    builtin-ScanDependencies -o /Users/admin/builder/spi-builder-workspace/.derivedData/Build/Intermediates.noindex/PINRemoteImage.build/Debug/PINRemoteImage-t.build/Objects-normal/arm64/PINAPNGAnimatedImage.o.scan -- /Applications/Xcode-27.0.0-Release.Candidate.app/Contents/Developer/Toolchains/XcodeDefault.xctoolchain/usr/bin/clang -x objective-c -ivfsstatcache /Users/admin/builder/spi-builder-workspace/.derivedData/SDKStatCaches.noindex/macosx27.0-26A425-e829b21a6f8c9b70876ba0858053c0446a22442a12e9d48fe1a705f55a1adfc4.sdkstatcache -target arm64-apple-macos12.0 -fmessage-length\=0 -fdiagnostics-show-note-include-stack -fmacro-backtrace-limit\=0 -fno-color-diagnostics -fmodules-prune-interval\=86400 -fmodules-prune-after\=345600 -fbuild-session-file\=/Users/admin/builder/spi-builder-workspace/.derivedData/ModuleCache.noindex/Session.modulevalidation -fmodules-validate-once-per-build-session -Wnon-modular-include-in-framework-module -Werror\=non-modular-include-in-framework-module -Wno-trigraphs -Wno-missing-field-initializers -Wno-missing-prototypes -Wno-return-type -Wno-implicit-atomic-properties -Wno-objc-interface-ivars -Wno-arc-repeated-use-of-weak -Wno-missing-braces -Wparentheses -Wswitch -Wno-unused-function -Wno-unused-label -Wno-unused-parameter -Wno-unused-variable -Wunused-value -Wno-empty-body -Wno-uninitialized -Wno-unknown-pragmas -w -Wno-shadow -Wno-four-char-constants -Wno-conversion -Wno-constant-conversion -Wno-int-conversion -Wno-bool-conversion -Wno-enum-conversion -Wno-float-conversion -Wno-non-literal-null-conversion -Wno-objc-literal-conversion -Wshorten-64-to-32 -Wpointer-sign -Wno-newline-eof -Wno-selector -Wno-strict-selector-match -Wno-undeclared-selector -Wno-deprecated-implementations -Wno-implicit-fallthrough -isysroot /Applications/Xcode-27.0.0-Release.Candidate.app/Contents/Developer/Platforms/MacOSX.platform/Developer/SDKs/MacOSX27.0.sdk -fstrict-aliasing -Wprotocol -Wdeprecated-declarations -Wno-sign-conversion -Wno-infinite-recursion -Wno-comma -Wno-block-capture-autoreleasing -Wno-strict-prototypes -Wno-semicolon-before-method-body -index-store-path /Users/admin/builder/spi-builder-workspace/.derivedData/Index.noindex/DataStore @/Users/admin/builder/spi-builder-workspace/.derivedData/Build/Intermediates.noindex/PINRemoteImage.build/Debug/PINRemoteImage-t.build/Objects-normal/arm64/e6072d4f65d7061329687fe24e3d63a7-common-args.resp -MMD -MT dependencies -MF /Users/admin/builder/spi-builder-workspace/.derivedData/Build/Intermediates.noindex/PINRemoteImage.build/Debug/PINRemoteImage-t.build/Objects-normal/arm64/PINAPNGAnimatedImage.d --serialize-diagnostics /Users/admin/builder/spi-builder-workspace/.derivedData/Build/Intermediates.noindex/PINRemoteImage.build/Debug/PINRemoteImage-t.build/Objects-normal/arm64/PINAPNGAnimatedImage.dia -c /Users/admin/builder/spi-builder-workspace/.dependencies/checkouts/PINRemoteImage/Source/Classes/AnimatedImages/PINAPNGAnimatedImage.m -o /Users/admin/builder/spi-builder-workspace/.derivedData/Build/Intermediates.noindex/PINRemoteImage.build/Debug/PINRemoteImage-t.build/Objects-normal/arm64/PINAPNGAnimatedImage.o -index-unit-output-path /PINRemoteImage.build/Debug/PINRemoteImage-t.build/Objects-normal/arm64/PINAPNGAnimatedImage.o
ScanDependencies /Users/admin/builder/spi-builder-workspace/.derivedData/Build/Intermediates.noindex/PINRemoteImage.build/Debug/PINRemoteImage-t.build/Objects-normal/arm64/NSHTTPURLResponse+MaxAge.o /Users/admin/builder/spi-builder-workspace/.dependencies/checkouts/PINRemoteImage/Source/Classes/Categories/NSHTTPURLResponse+MaxAge.m normal arm64 objective-c com.apple.compilers.llvm.clang.1_0.compiler (in target 'PINRemoteImage' from project 'PINRemoteImage')
    cd /Users/admin/builder/spi-builder-workspace/.swiftpm/xcode

    Using response file: /Users/admin/builder/spi-builder-workspace/.derivedData/Build/Intermediates.noindex/PINRemoteImage.build/Debug/PINRemoteImage-t.build/Objects-normal/arm64/e6072d4f65d7061329687fe24e3d63a7-common-args.resp

    builtin-ScanDependencies -o /Users/admin/builder/spi-builder-workspace/.derivedData/Build/Intermediates.noindex/PINRemoteImage.build/Debug/PINRemoteImage-t.build/Objects-normal/arm64/NSHTTPURLResponse+MaxAge.o.scan -- /Applications/Xcode-27.0.0-Release.Candidate.app/Contents/Developer/Toolchains/XcodeDefault.xctoolchain/usr/bin/clang -x objective-c -ivfsstatcache /Users/admin/builder/spi-builder-workspace/.derivedData/SDKStatCaches.noindex/macosx27.0-26A425-e829b21a6f8c9b70876ba0858053c0446a22442a12e9d48fe1a705f55a1adfc4.sdkstatcache -target arm64-apple-macos12.0 -fmessage-length\=0 -fdiagnostics-show-note-include-stack -fmacro-backtrace-limit\=0 -fno-color-diagnostics -fmodules-prune-interval\=86400 -fmodules-prune-after\=345600 -fbuild-session-file\=/Users/admin/builder/spi-builder-workspace/.derivedData/ModuleCache.noindex/Session.modulevalidation -fmodules-validate-once-per-build-session -Wnon-modular-include-in-framework-module -Werror\=non-modular-include-in-framework-module -Wno-trigraphs -Wno-missing-field-initializers -Wno-missing-prototypes -Wno-return-type -Wno-implicit-atomic-properties -Wno-objc-interface-ivars -Wno-arc-repeated-use-of-weak -Wno-missing-braces -Wparentheses -Wswitch -Wno-unused-function -Wno-unused-label -Wno-unused-parameter -Wno-unused-variable -Wunused-value -Wno-empty-body -Wno-uninitialized -Wno-unknown-pragmas -w -Wno-shadow -Wno-four-char-constants -Wno-conversion -Wno-constant-conversion -Wno-int-conversion -Wno-bool-conversion -Wno-enum-conversion -Wno-float-conversion -Wno-non-literal-null-conversion -Wno-objc-literal-conversion -Wshorten-64-to-32 -Wpointer-sign -Wno-newline-eof -Wno-selector -Wno-strict-selector-match -Wno-undeclared-selector -Wno-deprecated-implementations -Wno-implicit-fallthrough -isysroot /Applications/Xcode-27.0.0-Release.Candidate.app/Contents/Developer/Platforms/MacOSX.platform/Developer/SDKs/MacOSX27.0.sdk -fstrict-aliasing -Wprotocol -Wdeprecated-declarations -Wno-sign-conversion -Wno-infinite-recursion -Wno-comma -Wno-block-capture-autoreleasing -Wno-strict-prototypes -Wno-semicolon-before-method-body -index-store-path /Users/admin/builder/spi-builder-workspace/.derivedData/Index.noindex/DataStore @/Users/admin/builder/spi-builder-workspace/.derivedData/Build/Intermediates.noindex/PINRemoteImage.build/Debug/PINRemoteImage-t.build/Objects-normal/arm64/e6072d4f65d7061329687fe24e3d63a7-common-args.resp -MMD -MT dependencies -MF /Users/admin/builder/spi-builder-workspace/.derivedData/Build/Intermediates.noindex/PINRemoteImage.build/Debug/PINRemoteImage-t.build/Objects-normal/arm64/NSHTTPURLResponse+MaxAge.d --serialize-diagnostics /Users/admin/builder/spi-builder-workspace/.derivedData/Build/Intermediates.noindex/PINRemoteImage.build/Debug/PINRemoteImage-t.build/Objects-normal/arm64/NSHTTPURLResponse+MaxAge.dia -c /Users/admin/builder/spi-builder-workspace/.dependencies/checkouts/PINRemoteImage/Source/Classes/Categories/NSHTTPURLResponse+MaxAge.m -o /Users/admin/builder/spi-builder-workspace/.derivedData/Build/Intermediates.noindex/PINRemoteImage.build/Debug/PINRemoteImage-t.build/Objects-normal/arm64/NSHTTPURLResponse+MaxAge.o -index-unit-output-path /PINRemoteImage.build/Debug/PINRemoteImage-t.build/Objects-normal/arm64/NSHTTPURLResponse+MaxAge.o
ScanDependencies /Users/admin/builder/spi-builder-workspace/.derivedData/Build/Intermediates.noindex/PINRemoteImage.build/Debug/PINRemoteImage-t.build/Objects-normal/arm64/NSData+ImageDetectors.o /Users/admin/builder/spi-builder-workspace/.dependencies/checkouts/PINRemoteImage/Source/Classes/Categories/NSData+ImageDetectors.m normal arm64 objective-c com.apple.compilers.llvm.clang.1_0.compiler (in target 'PINRemoteImage' from project 'PINRemoteImage')
    cd /Users/admin/builder/spi-builder-workspace/.swiftpm/xcode

    Using response file: /Users/admin/builder/spi-builder-workspace/.derivedData/Build/Intermediates.noindex/PINRemoteImage.build/Debug/PINRemoteImage-t.build/Objects-normal/arm64/e6072d4f65d7061329687fe24e3d63a7-common-args.resp

    builtin-ScanDependencies -o /Users/admin/builder/spi-builder-workspace/.derivedData/Build/Intermediates.noindex/PINRemoteImage.build/Debug/PINRemoteImage-t.build/Objects-normal/arm64/NSData+ImageDetectors.o.scan -- /Applications/Xcode-27.0.0-Release.Candidate.app/Contents/Developer/Toolchains/XcodeDefault.xctoolchain/usr/bin/clang -x objective-c -ivfsstatcache /Users/admin/builder/spi-builder-workspace/.derivedData/SDKStatCaches.noindex/macosx27.0-26A425-e829b21a6f8c9b70876ba0858053c0446a22442a12e9d48fe1a705f55a1adfc4.sdkstatcache -target arm64-apple-macos12.0 -fmessage-length\=0 -fdiagnostics-show-note-include-stack -fmacro-backtrace-limit\=0 -fno-color-diagnostics -fmodules-prune-interval\=86400 -fmodules-prune-after\=345600 -fbuild-session-file\=/Users/admin/builder/spi-builder-workspace/.derivedData/ModuleCache.noindex/Session.modulevalidation -fmodules-validate-once-per-build-session -Wnon-modular-include-in-framework-module -Werror\=non-modular-include-in-framework-module -Wno-trigraphs -Wno-missing-field-initializers -Wno-missing-prototypes -Wno-return-type -Wno-implicit-atomic-properties -Wno-objc-interface-ivars -Wno-arc-repeated-use-of-weak -Wno-missing-braces -Wparentheses -Wswitch -Wno-unused-function -Wno-unused-label -Wno-unused-parameter -Wno-unused-variable -Wunused-value -Wno-empty-body -Wno-uninitialized -Wno-unknown-pragmas -w -Wno-shadow -Wno-four-char-constants -Wno-conversion -Wno-constant-conversion -Wno-int-conversion -Wno-bool-conversion -Wno-enum-conversion -Wno-float-conversion -Wno-non-literal-null-conversion -Wno-objc-literal-conversion -Wshorten-64-to-32 -Wpointer-sign -Wno-newline-eof -Wno-selector -Wno-strict-selector-match -Wno-undeclared-selector -Wno-deprecated-implementations -Wno-implicit-fallthrough -isysroot /Applications/Xcode-27.0.0-Release.Candidate.app/Contents/Developer/Platforms/MacOSX.platform/Developer/SDKs/MacOSX27.0.sdk -fstrict-aliasing -Wprotocol -Wdeprecated-declarations -Wno-sign-conversion -Wno-infinite-recursion -Wno-comma -Wno-block-capture-autoreleasing -Wno-strict-prototypes -Wno-semicolon-before-method-body -index-store-path /Users/admin/builder/spi-builder-workspace/.derivedData/Index.noindex/DataStore @/Users/admin/builder/spi-builder-workspace/.derivedData/Build/Intermediates.noindex/PINRemoteImage.build/Debug/PINRemoteImage-t.build/Objects-normal/arm64/e6072d4f65d7061329687fe24e3d63a7-common-args.resp -MMD -MT dependencies -MF /Users/admin/builder/spi-builder-workspace/.derivedData/Build/Intermediates.noindex/PINRemoteImage.build/Debug/PINRemoteImage-t.build/Objects-normal/arm64/NSData+ImageDetectors.d --serialize-diagnostics /Users/admin/builder/spi-builder-workspace/.derivedData/Build/Intermediates.noindex/PINRemoteImage.build/Debug/PINRemoteImage-t.build/Objects-normal/arm64/NSData+ImageDetectors.dia -c /Users/admin/builder/spi-builder-workspace/.dependencies/checkouts/PINRemoteImage/Source/Classes/Categories/NSData+ImageDetectors.m -o /Users/admin/builder/spi-builder-workspace/.derivedData/Build/Intermediates.noindex/PINRemoteImage.build/Debug/PINRemoteImage-t.build/Objects-normal/arm64/NSData+ImageDetectors.o -index-unit-output-path /PINRemoteImage.build/Debug/PINRemoteImage-t.build/Objects-normal/arm64/NSData+ImageDetectors.o
ScanDependencies /Users/admin/builder/spi-builder-workspace/.derivedData/Build/Intermediates.noindex/PINOperation.build/Debug/PINOperation-t.build/Objects-normal/arm64/resource_bundle_accessor.o /Users/admin/builder/spi-builder-workspace/.derivedData/Build/Intermediates.noindex/PINOperation.build/Debug/PINOperation-t.build/DerivedSources/resource_bundle_accessor.m normal arm64 objective-c com.apple.compilers.llvm.clang.1_0.compiler (in target 'PINOperation' from project 'PINOperation')
    cd /Users/admin/builder/spi-builder-workspace/.swiftpm/xcode

    Using response file: /Users/admin/builder/spi-builder-workspace/.derivedData/Build/Intermediates.noindex/PINOperation.build/Debug/PINOperation-t.build/Objects-normal/arm64/e6072d4f65d7061329687fe24e3d63a7-common-args.resp

    builtin-ScanDependencies -o /Users/admin/builder/spi-builder-workspace/.derivedData/Build/Intermediates.noindex/PINOperation.build/Debug/PINOperation-t.build/Objects-normal/arm64/resource_bundle_accessor.o.scan -- /Applications/Xcode-27.0.0-Release.Candidate.app/Contents/Developer/Toolchains/XcodeDefault.xctoolchain/usr/bin/clang -x objective-c -ivfsstatcache /Users/admin/builder/spi-builder-workspace/.derivedData/SDKStatCaches.noindex/macosx27.0-26A425-e829b21a6f8c9b70876ba0858053c0446a22442a12e9d48fe1a705f55a1adfc4.sdkstatcache -target arm64-apple-macos12.0 -fmessage-length\=0 -fdiagnostics-show-note-include-stack -fmacro-backtrace-limit\=0 -fno-color-diagnostics -fmodules-prune-interval\=86400 -fmodules-prune-after\=345600 -fbuild-session-file\=/Users/admin/builder/spi-builder-workspace/.derivedData/ModuleCache.noindex/Session.modulevalidation -fmodules-validate-once-per-build-session -Wnon-modular-include-in-framework-module -Werror\=non-modular-include-in-framework-module -Wno-trigraphs -Wno-missing-field-initializers -Wno-missing-prototypes -Wno-return-type -Wno-implicit-atomic-properties -Wno-objc-interface-ivars -Wno-arc-repeated-use-of-weak -Wno-missing-braces -Wparentheses -Wswitch -Wno-unused-function -Wno-unused-label -Wno-unused-parameter -Wno-unused-variable -Wunused-value -Wno-empty-body -Wno-uninitialized -Wno-unknown-pragmas -w -Wno-shadow -Wno-four-char-constants -Wno-conversion -Wno-constant-conversion -Wno-int-conversion -Wno-bool-conversion -Wno-enum-conversion -Wno-float-conversion -Wno-non-literal-null-conversion -Wno-objc-literal-conversion -Wshorten-64-to-32 -Wpointer-sign -Wno-newline-eof -Wno-selector -Wno-strict-selector-match -Wno-undeclared-selector -Wno-deprecated-implementations -Wno-implicit-fallthrough -isysroot /Applications/Xcode-27.0.0-Release.Candidate.app/Contents/Developer/Platforms/MacOSX.platform/Developer/SDKs/MacOSX27.0.sdk -fstrict-aliasing -Wprotocol -Wdeprecated-declarations -Wno-sign-conversion -Wno-infinite-recursion -Wno-comma -Wno-block-capture-autoreleasing -Wno-strict-prototypes -Wno-semicolon-before-method-body -index-store-path /Users/admin/builder/spi-builder-workspace/.derivedData/Index.noindex/DataStore @/Users/admin/builder/spi-builder-workspace/.derivedData/Build/Intermediates.noindex/PINOperation.build/Debug/PINOperation-t.build/Objects-normal/arm64/e6072d4f65d7061329687fe24e3d63a7-common-args.resp -include /Users/admin/builder/spi-builder-workspace/.derivedData/Build/Intermediates.noindex/PINOperation.build/Debug/PINOperation-t.build/DerivedSources/resource_bundle_accessor.h -MMD -MT dependencies -MF /Users/admin/builder/spi-builder-workspace/.derivedData/Build/Intermediates.noindex/PINOperation.build/Debug/PINOperation-t.build/Objects-normal/arm64/resource_bundle_accessor.d --serialize-diagnostics /Users/admin/builder/spi-builder-workspace/.derivedData/Build/Intermediates.noindex/PINOperation.build/Debug/PINOperation-t.build/Objects-normal/arm64/resource_bundle_accessor.dia -c /Users/admin/builder/spi-builder-workspace/.derivedData/Build/Intermediates.noindex/PINOperation.build/Debug/PINOperation-t.build/DerivedSources/resource_bundle_accessor.m -o /Users/admin/builder/spi-builder-workspace/.derivedData/Build/Intermediates.noindex/PINOperation.build/Debug/PINOperation-t.build/Objects-normal/arm64/resource_bundle_accessor.o -index-unit-output-path /PINOperation.build/Debug/PINOperation-t.build/Objects-normal/arm64/resource_bundle_accessor.o
ScanDependencies /Users/admin/builder/spi-builder-workspace/.derivedData/Build/Intermediates.noindex/PINOperation.build/Debug/PINOperation-t.build/Objects-normal/arm64/PINOperationQueue.o /Users/admin/builder/spi-builder-workspace/.dependencies/checkouts/PINOperation/Source/PINOperationQueue.m normal arm64 objective-c com.apple.compilers.llvm.clang.1_0.compiler (in target 'PINOperation' from project 'PINOperation')
    cd /Users/admin/builder/spi-builder-workspace/.swiftpm/xcode

    Using response file: /Users/admin/builder/spi-builder-workspace/.derivedData/Build/Intermediates.noindex/PINOperation.build/Debug/PINOperation-t.build/Objects-normal/arm64/e6072d4f65d7061329687fe24e3d63a7-common-args.resp

    builtin-ScanDependencies -o /Users/admin/builder/spi-builder-workspace/.derivedData/Build/Intermediates.noindex/PINOperation.build/Debug/PINOperation-t.build/Objects-normal/arm64/PINOperationQueue.o.scan -- /Applications/Xcode-27.0.0-Release.Candidate.app/Contents/Developer/Toolchains/XcodeDefault.xctoolchain/usr/bin/clang -x objective-c -ivfsstatcache /Users/admin/builder/spi-builder-workspace/.derivedData/SDKStatCaches.noindex/macosx27.0-26A425-e829b21a6f8c9b70876ba0858053c0446a22442a12e9d48fe1a705f55a1adfc4.sdkstatcache -target arm64-apple-macos12.0 -fmessage-length\=0 -fdiagnostics-show-note-include-stack -fmacro-backtrace-limit\=0 -fno-color-diagnostics -fmodules-prune-interval\=86400 -fmodules-prune-after\=345600 -fbuild-session-file\=/Users/admin/builder/spi-builder-workspace/.derivedData/ModuleCache.noindex/Session.modulevalidation -fmodules-validate-once-per-build-session -Wnon-modular-include-in-framework-module -Werror\=non-modular-include-in-framework-module -Wno-trigraphs -Wno-missing-field-initializers -Wno-missing-prototypes -Wno-return-type -Wno-implicit-atomic-properties -Wno-objc-interface-ivars -Wno-arc-repeated-use-of-weak -Wno-missing-braces -Wparentheses -Wswitch -Wno-unused-function -Wno-unused-label -Wno-unused-parameter -Wno-unused-variable -Wunused-value -Wno-empty-body -Wno-uninitialized -Wno-unknown-pragmas -w -Wno-shadow -Wno-four-char-constants -Wno-conversion -Wno-constant-conversion -Wno-int-conversion -Wno-bool-conversion -Wno-enum-conversion -Wno-float-conversion -Wno-non-literal-null-conversion -Wno-objc-literal-conversion -Wshorten-64-to-32 -Wpointer-sign -Wno-newline-eof -Wno-selector -Wno-strict-selector-match -Wno-undeclared-selector -Wno-deprecated-implementations -Wno-implicit-fallthrough -isysroot /Applications/Xcode-27.0.0-Release.Candidate.app/Contents/Developer/Platforms/MacOSX.platform/Developer/SDKs/MacOSX27.0.sdk -fstrict-aliasing -Wprotocol -Wdeprecated-declarations -Wno-sign-conversion -Wno-infinite-recursion -Wno-comma -Wno-block-capture-autoreleasing -Wno-strict-prototypes -Wno-semicolon-before-method-body -index-store-path /Users/admin/builder/spi-builder-workspace/.derivedData/Index.noindex/DataStore @/Users/admin/builder/spi-builder-workspace/.derivedData/Build/Intermediates.noindex/PINOperation.build/Debug/PINOperation-t.build/Objects-normal/arm64/e6072d4f65d7061329687fe24e3d63a7-common-args.resp -include /Users/admin/builder/spi-builder-workspace/.derivedData/Build/Intermediates.noindex/PINOperation.build/Debug/PINOperation-t.build/DerivedSources/resource_bundle_accessor.h -MMD -MT dependencies -MF /Users/admin/builder/spi-builder-workspace/.derivedData/Build/Intermediates.noindex/PINOperation.build/Debug/PINOperation-t.build/Objects-normal/arm64/PINOperationQueue.d --serialize-diagnostics /Users/admin/builder/spi-builder-workspace/.derivedData/Build/Intermediates.noindex/PINOperation.build/Debug/PINOperation-t.build/Objects-normal/arm64/PINOperationQueue.dia -c /Users/admin/builder/spi-builder-workspace/.dependencies/checkouts/PINOperation/Source/PINOperationQueue.m -o /Users/admin/builder/spi-builder-workspace/.derivedData/Build/Intermediates.noindex/PINOperation.build/Debug/PINOperation-t.build/Objects-normal/arm64/PINOperationQueue.o -index-unit-output-path /PINOperation.build/Debug/PINOperation-t.build/Objects-normal/arm64/PINOperationQueue.o
ScanDependencies /Users/admin/builder/spi-builder-workspace/.derivedData/Build/Intermediates.noindex/PINOperation.build/Debug/PINOperation-t.build/Objects-normal/arm64/PINOperationGroup.o /Users/admin/builder/spi-builder-workspace/.dependencies/checkouts/PINOperation/Source/PINOperationGroup.m normal arm64 objective-c com.apple.compilers.llvm.clang.1_0.compiler (in target 'PINOperation' from project 'PINOperation')
    cd /Users/admin/builder/spi-builder-workspace/.swiftpm/xcode

    Using response file: /Users/admin/builder/spi-builder-workspace/.derivedData/Build/Intermediates.noindex/PINOperation.build/Debug/PINOperation-t.build/Objects-normal/arm64/e6072d4f65d7061329687fe24e3d63a7-common-args.resp

    builtin-ScanDependencies -o /Users/admin/builder/spi-builder-workspace/.derivedData/Build/Intermediates.noindex/PINOperation.build/Debug/PINOperation-t.build/Objects-normal/arm64/PINOperationGroup.o.scan -- /Applications/Xcode-27.0.0-Release.Candidate.app/Contents/Developer/Toolchains/XcodeDefault.xctoolchain/usr/bin/clang -x objective-c -ivfsstatcache /Users/admin/builder/spi-builder-workspace/.derivedData/SDKStatCaches.noindex/macosx27.0-26A425-e829b21a6f8c9b70876ba0858053c0446a22442a12e9d48fe1a705f55a1adfc4.sdkstatcache -target arm64-apple-macos12.0 -fmessage-length\=0 -fdiagnostics-show-note-include-stack -fmacro-backtrace-limit\=0 -fno-color-diagnostics -fmodules-prune-interval\=86400 -fmodules-prune-after\=345600 -fbuild-session-file\=/Users/admin/builder/spi-builder-workspace/.derivedData/ModuleCache.noindex/Session.modulevalidation -fmodules-validate-once-per-build-session -Wnon-modular-include-in-framework-module -Werror\=non-modular-include-in-framework-module -Wno-trigraphs -Wno-missing-field-initializers -Wno-missing-prototypes -Wno-return-type -Wno-implicit-atomic-properties -Wno-objc-interface-ivars -Wno-arc-repeated-use-of-weak -Wno-missing-braces -Wparentheses -Wswitch -Wno-unused-function -Wno-unused-label -Wno-unused-parameter -Wno-unused-variable -Wunused-value -Wno-empty-body -Wno-uninitialized -Wno-unknown-pragmas -w -Wno-shadow -Wno-four-char-constants -Wno-conversion -Wno-constant-conversion -Wno-int-conversion -Wno-bool-conversion -Wno-enum-conversion -Wno-float-conversion -Wno-non-literal-null-conversion -Wno-objc-literal-conversion -Wshorten-64-to-32 -Wpointer-sign -Wno-newline-eof -Wno-selector -Wno-strict-selector-match -Wno-undeclared-selector -Wno-deprecated-implementations -Wno-implicit-fallthrough -isysroot /Applications/Xcode-27.0.0-Release.Candidate.app/Contents/Developer/Platforms/MacOSX.platform/Developer/SDKs/MacOSX27.0.sdk -fstrict-aliasing -Wprotocol -Wdeprecated-declarations -Wno-sign-conversion -Wno-infinite-recursion -Wno-comma -Wno-block-capture-autoreleasing -Wno-strict-prototypes -Wno-semicolon-before-method-body -index-store-path /Users/admin/builder/spi-builder-workspace/.derivedData/Index.noindex/DataStore @/Users/admin/builder/spi-builder-workspace/.derivedData/Build/Intermediates.noindex/PINOperation.build/Debug/PINOperation-t.build/Objects-normal/arm64/e6072d4f65d7061329687fe24e3d63a7-common-args.resp -include /Users/admin/builder/spi-builder-workspace/.derivedData/Build/Intermediates.noindex/PINOperation.build/Debug/PINOperation-t.build/DerivedSources/resource_bundle_accessor.h -MMD -MT dependencies -MF /Users/admin/builder/spi-builder-workspace/.derivedData/Build/Intermediates.noindex/PINOperation.build/Debug/PINOperation-t.build/Objects-normal/arm64/PINOperationGroup.d --serialize-diagnostics /Users/admin/builder/spi-builder-workspace/.derivedData/Build/Intermediates.noindex/PINOperation.build/Debug/PINOperation-t.build/Objects-normal/arm64/PINOperationGroup.dia -c /Users/admin/builder/spi-builder-workspace/.dependencies/checkouts/PINOperation/Source/PINOperationGroup.m -o /Users/admin/builder/spi-builder-workspace/.derivedData/Build/Intermediates.noindex/PINOperation.build/Debug/PINOperation-t.build/Objects-normal/arm64/PINOperationGroup.o -index-unit-output-path /PINOperation.build/Debug/PINOperation-t.build/Objects-normal/arm64/PINOperationGroup.o
ScanDependencies /Users/admin/builder/spi-builder-workspace/.derivedData/Build/Intermediates.noindex/PINCache.build/Debug/PINCache-t.build/Objects-normal/arm64/resource_bundle_accessor.o /Users/admin/builder/spi-builder-workspace/.derivedData/Build/Intermediates.noindex/PINCache.build/Debug/PINCache-t.build/DerivedSources/resource_bundle_accessor.m normal arm64 objective-c com.apple.compilers.llvm.clang.1_0.compiler (in target 'PINCache' from project 'PINCache')
    cd /Users/admin/builder/spi-builder-workspace/.swiftpm/xcode

    Using response file: /Users/admin/builder/spi-builder-workspace/.derivedData/Build/Intermediates.noindex/PINCache.build/Debug/PINCache-t.build/Objects-normal/arm64/e6072d4f65d7061329687fe24e3d63a7-common-args.resp

    builtin-ScanDependencies -o /Users/admin/builder/spi-builder-workspace/.derivedData/Build/Intermediates.noindex/PINCache.build/Debug/PINCache-t.build/Objects-normal/arm64/resource_bundle_accessor.o.scan -- /Applications/Xcode-27.0.0-Release.Candidate.app/Contents/Developer/Toolchains/XcodeDefault.xctoolchain/usr/bin/clang -x objective-c -ivfsstatcache /Users/admin/builder/spi-builder-workspace/.derivedData/SDKStatCaches.noindex/macosx27.0-26A425-e829b21a6f8c9b70876ba0858053c0446a22442a12e9d48fe1a705f55a1adfc4.sdkstatcache -target arm64-apple-macos12.0 -fmessage-length\=0 -fdiagnostics-show-note-include-stack -fmacro-backtrace-limit\=0 -fno-color-diagnostics -fmodules-prune-interval\=86400 -fmodules-prune-after\=345600 -fbuild-session-file\=/Users/admin/builder/spi-builder-workspace/.derivedData/ModuleCache.noindex/Session.modulevalidation -fmodules-validate-once-per-build-session -Wnon-modular-include-in-framework-module -Werror\=non-modular-include-in-framework-module -Wno-trigraphs -Wno-missing-field-initializers -Wno-missing-prototypes -Wno-return-type -Wno-implicit-atomic-properties -Wno-objc-interface-ivars -Wno-arc-repeated-use-of-weak -Wno-missing-braces -Wparentheses -Wswitch -Wno-unused-function -Wno-unused-label -Wno-unused-parameter -Wno-unused-variable -Wunused-value -Wno-empty-body -Wno-uninitialized -Wno-unknown-pragmas -w -Wno-shadow -Wno-four-char-constants -Wno-conversion -Wno-constant-conversion -Wno-int-conversion -Wno-bool-conversion -Wno-enum-conversion -Wno-float-conversion -Wno-non-literal-null-conversion -Wno-objc-literal-conversion -Wshorten-64-to-32 -Wpointer-sign -Wno-newline-eof -Wno-selector -Wno-strict-selector-match -Wno-undeclared-selector -Wno-deprecated-implementations -Wno-implicit-fallthrough -isysroot /Applications/Xcode-27.0.0-Release.Candidate.app/Contents/Developer/Platforms/MacOSX.platform/Developer/SDKs/MacOSX27.0.sdk -fstrict-aliasing -Wprotocol -Wdeprecated-declarations -Wno-sign-conversion -Wno-infinite-recursion -Wno-comma -Wno-block-capture-autoreleasing -Wno-strict-prototypes -Wno-semicolon-before-method-body -index-store-path /Users/admin/builder/spi-builder-workspace/.derivedData/Index.noindex/DataStore @/Users/admin/builder/spi-builder-workspace/.derivedData/Build/Intermediates.noindex/PINCache.build/Debug/PINCache-t.build/Objects-normal/arm64/e6072d4f65d7061329687fe24e3d63a7-common-args.resp -include /Users/admin/builder/spi-builder-workspace/.derivedData/Build/Intermediates.noindex/PINCache.build/Debug/PINCache-t.build/DerivedSources/resource_bundle_accessor.h -MMD -MT dependencies -MF /Users/admin/builder/spi-builder-workspace/.derivedData/Build/Intermediates.noindex/PINCache.build/Debug/PINCache-t.build/Objects-normal/arm64/resource_bundle_accessor.d --serialize-diagnostics /Users/admin/builder/spi-builder-workspace/.derivedData/Build/Intermediates.noindex/PINCache.build/Debug/PINCache-t.build/Objects-normal/arm64/resource_bundle_accessor.dia -c /Users/admin/builder/spi-builder-workspace/.derivedData/Build/Intermediates.noindex/PINCache.build/Debug/PINCache-t.build/DerivedSources/resource_bundle_accessor.m -o /Users/admin/builder/spi-builder-workspace/.derivedData/Build/Intermediates.noindex/PINCache.build/Debug/PINCache-t.build/Objects-normal/arm64/resource_bundle_accessor.o -index-unit-output-path /PINCache.build/Debug/PINCache-t.build/Objects-normal/arm64/resource_bundle_accessor.o
ScanDependencies /Users/admin/builder/spi-builder-workspace/.derivedData/Build/Intermediates.noindex/PINCache.build/Debug/PINCache-t.build/Objects-normal/arm64/PINMemoryCache.o /Users/admin/builder/spi-builder-workspace/.dependencies/checkouts/PINCache/Source/PINMemoryCache.m normal arm64 objective-c com.apple.compilers.llvm.clang.1_0.compiler (in target 'PINCache' from project 'PINCache')
    cd /Users/admin/builder/spi-builder-workspace/.swiftpm/xcode

    Using response file: /Users/admin/builder/spi-builder-workspace/.derivedData/Build/Intermediates.noindex/PINCache.build/Debug/PINCache-t.build/Objects-normal/arm64/e6072d4f65d7061329687fe24e3d63a7-common-args.resp

    builtin-ScanDependencies -o /Users/admin/builder/spi-builder-workspace/.derivedData/Build/Intermediates.noindex/PINCache.build/Debug/PINCache-t.build/Objects-normal/arm64/PINMemoryCache.o.scan -- /Applications/Xcode-27.0.0-Release.Candidate.app/Contents/Developer/Toolchains/XcodeDefault.xctoolchain/usr/bin/clang -x objective-c -ivfsstatcache /Users/admin/builder/spi-builder-workspace/.derivedData/SDKStatCaches.noindex/macosx27.0-26A425-e829b21a6f8c9b70876ba0858053c0446a22442a12e9d48fe1a705f55a1adfc4.sdkstatcache -target arm64-apple-macos12.0 -fmessage-length\=0 -fdiagnostics-show-note-include-stack -fmacro-backtrace-limit\=0 -fno-color-diagnostics -fmodules-prune-interval\=86400 -fmodules-prune-after\=345600 -fbuild-session-file\=/Users/admin/builder/spi-builder-workspace/.derivedData/ModuleCache.noindex/Session.modulevalidation -fmodules-validate-once-per-build-session -Wnon-modular-include-in-framework-module -Werror\=non-modular-include-in-framework-module -Wno-trigraphs -Wno-missing-field-initializers -Wno-missing-prototypes -Wno-return-type -Wno-implicit-atomic-properties -Wno-objc-interface-ivars -Wno-arc-repeated-use-of-weak -Wno-missing-braces -Wparentheses -Wswitch -Wno-unused-function -Wno-unused-label -Wno-unused-parameter -Wno-unused-variable -Wunused-value -Wno-empty-body -Wno-uninitialized -Wno-unknown-pragmas -w -Wno-shadow -Wno-four-char-constants -Wno-conversion -Wno-constant-conversion -Wno-int-conversion -Wno-bool-conversion -Wno-enum-conversion -Wno-float-conversion -Wno-non-literal-null-conversion -Wno-objc-literal-conversion -Wshorten-64-to-32 -Wpointer-sign -Wno-newline-eof -Wno-selector -Wno-strict-selector-match -Wno-undeclared-selector -Wno-deprecated-implementations -Wno-implicit-fallthrough -isysroot /Applications/Xcode-27.0.0-Release.Candidate.app/Contents/Developer/Platforms/MacOSX.platform/Developer/SDKs/MacOSX27.0.sdk -fstrict-aliasing -Wprotocol -Wdeprecated-declarations -Wno-sign-conversion -Wno-infinite-recursion -Wno-comma -Wno-block-capture-autoreleasing -Wno-strict-prototypes -Wno-semicolon-before-method-body -index-store-path /Users/admin/builder/spi-builder-workspace/.derivedData/Index.noindex/DataStore @/Users/admin/builder/spi-builder-workspace/.derivedData/Build/Intermediates.noindex/PINCache.build/Debug/PINCache-t.build/Objects-normal/arm64/e6072d4f65d7061329687fe24e3d63a7-common-args.resp -include /Users/admin/builder/spi-builder-workspace/.derivedData/Build/Intermediates.noindex/PINCache.build/Debug/PINCache-t.build/DerivedSources/resource_bundle_accessor.h -MMD -MT dependencies -MF /Users/admin/builder/spi-builder-workspace/.derivedData/Build/Intermediates.noindex/PINCache.build/Debug/PINCache-t.build/Objects-normal/arm64/PINMemoryCache.d --serialize-diagnostics /Users/admin/builder/spi-builder-workspace/.derivedData/Build/Intermediates.noindex/PINCache.build/Debug/PINCache-t.build/Objects-normal/arm64/PINMemoryCache.dia -c /Users/admin/builder/spi-builder-workspace/.dependencies/checkouts/PINCache/Source/PINMemoryCache.m -o /Users/admin/builder/spi-builder-workspace/.derivedData/Build/Intermediates.noindex/PINCache.build/Debug/PINCache-t.build/Objects-normal/arm64/PINMemoryCache.o -index-unit-output-path /PINCache.build/Debug/PINCache-t.build/Objects-normal/arm64/PINMemoryCache.o
ScanDependencies /Users/admin/builder/spi-builder-workspace/.derivedData/Build/Intermediates.noindex/PINCache.build/Debug/PINCache-t.build/Objects-normal/arm64/PINDiskCache.o /Users/admin/builder/spi-builder-workspace/.dependencies/checkouts/PINCache/Source/PINDiskCache.m normal arm64 objective-c com.apple.compilers.llvm.clang.1_0.compiler (in target 'PINCache' from project 'PINCache')
    cd /Users/admin/builder/spi-builder-workspace/.swiftpm/xcode

    Using response file: /Users/admin/builder/spi-builder-workspace/.derivedData/Build/Intermediates.noindex/PINCache.build/Debug/PINCache-t.build/Objects-normal/arm64/e6072d4f65d7061329687fe24e3d63a7-common-args.resp

    builtin-ScanDependencies -o /Users/admin/builder/spi-builder-workspace/.derivedData/Build/Intermediates.noindex/PINCache.build/Debug/PINCache-t.build/Objects-normal/arm64/PINDiskCache.o.scan -- /Applications/Xcode-27.0.0-Release.Candidate.app/Contents/Developer/Toolchains/XcodeDefault.xctoolchain/usr/bin/clang -x objective-c -ivfsstatcache /Users/admin/builder/spi-builder-workspace/.derivedData/SDKStatCaches.noindex/macosx27.0-26A425-e829b21a6f8c9b70876ba0858053c0446a22442a12e9d48fe1a705f55a1adfc4.sdkstatcache -target arm64-apple-macos12.0 -fmessage-length\=0 -fdiagnostics-show-note-include-stack -fmacro-backtrace-limit\=0 -fno-color-diagnostics -fmodules-prune-interval\=86400 -fmodules-prune-after\=345600 -fbuild-session-file\=/Users/admin/builder/spi-builder-workspace/.derivedData/ModuleCache.noindex/Session.modulevalidation -fmodules-validate-once-per-build-session -Wnon-modular-include-in-framework-module -Werror\=non-modular-include-in-framework-module -Wno-trigraphs -Wno-missing-field-initializers -Wno-missing-prototypes -Wno-return-type -Wno-implicit-atomic-properties -Wno-objc-interface-ivars -Wno-arc-repeated-use-of-weak -Wno-missing-braces -Wparentheses -Wswitch -Wno-unused-function -Wno-unused-label -Wno-unused-parameter -Wno-unused-variable -Wunused-value -Wno-empty-body -Wno-uninitialized -Wno-unknown-pragmas -w -Wno-shadow -Wno-four-char-constants -Wno-conversion -Wno-constant-conversion -Wno-int-conversion -Wno-bool-conversion -Wno-enum-conversion -Wno-float-conversion -Wno-non-literal-null-conversion -Wno-objc-literal-conversion -Wshorten-64-to-32 -Wpointer-sign -Wno-newline-eof -Wno-selector -Wno-strict-selector-match -Wno-undeclared-selector -Wno-deprecated-implementations -Wno-implicit-fallthrough -isysroot /Applications/Xcode-27.0.0-Release.Candidate.app/Contents/Developer/Platforms/MacOSX.platform/Developer/SDKs/MacOSX27.0.sdk -fstrict-aliasing -Wprotocol -Wdeprecated-declarations -Wno-sign-conversion -Wno-infinite-recursion -Wno-comma -Wno-block-capture-autoreleasing -Wno-strict-prototypes -Wno-semicolon-before-method-body -index-store-path /Users/admin/builder/spi-builder-workspace/.derivedData/Index.noindex/DataStore @/Users/admin/builder/spi-builder-workspace/.derivedData/Build/Intermediates.noindex/PINCache.build/Debug/PINCache-t.build/Objects-normal/arm64/e6072d4f65d7061329687fe24e3d63a7-common-args.resp -include /Users/admin/builder/spi-builder-workspace/.derivedData/Build/Intermediates.noindex/PINCache.build/Debug/PINCache-t.build/DerivedSources/resource_bundle_accessor.h -MMD -MT dependencies -MF /Users/admin/builder/spi-builder-workspace/.derivedData/Build/Intermediates.noindex/PINCache.build/Debug/PINCache-t.build/Objects-normal/arm64/PINDiskCache.d --serialize-diagnostics /Users/admin/builder/spi-builder-workspace/.derivedData/Build/Intermediates.noindex/PINCache.build/Debug/PINCache-t.build/Objects-normal/arm64/PINDiskCache.dia -c /Users/admin/builder/spi-builder-workspace/.dependencies/checkouts/PINCache/Source/PINDiskCache.m -o /Users/admin/builder/spi-builder-workspace/.derivedData/Build/Intermediates.noindex/PINCache.build/Debug/PINCache-t.build/Objects-normal/arm64/PINDiskCache.o -index-unit-output-path /PINCache.build/Debug/PINCache-t.build/Objects-normal/arm64/PINDiskCache.o
ScanDependencies /Users/admin/builder/spi-builder-workspace/.derivedData/Build/Intermediates.noindex/PINCache.build/Debug/PINCache-t.build/Objects-normal/arm64/PINCache.o /Users/admin/builder/spi-builder-workspace/.dependencies/checkouts/PINCache/Source/PINCache.m normal arm64 objective-c com.apple.compilers.llvm.clang.1_0.compiler (in target 'PINCache' from project 'PINCache')
    cd /Users/admin/builder/spi-builder-workspace/.swiftpm/xcode

    Using response file: /Users/admin/builder/spi-builder-workspace/.derivedData/Build/Intermediates.noindex/PINCache.build/Debug/PINCache-t.build/Objects-normal/arm64/e6072d4f65d7061329687fe24e3d63a7-common-args.resp

    builtin-ScanDependencies -o /Users/admin/builder/spi-builder-workspace/.derivedData/Build/Intermediates.noindex/PINCache.build/Debug/PINCache-t.build/Objects-normal/arm64/PINCache.o.scan -- /Applications/Xcode-27.0.0-Release.Candidate.app/Contents/Developer/Toolchains/XcodeDefault.xctoolchain/usr/bin/clang -x objective-c -ivfsstatcache /Users/admin/builder/spi-builder-workspace/.derivedData/SDKStatCaches.noindex/macosx27.0-26A425-e829b21a6f8c9b70876ba0858053c0446a22442a12e9d48fe1a705f55a1adfc4.sdkstatcache -target arm64-apple-macos12.0 -fmessage-length\=0 -fdiagnostics-show-note-include-stack -fmacro-backtrace-limit\=0 -fno-color-diagnostics -fmodules-prune-interval\=86400 -fmodules-prune-after\=345600 -fbuild-session-file\=/Users/admin/builder/spi-builder-workspace/.derivedData/ModuleCache.noindex/Session.modulevalidation -fmodules-validate-once-per-build-session -Wnon-modular-include-in-framework-module -Werror\=non-modular-include-in-framework-module -Wno-trigraphs -Wno-missing-field-initializers -Wno-missing-prototypes -Wno-return-type -Wno-implicit-atomic-properties -Wno-objc-interface-ivars -Wno-arc-repeated-use-of-weak -Wno-missing-braces -Wparentheses -Wswitch -Wno-unused-function -Wno-unused-label -Wno-unused-parameter -Wno-unused-variable -Wunused-value -Wno-empty-body -Wno-uninitialized -Wno-unknown-pragmas -w -Wno-shadow -Wno-four-char-constants -Wno-conversion -Wno-constant-conversion -Wno-int-conversion -Wno-bool-conversion -Wno-enum-conversion -Wno-float-conversion -Wno-non-literal-null-conversion -Wno-objc-literal-conversion -Wshorten-64-to-32 -Wpointer-sign -Wno-newline-eof -Wno-selector -Wno-strict-selector-match -Wno-undeclared-selector -Wno-deprecated-implementations -Wno-implicit-fallthrough -isysroot /Applications/Xcode-27.0.0-Release.Candidate.app/Contents/Developer/Platforms/MacOSX.platform/Developer/SDKs/MacOSX27.0.sdk -fstrict-aliasing -Wprotocol -Wdeprecated-declarations -Wno-sign-conversion -Wno-infinite-recursion -Wno-comma -Wno-block-capture-autoreleasing -Wno-strict-prototypes -Wno-semicolon-before-method-body -index-store-path /Users/admin/builder/spi-builder-workspace/.derivedData/Index.noindex/DataStore @/Users/admin/builder/spi-builder-workspace/.derivedData/Build/Intermediates.noindex/PINCache.build/Debug/PINCache-t.build/Objects-normal/arm64/e6072d4f65d7061329687fe24e3d63a7-common-args.resp -include /Users/admin/builder/spi-builder-workspace/.derivedData/Build/Intermediates.noindex/PINCache.build/Debug/PINCache-t.build/DerivedSources/resource_bundle_accessor.h -MMD -MT dependencies -MF /Users/admin/builder/spi-builder-workspace/.derivedData/Build/Intermediates.noindex/PINCache.build/Debug/PINCache-t.build/Objects-normal/arm64/PINCache.d --serialize-diagnostics /Users/admin/builder/spi-builder-workspace/.derivedData/Build/Intermediates.noindex/PINCache.build/Debug/PINCache-t.build/Objects-normal/arm64/PINCache.dia -c /Users/admin/builder/spi-builder-workspace/.dependencies/checkouts/PINCache/Source/PINCache.m -o /Users/admin/builder/spi-builder-workspace/.derivedData/Build/Intermediates.noindex/PINCache.build/Debug/PINCache-t.build/Objects-normal/arm64/PINCache.o -index-unit-output-path /PINCache.build/Debug/PINCache-t.build/Objects-normal/arm64/PINCache.o
ScanDependencies /Users/admin/builder/spi-builder-workspace/.derivedData/Build/Intermediates.noindex/NYTPhotoViewer.build/Debug/NYTPhotoViewerGIF-t.build/Objects-normal/arm64/resource_bundle_accessor.o /Users/admin/builder/spi-builder-workspace/.derivedData/Build/Intermediates.noindex/NYTPhotoViewer.build/Debug/NYTPhotoViewerGIF-t.build/DerivedSources/resource_bundle_accessor.m normal arm64 objective-c com.apple.compilers.llvm.clang.1_0.compiler (in target 'NYTPhotoViewerGIF' from project 'NYTPhotoViewer')
    cd /Users/admin/builder/spi-builder-workspace/.swiftpm/xcode

    Using response file: /Users/admin/builder/spi-builder-workspace/.derivedData/Build/Intermediates.noindex/NYTPhotoViewer.build/Debug/NYTPhotoViewerGIF-t.build/Objects-normal/arm64/e6072d4f65d7061329687fe24e3d63a7-common-args.resp

    builtin-ScanDependencies -o /Users/admin/builder/spi-builder-workspace/.derivedData/Build/Intermediates.noindex/NYTPhotoViewer.build/Debug/NYTPhotoViewerGIF-t.build/Objects-normal/arm64/resource_bundle_accessor.o.scan -- /Applications/Xcode-27.0.0-Release.Candidate.app/Contents/Developer/Toolchains/XcodeDefault.xctoolchain/usr/bin/clang -x objective-c -ivfsstatcache /Users/admin/builder/spi-builder-workspace/.derivedData/SDKStatCaches.noindex/macosx27.0-26A425-e829b21a6f8c9b70876ba0858053c0446a22442a12e9d48fe1a705f55a1adfc4.sdkstatcache -target arm64-apple-macos12.0 -fmessage-length\=0 -fdiagnostics-show-note-include-stack -fmacro-backtrace-limit\=0 -fno-color-diagnostics -fmodules-prune-interval\=86400 -fmodules-prune-after\=345600 -fbuild-session-file\=/Users/admin/builder/spi-builder-workspace/.derivedData/ModuleCache.noindex/Session.modulevalidation -fmodules-validate-once-per-build-session -Wnon-modular-include-in-framework-module -Werror\=non-modular-include-in-framework-module -Wno-trigraphs -Wno-missing-field-initializers -Wno-missing-prototypes -Wno-return-type -Wno-implicit-atomic-properties -Wno-objc-interface-ivars -Wno-arc-repeated-use-of-weak -Wno-missing-braces -Wparentheses -Wswitch -Wno-unused-function -Wno-unused-label -Wno-unused-parameter -Wno-unused-variable -Wunused-value -Wno-empty-body -Wno-uninitialized -Wno-unknown-pragmas -Wno-shadow -Wno-four-char-constants -Wno-conversion -Wno-constant-conversion -Wno-int-conversion -Wno-bool-conversion -Wno-enum-conversion -Wno-float-conversion -Wno-non-literal-null-conversion -Wno-objc-literal-conversion -Wshorten-64-to-32 -Wpointer-sign -Wno-newline-eof -Wno-selector -Wno-strict-selector-match -Wno-undeclared-selector -Wno-deprecated-implementations -Wno-implicit-fallthrough -isysroot /Applications/Xcode-27.0.0-Release.Candidate.app/Contents/Developer/Platforms/MacOSX.platform/Developer/SDKs/MacOSX27.0.sdk -fstrict-aliasing -Wprotocol -Wdeprecated-declarations -Wno-sign-conversion -Wno-infinite-recursion -Wno-comma -Wno-block-capture-autoreleasing -Wno-strict-prototypes -Wno-semicolon-before-method-body -index-store-path /Users/admin/builder/spi-builder-workspace/.derivedData/Index.noindex/DataStore @/Users/admin/builder/spi-builder-workspace/.derivedData/Build/Intermediates.noindex/NYTPhotoViewer.build/Debug/NYTPhotoViewerGIF-t.build/Objects-normal/arm64/e6072d4f65d7061329687fe24e3d63a7-common-args.resp -include /Users/admin/builder/spi-builder-workspace/.derivedData/Build/Intermediates.noindex/NYTPhotoViewer.build/Debug/NYTPhotoViewerGIF-t.build/DerivedSources/resource_bundle_accessor.h -MMD -MT dependencies -MF /Users/admin/builder/spi-builder-workspace/.derivedData/Build/Intermediates.noindex/NYTPhotoViewer.build/Debug/NYTPhotoViewerGIF-t.build/Objects-normal/arm64/resource_bundle_accessor.d --serialize-diagnostics /Users/admin/builder/spi-builder-workspace/.derivedData/Build/Intermediates.noindex/NYTPhotoViewer.build/Debug/NYTPhotoViewerGIF-t.build/Objects-normal/arm64/resource_bundle_accessor.dia -c /Users/admin/builder/spi-builder-workspace/.derivedData/Build/Intermediates.noindex/NYTPhotoViewer.build/Debug/NYTPhotoViewerGIF-t.build/DerivedSources/resource_bundle_accessor.m -o /Users/admin/builder/spi-builder-workspace/.derivedData/Build/Intermediates.noindex/NYTPhotoViewer.build/Debug/NYTPhotoViewerGIF-t.build/Objects-normal/arm64/resource_bundle_accessor.o -index-unit-output-path /NYTPhotoViewer.build/Debug/NYTPhotoViewerGIF-t.build/Objects-normal/arm64/resource_bundle_accessor.o
ScanDependencies /Users/admin/builder/spi-builder-workspace/.derivedData/Build/Intermediates.noindex/NYTPhotoViewer.build/Debug/NYTPhotoViewerGIF-t.build/Objects-normal/arm64/NYTScalingImageView.o /Users/admin/builder/spi-builder-workspace/NYTPhotoViewer/NYTScalingImageView.m normal arm64 objective-c com.apple.compilers.llvm.clang.1_0.compiler (in target 'NYTPhotoViewerGIF' from project 'NYTPhotoViewer')
    cd /Users/admin/builder/spi-builder-workspace/.swiftpm/xcode

    Using response file: /Users/admin/builder/spi-builder-workspace/.derivedData/Build/Intermediates.noindex/NYTPhotoViewer.build/Debug/NYTPhotoViewerGIF-t.build/Objects-normal/arm64/e6072d4f65d7061329687fe24e3d63a7-common-args.resp

    builtin-ScanDependencies -o /Users/admin/builder/spi-builder-workspace/.derivedData/Build/Intermediates.noindex/NYTPhotoViewer.build/Debug/NYTPhotoViewerGIF-t.build/Objects-normal/arm64/NYTScalingImageView.o.scan -- /Applications/Xcode-27.0.0-Release.Candidate.app/Contents/Developer/Toolchains/XcodeDefault.xctoolchain/usr/bin/clang -x objective-c -ivfsstatcache /Users/admin/builder/spi-builder-workspace/.derivedData/SDKStatCaches.noindex/macosx27.0-26A425-e829b21a6f8c9b70876ba0858053c0446a22442a12e9d48fe1a705f55a1adfc4.sdkstatcache -target arm64-apple-macos12.0 -fmessage-length\=0 -fdiagnostics-show-note-include-stack -fmacro-backtrace-limit\=0 -fno-color-diagnostics -fmodules-prune-interval\=86400 -fmodules-prune-after\=345600 -fbuild-session-file\=/Users/admin/builder/spi-builder-workspace/.derivedData/ModuleCache.noindex/Session.modulevalidation -fmodules-validate-once-per-build-session -Wnon-modular-include-in-framework-module -Werror\=non-modular-include-in-framework-module -Wno-trigraphs -Wno-missing-field-initializers -Wno-missing-prototypes -Wno-return-type -Wno-implicit-atomic-properties -Wno-objc-interface-ivars -Wno-arc-repeated-use-of-weak -Wno-missing-braces -Wparentheses -Wswitch -Wno-unused-function -Wno-unused-label -Wno-unused-parameter -Wno-unused-variable -Wunused-value -Wno-empty-body -Wno-uninitialized -Wno-unknown-pragmas -Wno-shadow -Wno-four-char-constants -Wno-conversion -Wno-constant-conversion -Wno-int-conversion -Wno-bool-conversion -Wno-enum-conversion -Wno-float-conversion -Wno-non-literal-null-conversion -Wno-objc-literal-conversion -Wshorten-64-to-32 -Wpointer-sign -Wno-newline-eof -Wno-selector -Wno-strict-selector-match -Wno-undeclared-selector -Wno-deprecated-implementations -Wno-implicit-fallthrough -isysroot /Applications/Xcode-27.0.0-Release.Candidate.app/Contents/Developer/Platforms/MacOSX.platform/Developer/SDKs/MacOSX27.0.sdk -fstrict-aliasing -Wprotocol -Wdeprecated-declarations -Wno-sign-conversion -Wno-infinite-recursion -Wno-comma -Wno-block-capture-autoreleasing -Wno-strict-prototypes -Wno-semicolon-before-method-body -index-store-path /Users/admin/builder/spi-builder-workspace/.derivedData/Index.noindex/DataStore @/Users/admin/builder/spi-builder-workspace/.derivedData/Build/Intermediates.noindex/NYTPhotoViewer.build/Debug/NYTPhotoViewerGIF-t.build/Objects-normal/arm64/e6072d4f65d7061329687fe24e3d63a7-common-args.resp -include /Users/admin/builder/spi-builder-workspace/.derivedData/Build/Intermediates.noindex/NYTPhotoViewer.build/Debug/NYTPhotoViewerGIF-t.build/DerivedSources/resource_bundle_accessor.h -MMD -MT dependencies -MF /Users/admin/builder/spi-builder-workspace/.derivedData/Build/Intermediates.noindex/NYTPhotoViewer.build/Debug/NYTPhotoViewerGIF-t.build/Objects-normal/arm64/NYTScalingImageView.d --serialize-diagnostics /Users/admin/builder/spi-builder-workspace/.derivedData/Build/Intermediates.noindex/NYTPhotoViewer.build/Debug/NYTPhotoViewerGIF-t.build/Objects-normal/arm64/NYTScalingImageView.dia -c /Users/admin/builder/spi-builder-workspace/NYTPhotoViewer/NYTScalingImageView.m -o /Users/admin/builder/spi-builder-workspace/.derivedData/Build/Intermediates.noindex/NYTPhotoViewer.build/Debug/NYTPhotoViewerGIF-t.build/Objects-normal/arm64/NYTScalingImageView.o -index-unit-output-path /NYTPhotoViewer.build/Debug/NYTPhotoViewerGIF-t.build/Objects-normal/arm64/NYTScalingImageView.o
/Users/admin/builder/spi-builder-workspace/SourceSymLink/include/NYTScalingImageView.h:9:9: error: Module 'UIKit' not found (in target 'NYTPhotoViewerGIF' from project 'NYTPhotoViewer')
    /Users/admin/builder/spi-builder-workspace/NYTPhotoViewer/NYTScalingImageView.m:9:9: note: in file included from /Users/admin/builder/spi-builder-workspace/NYTPhotoViewer/NYTScalingImageView.m:9:
ScanDependencies /Users/admin/builder/spi-builder-workspace/.derivedData/Build/Intermediates.noindex/NYTPhotoViewer.build/Debug/NYTPhotoViewerGIF-t.build/Objects-normal/arm64/NYTPhotosViewController.o /Users/admin/builder/spi-builder-workspace/NYTPhotoViewer/NYTPhotosViewController.m normal arm64 objective-c com.apple.compilers.llvm.clang.1_0.compiler (in target 'NYTPhotoViewerGIF' from project 'NYTPhotoViewer')
    cd /Users/admin/builder/spi-builder-workspace/.swiftpm/xcode

    Using response file: /Users/admin/builder/spi-builder-workspace/.derivedData/Build/Intermediates.noindex/NYTPhotoViewer.build/Debug/NYTPhotoViewerGIF-t.build/Objects-normal/arm64/e6072d4f65d7061329687fe24e3d63a7-common-args.resp

    builtin-ScanDependencies -o /Users/admin/builder/spi-builder-workspace/.derivedData/Build/Intermediates.noindex/NYTPhotoViewer.build/Debug/NYTPhotoViewerGIF-t.build/Objects-normal/arm64/NYTPhotosViewController.o.scan -- /Applications/Xcode-27.0.0-Release.Candidate.app/Contents/Developer/Toolchains/XcodeDefault.xctoolchain/usr/bin/clang -x objective-c -ivfsstatcache /Users/admin/builder/spi-builder-workspace/.derivedData/SDKStatCaches.noindex/macosx27.0-26A425-e829b21a6f8c9b70876ba0858053c0446a22442a12e9d48fe1a705f55a1adfc4.sdkstatcache -target arm64-apple-macos12.0 -fmessage-length\=0 -fdiagnostics-show-note-include-stack -fmacro-backtrace-limit\=0 -fno-color-diagnostics -fmodules-prune-interval\=86400 -fmodules-prune-after\=345600 -fbuild-session-file\=/Users/admin/builder/spi-builder-workspace/.derivedData/ModuleCache.noindex/Session.modulevalidation -fmodules-validate-once-per-build-session -Wnon-modular-include-in-framework-module -Werror\=non-modular-include-in-framework-module -Wno-trigraphs -Wno-missing-field-initializers -Wno-missing-prototypes -Wno-return-type -Wno-implicit-atomic-properties -Wno-objc-interface-ivars -Wno-arc-repeated-use-of-weak -Wno-missing-braces -Wparentheses -Wswitch -Wno-unused-function -Wno-unused-label -Wno-unused-parameter -Wno-unused-variable -Wunused-value -Wno-empty-body -Wno-uninitialized -Wno-unknown-pragmas -Wno-shadow -Wno-four-char-constants -Wno-conversion -Wno-constant-conversion -Wno-int-conversion -Wno-bool-conversion -Wno-enum-conversion -Wno-float-conversion -Wno-non-literal-null-conversion -Wno-objc-literal-conversion -Wshorten-64-to-32 -Wpointer-sign -Wno-newline-eof -Wno-selector -Wno-strict-selector-match -Wno-undeclared-selector -Wno-deprecated-implementations -Wno-implicit-fallthrough -isysroot /Applications/Xcode-27.0.0-Release.Candidate.app/Contents/Developer/Platforms/MacOSX.platform/Developer/SDKs/MacOSX27.0.sdk -fstrict-aliasing -Wprotocol -Wdeprecated-declarations -Wno-sign-conversion -Wno-infinite-recursion -Wno-comma -Wno-block-capture-autoreleasing -Wno-strict-prototypes -Wno-semicolon-before-method-body -index-store-path /Users/admin/builder/spi-builder-workspace/.derivedData/Index.noindex/DataStore @/Users/admin/builder/spi-builder-workspace/.derivedData/Build/Intermediates.noindex/NYTPhotoViewer.build/Debug/NYTPhotoViewerGIF-t.build/Objects-normal/arm64/e6072d4f65d7061329687fe24e3d63a7-common-args.resp -include /Users/admin/builder/spi-builder-workspace/.derivedData/Build/Intermediates.noindex/NYTPhotoViewer.build/Debug/NYTPhotoViewerGIF-t.build/DerivedSources/resource_bundle_accessor.h -MMD -MT dependencies -MF /Users/admin/builder/spi-builder-workspace/.derivedData/Build/Intermediates.noindex/NYTPhotoViewer.build/Debug/NYTPhotoViewerGIF-t.build/Objects-normal/arm64/NYTPhotosViewController.d --serialize-diagnostics /Users/admin/builder/spi-builder-workspace/.derivedData/Build/Intermediates.noindex/NYTPhotoViewer.build/Debug/NYTPhotoViewerGIF-t.build/Objects-normal/arm64/NYTPhotosViewController.dia -c /Users/admin/builder/spi-builder-workspace/NYTPhotoViewer/NYTPhotosViewController.m -o /Users/admin/builder/spi-builder-workspace/.derivedData/Build/Intermediates.noindex/NYTPhotoViewer.build/Debug/NYTPhotoViewerGIF-t.build/Objects-normal/arm64/NYTPhotosViewController.o -index-unit-output-path /NYTPhotoViewer.build/Debug/NYTPhotoViewerGIF-t.build/Objects-normal/arm64/NYTPhotosViewController.o
/Users/admin/builder/spi-builder-workspace/SourceSymLink/include/NYTPhotosViewController.h:9:9: error: Module 'UIKit' not found (in target 'NYTPhotoViewerGIF' from project 'NYTPhotoViewer')
    /Users/admin/builder/spi-builder-workspace/NYTPhotoViewer/NYTPhotosViewController.m:9:9: note: in file included from /Users/admin/builder/spi-builder-workspace/NYTPhotoViewer/NYTPhotosViewController.m:9:
PrecompileModule /Users/admin/builder/spi-builder-workspace/.derivedData/Build/Intermediates.noindex/ExplicitPrecompiledModules/_Builtin_limits-5CLQJ8K84ALY8QSM9XBC2O8Y8.scan
    cd /
    builtin-precompileModule /Users/admin/builder/spi-builder-workspace/.derivedData/Build/Intermediates.noindex/ExplicitPrecompiledModules/_Builtin_limits-5CLQJ8K84ALY8QSM9XBC2O8Y8.scan
PrecompileModule /Users/admin/builder/spi-builder-workspace/.derivedData/Build/Intermediates.noindex/ExplicitPrecompiledModules/_DarwinFoundation2-BI65TDJI8POQI1XXQEPS7L073.scan
    cd /
    builtin-precompileModule /Users/admin/builder/spi-builder-workspace/.derivedData/Build/Intermediates.noindex/ExplicitPrecompiledModules/_DarwinFoundation2-BI65TDJI8POQI1XXQEPS7L073.scan
ScanDependencies /Users/admin/builder/spi-builder-workspace/.derivedData/Build/Intermediates.noindex/NYTPhotoViewer.build/Debug/NYTPhotoViewerGIF-t.build/Objects-normal/arm64/NYTPhotosOverlayView.o /Users/admin/builder/spi-builder-workspace/NYTPhotoViewer/NYTPhotosOverlayView.m normal arm64 objective-c com.apple.compilers.llvm.clang.1_0.compiler (in target 'NYTPhotoViewerGIF' from project 'NYTPhotoViewer')
    cd /Users/admin/builder/spi-builder-workspace/.swiftpm/xcode

    Using response file: /Users/admin/builder/spi-builder-workspace/.derivedData/Build/Intermediates.noindex/NYTPhotoViewer.build/Debug/NYTPhotoViewerGIF-t.build/Objects-normal/arm64/e6072d4f65d7061329687fe24e3d63a7-common-args.resp

    builtin-ScanDependencies -o /Users/admin/builder/spi-builder-workspace/.derivedData/Build/Intermediates.noindex/NYTPhotoViewer.build/Debug/NYTPhotoViewerGIF-t.build/Objects-normal/arm64/NYTPhotosOverlayView.o.scan -- /Applications/Xcode-27.0.0-Release.Candidate.app/Contents/Developer/Toolchains/XcodeDefault.xctoolchain/usr/bin/clang -x objective-c -ivfsstatcache /Users/admin/builder/spi-builder-workspace/.derivedData/SDKStatCaches.noindex/macosx27.0-26A425-e829b21a6f8c9b70876ba0858053c0446a22442a12e9d48fe1a705f55a1adfc4.sdkstatcache -target arm64-apple-macos12.0 -fmessage-length\=0 -fdiagnostics-show-note-include-stack -fmacro-backtrace-limit\=0 -fno-color-diagnostics -fmodules-prune-interval\=86400 -fmodules-prune-after\=345600 -fbuild-session-file\=/Users/admin/builder/spi-builder-workspace/.derivedData/ModuleCache.noindex/Session.modulevalidation -fmodules-validate-once-per-build-session -Wnon-modular-include-in-framework-module -Werror\=non-modular-include-in-framework-module -Wno-trigraphs -Wno-missing-field-initializers -Wno-missing-prototypes -Wno-return-type -Wno-implicit-atomic-properties -Wno-objc-interface-ivars -Wno-arc-repeated-use-of-weak -Wno-missing-braces -Wparentheses -Wswitch -Wno-unused-function -Wno-unused-label -Wno-unused-parameter -Wno-unused-variable -Wunused-value -Wno-empty-body -Wno-uninitialized -Wno-unknown-pragmas -Wno-shadow -Wno-four-char-constants -Wno-conversion -Wno-constant-conversion -Wno-int-conversion -Wno-bool-conversion -Wno-enum-conversion -Wno-float-conversion -Wno-non-literal-null-conversion -Wno-objc-literal-conversion -Wshorten-64-to-32 -Wpointer-sign -Wno-newline-eof -Wno-selector -Wno-strict-selector-match -Wno-undeclared-selector -Wno-deprecated-implementations -Wno-implicit-fallthrough -isysroot /Applications/Xcode-27.0.0-Release.Candidate.app/Contents/Developer/Platforms/MacOSX.platform/Developer/SDKs/MacOSX27.0.sdk -fstrict-aliasing -Wprotocol -Wdeprecated-declarations -Wno-sign-conversion -Wno-infinite-recursion -Wno-comma -Wno-block-capture-autoreleasing -Wno-strict-prototypes -Wno-semicolon-before-method-body -index-store-path /Users/admin/builder/spi-builder-workspace/.derivedData/Index.noindex/DataStore @/Users/admin/builder/spi-builder-workspace/.derivedData/Build/Intermediates.noindex/NYTPhotoViewer.build/Debug/NYTPhotoViewerGIF-t.build/Objects-normal/arm64/e6072d4f65d7061329687fe24e3d63a7-common-args.resp -include /Users/admin/builder/spi-builder-workspace/.derivedData/Build/Intermediates.noindex/NYTPhotoViewer.build/Debug/NYTPhotoViewerGIF-t.build/DerivedSources/resource_bundle_accessor.h -MMD -MT dependencies -MF /Users/admin/builder/spi-builder-workspace/.derivedData/Build/Intermediates.noindex/NYTPhotoViewer.build/Debug/NYTPhotoViewerGIF-t.build/Objects-normal/arm64/NYTPhotosOverlayView.d --serialize-diagnostics /Users/admin/builder/spi-builder-workspace/.derivedData/Build/Intermediates.noindex/NYTPhotoViewer.build/Debug/NYTPhotoViewerGIF-t.build/Objects-normal/arm64/NYTPhotosOverlayView.dia -c /Users/admin/builder/spi-builder-workspace/NYTPhotoViewer/NYTPhotosOverlayView.m -o /Users/admin/builder/spi-builder-workspace/.derivedData/Build/Intermediates.noindex/NYTPhotoViewer.build/Debug/NYTPhotoViewerGIF-t.build/Objects-normal/arm64/NYTPhotosOverlayView.o -index-unit-output-path /NYTPhotoViewer.build/Debug/NYTPhotoViewerGIF-t.build/Objects-normal/arm64/NYTPhotosOverlayView.o
/Users/admin/builder/spi-builder-workspace/SourceSymLink/include/NYTPhotosOverlayView.h:9:9: error: Module 'UIKit' not found (in target 'NYTPhotoViewerGIF' from project 'NYTPhotoViewer')
    /Users/admin/builder/spi-builder-workspace/NYTPhotoViewer/NYTPhotosOverlayView.m:9:9: note: in file included from /Users/admin/builder/spi-builder-workspace/NYTPhotoViewer/NYTPhotosOverlayView.m:9:
ScanDependencies /Users/admin/builder/spi-builder-workspace/.derivedData/Build/Intermediates.noindex/NYTPhotoViewer.build/Debug/NYTPhotoViewerGIF-t.build/Objects-normal/arm64/NYTPhotoViewerSinglePhotoDataSource.o /Users/admin/builder/spi-builder-workspace/NYTPhotoViewer/NYTPhotoViewerSinglePhotoDataSource.m normal arm64 objective-c com.apple.compilers.llvm.clang.1_0.compiler (in target 'NYTPhotoViewerGIF' from project 'NYTPhotoViewer')
    cd /Users/admin/builder/spi-builder-workspace/.swiftpm/xcode

    Using response file: /Users/admin/builder/spi-builder-workspace/.derivedData/Build/Intermediates.noindex/NYTPhotoViewer.build/Debug/NYTPhotoViewerGIF-t.build/Objects-normal/arm64/e6072d4f65d7061329687fe24e3d63a7-common-args.resp

    builtin-ScanDependencies -o /Users/admin/builder/spi-builder-workspace/.derivedData/Build/Intermediates.noindex/NYTPhotoViewer.build/Debug/NYTPhotoViewerGIF-t.build/Objects-normal/arm64/NYTPhotoViewerSinglePhotoDataSource.o.scan -- /Applications/Xcode-27.0.0-Release.Candidate.app/Contents/Developer/Toolchains/XcodeDefault.xctoolchain/usr/bin/clang -x objective-c -ivfsstatcache /Users/admin/builder/spi-builder-workspace/.derivedData/SDKStatCaches.noindex/macosx27.0-26A425-e829b21a6f8c9b70876ba0858053c0446a22442a12e9d48fe1a705f55a1adfc4.sdkstatcache -target arm64-apple-macos12.0 -fmessage-length\=0 -fdiagnostics-show-note-include-stack -fmacro-backtrace-limit\=0 -fno-color-diagnostics -fmodules-prune-interval\=86400 -fmodules-prune-after\=345600 -fbuild-session-file\=/Users/admin/builder/spi-builder-workspace/.derivedData/ModuleCache.noindex/Session.modulevalidation -fmodules-validate-once-per-build-session -Wnon-modular-include-in-framework-module -Werror\=non-modular-include-in-framework-module -Wno-trigraphs -Wno-missing-field-initializers -Wno-missing-prototypes -Wno-return-type -Wno-implicit-atomic-properties -Wno-objc-interface-ivars -Wno-arc-repeated-use-of-weak -Wno-missing-braces -Wparentheses -Wswitch -Wno-unused-function -Wno-unused-label -Wno-unused-parameter -Wno-unused-variable -Wunused-value -Wno-empty-body -Wno-uninitialized -Wno-unknown-pragmas -Wno-shadow -Wno-four-char-constants -Wno-conversion -Wno-constant-conversion -Wno-int-conversion -Wno-bool-conversion -Wno-enum-conversion -Wno-float-conversion -Wno-non-literal-null-conversion -Wno-objc-literal-conversion -Wshorten-64-to-32 -Wpointer-sign -Wno-newline-eof -Wno-selector -Wno-strict-selector-match -Wno-undeclared-selector -Wno-deprecated-implementations -Wno-implicit-fallthrough -isysroot /Applications/Xcode-27.0.0-Release.Candidate.app/Contents/Developer/Platforms/MacOSX.platform/Developer/SDKs/MacOSX27.0.sdk -fstrict-aliasing -Wprotocol -Wdeprecated-declarations -Wno-sign-conversion -Wno-infinite-recursion -Wno-comma -Wno-block-capture-autoreleasing -Wno-strict-prototypes -Wno-semicolon-before-method-body -index-store-path /Users/admin/builder/spi-builder-workspace/.derivedData/Index.noindex/DataStore @/Users/admin/builder/spi-builder-workspace/.derivedData/Build/Intermediates.noindex/NYTPhotoViewer.build/Debug/NYTPhotoViewerGIF-t.build/Objects-normal/arm64/e6072d4f65d7061329687fe24e3d63a7-common-args.resp -include /Users/admin/builder/spi-builder-workspace/.derivedData/Build/Intermediates.noindex/NYTPhotoViewer.build/Debug/NYTPhotoViewerGIF-t.build/DerivedSources/resource_bundle_accessor.h -MMD -MT dependencies -MF /Users/admin/builder/spi-builder-workspace/.derivedData/Build/Intermediates.noindex/NYTPhotoViewer.build/Debug/NYTPhotoViewerGIF-t.build/Objects-normal/arm64/NYTPhotoViewerSinglePhotoDataSource.d --serialize-diagnostics /Users/admin/builder/spi-builder-workspace/.derivedData/Build/Intermediates.noindex/NYTPhotoViewer.build/Debug/NYTPhotoViewerGIF-t.build/Objects-normal/arm64/NYTPhotoViewerSinglePhotoDataSource.dia -c /Users/admin/builder/spi-builder-workspace/NYTPhotoViewer/NYTPhotoViewerSinglePhotoDataSource.m -o /Users/admin/builder/spi-builder-workspace/.derivedData/Build/Intermediates.noindex/NYTPhotoViewer.build/Debug/NYTPhotoViewerGIF-t.build/Objects-normal/arm64/NYTPhotoViewerSinglePhotoDataSource.o -index-unit-output-path /NYTPhotoViewer.build/Debug/NYTPhotoViewerGIF-t.build/Objects-normal/arm64/NYTPhotoViewerSinglePhotoDataSource.o
/Users/admin/builder/spi-builder-workspace/SourceSymLink/include/NYTPhotoViewerDataSource.h:9:9: error: Module 'UIKit' not found (in target 'NYTPhotoViewerGIF' from project 'NYTPhotoViewer')
    /Users/admin/builder/spi-builder-workspace/NYTPhotoViewer/NYTPhotoViewerSinglePhotoDataSource.m:9:9: note: in file included from /Users/admin/builder/spi-builder-workspace/NYTPhotoViewer/NYTPhotoViewerSinglePhotoDataSource.m:9:
    /Users/admin/builder/spi-builder-workspace/SourceSymLink/include/NYTPhotoViewerSinglePhotoDataSource.h:11:9: note: in file included from /Users/admin/builder/spi-builder-workspace/SourceSymLink/include/NYTPhotoViewerSinglePhotoDataSource.h:11:
ScanDependencies /Users/admin/builder/spi-builder-workspace/.derivedData/Build/Intermediates.noindex/NYTPhotoViewer.build/Debug/NYTPhotoViewerGIF-t.build/Objects-normal/arm64/NYTPhotoViewerArrayDataSource.o /Users/admin/builder/spi-builder-workspace/NYTPhotoViewer/NYTPhotoViewerArrayDataSource.m normal arm64 objective-c com.apple.compilers.llvm.clang.1_0.compiler (in target 'NYTPhotoViewerGIF' from project 'NYTPhotoViewer')
    cd /Users/admin/builder/spi-builder-workspace/.swiftpm/xcode

    Using response file: /Users/admin/builder/spi-builder-workspace/.derivedData/Build/Intermediates.noindex/NYTPhotoViewer.build/Debug/NYTPhotoViewerGIF-t.build/Objects-normal/arm64/e6072d4f65d7061329687fe24e3d63a7-common-args.resp

    builtin-ScanDependencies -o /Users/admin/builder/spi-builder-workspace/.derivedData/Build/Intermediates.noindex/NYTPhotoViewer.build/Debug/NYTPhotoViewerGIF-t.build/Objects-normal/arm64/NYTPhotoViewerArrayDataSource.o.scan -- /Applications/Xcode-27.0.0-Release.Candidate.app/Contents/Developer/Toolchains/XcodeDefault.xctoolchain/usr/bin/clang -x objective-c -ivfsstatcache /Users/admin/builder/spi-builder-workspace/.derivedData/SDKStatCaches.noindex/macosx27.0-26A425-e829b21a6f8c9b70876ba0858053c0446a22442a12e9d48fe1a705f55a1adfc4.sdkstatcache -target arm64-apple-macos12.0 -fmessage-length\=0 -fdiagnostics-show-note-include-stack -fmacro-backtrace-limit\=0 -fno-color-diagnostics -fmodules-prune-interval\=86400 -fmodules-prune-after\=345600 -fbuild-session-file\=/Users/admin/builder/spi-builder-workspace/.derivedData/ModuleCache.noindex/Session.modulevalidation -fmodules-validate-once-per-build-session -Wnon-modular-include-in-framework-module -Werror\=non-modular-include-in-framework-module -Wno-trigraphs -Wno-missing-field-initializers -Wno-missing-prototypes -Wno-return-type -Wno-implicit-atomic-properties -Wno-objc-interface-ivars -Wno-arc-repeated-use-of-weak -Wno-missing-braces -Wparentheses -Wswitch -Wno-unused-function -Wno-unused-label -Wno-unused-parameter -Wno-unused-variable -Wunused-value -Wno-empty-body -Wno-uninitialized -Wno-unknown-pragmas -Wno-shadow -Wno-four-char-constants -Wno-conversion -Wno-constant-conversion -Wno-int-conversion -Wno-bool-conversion -Wno-enum-conversion -Wno-float-conversion -Wno-non-literal-null-conversion -Wno-objc-literal-conversion -Wshorten-64-to-32 -Wpointer-sign -Wno-newline-eof -Wno-selector -Wno-strict-selector-match -Wno-undeclared-selector -Wno-deprecated-implementations -Wno-implicit-fallthrough -isysroot /Applications/Xcode-27.0.0-Release.Candidate.app/Contents/Developer/Platforms/MacOSX.platform/Developer/SDKs/MacOSX27.0.sdk -fstrict-aliasing -Wprotocol -Wdeprecated-declarations -Wno-sign-conversion -Wno-infinite-recursion -Wno-comma -Wno-block-capture-autoreleasing -Wno-strict-prototypes -Wno-semicolon-before-method-body -index-store-path /Users/admin/builder/spi-builder-workspace/.derivedData/Index.noindex/DataStore @/Users/admin/builder/spi-builder-workspace/.derivedData/Build/Intermediates.noindex/NYTPhotoViewer.build/Debug/NYTPhotoViewerGIF-t.build/Objects-normal/arm64/e6072d4f65d7061329687fe24e3d63a7-common-args.resp -include /Users/admin/builder/spi-builder-workspace/.derivedData/Build/Intermediates.noindex/NYTPhotoViewer.build/Debug/NYTPhotoViewerGIF-t.build/DerivedSources/resource_bundle_accessor.h -MMD -MT dependencies -MF /Users/admin/builder/spi-builder-workspace/.derivedData/Build/Intermediates.noindex/NYTPhotoViewer.build/Debug/NYTPhotoViewerGIF-t.build/Objects-normal/arm64/NYTPhotoViewerArrayDataSource.d --serialize-diagnostics /Users/admin/builder/spi-builder-workspace/.derivedData/Build/Intermediates.noindex/NYTPhotoViewer.build/Debug/NYTPhotoViewerGIF-t.build/Objects-normal/arm64/NYTPhotoViewerArrayDataSource.dia -c /Users/admin/builder/spi-builder-workspace/NYTPhotoViewer/NYTPhotoViewerArrayDataSource.m -o /Users/admin/builder/spi-builder-workspace/.derivedData/Build/Intermediates.noindex/NYTPhotoViewer.build/Debug/NYTPhotoViewerGIF-t.build/Objects-normal/arm64/NYTPhotoViewerArrayDataSource.o -index-unit-output-path /NYTPhotoViewer.build/Debug/NYTPhotoViewerGIF-t.build/Objects-normal/arm64/NYTPhotoViewerArrayDataSource.o
/Users/admin/builder/spi-builder-workspace/SourceSymLink/include/NYTPhotoViewerDataSource.h:9:9: error: Module 'UIKit' not found (in target 'NYTPhotoViewerGIF' from project 'NYTPhotoViewer')
    /Users/admin/builder/spi-builder-workspace/NYTPhotoViewer/NYTPhotoViewerArrayDataSource.m:9:9: note: in file included from /Users/admin/builder/spi-builder-workspace/NYTPhotoViewer/NYTPhotoViewerArrayDataSource.m:9:
    /Users/admin/builder/spi-builder-workspace/SourceSymLink/include/NYTPhotoViewerArrayDataSource.h:11:9: note: in file included from /Users/admin/builder/spi-builder-workspace/SourceSymLink/include/NYTPhotoViewerArrayDataSource.h:11:
ScanDependencies /Users/admin/builder/spi-builder-workspace/.derivedData/Build/Intermediates.noindex/NYTPhotoViewer.build/Debug/NYTPhotoViewerGIF-t.build/Objects-normal/arm64/NYTPhotoViewController.o /Users/admin/builder/spi-builder-workspace/NYTPhotoViewer/NYTPhotoViewController.m normal arm64 objective-c com.apple.compilers.llvm.clang.1_0.compiler (in target 'NYTPhotoViewerGIF' from project 'NYTPhotoViewer')
    cd /Users/admin/builder/spi-builder-workspace/.swiftpm/xcode

    Using response file: /Users/admin/builder/spi-builder-workspace/.derivedData/Build/Intermediates.noindex/NYTPhotoViewer.build/Debug/NYTPhotoViewerGIF-t.build/Objects-normal/arm64/e6072d4f65d7061329687fe24e3d63a7-common-args.resp

    builtin-ScanDependencies -o /Users/admin/builder/spi-builder-workspace/.derivedData/Build/Intermediates.noindex/NYTPhotoViewer.build/Debug/NYTPhotoViewerGIF-t.build/Objects-normal/arm64/NYTPhotoViewController.o.scan -- /Applications/Xcode-27.0.0-Release.Candidate.app/Contents/Developer/Toolchains/XcodeDefault.xctoolchain/usr/bin/clang -x objective-c -ivfsstatcache /Users/admin/builder/spi-builder-workspace/.derivedData/SDKStatCaches.noindex/macosx27.0-26A425-e829b21a6f8c9b70876ba0858053c0446a22442a12e9d48fe1a705f55a1adfc4.sdkstatcache -target arm64-apple-macos12.0 -fmessage-length\=0 -fdiagnostics-show-note-include-stack -fmacro-backtrace-limit\=0 -fno-color-diagnostics -fmodules-prune-interval\=86400 -fmodules-prune-after\=345600 -fbuild-session-file\=/Users/admin/builder/spi-builder-workspace/.derivedData/ModuleCache.noindex/Session.modulevalidation -fmodules-validate-once-per-build-session -Wnon-modular-include-in-framework-module -Werror\=non-modular-include-in-framework-module -Wno-trigraphs -Wno-missing-field-initializers -Wno-missing-prototypes -Wno-return-type -Wno-implicit-atomic-properties -Wno-objc-interface-ivars -Wno-arc-repeated-use-of-weak -Wno-missing-braces -Wparentheses -Wswitch -Wno-unused-function -Wno-unused-label -Wno-unused-parameter -Wno-unused-variable -Wunused-value -Wno-empty-body -Wno-uninitialized -Wno-unknown-pragmas -Wno-shadow -Wno-four-char-constants -Wno-conversion -Wno-constant-conversion -Wno-int-conversion -Wno-bool-conversion -Wno-enum-conversion -Wno-float-conversion -Wno-non-literal-null-conversion -Wno-objc-literal-conversion -Wshorten-64-to-32 -Wpointer-sign -Wno-newline-eof -Wno-selector -Wno-strict-selector-match -Wno-undeclared-selector -Wno-deprecated-implementations -Wno-implicit-fallthrough -isysroot /Applications/Xcode-27.0.0-Release.Candidate.app/Contents/Developer/Platforms/MacOSX.platform/Developer/SDKs/MacOSX27.0.sdk -fstrict-aliasing -Wprotocol -Wdeprecated-declarations -Wno-sign-conversion -Wno-infinite-recursion -Wno-comma -Wno-block-capture-autoreleasing -Wno-strict-prototypes -Wno-semicolon-before-method-body -index-store-path /Users/admin/builder/spi-builder-workspace/.derivedData/Index.noindex/DataStore @/Users/admin/builder/spi-builder-workspace/.derivedData/Build/Intermediates.noindex/NYTPhotoViewer.build/Debug/NYTPhotoViewerGIF-t.build/Objects-normal/arm64/e6072d4f65d7061329687fe24e3d63a7-common-args.resp -include /Users/admin/builder/spi-builder-workspace/.derivedData/Build/Intermediates.noindex/NYTPhotoViewer.build/Debug/NYTPhotoViewerGIF-t.build/DerivedSources/resource_bundle_accessor.h -MMD -MT dependencies -MF /Users/admin/builder/spi-builder-workspace/.derivedData/Build/Intermediates.noindex/NYTPhotoViewer.build/Debug/NYTPhotoViewerGIF-t.build/Objects-normal/arm64/NYTPhotoViewController.d --serialize-diagnostics /Users/admin/builder/spi-builder-workspace/.derivedData/Build/Intermediates.noindex/NYTPhotoViewer.build/Debug/NYTPhotoViewerGIF-t.build/Objects-normal/arm64/NYTPhotoViewController.dia -c /Users/admin/builder/spi-builder-workspace/NYTPhotoViewer/NYTPhotoViewController.m -o /Users/admin/builder/spi-builder-workspace/.derivedData/Build/Intermediates.noindex/NYTPhotoViewer.build/Debug/NYTPhotoViewerGIF-t.build/Objects-normal/arm64/NYTPhotoViewController.o -index-unit-output-path /NYTPhotoViewer.build/Debug/NYTPhotoViewerGIF-t.build/Objects-normal/arm64/NYTPhotoViewController.o
/Users/admin/builder/spi-builder-workspace/SourceSymLink/include/NYTPhotoViewController.h:9:9: error: Module 'UIKit' not found (in target 'NYTPhotoViewerGIF' from project 'NYTPhotoViewer')
    /Users/admin/builder/spi-builder-workspace/NYTPhotoViewer/NYTPhotoViewController.m:9:9: note: in file included from /Users/admin/builder/spi-builder-workspace/NYTPhotoViewer/NYTPhotoViewController.m:9:
ScanDependencies /Users/admin/builder/spi-builder-workspace/.derivedData/Build/Intermediates.noindex/NYTPhotoViewer.build/Debug/NYTPhotoViewerGIF-t.build/Objects-normal/arm64/NYTPhotoTransitionController.o /Users/admin/builder/spi-builder-workspace/NYTPhotoViewer/NYTPhotoTransitionController.m normal arm64 objective-c com.apple.compilers.llvm.clang.1_0.compiler (in target 'NYTPhotoViewerGIF' from project 'NYTPhotoViewer')
    cd /Users/admin/builder/spi-builder-workspace/.swiftpm/xcode

    Using response file: /Users/admin/builder/spi-builder-workspace/.derivedData/Build/Intermediates.noindex/NYTPhotoViewer.build/Debug/NYTPhotoViewerGIF-t.build/Objects-normal/arm64/e6072d4f65d7061329687fe24e3d63a7-common-args.resp

    builtin-ScanDependencies -o /Users/admin/builder/spi-builder-workspace/.derivedData/Build/Intermediates.noindex/NYTPhotoViewer.build/Debug/NYTPhotoViewerGIF-t.build/Objects-normal/arm64/NYTPhotoTransitionController.o.scan -- /Applications/Xcode-27.0.0-Release.Candidate.app/Contents/Developer/Toolchains/XcodeDefault.xctoolchain/usr/bin/clang -x objective-c -ivfsstatcache /Users/admin/builder/spi-builder-workspace/.derivedData/SDKStatCaches.noindex/macosx27.0-26A425-e829b21a6f8c9b70876ba0858053c0446a22442a12e9d48fe1a705f55a1adfc4.sdkstatcache -target arm64-apple-macos12.0 -fmessage-length\=0 -fdiagnostics-show-note-include-stack -fmacro-backtrace-limit\=0 -fno-color-diagnostics -fmodules-prune-interval\=86400 -fmodules-prune-after\=345600 -fbuild-session-file\=/Users/admin/builder/spi-builder-workspace/.derivedData/ModuleCache.noindex/Session.modulevalidation -fmodules-validate-once-per-build-session -Wnon-modular-include-in-framework-module -Werror\=non-modular-include-in-framework-module -Wno-trigraphs -Wno-missing-field-initializers -Wno-missing-prototypes -Wno-return-type -Wno-implicit-atomic-properties -Wno-objc-interface-ivars -Wno-arc-repeated-use-of-weak -Wno-missing-braces -Wparentheses -Wswitch -Wno-unused-function -Wno-unused-label -Wno-unused-parameter -Wno-unused-variable -Wunused-value -Wno-empty-body -Wno-uninitialized -Wno-unknown-pragmas -Wno-shadow -Wno-four-char-constants -Wno-conversion -Wno-constant-conversion -Wno-int-conversion -Wno-bool-conversion -Wno-enum-conversion -Wno-float-conversion -Wno-non-literal-null-conversion -Wno-objc-literal-conversion -Wshorten-64-to-32 -Wpointer-sign -Wno-newline-eof -Wno-selector -Wno-strict-selector-match -Wno-undeclared-selector -Wno-deprecated-implementations -Wno-implicit-fallthrough -isysroot /Applications/Xcode-27.0.0-Release.Candidate.app/Contents/Developer/Platforms/MacOSX.platform/Developer/SDKs/MacOSX27.0.sdk -fstrict-aliasing -Wprotocol -Wdeprecated-declarations -Wno-sign-conversion -Wno-infinite-recursion -Wno-comma -Wno-block-capture-autoreleasing -Wno-strict-prototypes -Wno-semicolon-before-method-body -index-store-path /Users/admin/builder/spi-builder-workspace/.derivedData/Index.noindex/DataStore @/Users/admin/builder/spi-builder-workspace/.derivedData/Build/Intermediates.noindex/NYTPhotoViewer.build/Debug/NYTPhotoViewerGIF-t.build/Objects-normal/arm64/e6072d4f65d7061329687fe24e3d63a7-common-args.resp -include /Users/admin/builder/spi-builder-workspace/.derivedData/Build/Intermediates.noindex/NYTPhotoViewer.build/Debug/NYTPhotoViewerGIF-t.build/DerivedSources/resource_bundle_accessor.h -MMD -MT dependencies -MF /Users/admin/builder/spi-builder-workspace/.derivedData/Build/Intermediates.noindex/NYTPhotoViewer.build/Debug/NYTPhotoViewerGIF-t.build/Objects-normal/arm64/NYTPhotoTransitionController.d --serialize-diagnostics /Users/admin/builder/spi-builder-workspace/.derivedData/Build/Intermediates.noindex/NYTPhotoViewer.build/Debug/NYTPhotoViewerGIF-t.build/Objects-normal/arm64/NYTPhotoTransitionController.dia -c /Users/admin/builder/spi-builder-workspace/NYTPhotoViewer/NYTPhotoTransitionController.m -o /Users/admin/builder/spi-builder-workspace/.derivedData/Build/Intermediates.noindex/NYTPhotoViewer.build/Debug/NYTPhotoViewerGIF-t.build/Objects-normal/arm64/NYTPhotoTransitionController.o -index-unit-output-path /NYTPhotoViewer.build/Debug/NYTPhotoViewerGIF-t.build/Objects-normal/arm64/NYTPhotoTransitionController.o
/Users/admin/builder/spi-builder-workspace/SourceSymLink/include/NYTPhotoTransitionController.h:9:9: error: Module 'UIKit' not found (in target 'NYTPhotoViewerGIF' from project 'NYTPhotoViewer')
    /Users/admin/builder/spi-builder-workspace/NYTPhotoViewer/NYTPhotoTransitionController.m:9:9: note: in file included from /Users/admin/builder/spi-builder-workspace/NYTPhotoViewer/NYTPhotoTransitionController.m:9:
PrecompileModule /Users/admin/builder/spi-builder-workspace/.derivedData/Build/Intermediates.noindex/ExplicitPrecompiledModules/_Builtin_stdbool-3X3D2BDKF10HGGZ6HJ06SBB7G.scan
    cd /
    builtin-precompileModule /Users/admin/builder/spi-builder-workspace/.derivedData/Build/Intermediates.noindex/ExplicitPrecompiledModules/_Builtin_stdbool-3X3D2BDKF10HGGZ6HJ06SBB7G.scan
PruneExplicitPrecompiledModules /Users/admin/builder/spi-builder-workspace/.derivedData/Build/Intermediates.noindex/SwiftExplicitPrecompiledModules
PruneExplicitPrecompiledModules /Users/admin/builder/spi-builder-workspace/.derivedData/Build/Intermediates.noindex/ExplicitPrecompiledModules
PruneExplicitPrecompiledModules /Users/admin/builder/spi-builder-workspace/.derivedData/SDKExplicitPrecompiledModules
2026-09-21 20:21:38.444 xcodebuild[826:4912] [MT] IDERunDestination: Supported platforms for the buildables in the current scheme is empty.
--- xcodebuild: WARNING: Using the first of multiple matching destinations:
{ platform:macOS, arch:arm64, id:c46a54ca52f590475080e22c40732c70e668d79f, name:My Mac }
{ platform:macOS, arch:arm64, variant:Mac Catalyst, id:c46a54ca52f590475080e22c40732c70e668d79f, name:My Mac }
{ platform:macOS, arch:arm64, variant:DriverKit, id:c46a54ca52f590475080e22c40732c70e668d79f, name:My Mac }
{ platform:macOS, arch:arm64, variant:Designed for [iPad,iPhone], id:c46a54ca52f590475080e22c40732c70e668d79f, name:My Mac }
** BUILD FAILED **
The following build commands failed:
	ScanDependencies /Users/admin/builder/spi-builder-workspace/.derivedData/Build/Intermediates.noindex/NYTPhotoViewer.build/Debug/NYTPhotoViewerGIF-t.build/Objects-normal/arm64/NYTScalingImageView.o /Users/admin/builder/spi-builder-workspace/NYTPhotoViewer/NYTScalingImageView.m normal arm64 objective-c com.apple.compilers.llvm.clang.1_0.compiler (in target 'NYTPhotoViewerGIF' from project 'NYTPhotoViewer')
	ScanDependencies /Users/admin/builder/spi-builder-workspace/.derivedData/Build/Intermediates.noindex/NYTPhotoViewer.build/Debug/NYTPhotoViewerGIF-t.build/Objects-normal/arm64/NYTPhotosViewController.o /Users/admin/builder/spi-builder-workspace/NYTPhotoViewer/NYTPhotosViewController.m normal arm64 objective-c com.apple.compilers.llvm.clang.1_0.compiler (in target 'NYTPhotoViewerGIF' from project 'NYTPhotoViewer')
	ScanDependencies /Users/admin/builder/spi-builder-workspace/.derivedData/Build/Intermediates.noindex/NYTPhotoViewer.build/Debug/NYTPhotoViewerGIF-t.build/Objects-normal/arm64/NYTPhotosOverlayView.o /Users/admin/builder/spi-builder-workspace/NYTPhotoViewer/NYTPhotosOverlayView.m normal arm64 objective-c com.apple.compilers.llvm.clang.1_0.compiler (in target 'NYTPhotoViewerGIF' from project 'NYTPhotoViewer')
	ScanDependencies /Users/admin/builder/spi-builder-workspace/.derivedData/Build/Intermediates.noindex/NYTPhotoViewer.build/Debug/NYTPhotoViewerGIF-t.build/Objects-normal/arm64/NYTPhotoViewerSinglePhotoDataSource.o /Users/admin/builder/spi-builder-workspace/NYTPhotoViewer/NYTPhotoViewerSinglePhotoDataSource.m normal arm64 objective-c com.apple.compilers.llvm.clang.1_0.compiler (in target 'NYTPhotoViewerGIF' from project 'NYTPhotoViewer')
	ScanDependencies /Users/admin/builder/spi-builder-workspace/.derivedData/Build/Intermediates.noindex/NYTPhotoViewer.build/Debug/NYTPhotoViewerGIF-t.build/Objects-normal/arm64/NYTPhotoViewerArrayDataSource.o /Users/admin/builder/spi-builder-workspace/NYTPhotoViewer/NYTPhotoViewerArrayDataSource.m normal arm64 objective-c com.apple.compilers.llvm.clang.1_0.compiler (in target 'NYTPhotoViewerGIF' from project 'NYTPhotoViewer')
	ScanDependencies /Users/admin/builder/spi-builder-workspace/.derivedData/Build/Intermediates.noindex/NYTPhotoViewer.build/Debug/NYTPhotoViewerGIF-t.build/Objects-normal/arm64/NYTPhotoViewController.o /Users/admin/builder/spi-builder-workspace/NYTPhotoViewer/NYTPhotoViewController.m normal arm64 objective-c com.apple.compilers.llvm.clang.1_0.compiler (in target 'NYTPhotoViewerGIF' from project 'NYTPhotoViewer')
	ScanDependencies /Users/admin/builder/spi-builder-workspace/.derivedData/Build/Intermediates.noindex/NYTPhotoViewer.build/Debug/NYTPhotoViewerGIF-t.build/Objects-normal/arm64/NYTPhotoTransitionController.o /Users/admin/builder/spi-builder-workspace/NYTPhotoViewer/NYTPhotoTransitionController.m normal arm64 objective-c com.apple.compilers.llvm.clang.1_0.compiler (in target 'NYTPhotoViewerGIF' from project 'NYTPhotoViewer')
	Building workspace NYTPhotoViewer with scheme NYTPhotoViewer
(8 failures)
Command line invocation:
    /Applications/Xcode-27.0.0-Release.Candidate.app/Contents/Developer/usr/bin/xcodebuild -IDEClonedSourcePackagesDirPathOverride=/Users/admin/builder/spi-builder-workspace/.dependencies -resolvePackageDependencies
Resolve Package Graph
Resolved source packages:
  PINRemoteImage: https://github.com/pinterest/PINRemoteImage.git @ 3.0.4
  PINCache: https://github.com/pinterest/PINCache.git @ 3.0.4
  PINOperation: https://github.com/pinterest/PINOperation.git @ 1.2.3
  NYTPhotoViewer: /Users/admin/builder/spi-builder-workspace
resolved source packages: PINRemoteImage, PINCache, PINOperation, NYTPhotoViewer
2026-09-21 20:21:46.754 xcodebuild[894:5484] [MT] IDERunDestination: Supported platforms for the buildables in the current scheme is empty.
{
  "dependencies" : [
    {
      "identity" : "pinremoteimage",
      "requirement" : {
        "range" : [
          {
            "lower_bound" : "3.0.1",
            "upper_bound" : "4.0.0"
          }
        ]
      },
      "type" : "sourceControl",
      "url" : "https://github.com/pinterest/PINRemoteImage.git"
    }
  ],
  "manifest_display_name" : "NYTPhotoViewer",
  "name" : "NYTPhotoViewer",
  "path" : "/Users/admin/builder/spi-builder-workspace",
  "platforms" : [
    {
      "name" : "ios",
      "version" : "9.0"
    }
  ],
  "products" : [
    {
      "name" : "NYTPhotoViewer",
      "targets" : [
        "NYTPhotoViewer",
        "NYTPhotoViewerGIF"
      ],
      "type" : {
        "library" : [
          "automatic"
        ]
      }
    }
  ],
  "targets" : [
    {
      "c99name" : "NYTPhotoViewerGIF",
      "module_type" : "ClangTarget",
      "name" : "NYTPhotoViewerGIF",
      "path" : "SourceSymLink",
      "product_dependencies" : [
        "PINRemoteImage"
      ],
      "product_memberships" : [
        "NYTPhotoViewer"
      ],
      "resources" : [
        {
          "path" : "/Users/admin/builder/spi-builder-workspace/SourceSymLink/Media.xcassets",
          "rule" : {
            "process" : {
            }
          }
        }
      ],
      "sources" : [
        "NYTInterstitialViewController.m",
        "NYTPhotoCaptionView.m",
        "NYTPhotoDismissalInteractionController.m",
        "NYTPhotoTransitionAnimator.m",
        "NYTPhotoTransitionController.m",
        "NYTPhotoViewController.m",
        "NYTPhotoViewerArrayDataSource.m",
        "NYTPhotoViewerSinglePhotoDataSource.m",
        "NYTPhotosOverlayView.m",
        "NYTPhotosViewController.m",
        "NYTScalingImageView.m",
        "Resource Loading/NSBundle+NYTPhotoViewer.m"
      ],
      "type" : "library"
    },
    {
      "c99name" : "NYTPhotoViewer",
      "module_type" : "ClangTarget",
      "name" : "NYTPhotoViewer",
      "path" : "NYTPhotoViewer",
      "product_memberships" : [
        "NYTPhotoViewer"
      ],
      "resources" : [
        {
          "path" : "/Users/admin/builder/spi-builder-workspace/NYTPhotoViewer/Media.xcassets",
          "rule" : {
            "process" : {
            }
          }
        }
      ],
      "sources" : [
        "NYTInterstitialViewController.m",
        "NYTPhotoCaptionView.m",
        "NYTPhotoDismissalInteractionController.m",
        "NYTPhotoTransitionAnimator.m",
        "NYTPhotoTransitionController.m",
        "NYTPhotoViewController.m",
        "NYTPhotoViewerArrayDataSource.m",
        "NYTPhotoViewerSinglePhotoDataSource.m",
        "NYTPhotosOverlayView.m",
        "NYTPhotosViewController.m",
        "NYTScalingImageView.m",
        "Resource Loading/NSBundle+NYTPhotoViewer.m"
      ],
      "type" : "library"
    }
  ],
  "tools_version" : "5.3"
}
{
  "workspace" : {
    "name" : "NYTPhotoViewer",
    "schemes" : [
      "NYTPhotoViewer"
    ]
  }
}
2026-09-21 20:21:48.143 xcodebuild[902:5543] [MT] IDERunDestination: Supported platforms for the buildables in the current scheme is empty.
Running build ...
env DEVELOPER_DIR=/Applications/Xcode-27.0.0-Release.Candidate.app xcrun xcodebuild -IDEClonedSourcePackagesDirPathOverride=$PWD/.dependencies -skipMacroValidation -skipPackagePluginValidation -derivedDataPath $PWD/.derivedData build -scheme NYTPhotoViewer -destination platform=macOS,arch=arm64
Command line invocation:
    /Applications/Xcode-27.0.0-Release.Candidate.app/Contents/Developer/usr/bin/xcodebuild -IDEClonedSourcePackagesDirPathOverride=/Users/admin/builder/spi-builder-workspace/.dependencies -skipMacroValidation -skipPackagePluginValidation -derivedDataPath /Users/admin/builder/spi-builder-workspace/.derivedData build -scheme NYTPhotoViewer -destination platform=macOS,arch=arm64
Resolve Package Graph
Resolved source packages:
  NYTPhotoViewer: /Users/admin/builder/spi-builder-workspace
  PINCache: https://github.com/pinterest/PINCache.git @ 3.0.4
  PINOperation: https://github.com/pinterest/PINOperation.git @ 1.2.3
  PINRemoteImage: https://github.com/pinterest/PINRemoteImage.git @ 3.0.4
ComputePackagePrebuildTargetDependencyGraph
Prepare packages
CreateBuildRequest
SendProjectDescription
CreateBuildOperation
ComputeTargetDependencyGraph
note: Building targets in dependency order
note: Target dependency graph (13 targets)
    Target 'NYTPhotoViewer-product' in project 'NYTPhotoViewer'
        ➜ Explicit dependency on target 'NYTPhotoViewer' in project 'NYTPhotoViewer'
        ➜ Explicit dependency on target 'NYTPhotoViewerGIF' in project 'NYTPhotoViewer'
        ➜ Explicit dependency on target 'NYTPhotoViewer_NYTPhotoViewer' in project 'NYTPhotoViewer'
        ➜ Explicit dependency on target 'NYTPhotoViewer_NYTPhotoViewerGIF' in project 'NYTPhotoViewer'
        ➜ Explicit dependency on target 'PINRemoteImage-product' in project 'PINRemoteImage'
    Target 'NYTPhotoViewerGIF' in project 'NYTPhotoViewer'
        ➜ Explicit dependency on target 'NYTPhotoViewer_NYTPhotoViewerGIF' in project 'NYTPhotoViewer'
        ➜ Explicit dependency on target 'PINRemoteImage-product' in project 'PINRemoteImage'
    Target 'PINRemoteImage-product' in project 'PINRemoteImage'
        ➜ Explicit dependency on target 'PINRemoteImage' in project 'PINRemoteImage'
        ➜ Explicit dependency on target 'PINCache-product' in project 'PINCache'
    Target 'PINRemoteImage' in project 'PINRemoteImage'
        ➜ Explicit dependency on target 'PINCache-product' in project 'PINCache'
    Target 'PINCache-product' in project 'PINCache'
        ➜ Explicit dependency on target 'PINCache' in project 'PINCache'
        ➜ Explicit dependency on target 'PINCache_PINCache' in project 'PINCache'
        ➜ Explicit dependency on target 'PINOperation-product' in project 'PINOperation'
    Target 'PINCache' in project 'PINCache'
        ➜ Explicit dependency on target 'PINCache_PINCache' in project 'PINCache'
        ➜ Explicit dependency on target 'PINOperation-product' in project 'PINOperation'
    Target 'PINOperation-product' in project 'PINOperation'
        ➜ Explicit dependency on target 'PINOperation' in project 'PINOperation'
        ➜ Explicit dependency on target 'PINOperation_PINOperation' in project 'PINOperation'
    Target 'PINOperation' in project 'PINOperation'
        ➜ Explicit dependency on target 'PINOperation_PINOperation' in project 'PINOperation'
    Target 'PINOperation_PINOperation' in project 'PINOperation' (no dependencies)
    Target 'PINCache_PINCache' in project 'PINCache' (no dependencies)
    Target 'NYTPhotoViewer_NYTPhotoViewerGIF' in project 'NYTPhotoViewer' (no dependencies)
    Target 'NYTPhotoViewer' in project 'NYTPhotoViewer'
        ➜ Explicit dependency on target 'NYTPhotoViewer_NYTPhotoViewer' in project 'NYTPhotoViewer'
    Target 'NYTPhotoViewer_NYTPhotoViewer' in project 'NYTPhotoViewer' (no dependencies)
GatherProvisioningInputs
CreateBuildDescription
ClangStatCache /Applications/Xcode-27.0.0-Release.Candidate.app/Contents/Developer/Toolchains/XcodeDefault.xctoolchain/usr/bin/clang-stat-cache /Applications/Xcode-27.0.0-Release.Candidate.app/Contents/Developer/Platforms/MacOSX.platform/Developer/SDKs/MacOSX27.0.sdk /Users/admin/builder/spi-builder-workspace/.derivedData/SDKStatCaches.noindex/macosx27.0-26A425-e829b21a6f8c9b70876ba0858053c0446a22442a12e9d48fe1a705f55a1adfc4.sdkstatcache
    cd /Users/admin/builder/spi-builder-workspace/.swiftpm/xcode
    /Applications/Xcode-27.0.0-Release.Candidate.app/Contents/Developer/Toolchains/XcodeDefault.xctoolchain/usr/bin/clang-stat-cache /Applications/Xcode-27.0.0-Release.Candidate.app/Contents/Developer/Platforms/MacOSX.platform/Developer/SDKs/MacOSX27.0.sdk -o /Users/admin/builder/spi-builder-workspace/.derivedData/SDKStatCaches.noindex/macosx27.0-26A425-e829b21a6f8c9b70876ba0858053c0446a22442a12e9d48fe1a705f55a1adfc4.sdkstatcache
ScanDependencies /Users/admin/builder/spi-builder-workspace/.derivedData/Build/Intermediates.noindex/NYTPhotoViewer.build/Debug/NYTPhotoViewerGIF-t.build/Objects-normal/arm64/NYTScalingImageView.o /Users/admin/builder/spi-builder-workspace/NYTPhotoViewer/NYTScalingImageView.m normal arm64 objective-c com.apple.compilers.llvm.clang.1_0.compiler (in target 'NYTPhotoViewerGIF' from project 'NYTPhotoViewer')
    cd /Users/admin/builder/spi-builder-workspace/.swiftpm/xcode

    Using response file: /Users/admin/builder/spi-builder-workspace/.derivedData/Build/Intermediates.noindex/NYTPhotoViewer.build/Debug/NYTPhotoViewerGIF-t.build/Objects-normal/arm64/e6072d4f65d7061329687fe24e3d63a7-common-args.resp

    builtin-ScanDependencies -o /Users/admin/builder/spi-builder-workspace/.derivedData/Build/Intermediates.noindex/NYTPhotoViewer.build/Debug/NYTPhotoViewerGIF-t.build/Objects-normal/arm64/NYTScalingImageView.o.scan -- /Applications/Xcode-27.0.0-Release.Candidate.app/Contents/Developer/Toolchains/XcodeDefault.xctoolchain/usr/bin/clang -x objective-c -ivfsstatcache /Users/admin/builder/spi-builder-workspace/.derivedData/SDKStatCaches.noindex/macosx27.0-26A425-e829b21a6f8c9b70876ba0858053c0446a22442a12e9d48fe1a705f55a1adfc4.sdkstatcache -target arm64-apple-macos12.0 -fmessage-length\=0 -fdiagnostics-show-note-include-stack -fmacro-backtrace-limit\=0 -fno-color-diagnostics -fmodules-prune-interval\=86400 -fmodules-prune-after\=345600 -fbuild-session-file\=/Users/admin/builder/spi-builder-workspace/.derivedData/ModuleCache.noindex/Session.modulevalidation -fmodules-validate-once-per-build-session -Wnon-modular-include-in-framework-module -Werror\=non-modular-include-in-framework-module -Wno-trigraphs -Wno-missing-field-initializers -Wno-missing-prototypes -Wno-return-type -Wno-implicit-atomic-properties -Wno-objc-interface-ivars -Wno-arc-repeated-use-of-weak -Wno-missing-braces -Wparentheses -Wswitch -Wno-unused-function -Wno-unused-label -Wno-unused-parameter -Wno-unused-variable -Wunused-value -Wno-empty-body -Wno-uninitialized -Wno-unknown-pragmas -Wno-shadow -Wno-four-char-constants -Wno-conversion -Wno-constant-conversion -Wno-int-conversion -Wno-bool-conversion -Wno-enum-conversion -Wno-float-conversion -Wno-non-literal-null-conversion -Wno-objc-literal-conversion -Wshorten-64-to-32 -Wpointer-sign -Wno-newline-eof -Wno-selector -Wno-strict-selector-match -Wno-undeclared-selector -Wno-deprecated-implementations -Wno-implicit-fallthrough -isysroot /Applications/Xcode-27.0.0-Release.Candidate.app/Contents/Developer/Platforms/MacOSX.platform/Developer/SDKs/MacOSX27.0.sdk -fstrict-aliasing -Wprotocol -Wdeprecated-declarations -Wno-sign-conversion -Wno-infinite-recursion -Wno-comma -Wno-block-capture-autoreleasing -Wno-strict-prototypes -Wno-semicolon-before-method-body -index-store-path /Users/admin/builder/spi-builder-workspace/.derivedData/Index.noindex/DataStore @/Users/admin/builder/spi-builder-workspace/.derivedData/Build/Intermediates.noindex/NYTPhotoViewer.build/Debug/NYTPhotoViewerGIF-t.build/Objects-normal/arm64/e6072d4f65d7061329687fe24e3d63a7-common-args.resp -include /Users/admin/builder/spi-builder-workspace/.derivedData/Build/Intermediates.noindex/NYTPhotoViewer.build/Debug/NYTPhotoViewerGIF-t.build/DerivedSources/resource_bundle_accessor.h -MMD -MT dependencies -MF /Users/admin/builder/spi-builder-workspace/.derivedData/Build/Intermediates.noindex/NYTPhotoViewer.build/Debug/NYTPhotoViewerGIF-t.build/Objects-normal/arm64/NYTScalingImageView.d --serialize-diagnostics /Users/admin/builder/spi-builder-workspace/.derivedData/Build/Intermediates.noindex/NYTPhotoViewer.build/Debug/NYTPhotoViewerGIF-t.build/Objects-normal/arm64/NYTScalingImageView.dia -c /Users/admin/builder/spi-builder-workspace/NYTPhotoViewer/NYTScalingImageView.m -o /Users/admin/builder/spi-builder-workspace/.derivedData/Build/Intermediates.noindex/NYTPhotoViewer.build/Debug/NYTPhotoViewerGIF-t.build/Objects-normal/arm64/NYTScalingImageView.o -index-unit-output-path /NYTPhotoViewer.build/Debug/NYTPhotoViewerGIF-t.build/Objects-normal/arm64/NYTScalingImageView.o
/Users/admin/builder/spi-builder-workspace/SourceSymLink/include/NYTScalingImageView.h:9:9: error: Module 'UIKit' not found (in target 'NYTPhotoViewerGIF' from project 'NYTPhotoViewer')
    /Users/admin/builder/spi-builder-workspace/NYTPhotoViewer/NYTScalingImageView.m:9:9: note: in file included from /Users/admin/builder/spi-builder-workspace/NYTPhotoViewer/NYTScalingImageView.m:9:
ScanDependencies /Users/admin/builder/spi-builder-workspace/.derivedData/Build/Intermediates.noindex/NYTPhotoViewer.build/Debug/NYTPhotoViewerGIF-t.build/Objects-normal/arm64/NYTPhotosOverlayView.o /Users/admin/builder/spi-builder-workspace/NYTPhotoViewer/NYTPhotosOverlayView.m normal arm64 objective-c com.apple.compilers.llvm.clang.1_0.compiler (in target 'NYTPhotoViewerGIF' from project 'NYTPhotoViewer')
    cd /Users/admin/builder/spi-builder-workspace/.swiftpm/xcode

    Using response file: /Users/admin/builder/spi-builder-workspace/.derivedData/Build/Intermediates.noindex/NYTPhotoViewer.build/Debug/NYTPhotoViewerGIF-t.build/Objects-normal/arm64/e6072d4f65d7061329687fe24e3d63a7-common-args.resp

    builtin-ScanDependencies -o /Users/admin/builder/spi-builder-workspace/.derivedData/Build/Intermediates.noindex/NYTPhotoViewer.build/Debug/NYTPhotoViewerGIF-t.build/Objects-normal/arm64/NYTPhotosOverlayView.o.scan -- /Applications/Xcode-27.0.0-Release.Candidate.app/Contents/Developer/Toolchains/XcodeDefault.xctoolchain/usr/bin/clang -x objective-c -ivfsstatcache /Users/admin/builder/spi-builder-workspace/.derivedData/SDKStatCaches.noindex/macosx27.0-26A425-e829b21a6f8c9b70876ba0858053c0446a22442a12e9d48fe1a705f55a1adfc4.sdkstatcache -target arm64-apple-macos12.0 -fmessage-length\=0 -fdiagnostics-show-note-include-stack -fmacro-backtrace-limit\=0 -fno-color-diagnostics -fmodules-prune-interval\=86400 -fmodules-prune-after\=345600 -fbuild-session-file\=/Users/admin/builder/spi-builder-workspace/.derivedData/ModuleCache.noindex/Session.modulevalidation -fmodules-validate-once-per-build-session -Wnon-modular-include-in-framework-module -Werror\=non-modular-include-in-framework-module -Wno-trigraphs -Wno-missing-field-initializers -Wno-missing-prototypes -Wno-return-type -Wno-implicit-atomic-properties -Wno-objc-interface-ivars -Wno-arc-repeated-use-of-weak -Wno-missing-braces -Wparentheses -Wswitch -Wno-unused-function -Wno-unused-label -Wno-unused-parameter -Wno-unused-variable -Wunused-value -Wno-empty-body -Wno-uninitialized -Wno-unknown-pragmas -Wno-shadow -Wno-four-char-constants -Wno-conversion -Wno-constant-conversion -Wno-int-conversion -Wno-bool-conversion -Wno-enum-conversion -Wno-float-conversion -Wno-non-literal-null-conversion -Wno-objc-literal-conversion -Wshorten-64-to-32 -Wpointer-sign -Wno-newline-eof -Wno-selector -Wno-strict-selector-match -Wno-undeclared-selector -Wno-deprecated-implementations -Wno-implicit-fallthrough -isysroot /Applications/Xcode-27.0.0-Release.Candidate.app/Contents/Developer/Platforms/MacOSX.platform/Developer/SDKs/MacOSX27.0.sdk -fstrict-aliasing -Wprotocol -Wdeprecated-declarations -Wno-sign-conversion -Wno-infinite-recursion -Wno-comma -Wno-block-capture-autoreleasing -Wno-strict-prototypes -Wno-semicolon-before-method-body -index-store-path /Users/admin/builder/spi-builder-workspace/.derivedData/Index.noindex/DataStore @/Users/admin/builder/spi-builder-workspace/.derivedData/Build/Intermediates.noindex/NYTPhotoViewer.build/Debug/NYTPhotoViewerGIF-t.build/Objects-normal/arm64/e6072d4f65d7061329687fe24e3d63a7-common-args.resp -include /Users/admin/builder/spi-builder-workspace/.derivedData/Build/Intermediates.noindex/NYTPhotoViewer.build/Debug/NYTPhotoViewerGIF-t.build/DerivedSources/resource_bundle_accessor.h -MMD -MT dependencies -MF /Users/admin/builder/spi-builder-workspace/.derivedData/Build/Intermediates.noindex/NYTPhotoViewer.build/Debug/NYTPhotoViewerGIF-t.build/Objects-normal/arm64/NYTPhotosOverlayView.d --serialize-diagnostics /Users/admin/builder/spi-builder-workspace/.derivedData/Build/Intermediates.noindex/NYTPhotoViewer.build/Debug/NYTPhotoViewerGIF-t.build/Objects-normal/arm64/NYTPhotosOverlayView.dia -c /Users/admin/builder/spi-builder-workspace/NYTPhotoViewer/NYTPhotosOverlayView.m -o /Users/admin/builder/spi-builder-workspace/.derivedData/Build/Intermediates.noindex/NYTPhotoViewer.build/Debug/NYTPhotoViewerGIF-t.build/Objects-normal/arm64/NYTPhotosOverlayView.o -index-unit-output-path /NYTPhotoViewer.build/Debug/NYTPhotoViewerGIF-t.build/Objects-normal/arm64/NYTPhotosOverlayView.o
/Users/admin/builder/spi-builder-workspace/SourceSymLink/include/NYTPhotosOverlayView.h:9:9: error: Module 'UIKit' not found (in target 'NYTPhotoViewerGIF' from project 'NYTPhotoViewer')
    /Users/admin/builder/spi-builder-workspace/NYTPhotoViewer/NYTPhotosOverlayView.m:9:9: note: in file included from /Users/admin/builder/spi-builder-workspace/NYTPhotoViewer/NYTPhotosOverlayView.m:9:
ScanDependencies /Users/admin/builder/spi-builder-workspace/.derivedData/Build/Intermediates.noindex/NYTPhotoViewer.build/Debug/NYTPhotoViewerGIF-t.build/Objects-normal/arm64/NYTPhotosViewController.o /Users/admin/builder/spi-builder-workspace/NYTPhotoViewer/NYTPhotosViewController.m normal arm64 objective-c com.apple.compilers.llvm.clang.1_0.compiler (in target 'NYTPhotoViewerGIF' from project 'NYTPhotoViewer')
    cd /Users/admin/builder/spi-builder-workspace/.swiftpm/xcode

    Using response file: /Users/admin/builder/spi-builder-workspace/.derivedData/Build/Intermediates.noindex/NYTPhotoViewer.build/Debug/NYTPhotoViewerGIF-t.build/Objects-normal/arm64/e6072d4f65d7061329687fe24e3d63a7-common-args.resp

    builtin-ScanDependencies -o /Users/admin/builder/spi-builder-workspace/.derivedData/Build/Intermediates.noindex/NYTPhotoViewer.build/Debug/NYTPhotoViewerGIF-t.build/Objects-normal/arm64/NYTPhotosViewController.o.scan -- /Applications/Xcode-27.0.0-Release.Candidate.app/Contents/Developer/Toolchains/XcodeDefault.xctoolchain/usr/bin/clang -x objective-c -ivfsstatcache /Users/admin/builder/spi-builder-workspace/.derivedData/SDKStatCaches.noindex/macosx27.0-26A425-e829b21a6f8c9b70876ba0858053c0446a22442a12e9d48fe1a705f55a1adfc4.sdkstatcache -target arm64-apple-macos12.0 -fmessage-length\=0 -fdiagnostics-show-note-include-stack -fmacro-backtrace-limit\=0 -fno-color-diagnostics -fmodules-prune-interval\=86400 -fmodules-prune-after\=345600 -fbuild-session-file\=/Users/admin/builder/spi-builder-workspace/.derivedData/ModuleCache.noindex/Session.modulevalidation -fmodules-validate-once-per-build-session -Wnon-modular-include-in-framework-module -Werror\=non-modular-include-in-framework-module -Wno-trigraphs -Wno-missing-field-initializers -Wno-missing-prototypes -Wno-return-type -Wno-implicit-atomic-properties -Wno-objc-interface-ivars -Wno-arc-repeated-use-of-weak -Wno-missing-braces -Wparentheses -Wswitch -Wno-unused-function -Wno-unused-label -Wno-unused-parameter -Wno-unused-variable -Wunused-value -Wno-empty-body -Wno-uninitialized -Wno-unknown-pragmas -Wno-shadow -Wno-four-char-constants -Wno-conversion -Wno-constant-conversion -Wno-int-conversion -Wno-bool-conversion -Wno-enum-conversion -Wno-float-conversion -Wno-non-literal-null-conversion -Wno-objc-literal-conversion -Wshorten-64-to-32 -Wpointer-sign -Wno-newline-eof -Wno-selector -Wno-strict-selector-match -Wno-undeclared-selector -Wno-deprecated-implementations -Wno-implicit-fallthrough -isysroot /Applications/Xcode-27.0.0-Release.Candidate.app/Contents/Developer/Platforms/MacOSX.platform/Developer/SDKs/MacOSX27.0.sdk -fstrict-aliasing -Wprotocol -Wdeprecated-declarations -Wno-sign-conversion -Wno-infinite-recursion -Wno-comma -Wno-block-capture-autoreleasing -Wno-strict-prototypes -Wno-semicolon-before-method-body -index-store-path /Users/admin/builder/spi-builder-workspace/.derivedData/Index.noindex/DataStore @/Users/admin/builder/spi-builder-workspace/.derivedData/Build/Intermediates.noindex/NYTPhotoViewer.build/Debug/NYTPhotoViewerGIF-t.build/Objects-normal/arm64/e6072d4f65d7061329687fe24e3d63a7-common-args.resp -include /Users/admin/builder/spi-builder-workspace/.derivedData/Build/Intermediates.noindex/NYTPhotoViewer.build/Debug/NYTPhotoViewerGIF-t.build/DerivedSources/resource_bundle_accessor.h -MMD -MT dependencies -MF /Users/admin/builder/spi-builder-workspace/.derivedData/Build/Intermediates.noindex/NYTPhotoViewer.build/Debug/NYTPhotoViewerGIF-t.build/Objects-normal/arm64/NYTPhotosViewController.d --serialize-diagnostics /Users/admin/builder/spi-builder-workspace/.derivedData/Build/Intermediates.noindex/NYTPhotoViewer.build/Debug/NYTPhotoViewerGIF-t.build/Objects-normal/arm64/NYTPhotosViewController.dia -c /Users/admin/builder/spi-builder-workspace/NYTPhotoViewer/NYTPhotosViewController.m -o /Users/admin/builder/spi-builder-workspace/.derivedData/Build/Intermediates.noindex/NYTPhotoViewer.build/Debug/NYTPhotoViewerGIF-t.build/Objects-normal/arm64/NYTPhotosViewController.o -index-unit-output-path /NYTPhotoViewer.build/Debug/NYTPhotoViewerGIF-t.build/Objects-normal/arm64/NYTPhotosViewController.o
/Users/admin/builder/spi-builder-workspace/SourceSymLink/include/NYTPhotosViewController.h:9:9: error: Module 'UIKit' not found (in target 'NYTPhotoViewerGIF' from project 'NYTPhotoViewer')
    /Users/admin/builder/spi-builder-workspace/NYTPhotoViewer/NYTPhotosViewController.m:9:9: note: in file included from /Users/admin/builder/spi-builder-workspace/NYTPhotoViewer/NYTPhotosViewController.m:9:
ScanDependencies /Users/admin/builder/spi-builder-workspace/.derivedData/Build/Intermediates.noindex/NYTPhotoViewer.build/Debug/NYTPhotoViewerGIF-t.build/Objects-normal/arm64/NYTPhotoViewerSinglePhotoDataSource.o /Users/admin/builder/spi-builder-workspace/NYTPhotoViewer/NYTPhotoViewerSinglePhotoDataSource.m normal arm64 objective-c com.apple.compilers.llvm.clang.1_0.compiler (in target 'NYTPhotoViewerGIF' from project 'NYTPhotoViewer')
    cd /Users/admin/builder/spi-builder-workspace/.swiftpm/xcode

    Using response file: /Users/admin/builder/spi-builder-workspace/.derivedData/Build/Intermediates.noindex/NYTPhotoViewer.build/Debug/NYTPhotoViewerGIF-t.build/Objects-normal/arm64/e6072d4f65d7061329687fe24e3d63a7-common-args.resp

    builtin-ScanDependencies -o /Users/admin/builder/spi-builder-workspace/.derivedData/Build/Intermediates.noindex/NYTPhotoViewer.build/Debug/NYTPhotoViewerGIF-t.build/Objects-normal/arm64/NYTPhotoViewerSinglePhotoDataSource.o.scan -- /Applications/Xcode-27.0.0-Release.Candidate.app/Contents/Developer/Toolchains/XcodeDefault.xctoolchain/usr/bin/clang -x objective-c -ivfsstatcache /Users/admin/builder/spi-builder-workspace/.derivedData/SDKStatCaches.noindex/macosx27.0-26A425-e829b21a6f8c9b70876ba0858053c0446a22442a12e9d48fe1a705f55a1adfc4.sdkstatcache -target arm64-apple-macos12.0 -fmessage-length\=0 -fdiagnostics-show-note-include-stack -fmacro-backtrace-limit\=0 -fno-color-diagnostics -fmodules-prune-interval\=86400 -fmodules-prune-after\=345600 -fbuild-session-file\=/Users/admin/builder/spi-builder-workspace/.derivedData/ModuleCache.noindex/Session.modulevalidation -fmodules-validate-once-per-build-session -Wnon-modular-include-in-framework-module -Werror\=non-modular-include-in-framework-module -Wno-trigraphs -Wno-missing-field-initializers -Wno-missing-prototypes -Wno-return-type -Wno-implicit-atomic-properties -Wno-objc-interface-ivars -Wno-arc-repeated-use-of-weak -Wno-missing-braces -Wparentheses -Wswitch -Wno-unused-function -Wno-unused-label -Wno-unused-parameter -Wno-unused-variable -Wunused-value -Wno-empty-body -Wno-uninitialized -Wno-unknown-pragmas -Wno-shadow -Wno-four-char-constants -Wno-conversion -Wno-constant-conversion -Wno-int-conversion -Wno-bool-conversion -Wno-enum-conversion -Wno-float-conversion -Wno-non-literal-null-conversion -Wno-objc-literal-conversion -Wshorten-64-to-32 -Wpointer-sign -Wno-newline-eof -Wno-selector -Wno-strict-selector-match -Wno-undeclared-selector -Wno-deprecated-implementations -Wno-implicit-fallthrough -isysroot /Applications/Xcode-27.0.0-Release.Candidate.app/Contents/Developer/Platforms/MacOSX.platform/Developer/SDKs/MacOSX27.0.sdk -fstrict-aliasing -Wprotocol -Wdeprecated-declarations -Wno-sign-conversion -Wno-infinite-recursion -Wno-comma -Wno-block-capture-autoreleasing -Wno-strict-prototypes -Wno-semicolon-before-method-body -index-store-path /Users/admin/builder/spi-builder-workspace/.derivedData/Index.noindex/DataStore @/Users/admin/builder/spi-builder-workspace/.derivedData/Build/Intermediates.noindex/NYTPhotoViewer.build/Debug/NYTPhotoViewerGIF-t.build/Objects-normal/arm64/e6072d4f65d7061329687fe24e3d63a7-common-args.resp -include /Users/admin/builder/spi-builder-workspace/.derivedData/Build/Intermediates.noindex/NYTPhotoViewer.build/Debug/NYTPhotoViewerGIF-t.build/DerivedSources/resource_bundle_accessor.h -MMD -MT dependencies -MF /Users/admin/builder/spi-builder-workspace/.derivedData/Build/Intermediates.noindex/NYTPhotoViewer.build/Debug/NYTPhotoViewerGIF-t.build/Objects-normal/arm64/NYTPhotoViewerSinglePhotoDataSource.d --serialize-diagnostics /Users/admin/builder/spi-builder-workspace/.derivedData/Build/Intermediates.noindex/NYTPhotoViewer.build/Debug/NYTPhotoViewerGIF-t.build/Objects-normal/arm64/NYTPhotoViewerSinglePhotoDataSource.dia -c /Users/admin/builder/spi-builder-workspace/NYTPhotoViewer/NYTPhotoViewerSinglePhotoDataSource.m -o /Users/admin/builder/spi-builder-workspace/.derivedData/Build/Intermediates.noindex/NYTPhotoViewer.build/Debug/NYTPhotoViewerGIF-t.build/Objects-normal/arm64/NYTPhotoViewerSinglePhotoDataSource.o -index-unit-output-path /NYTPhotoViewer.build/Debug/NYTPhotoViewerGIF-t.build/Objects-normal/arm64/NYTPhotoViewerSinglePhotoDataSource.o
/Users/admin/builder/spi-builder-workspace/SourceSymLink/include/NYTPhotoViewerDataSource.h:9:9: error: Module 'UIKit' not found (in target 'NYTPhotoViewerGIF' from project 'NYTPhotoViewer')
    /Users/admin/builder/spi-builder-workspace/NYTPhotoViewer/NYTPhotoViewerSinglePhotoDataSource.m:9:9: note: in file included from /Users/admin/builder/spi-builder-workspace/NYTPhotoViewer/NYTPhotoViewerSinglePhotoDataSource.m:9:
    /Users/admin/builder/spi-builder-workspace/SourceSymLink/include/NYTPhotoViewerSinglePhotoDataSource.h:11:9: note: in file included from /Users/admin/builder/spi-builder-workspace/SourceSymLink/include/NYTPhotoViewerSinglePhotoDataSource.h:11:
ScanDependencies /Users/admin/builder/spi-builder-workspace/.derivedData/Build/Intermediates.noindex/NYTPhotoViewer.build/Debug/NYTPhotoViewerGIF-t.build/Objects-normal/arm64/NYTPhotoViewerArrayDataSource.o /Users/admin/builder/spi-builder-workspace/NYTPhotoViewer/NYTPhotoViewerArrayDataSource.m normal arm64 objective-c com.apple.compilers.llvm.clang.1_0.compiler (in target 'NYTPhotoViewerGIF' from project 'NYTPhotoViewer')
    cd /Users/admin/builder/spi-builder-workspace/.swiftpm/xcode

    Using response file: /Users/admin/builder/spi-builder-workspace/.derivedData/Build/Intermediates.noindex/NYTPhotoViewer.build/Debug/NYTPhotoViewerGIF-t.build/Objects-normal/arm64/e6072d4f65d7061329687fe24e3d63a7-common-args.resp

    builtin-ScanDependencies -o /Users/admin/builder/spi-builder-workspace/.derivedData/Build/Intermediates.noindex/NYTPhotoViewer.build/Debug/NYTPhotoViewerGIF-t.build/Objects-normal/arm64/NYTPhotoViewerArrayDataSource.o.scan -- /Applications/Xcode-27.0.0-Release.Candidate.app/Contents/Developer/Toolchains/XcodeDefault.xctoolchain/usr/bin/clang -x objective-c -ivfsstatcache /Users/admin/builder/spi-builder-workspace/.derivedData/SDKStatCaches.noindex/macosx27.0-26A425-e829b21a6f8c9b70876ba0858053c0446a22442a12e9d48fe1a705f55a1adfc4.sdkstatcache -target arm64-apple-macos12.0 -fmessage-length\=0 -fdiagnostics-show-note-include-stack -fmacro-backtrace-limit\=0 -fno-color-diagnostics -fmodules-prune-interval\=86400 -fmodules-prune-after\=345600 -fbuild-session-file\=/Users/admin/builder/spi-builder-workspace/.derivedData/ModuleCache.noindex/Session.modulevalidation -fmodules-validate-once-per-build-session -Wnon-modular-include-in-framework-module -Werror\=non-modular-include-in-framework-module -Wno-trigraphs -Wno-missing-field-initializers -Wno-missing-prototypes -Wno-return-type -Wno-implicit-atomic-properties -Wno-objc-interface-ivars -Wno-arc-repeated-use-of-weak -Wno-missing-braces -Wparentheses -Wswitch -Wno-unused-function -Wno-unused-label -Wno-unused-parameter -Wno-unused-variable -Wunused-value -Wno-empty-body -Wno-uninitialized -Wno-unknown-pragmas -Wno-shadow -Wno-four-char-constants -Wno-conversion -Wno-constant-conversion -Wno-int-conversion -Wno-bool-conversion -Wno-enum-conversion -Wno-float-conversion -Wno-non-literal-null-conversion -Wno-objc-literal-conversion -Wshorten-64-to-32 -Wpointer-sign -Wno-newline-eof -Wno-selector -Wno-strict-selector-match -Wno-undeclared-selector -Wno-deprecated-implementations -Wno-implicit-fallthrough -isysroot /Applications/Xcode-27.0.0-Release.Candidate.app/Contents/Developer/Platforms/MacOSX.platform/Developer/SDKs/MacOSX27.0.sdk -fstrict-aliasing -Wprotocol -Wdeprecated-declarations -Wno-sign-conversion -Wno-infinite-recursion -Wno-comma -Wno-block-capture-autoreleasing -Wno-strict-prototypes -Wno-semicolon-before-method-body -index-store-path /Users/admin/builder/spi-builder-workspace/.derivedData/Index.noindex/DataStore @/Users/admin/builder/spi-builder-workspace/.derivedData/Build/Intermediates.noindex/NYTPhotoViewer.build/Debug/NYTPhotoViewerGIF-t.build/Objects-normal/arm64/e6072d4f65d7061329687fe24e3d63a7-common-args.resp -include /Users/admin/builder/spi-builder-workspace/.derivedData/Build/Intermediates.noindex/NYTPhotoViewer.build/Debug/NYTPhotoViewerGIF-t.build/DerivedSources/resource_bundle_accessor.h -MMD -MT dependencies -MF /Users/admin/builder/spi-builder-workspace/.derivedData/Build/Intermediates.noindex/NYTPhotoViewer.build/Debug/NYTPhotoViewerGIF-t.build/Objects-normal/arm64/NYTPhotoViewerArrayDataSource.d --serialize-diagnostics /Users/admin/builder/spi-builder-workspace/.derivedData/Build/Intermediates.noindex/NYTPhotoViewer.build/Debug/NYTPhotoViewerGIF-t.build/Objects-normal/arm64/NYTPhotoViewerArrayDataSource.dia -c /Users/admin/builder/spi-builder-workspace/NYTPhotoViewer/NYTPhotoViewerArrayDataSource.m -o /Users/admin/builder/spi-builder-workspace/.derivedData/Build/Intermediates.noindex/NYTPhotoViewer.build/Debug/NYTPhotoViewerGIF-t.build/Objects-normal/arm64/NYTPhotoViewerArrayDataSource.o -index-unit-output-path /NYTPhotoViewer.build/Debug/NYTPhotoViewerGIF-t.build/Objects-normal/arm64/NYTPhotoViewerArrayDataSource.o
/Users/admin/builder/spi-builder-workspace/SourceSymLink/include/NYTPhotoViewerDataSource.h:9:9: error: Module 'UIKit' not found (in target 'NYTPhotoViewerGIF' from project 'NYTPhotoViewer')
    /Users/admin/builder/spi-builder-workspace/NYTPhotoViewer/NYTPhotoViewerArrayDataSource.m:9:9: note: in file included from /Users/admin/builder/spi-builder-workspace/NYTPhotoViewer/NYTPhotoViewerArrayDataSource.m:9:
    /Users/admin/builder/spi-builder-workspace/SourceSymLink/include/NYTPhotoViewerArrayDataSource.h:11:9: note: in file included from /Users/admin/builder/spi-builder-workspace/SourceSymLink/include/NYTPhotoViewerArrayDataSource.h:11:
ScanDependencies /Users/admin/builder/spi-builder-workspace/.derivedData/Build/Intermediates.noindex/NYTPhotoViewer.build/Debug/NYTPhotoViewerGIF-t.build/Objects-normal/arm64/NYTPhotoViewController.o /Users/admin/builder/spi-builder-workspace/NYTPhotoViewer/NYTPhotoViewController.m normal arm64 objective-c com.apple.compilers.llvm.clang.1_0.compiler (in target 'NYTPhotoViewerGIF' from project 'NYTPhotoViewer')
    cd /Users/admin/builder/spi-builder-workspace/.swiftpm/xcode

    Using response file: /Users/admin/builder/spi-builder-workspace/.derivedData/Build/Intermediates.noindex/NYTPhotoViewer.build/Debug/NYTPhotoViewerGIF-t.build/Objects-normal/arm64/e6072d4f65d7061329687fe24e3d63a7-common-args.resp

    builtin-ScanDependencies -o /Users/admin/builder/spi-builder-workspace/.derivedData/Build/Intermediates.noindex/NYTPhotoViewer.build/Debug/NYTPhotoViewerGIF-t.build/Objects-normal/arm64/NYTPhotoViewController.o.scan -- /Applications/Xcode-27.0.0-Release.Candidate.app/Contents/Developer/Toolchains/XcodeDefault.xctoolchain/usr/bin/clang -x objective-c -ivfsstatcache /Users/admin/builder/spi-builder-workspace/.derivedData/SDKStatCaches.noindex/macosx27.0-26A425-e829b21a6f8c9b70876ba0858053c0446a22442a12e9d48fe1a705f55a1adfc4.sdkstatcache -target arm64-apple-macos12.0 -fmessage-length\=0 -fdiagnostics-show-note-include-stack -fmacro-backtrace-limit\=0 -fno-color-diagnostics -fmodules-prune-interval\=86400 -fmodules-prune-after\=345600 -fbuild-session-file\=/Users/admin/builder/spi-builder-workspace/.derivedData/ModuleCache.noindex/Session.modulevalidation -fmodules-validate-once-per-build-session -Wnon-modular-include-in-framework-module -Werror\=non-modular-include-in-framework-module -Wno-trigraphs -Wno-missing-field-initializers -Wno-missing-prototypes -Wno-return-type -Wno-implicit-atomic-properties -Wno-objc-interface-ivars -Wno-arc-repeated-use-of-weak -Wno-missing-braces -Wparentheses -Wswitch -Wno-unused-function -Wno-unused-label -Wno-unused-parameter -Wno-unused-variable -Wunused-value -Wno-empty-body -Wno-uninitialized -Wno-unknown-pragmas -Wno-shadow -Wno-four-char-constants -Wno-conversion -Wno-constant-conversion -Wno-int-conversion -Wno-bool-conversion -Wno-enum-conversion -Wno-float-conversion -Wno-non-literal-null-conversion -Wno-objc-literal-conversion -Wshorten-64-to-32 -Wpointer-sign -Wno-newline-eof -Wno-selector -Wno-strict-selector-match -Wno-undeclared-selector -Wno-deprecated-implementations -Wno-implicit-fallthrough -isysroot /Applications/Xcode-27.0.0-Release.Candidate.app/Contents/Developer/Platforms/MacOSX.platform/Developer/SDKs/MacOSX27.0.sdk -fstrict-aliasing -Wprotocol -Wdeprecated-declarations -Wno-sign-conversion -Wno-infinite-recursion -Wno-comma -Wno-block-capture-autoreleasing -Wno-strict-prototypes -Wno-semicolon-before-method-body -index-store-path /Users/admin/builder/spi-builder-workspace/.derivedData/Index.noindex/DataStore @/Users/admin/builder/spi-builder-workspace/.derivedData/Build/Intermediates.noindex/NYTPhotoViewer.build/Debug/NYTPhotoViewerGIF-t.build/Objects-normal/arm64/e6072d4f65d7061329687fe24e3d63a7-common-args.resp -include /Users/admin/builder/spi-builder-workspace/.derivedData/Build/Intermediates.noindex/NYTPhotoViewer.build/Debug/NYTPhotoViewerGIF-t.build/DerivedSources/resource_bundle_accessor.h -MMD -MT dependencies -MF /Users/admin/builder/spi-builder-workspace/.derivedData/Build/Intermediates.noindex/NYTPhotoViewer.build/Debug/NYTPhotoViewerGIF-t.build/Objects-normal/arm64/NYTPhotoViewController.d --serialize-diagnostics /Users/admin/builder/spi-builder-workspace/.derivedData/Build/Intermediates.noindex/NYTPhotoViewer.build/Debug/NYTPhotoViewerGIF-t.build/Objects-normal/arm64/NYTPhotoViewController.dia -c /Users/admin/builder/spi-builder-workspace/NYTPhotoViewer/NYTPhotoViewController.m -o /Users/admin/builder/spi-builder-workspace/.derivedData/Build/Intermediates.noindex/NYTPhotoViewer.build/Debug/NYTPhotoViewerGIF-t.build/Objects-normal/arm64/NYTPhotoViewController.o -index-unit-output-path /NYTPhotoViewer.build/Debug/NYTPhotoViewerGIF-t.build/Objects-normal/arm64/NYTPhotoViewController.o
/Users/admin/builder/spi-builder-workspace/SourceSymLink/include/NYTPhotoViewController.h:9:9: error: Module 'UIKit' not found (in target 'NYTPhotoViewerGIF' from project 'NYTPhotoViewer')
    /Users/admin/builder/spi-builder-workspace/NYTPhotoViewer/NYTPhotoViewController.m:9:9: note: in file included from /Users/admin/builder/spi-builder-workspace/NYTPhotoViewer/NYTPhotoViewController.m:9:
ScanDependencies /Users/admin/builder/spi-builder-workspace/.derivedData/Build/Intermediates.noindex/NYTPhotoViewer.build/Debug/NYTPhotoViewerGIF-t.build/Objects-normal/arm64/NYTPhotoTransitionAnimator.o /Users/admin/builder/spi-builder-workspace/NYTPhotoViewer/NYTPhotoTransitionAnimator.m normal arm64 objective-c com.apple.compilers.llvm.clang.1_0.compiler (in target 'NYTPhotoViewerGIF' from project 'NYTPhotoViewer')
    cd /Users/admin/builder/spi-builder-workspace/.swiftpm/xcode

    Using response file: /Users/admin/builder/spi-builder-workspace/.derivedData/Build/Intermediates.noindex/NYTPhotoViewer.build/Debug/NYTPhotoViewerGIF-t.build/Objects-normal/arm64/e6072d4f65d7061329687fe24e3d63a7-common-args.resp

    builtin-ScanDependencies -o /Users/admin/builder/spi-builder-workspace/.derivedData/Build/Intermediates.noindex/NYTPhotoViewer.build/Debug/NYTPhotoViewerGIF-t.build/Objects-normal/arm64/NYTPhotoTransitionAnimator.o.scan -- /Applications/Xcode-27.0.0-Release.Candidate.app/Contents/Developer/Toolchains/XcodeDefault.xctoolchain/usr/bin/clang -x objective-c -ivfsstatcache /Users/admin/builder/spi-builder-workspace/.derivedData/SDKStatCaches.noindex/macosx27.0-26A425-e829b21a6f8c9b70876ba0858053c0446a22442a12e9d48fe1a705f55a1adfc4.sdkstatcache -target arm64-apple-macos12.0 -fmessage-length\=0 -fdiagnostics-show-note-include-stack -fmacro-backtrace-limit\=0 -fno-color-diagnostics -fmodules-prune-interval\=86400 -fmodules-prune-after\=345600 -fbuild-session-file\=/Users/admin/builder/spi-builder-workspace/.derivedData/ModuleCache.noindex/Session.modulevalidation -fmodules-validate-once-per-build-session -Wnon-modular-include-in-framework-module -Werror\=non-modular-include-in-framework-module -Wno-trigraphs -Wno-missing-field-initializers -Wno-missing-prototypes -Wno-return-type -Wno-implicit-atomic-properties -Wno-objc-interface-ivars -Wno-arc-repeated-use-of-weak -Wno-missing-braces -Wparentheses -Wswitch -Wno-unused-function -Wno-unused-label -Wno-unused-parameter -Wno-unused-variable -Wunused-value -Wno-empty-body -Wno-uninitialized -Wno-unknown-pragmas -Wno-shadow -Wno-four-char-constants -Wno-conversion -Wno-constant-conversion -Wno-int-conversion -Wno-bool-conversion -Wno-enum-conversion -Wno-float-conversion -Wno-non-literal-null-conversion -Wno-objc-literal-conversion -Wshorten-64-to-32 -Wpointer-sign -Wno-newline-eof -Wno-selector -Wno-strict-selector-match -Wno-undeclared-selector -Wno-deprecated-implementations -Wno-implicit-fallthrough -isysroot /Applications/Xcode-27.0.0-Release.Candidate.app/Contents/Developer/Platforms/MacOSX.platform/Developer/SDKs/MacOSX27.0.sdk -fstrict-aliasing -Wprotocol -Wdeprecated-declarations -Wno-sign-conversion -Wno-infinite-recursion -Wno-comma -Wno-block-capture-autoreleasing -Wno-strict-prototypes -Wno-semicolon-before-method-body -index-store-path /Users/admin/builder/spi-builder-workspace/.derivedData/Index.noindex/DataStore @/Users/admin/builder/spi-builder-workspace/.derivedData/Build/Intermediates.noindex/NYTPhotoViewer.build/Debug/NYTPhotoViewerGIF-t.build/Objects-normal/arm64/e6072d4f65d7061329687fe24e3d63a7-common-args.resp -include /Users/admin/builder/spi-builder-workspace/.derivedData/Build/Intermediates.noindex/NYTPhotoViewer.build/Debug/NYTPhotoViewerGIF-t.build/DerivedSources/resource_bundle_accessor.h -MMD -MT dependencies -MF /Users/admin/builder/spi-builder-workspace/.derivedData/Build/Intermediates.noindex/NYTPhotoViewer.build/Debug/NYTPhotoViewerGIF-t.build/Objects-normal/arm64/NYTPhotoTransitionAnimator.d --serialize-diagnostics /Users/admin/builder/spi-builder-workspace/.derivedData/Build/Intermediates.noindex/NYTPhotoViewer.build/Debug/NYTPhotoViewerGIF-t.build/Objects-normal/arm64/NYTPhotoTransitionAnimator.dia -c /Users/admin/builder/spi-builder-workspace/NYTPhotoViewer/NYTPhotoTransitionAnimator.m -o /Users/admin/builder/spi-builder-workspace/.derivedData/Build/Intermediates.noindex/NYTPhotoViewer.build/Debug/NYTPhotoViewerGIF-t.build/Objects-normal/arm64/NYTPhotoTransitionAnimator.o -index-unit-output-path /NYTPhotoViewer.build/Debug/NYTPhotoViewerGIF-t.build/Objects-normal/arm64/NYTPhotoTransitionAnimator.o
/Users/admin/builder/spi-builder-workspace/SourceSymLink/include/NYTPhotoTransitionAnimator.h:9:9: error: Module 'UIKit' not found (in target 'NYTPhotoViewerGIF' from project 'NYTPhotoViewer')
    /Users/admin/builder/spi-builder-workspace/NYTPhotoViewer/NYTPhotoTransitionAnimator.m:9:9: note: in file included from /Users/admin/builder/spi-builder-workspace/NYTPhotoViewer/NYTPhotoTransitionAnimator.m:9:
ScanDependencies /Users/admin/builder/spi-builder-workspace/.derivedData/Build/Intermediates.noindex/NYTPhotoViewer.build/Debug/NYTPhotoViewerGIF-t.build/Objects-normal/arm64/resource_bundle_accessor.o /Users/admin/builder/spi-builder-workspace/.derivedData/Build/Intermediates.noindex/NYTPhotoViewer.build/Debug/NYTPhotoViewerGIF-t.build/DerivedSources/resource_bundle_accessor.m normal arm64 objective-c com.apple.compilers.llvm.clang.1_0.compiler (in target 'NYTPhotoViewerGIF' from project 'NYTPhotoViewer')
    cd /Users/admin/builder/spi-builder-workspace/.swiftpm/xcode

    Using response file: /Users/admin/builder/spi-builder-workspace/.derivedData/Build/Intermediates.noindex/NYTPhotoViewer.build/Debug/NYTPhotoViewerGIF-t.build/Objects-normal/arm64/e6072d4f65d7061329687fe24e3d63a7-common-args.resp

    builtin-ScanDependencies -o /Users/admin/builder/spi-builder-workspace/.derivedData/Build/Intermediates.noindex/NYTPhotoViewer.build/Debug/NYTPhotoViewerGIF-t.build/Objects-normal/arm64/resource_bundle_accessor.o.scan -- /Applications/Xcode-27.0.0-Release.Candidate.app/Contents/Developer/Toolchains/XcodeDefault.xctoolchain/usr/bin/clang -x objective-c -ivfsstatcache /Users/admin/builder/spi-builder-workspace/.derivedData/SDKStatCaches.noindex/macosx27.0-26A425-e829b21a6f8c9b70876ba0858053c0446a22442a12e9d48fe1a705f55a1adfc4.sdkstatcache -target arm64-apple-macos12.0 -fmessage-length\=0 -fdiagnostics-show-note-include-stack -fmacro-backtrace-limit\=0 -fno-color-diagnostics -fmodules-prune-interval\=86400 -fmodules-prune-after\=345600 -fbuild-session-file\=/Users/admin/builder/spi-builder-workspace/.derivedData/ModuleCache.noindex/Session.modulevalidation -fmodules-validate-once-per-build-session -Wnon-modular-include-in-framework-module -Werror\=non-modular-include-in-framework-module -Wno-trigraphs -Wno-missing-field-initializers -Wno-missing-prototypes -Wno-return-type -Wno-implicit-atomic-properties -Wno-objc-interface-ivars -Wno-arc-repeated-use-of-weak -Wno-missing-braces -Wparentheses -Wswitch -Wno-unused-function -Wno-unused-label -Wno-unused-parameter -Wno-unused-variable -Wunused-value -Wno-empty-body -Wno-uninitialized -Wno-unknown-pragmas -Wno-shadow -Wno-four-char-constants -Wno-conversion -Wno-constant-conversion -Wno-int-conversion -Wno-bool-conversion -Wno-enum-conversion -Wno-float-conversion -Wno-non-literal-null-conversion -Wno-objc-literal-conversion -Wshorten-64-to-32 -Wpointer-sign -Wno-newline-eof -Wno-selector -Wno-strict-selector-match -Wno-undeclared-selector -Wno-deprecated-implementations -Wno-implicit-fallthrough -isysroot /Applications/Xcode-27.0.0-Release.Candidate.app/Contents/Developer/Platforms/MacOSX.platform/Developer/SDKs/MacOSX27.0.sdk -fstrict-aliasing -Wprotocol -Wdeprecated-declarations -Wno-sign-conversion -Wno-infinite-recursion -Wno-comma -Wno-block-capture-autoreleasing -Wno-strict-prototypes -Wno-semicolon-before-method-body -index-store-path /Users/admin/builder/spi-builder-workspace/.derivedData/Index.noindex/DataStore @/Users/admin/builder/spi-builder-workspace/.derivedData/Build/Intermediates.noindex/NYTPhotoViewer.build/Debug/NYTPhotoViewerGIF-t.build/Objects-normal/arm64/e6072d4f65d7061329687fe24e3d63a7-common-args.resp -include /Users/admin/builder/spi-builder-workspace/.derivedData/Build/Intermediates.noindex/NYTPhotoViewer.build/Debug/NYTPhotoViewerGIF-t.build/DerivedSources/resource_bundle_accessor.h -MMD -MT dependencies -MF /Users/admin/builder/spi-builder-workspace/.derivedData/Build/Intermediates.noindex/NYTPhotoViewer.build/Debug/NYTPhotoViewerGIF-t.build/Objects-normal/arm64/resource_bundle_accessor.d --serialize-diagnostics /Users/admin/builder/spi-builder-workspace/.derivedData/Build/Intermediates.noindex/NYTPhotoViewer.build/Debug/NYTPhotoViewerGIF-t.build/Objects-normal/arm64/resource_bundle_accessor.dia -c /Users/admin/builder/spi-builder-workspace/.derivedData/Build/Intermediates.noindex/NYTPhotoViewer.build/Debug/NYTPhotoViewerGIF-t.build/DerivedSources/resource_bundle_accessor.m -o /Users/admin/builder/spi-builder-workspace/.derivedData/Build/Intermediates.noindex/NYTPhotoViewer.build/Debug/NYTPhotoViewerGIF-t.build/Objects-normal/arm64/resource_bundle_accessor.o -index-unit-output-path /NYTPhotoViewer.build/Debug/NYTPhotoViewerGIF-t.build/Objects-normal/arm64/resource_bundle_accessor.o
ScanDependencies /Users/admin/builder/spi-builder-workspace/.derivedData/Build/Intermediates.noindex/NYTPhotoViewer.build/Debug/NYTPhotoViewerGIF-t.build/Objects-normal/arm64/NYTPhotoDismissalInteractionController.o /Users/admin/builder/spi-builder-workspace/NYTPhotoViewer/NYTPhotoDismissalInteractionController.m normal arm64 objective-c com.apple.compilers.llvm.clang.1_0.compiler (in target 'NYTPhotoViewerGIF' from project 'NYTPhotoViewer')
    cd /Users/admin/builder/spi-builder-workspace/.swiftpm/xcode

    Using response file: /Users/admin/builder/spi-builder-workspace/.derivedData/Build/Intermediates.noindex/NYTPhotoViewer.build/Debug/NYTPhotoViewerGIF-t.build/Objects-normal/arm64/e6072d4f65d7061329687fe24e3d63a7-common-args.resp

    builtin-ScanDependencies -o /Users/admin/builder/spi-builder-workspace/.derivedData/Build/Intermediates.noindex/NYTPhotoViewer.build/Debug/NYTPhotoViewerGIF-t.build/Objects-normal/arm64/NYTPhotoDismissalInteractionController.o.scan -- /Applications/Xcode-27.0.0-Release.Candidate.app/Contents/Developer/Toolchains/XcodeDefault.xctoolchain/usr/bin/clang -x objective-c -ivfsstatcache /Users/admin/builder/spi-builder-workspace/.derivedData/SDKStatCaches.noindex/macosx27.0-26A425-e829b21a6f8c9b70876ba0858053c0446a22442a12e9d48fe1a705f55a1adfc4.sdkstatcache -target arm64-apple-macos12.0 -fmessage-length\=0 -fdiagnostics-show-note-include-stack -fmacro-backtrace-limit\=0 -fno-color-diagnostics -fmodules-prune-interval\=86400 -fmodules-prune-after\=345600 -fbuild-session-file\=/Users/admin/builder/spi-builder-workspace/.derivedData/ModuleCache.noindex/Session.modulevalidation -fmodules-validate-once-per-build-session -Wnon-modular-include-in-framework-module -Werror\=non-modular-include-in-framework-module -Wno-trigraphs -Wno-missing-field-initializers -Wno-missing-prototypes -Wno-return-type -Wno-implicit-atomic-properties -Wno-objc-interface-ivars -Wno-arc-repeated-use-of-weak -Wno-missing-braces -Wparentheses -Wswitch -Wno-unused-function -Wno-unused-label -Wno-unused-parameter -Wno-unused-variable -Wunused-value -Wno-empty-body -Wno-uninitialized -Wno-unknown-pragmas -Wno-shadow -Wno-four-char-constants -Wno-conversion -Wno-constant-conversion -Wno-int-conversion -Wno-bool-conversion -Wno-enum-conversion -Wno-float-conversion -Wno-non-literal-null-conversion -Wno-objc-literal-conversion -Wshorten-64-to-32 -Wpointer-sign -Wno-newline-eof -Wno-selector -Wno-strict-selector-match -Wno-undeclared-selector -Wno-deprecated-implementations -Wno-implicit-fallthrough -isysroot /Applications/Xcode-27.0.0-Release.Candidate.app/Contents/Developer/Platforms/MacOSX.platform/Developer/SDKs/MacOSX27.0.sdk -fstrict-aliasing -Wprotocol -Wdeprecated-declarations -Wno-sign-conversion -Wno-infinite-recursion -Wno-comma -Wno-block-capture-autoreleasing -Wno-strict-prototypes -Wno-semicolon-before-method-body -index-store-path /Users/admin/builder/spi-builder-workspace/.derivedData/Index.noindex/DataStore @/Users/admin/builder/spi-builder-workspace/.derivedData/Build/Intermediates.noindex/NYTPhotoViewer.build/Debug/NYTPhotoViewerGIF-t.build/Objects-normal/arm64/e6072d4f65d7061329687fe24e3d63a7-common-args.resp -include /Users/admin/builder/spi-builder-workspace/.derivedData/Build/Intermediates.noindex/NYTPhotoViewer.build/Debug/NYTPhotoViewerGIF-t.build/DerivedSources/resource_bundle_accessor.h -MMD -MT dependencies -MF /Users/admin/builder/spi-builder-workspace/.derivedData/Build/Intermediates.noindex/NYTPhotoViewer.build/Debug/NYTPhotoViewerGIF-t.build/Objects-normal/arm64/NYTPhotoDismissalInteractionController.d --serialize-diagnostics /Users/admin/builder/spi-builder-workspace/.derivedData/Build/Intermediates.noindex/NYTPhotoViewer.build/Debug/NYTPhotoViewerGIF-t.build/Objects-normal/arm64/NYTPhotoDismissalInteractionController.dia -c /Users/admin/builder/spi-builder-workspace/NYTPhotoViewer/NYTPhotoDismissalInteractionController.m -o /Users/admin/builder/spi-builder-workspace/.derivedData/Build/Intermediates.noindex/NYTPhotoViewer.build/Debug/NYTPhotoViewerGIF-t.build/Objects-normal/arm64/NYTPhotoDismissalInteractionController.o -index-unit-output-path /NYTPhotoViewer.build/Debug/NYTPhotoViewerGIF-t.build/Objects-normal/arm64/NYTPhotoDismissalInteractionController.o
/Users/admin/builder/spi-builder-workspace/SourceSymLink/include/NYTPhotoDismissalInteractionController.h:9:9: error: Module 'UIKit' not found (in target 'NYTPhotoViewerGIF' from project 'NYTPhotoViewer')
    /Users/admin/builder/spi-builder-workspace/NYTPhotoViewer/NYTPhotoDismissalInteractionController.m:9:9: note: in file included from /Users/admin/builder/spi-builder-workspace/NYTPhotoViewer/NYTPhotoDismissalInteractionController.m:9:
ScanDependencies /Users/admin/builder/spi-builder-workspace/.derivedData/Build/Intermediates.noindex/NYTPhotoViewer.build/Debug/NYTPhotoViewerGIF-t.build/Objects-normal/arm64/NYTPhotoTransitionController.o /Users/admin/builder/spi-builder-workspace/NYTPhotoViewer/NYTPhotoTransitionController.m normal arm64 objective-c com.apple.compilers.llvm.clang.1_0.compiler (in target 'NYTPhotoViewerGIF' from project 'NYTPhotoViewer')
    cd /Users/admin/builder/spi-builder-workspace/.swiftpm/xcode

    Using response file: /Users/admin/builder/spi-builder-workspace/.derivedData/Build/Intermediates.noindex/NYTPhotoViewer.build/Debug/NYTPhotoViewerGIF-t.build/Objects-normal/arm64/e6072d4f65d7061329687fe24e3d63a7-common-args.resp

    builtin-ScanDependencies -o /Users/admin/builder/spi-builder-workspace/.derivedData/Build/Intermediates.noindex/NYTPhotoViewer.build/Debug/NYTPhotoViewerGIF-t.build/Objects-normal/arm64/NYTPhotoTransitionController.o.scan -- /Applications/Xcode-27.0.0-Release.Candidate.app/Contents/Developer/Toolchains/XcodeDefault.xctoolchain/usr/bin/clang -x objective-c -ivfsstatcache /Users/admin/builder/spi-builder-workspace/.derivedData/SDKStatCaches.noindex/macosx27.0-26A425-e829b21a6f8c9b70876ba0858053c0446a22442a12e9d48fe1a705f55a1adfc4.sdkstatcache -target arm64-apple-macos12.0 -fmessage-length\=0 -fdiagnostics-show-note-include-stack -fmacro-backtrace-limit\=0 -fno-color-diagnostics -fmodules-prune-interval\=86400 -fmodules-prune-after\=345600 -fbuild-session-file\=/Users/admin/builder/spi-builder-workspace/.derivedData/ModuleCache.noindex/Session.modulevalidation -fmodules-validate-once-per-build-session -Wnon-modular-include-in-framework-module -Werror\=non-modular-include-in-framework-module -Wno-trigraphs -Wno-missing-field-initializers -Wno-missing-prototypes -Wno-return-type -Wno-implicit-atomic-properties -Wno-objc-interface-ivars -Wno-arc-repeated-use-of-weak -Wno-missing-braces -Wparentheses -Wswitch -Wno-unused-function -Wno-unused-label -Wno-unused-parameter -Wno-unused-variable -Wunused-value -Wno-empty-body -Wno-uninitialized -Wno-unknown-pragmas -Wno-shadow -Wno-four-char-constants -Wno-conversion -Wno-constant-conversion -Wno-int-conversion -Wno-bool-conversion -Wno-enum-conversion -Wno-float-conversion -Wno-non-literal-null-conversion -Wno-objc-literal-conversion -Wshorten-64-to-32 -Wpointer-sign -Wno-newline-eof -Wno-selector -Wno-strict-selector-match -Wno-undeclared-selector -Wno-deprecated-implementations -Wno-implicit-fallthrough -isysroot /Applications/Xcode-27.0.0-Release.Candidate.app/Contents/Developer/Platforms/MacOSX.platform/Developer/SDKs/MacOSX27.0.sdk -fstrict-aliasing -Wprotocol -Wdeprecated-declarations -Wno-sign-conversion -Wno-infinite-recursion -Wno-comma -Wno-block-capture-autoreleasing -Wno-strict-prototypes -Wno-semicolon-before-method-body -index-store-path /Users/admin/builder/spi-builder-workspace/.derivedData/Index.noindex/DataStore @/Users/admin/builder/spi-builder-workspace/.derivedData/Build/Intermediates.noindex/NYTPhotoViewer.build/Debug/NYTPhotoViewerGIF-t.build/Objects-normal/arm64/e6072d4f65d7061329687fe24e3d63a7-common-args.resp -include /Users/admin/builder/spi-builder-workspace/.derivedData/Build/Intermediates.noindex/NYTPhotoViewer.build/Debug/NYTPhotoViewerGIF-t.build/DerivedSources/resource_bundle_accessor.h -MMD -MT dependencies -MF /Users/admin/builder/spi-builder-workspace/.derivedData/Build/Intermediates.noindex/NYTPhotoViewer.build/Debug/NYTPhotoViewerGIF-t.build/Objects-normal/arm64/NYTPhotoTransitionController.d --serialize-diagnostics /Users/admin/builder/spi-builder-workspace/.derivedData/Build/Intermediates.noindex/NYTPhotoViewer.build/Debug/NYTPhotoViewerGIF-t.build/Objects-normal/arm64/NYTPhotoTransitionController.dia -c /Users/admin/builder/spi-builder-workspace/NYTPhotoViewer/NYTPhotoTransitionController.m -o /Users/admin/builder/spi-builder-workspace/.derivedData/Build/Intermediates.noindex/NYTPhotoViewer.build/Debug/NYTPhotoViewerGIF-t.build/Objects-normal/arm64/NYTPhotoTransitionController.o -index-unit-output-path /NYTPhotoViewer.build/Debug/NYTPhotoViewerGIF-t.build/Objects-normal/arm64/NYTPhotoTransitionController.o
/Users/admin/builder/spi-builder-workspace/SourceSymLink/include/NYTPhotoTransitionController.h:9:9: error: Module 'UIKit' not found (in target 'NYTPhotoViewerGIF' from project 'NYTPhotoViewer')
    /Users/admin/builder/spi-builder-workspace/NYTPhotoViewer/NYTPhotoTransitionController.m:9:9: note: in file included from /Users/admin/builder/spi-builder-workspace/NYTPhotoViewer/NYTPhotoTransitionController.m:9:
PruneExplicitPrecompiledModules /Users/admin/builder/spi-builder-workspace/.derivedData/SDKExplicitPrecompiledModules
PruneExplicitPrecompiledModules /Users/admin/builder/spi-builder-workspace/.derivedData/Build/Intermediates.noindex/ExplicitPrecompiledModules
PruneExplicitPrecompiledModules /Users/admin/builder/spi-builder-workspace/.derivedData/Build/Intermediates.noindex/SwiftExplicitPrecompiledModules
2026-09-21 20:21:49.227 xcodebuild[903:5570] [MT] IDERunDestination: Supported platforms for the buildables in the current scheme is empty.
--- xcodebuild: WARNING: Using the first of multiple matching destinations:
{ platform:macOS, arch:arm64, id:c46a54ca52f590475080e22c40732c70e668d79f, name:My Mac }
{ platform:macOS, arch:arm64, variant:Mac Catalyst, id:c46a54ca52f590475080e22c40732c70e668d79f, name:My Mac }
{ platform:macOS, arch:arm64, variant:DriverKit, id:c46a54ca52f590475080e22c40732c70e668d79f, name:My Mac }
{ platform:macOS, arch:arm64, variant:Designed for [iPad,iPhone], id:c46a54ca52f590475080e22c40732c70e668d79f, name:My Mac }
** BUILD FAILED **
The following build commands failed:
	ScanDependencies /Users/admin/builder/spi-builder-workspace/.derivedData/Build/Intermediates.noindex/NYTPhotoViewer.build/Debug/NYTPhotoViewerGIF-t.build/Objects-normal/arm64/NYTScalingImageView.o /Users/admin/builder/spi-builder-workspace/NYTPhotoViewer/NYTScalingImageView.m normal arm64 objective-c com.apple.compilers.llvm.clang.1_0.compiler (in target 'NYTPhotoViewerGIF' from project 'NYTPhotoViewer')
	ScanDependencies /Users/admin/builder/spi-builder-workspace/.derivedData/Build/Intermediates.noindex/NYTPhotoViewer.build/Debug/NYTPhotoViewerGIF-t.build/Objects-normal/arm64/NYTPhotosOverlayView.o /Users/admin/builder/spi-builder-workspace/NYTPhotoViewer/NYTPhotosOverlayView.m normal arm64 objective-c com.apple.compilers.llvm.clang.1_0.compiler (in target 'NYTPhotoViewerGIF' from project 'NYTPhotoViewer')
	ScanDependencies /Users/admin/builder/spi-builder-workspace/.derivedData/Build/Intermediates.noindex/NYTPhotoViewer.build/Debug/NYTPhotoViewerGIF-t.build/Objects-normal/arm64/NYTPhotosViewController.o /Users/admin/builder/spi-builder-workspace/NYTPhotoViewer/NYTPhotosViewController.m normal arm64 objective-c com.apple.compilers.llvm.clang.1_0.compiler (in target 'NYTPhotoViewerGIF' from project 'NYTPhotoViewer')
	ScanDependencies /Users/admin/builder/spi-builder-workspace/.derivedData/Build/Intermediates.noindex/NYTPhotoViewer.build/Debug/NYTPhotoViewerGIF-t.build/Objects-normal/arm64/NYTPhotoViewerSinglePhotoDataSource.o /Users/admin/builder/spi-builder-workspace/NYTPhotoViewer/NYTPhotoViewerSinglePhotoDataSource.m normal arm64 objective-c com.apple.compilers.llvm.clang.1_0.compiler (in target 'NYTPhotoViewerGIF' from project 'NYTPhotoViewer')
	ScanDependencies /Users/admin/builder/spi-builder-workspace/.derivedData/Build/Intermediates.noindex/NYTPhotoViewer.build/Debug/NYTPhotoViewerGIF-t.build/Objects-normal/arm64/NYTPhotoViewerArrayDataSource.o /Users/admin/builder/spi-builder-workspace/NYTPhotoViewer/NYTPhotoViewerArrayDataSource.m normal arm64 objective-c com.apple.compilers.llvm.clang.1_0.compiler (in target 'NYTPhotoViewerGIF' from project 'NYTPhotoViewer')
	ScanDependencies /Users/admin/builder/spi-builder-workspace/.derivedData/Build/Intermediates.noindex/NYTPhotoViewer.build/Debug/NYTPhotoViewerGIF-t.build/Objects-normal/arm64/NYTPhotoViewController.o /Users/admin/builder/spi-builder-workspace/NYTPhotoViewer/NYTPhotoViewController.m normal arm64 objective-c com.apple.compilers.llvm.clang.1_0.compiler (in target 'NYTPhotoViewerGIF' from project 'NYTPhotoViewer')
	ScanDependencies /Users/admin/builder/spi-builder-workspace/.derivedData/Build/Intermediates.noindex/NYTPhotoViewer.build/Debug/NYTPhotoViewerGIF-t.build/Objects-normal/arm64/NYTPhotoTransitionAnimator.o /Users/admin/builder/spi-builder-workspace/NYTPhotoViewer/NYTPhotoTransitionAnimator.m normal arm64 objective-c com.apple.compilers.llvm.clang.1_0.compiler (in target 'NYTPhotoViewerGIF' from project 'NYTPhotoViewer')
	ScanDependencies /Users/admin/builder/spi-builder-workspace/.derivedData/Build/Intermediates.noindex/NYTPhotoViewer.build/Debug/NYTPhotoViewerGIF-t.build/Objects-normal/arm64/NYTPhotoDismissalInteractionController.o /Users/admin/builder/spi-builder-workspace/NYTPhotoViewer/NYTPhotoDismissalInteractionController.m normal arm64 objective-c com.apple.compilers.llvm.clang.1_0.compiler (in target 'NYTPhotoViewerGIF' from project 'NYTPhotoViewer')
	ScanDependencies /Users/admin/builder/spi-builder-workspace/.derivedData/Build/Intermediates.noindex/NYTPhotoViewer.build/Debug/NYTPhotoViewerGIF-t.build/Objects-normal/arm64/NYTPhotoTransitionController.o /Users/admin/builder/spi-builder-workspace/NYTPhotoViewer/NYTPhotoTransitionController.m normal arm64 objective-c com.apple.compilers.llvm.clang.1_0.compiler (in target 'NYTPhotoViewerGIF' from project 'NYTPhotoViewer')
	Building workspace NYTPhotoViewer with scheme NYTPhotoViewer
(10 failures)
BUILD FAILURE 6.4 macosXcodebuild