Build Information
Failed to build Gymnazo, reference v0.14.0 (e50155), with Swift 6.3 for Wasm on 21 Oct 2026 09:06:34 UTC.
Build Command
bash -c docker run --pull=always --rm -v "checkouts-53886768-0":/host -w "$PWD" -e JAVA_HOME="/root/.sdkman/candidates/java/current" -e SPI_BUILD="1" -e SPI_PROCESSING="1" registry.gitlab.com/saguaro1/spi-images:wasm-6.3-latest swift build --swift-sdk swift-6.3.2-RELEASE_wasm 2>&1Build Log
========================================
RunAll
========================================
Builder version: 5.1.3
Interrupt handler set up.
========================================
Checkout
========================================
Clone URL: https://github.com/justindal/Gymnazo.git
Reference: v0.14.0
Initialized empty Git repository in /host/spi-builder-workspace/.git/
hint: Using 'master' as the name for the initial branch. This default branch name
hint: is subject to change. To configure the initial branch name to use in all
hint: of your new repositories, which will suppress this warning, call:
hint:
hint: git config --global init.defaultBranch <name>
hint:
hint: Names commonly chosen instead of 'master' are 'main', 'trunk' and
hint: 'development'. The just-created branch can be renamed via this command:
hint:
hint: git branch -m <name>
From https://github.com/justindal/Gymnazo
* tag v0.14.0 -> FETCH_HEAD
HEAD is now at e50155b ci: optimize workflows
Submodule path 'Vendor/Box2D': checked out '8c661469c9507d3ad6fbd2fea3f1aa71669c2fe3'
Submodule 'Vendor/Box2D' (https://github.com/erincatto/box2d.git) registered for path 'Vendor/Box2D'
Cloning into '/host/spi-builder-workspace/Vendor/Box2D'...
Cloned https://github.com/justindal/Gymnazo.git
Revision (git rev-parse @):
e50155bfc68762ee50aaf98afc85e04b0a0788a6
SPI manifest file found: $PWD/.spi.yml
SUCCESS checkout https://github.com/justindal/Gymnazo.git at v0.14.0
========================================
Build
========================================
Selected platform: wasm
Swift version: 6.3
Building package at path: $PWD
https://github.com/justindal/Gymnazo.git
Running build ...
bash -c docker run --pull=always --rm -v "checkouts-53886768-0":/host -w "$PWD" -e JAVA_HOME="/root/.sdkman/candidates/java/current" -e SPI_BUILD="1" -e SPI_PROCESSING="1" registry.gitlab.com/saguaro1/spi-images:wasm-6.3-latest swift build --swift-sdk swift-6.3.2-RELEASE_wasm 2>&1
wasm-6.3-latest: Pulling from saguaro1/spi-images
Digest: sha256:11aa8e4a9dbcd813ae44128d01e945c51d260b4dfda77b6bb7d997d0cc236164
Status: Image is up to date for registry.gitlab.com/saguaro1/spi-images:wasm-6.3-latest
Fetching https://github.com/apple/swift-collections.git
Fetching https://github.com/ml-explore/mlx-swift
Fetching https://github.com/apple/swift-docc-plugin
[1/2345] Fetching swift-docc-plugin
[2346/31290] Fetching swift-docc-plugin, swift-collections
[2347/48580] Fetching swift-docc-plugin, swift-collections, mlx-swift
Fetched https://github.com/apple/swift-docc-plugin from cache (1.79s)
Fetched https://github.com/ml-explore/mlx-swift from cache (1.80s)
Fetched https://github.com/apple/swift-collections.git from cache (1.80s)
Computing version for https://github.com/apple/swift-collections.git
Computed https://github.com/apple/swift-collections.git at 1.3.0 (2.02s)
Computing version for https://github.com/ml-explore/mlx-swift
Computed https://github.com/ml-explore/mlx-swift at 0.32.3 (0.19s)
Fetching https://github.com/apple/swift-numerics
Fetching https://github.com/apple/swift-argument-parser
[1/6756] Fetching swift-numerics
[6555/25928] Fetching swift-numerics, swift-argument-parser
Fetched https://github.com/apple/swift-numerics from cache (0.80s)
Fetched https://github.com/apple/swift-argument-parser from cache (0.80s)
Computing version for https://github.com/apple/swift-numerics
Computed https://github.com/apple/swift-numerics at 1.1.1 (0.95s)
Computing version for https://github.com/apple/swift-docc-plugin
Computed https://github.com/apple/swift-docc-plugin at 1.5.0 (0.86s)
Fetching https://github.com/swiftlang/swift-docc-symbolkit
[1/3845] Fetching swift-docc-symbolkit
Fetched https://github.com/swiftlang/swift-docc-symbolkit from cache (0.54s)
Computing version for https://github.com/swiftlang/swift-docc-symbolkit
Computed https://github.com/swiftlang/swift-docc-symbolkit at 1.0.0 (0.75s)
Computing version for https://github.com/apple/swift-argument-parser
Computed https://github.com/apple/swift-argument-parser at 1.8.2 (0.15s)
Creating working copy for https://github.com/apple/swift-collections.git
Working copy of https://github.com/apple/swift-collections.git resolved at 1.3.0
Creating working copy for https://github.com/ml-explore/mlx-swift
Working copy of https://github.com/ml-explore/mlx-swift resolved at 0.32.3
Creating working copy for https://github.com/apple/swift-docc-plugin
Working copy of https://github.com/apple/swift-docc-plugin resolved at 1.5.0
Creating working copy for https://github.com/apple/swift-argument-parser
Working copy of https://github.com/apple/swift-argument-parser resolved at 1.8.2
Creating working copy for https://github.com/apple/swift-numerics
Working copy of https://github.com/apple/swift-numerics resolved at 1.1.1
Creating working copy for https://github.com/swiftlang/swift-docc-symbolkit
Working copy of https://github.com/swiftlang/swift-docc-symbolkit resolved at 1.0.0
[0/9] Write sources
[3/9] Write swift-version-24593BA9C3E375BF.txt
[5/11] Emitting module ArgumentParserToolInfo
[6/11] Compiling ArgumentParserToolInfo ToolInfo.swift
[7/12] Wrapping AST for ArgumentParserToolInfo for debugging
[9/59] Emitting module ArgumentParser
[10/65] Compiling ArgumentParser AsyncCompletionsValidator.swift
[11/65] Compiling ArgumentParser CodingKeyValidator.swift
[12/65] Compiling ArgumentParser NonsenseFlagsValidator.swift
[13/65] Compiling ArgumentParser ParsableArgumentsValidation.swift
[14/65] Compiling ArgumentParser PositionalArgumentsValidator.swift
[15/65] Compiling ArgumentParser UniqueNamesValidator.swift
[16/65] Compiling ArgumentParser BashCompletionsGenerator.swift
[17/65] Compiling ArgumentParser CompletionsGenerator.swift
[18/65] Compiling ArgumentParser FishCompletionsGenerator.swift
[19/65] Compiling ArgumentParser ZshCompletionsGenerator.swift
[20/65] Compiling ArgumentParser Argument.swift
[21/65] Compiling ArgumentParser ArgumentDiscussion.swift
[22/65] Compiling ArgumentParser ArgumentHelp.swift
[23/65] Compiling ArgumentParser ParentCommand.swift
[24/65] Compiling ArgumentParser AsyncParsableCommand.swift
[25/65] Compiling ArgumentParser CommandConfiguration.swift
[26/65] Compiling ArgumentParser CommandGroup.swift
[27/65] Compiling ArgumentParser EnumerableFlag.swift
[28/65] Compiling ArgumentParser ExpressibleByArgument.swift
[29/65] Compiling ArgumentParser ParsableArguments.swift
[30/65] Compiling ArgumentParser ArgumentVisibility.swift
[31/65] Compiling ArgumentParser CompletionKind.swift
[32/65] Compiling ArgumentParser Errors.swift
[33/65] Compiling ArgumentParser Flag.swift
[34/65] Compiling ArgumentParser NameSpecification.swift
[35/65] Compiling ArgumentParser Option.swift
[36/65] Compiling ArgumentParser OptionGroup.swift
[37/65] Compiling ArgumentParser Name.swift
[38/65] Compiling ArgumentParser Parsed.swift
[39/65] Compiling ArgumentParser ParsedValues.swift
[40/65] Compiling ArgumentParser ParserError.swift
[41/65] Compiling ArgumentParser SplitArguments.swift
[42/65] Compiling ArgumentParser DumpHelpGenerator.swift
[43/65] Compiling ArgumentParser HelpCommand.swift
[44/65] Compiling ArgumentParser HelpGenerator.swift
[45/65] Compiling ArgumentParser MessageInfo.swift
[46/65] Compiling ArgumentParser UsageGenerator.swift
[47/65] Compiling ArgumentParser CollectionExtensions.swift
[48/65] Compiling ArgumentParser Foundation.swift
[49/65] Compiling ArgumentParser Mutex.swift
[50/65] Compiling ArgumentParser Platform.swift
[51/65] Compiling ArgumentParser SequenceExtensions.swift
[52/65] Compiling ArgumentParser StringExtensions.swift
[53/65] Compiling ArgumentParser SwiftExtensions.swift
[54/65] Compiling ArgumentParser Tree.swift
[55/65] Compiling ArgumentParser ParsableCommand.swift
[56/65] Compiling ArgumentParser ArgumentDecoder.swift
[57/65] Compiling ArgumentParser ArgumentDefinition.swift
[58/65] Compiling ArgumentParser ArgumentSet.swift
[59/65] Compiling ArgumentParser CommandParser.swift
[60/65] Compiling ArgumentParser InputKey.swift
[61/65] Compiling ArgumentParser InputOrigin.swift
[62/66] Wrapping AST for ArgumentParser for debugging
[64/72] Compiling encuda encuda-utils.swift
[65/72] Compiling encuda encuda.swift
[66/72] Compiling encuda encuda-link.swift
[67/72] Compiling encuda encuda-error.swift
[68/72] Emitting module encuda
[69/72] Compiling encuda encuda-compile.swift
[70/73] Wrapping AST for encuda for debugging
[71/73] Write Objects.LinkFileList
[72/73] Linking encuda-tool
[1/1] Compiling plugin Swift-DocC Preview
[2/2] Compiling plugin Swift-DocC
[3/3] Compiling plugin CudaBuild
[4/4] Compiling plugin GenerateManual
[5/5] Compiling plugin GenerateDoccReference
Building for debugging...
[5/471] Write sources
[15/471] Compiling cLogSupport cLogSupport.c
[15/471] Compiling _NumericsShims _NumericsShims.c
[17/471] Copying stool.png
[18/471] Copying ice.png
[19/471] Copying hole.png
[20/471] Copying goal.png
[21/471] Copying elf_up.png
[22/471] Copying elf_right.png
[23/471] Write sources
[24/471] Copying metro-runner.json
[25/471] Copying elf_left.png
[26/471] Copying cracked_hole.png
[27/471] Copying elf_down.png
[28/471] Write sources
[36/471] Compiling version.cpp
[37/471] Write swift-version-24593BA9C3E375BF.txt
[38/471] Compiling island.c
In file included from /host/spi-builder-workspace/.build/checkouts/mlx-swift/Source/Cmlx/mlx/mlx/utils.cpp:10:
In file included from /host/spi-builder-workspace/.build/checkouts/mlx-swift/Source/Cmlx/mlx/mlx/dtype_utils.h:8:
In file included from /host/spi-builder-workspace/.build/checkouts/mlx-swift/Source/Cmlx/mlx/mlx/utils.h:13:
In file included from /host/spi-builder-workspace/.build/checkouts/mlx-swift/Source/Cmlx/mlx/mlx/array.h:13:
In file included from /host/spi-builder-workspace/.build/checkouts/mlx-swift/Source/Cmlx/mlx/mlx/event.h:8:
/host/spi-builder-workspace/.build/checkouts/mlx-swift/Source/Cmlx/mlx/mlx/error.h:17:5: error: no matching function for call to 'atomic_store'
17 | std::atomic_store(&message_, std::move(msg));
| ^~~~~~~~~~~~~~~~~
/root/.swiftpm/swift-sdks/swift-6.3.2-RELEASE_wasm.artifactbundle/swift-6.3.2-RELEASE_wasm/wasm32-unknown-wasip1/WASI.sdk/include/c++/v1/__atomic/atomic.h:491:28: note: candidate template ignored: could not match 'atomic' against 'shared_ptr'
491 | _LIBCPP_HIDE_FROM_ABI void atomic_store(volatile atomic<_Tp>* __o, typename atomic<_Tp>::value_type __d) _NOEXCEPT {
| ^
/root/.swiftpm/swift-sdks/swift-6.3.2-RELEASE_wasm.artifactbundle/swift-6.3.2-RELEASE_wasm/wasm32-unknown-wasip1/WASI.sdk/include/c++/v1/__atomic/atomic.h:496:28: note: candidate template ignored: could not match 'atomic' against 'shared_ptr'
496 | _LIBCPP_HIDE_FROM_ABI void atomic_store(atomic<_Tp>* __o, typename atomic<_Tp>::value_type __d) _NOEXCEPT {
| ^
In file included from /host/spi-builder-workspace/.build/checkouts/mlx-swift/Source/Cmlx/mlx/mlx/utils.cpp:10:
In file included from /host/spi-builder-workspace/.build/checkouts/mlx-swift/Source/Cmlx/mlx/mlx/dtype_utils.h:8:
In file included from /host/spi-builder-workspace/.build/checkouts/mlx-swift/Source/Cmlx/mlx/mlx/utils.h:13:
In file included from /host/spi-builder-workspace/.build/checkouts/mlx-swift/Source/Cmlx/mlx/mlx/array.h:13:
In file included from /host/spi-builder-workspace/.build/checkouts/mlx-swift/Source/Cmlx/mlx/mlx/event.h:8:
/host/spi-builder-workspace/.build/checkouts/mlx-swift/Source/Cmlx/mlx/mlx/error.h:21:16: error: no matching function for call to 'atomic_load'
21 | auto msg = std::atomic_load(&message_);
| ^~~~~~~~~~~~~~~~
/root/.swiftpm/swift-sdks/swift-6.3.2-RELEASE_wasm.artifactbundle/swift-6.3.2-RELEASE_wasm/wasm32-unknown-wasip1/WASI.sdk/include/c++/v1/__atomic/atomic.h:519:27: note: candidate template ignored: could not match 'atomic' against 'shared_ptr'
519 | _LIBCPP_HIDE_FROM_ABI _Tp atomic_load(const volatile atomic<_Tp>* __o) _NOEXCEPT {
| ^
/root/.swiftpm/swift-sdks/swift-6.3.2-RELEASE_wasm.artifactbundle/swift-6.3.2-RELEASE_wasm/wasm32-unknown-wasip1/WASI.sdk/include/c++/v1/__atomic/atomic.h:524:27: note: candidate template ignored: could not match 'atomic' against 'shared_ptr'
524 | _LIBCPP_HIDE_FROM_ABI _Tp atomic_load(const atomic<_Tp>* __o) _NOEXCEPT {
| ^
In file included from /host/spi-builder-workspace/.build/checkouts/mlx-swift/Source/Cmlx/mlx/mlx/utils.cpp:10:
In file included from /host/spi-builder-workspace/.build/checkouts/mlx-swift/Source/Cmlx/mlx/mlx/dtype_utils.h:8:
In file included from /host/spi-builder-workspace/.build/checkouts/mlx-swift/Source/Cmlx/mlx/mlx/utils.h:13:
In file included from /host/spi-builder-workspace/.build/checkouts/mlx-swift/Source/Cmlx/mlx/mlx/array.h:13:
In file included from /host/spi-builder-workspace/.build/checkouts/mlx-swift/Source/Cmlx/mlx/mlx/event.h:8:
/host/spi-builder-workspace/.build/checkouts/mlx-swift/Source/Cmlx/mlx/mlx/error.h:28:21: error: no matching function for call to 'atomic_load'
28 | Message msg = std::atomic_load(&ptr->message_);
| ^~~~~~~~~~~~~~~~
/root/.swiftpm/swift-sdks/swift-6.3.2-RELEASE_wasm.artifactbundle/swift-6.3.2-RELEASE_wasm/wasm32-unknown-wasip1/WASI.sdk/include/c++/v1/__atomic/atomic.h:519:27: note: candidate template ignored: could not match 'atomic' against 'shared_ptr'
519 | _LIBCPP_HIDE_FROM_ABI _Tp atomic_load(const volatile atomic<_Tp>* __o) _NOEXCEPT {
| ^
/root/.swiftpm/swift-sdks/swift-6.3.2-RELEASE_wasm.artifactbundle/swift-6.3.2-RELEASE_wasm/wasm32-unknown-wasip1/WASI.sdk/include/c++/v1/__atomic/atomic.h:524:27: note: candidate template ignored: could not match 'atomic' against 'shared_ptr'
524 | _LIBCPP_HIDE_FROM_ABI _Tp atomic_load(const atomic<_Tp>* __o) _NOEXCEPT {
| ^
In file included from /host/spi-builder-workspace/.build/checkouts/mlx-swift/Source/Cmlx/mlx/mlx/utils.cpp:10:
In file included from /host/spi-builder-workspace/.build/checkouts/mlx-swift/Source/Cmlx/mlx/mlx/dtype_utils.h:8:
In file included from /host/spi-builder-workspace/.build/checkouts/mlx-swift/Source/Cmlx/mlx/mlx/utils.h:13:
In file included from /host/spi-builder-workspace/.build/checkouts/mlx-swift/Source/Cmlx/mlx/mlx/array.h:13:
In file included from /host/spi-builder-workspace/.build/checkouts/mlx-swift/Source/Cmlx/mlx/mlx/event.h:8:
/host/spi-builder-workspace/.build/checkouts/mlx-swift/Source/Cmlx/mlx/mlx/error.h:39:16: error: no matching function for call to 'atomic_exchange'
39 | auto msg = std::atomic_exchange(&message_, {});
| ^~~~~~~~~~~~~~~~~~~~
/root/.swiftpm/swift-sdks/swift-6.3.2-RELEASE_wasm.artifactbundle/swift-6.3.2-RELEASE_wasm/wasm32-unknown-wasip1/WASI.sdk/include/c++/v1/__atomic/atomic.h:545:27: note: candidate template ignored: could not match 'atomic' against 'shared_ptr'
545 | _LIBCPP_HIDE_FROM_ABI _Tp atomic_exchange(volatile atomic<_Tp>* __o, typename atomic<_Tp>::value_type __d) _NOEXCEPT {
| ^
/root/.swiftpm/swift-sdks/swift-6.3.2-RELEASE_wasm.artifactbundle/swift-6.3.2-RELEASE_wasm/wasm32-unknown-wasip1/WASI.sdk/include/c++/v1/__atomic/atomic.h:550:27: note: candidate template ignored: could not match 'atomic' against 'shared_ptr'
550 | _LIBCPP_HIDE_FROM_ABI _Tp atomic_exchange(atomic<_Tp>* __o, typename atomic<_Tp>::value_type __d) _NOEXCEPT {
| ^
/host/spi-builder-workspace/.build/checkouts/mlx-swift/Source/Cmlx/mlx/mlx/utils.cpp:129:37: error: no member named 'this_thread' in namespace 'std'
129 | static auto main_thread_id = std::this_thread::get_id();
| ~~~~~^
/host/spi-builder-workspace/.build/checkouts/mlx-swift/Source/Cmlx/mlx/mlx/utils.cpp:130:33: error: no member named 'this_thread' in namespace 'std'
130 | return main_thread_id == std::this_thread::get_id();
| ~~~~~^
6 errors generated.
[39/482] Compiling utils.cpp
[39/482] Compiling primitives.cpp
[39/482] Compiling ops.cpp
[39/482] Compiling stream.cpp
In file included from /host/spi-builder-workspace/.build/checkouts/mlx-swift/Source/Cmlx/mlx/mlx/transforms.cpp:12:
In file included from /host/spi-builder-workspace/.build/checkouts/mlx-swift/Source/Cmlx/mlx/mlx/backend/cpu/eval.h:5:
In file included from /host/spi-builder-workspace/.build/checkouts/mlx-swift/Source/Cmlx/mlx/mlx/array.h:13:
In file included from /host/spi-builder-workspace/.build/checkouts/mlx-swift/Source/Cmlx/mlx/mlx/event.h:8:
/host/spi-builder-workspace/.build/checkouts/mlx-swift/Source/Cmlx/mlx/mlx/error.h:17:5: error: no matching function for call to 'atomic_store'
17 | std::atomic_store(&message_, std::move(msg));
| ^~~~~~~~~~~~~~~~~
/root/.swiftpm/swift-sdks/swift-6.3.2-RELEASE_wasm.artifactbundle/swift-6.3.2-RELEASE_wasm/wasm32-unknown-wasip1/WASI.sdk/include/c++/v1/__atomic/atomic.h:491:28: note: candidate template ignored: could not match 'atomic' against 'shared_ptr'
491 | _LIBCPP_HIDE_FROM_ABI void atomic_store(volatile atomic<_Tp>* __o, typename atomic<_Tp>::value_type __d) _NOEXCEPT {
| ^
/root/.swiftpm/swift-sdks/swift-6.3.2-RELEASE_wasm.artifactbundle/swift-6.3.2-RELEASE_wasm/wasm32-unknown-wasip1/WASI.sdk/include/c++/v1/__atomic/atomic.h:496:28: note: candidate template ignored: could not match 'atomic' against 'shared_ptr'
496 | _LIBCPP_HIDE_FROM_ABI void atomic_store(atomic<_Tp>* __o, typename atomic<_Tp>::value_type __d) _NOEXCEPT {
| ^
In file included from /host/spi-builder-workspace/.build/checkouts/mlx-swift/Source/Cmlx/mlx/mlx/transforms.cpp:12:
In file included from /host/spi-builder-workspace/.build/checkouts/mlx-swift/Source/Cmlx/mlx/mlx/backend/cpu/eval.h:5:
In file included from /host/spi-builder-workspace/.build/checkouts/mlx-swift/Source/Cmlx/mlx/mlx/array.h:13:
In file included from /host/spi-builder-workspace/.build/checkouts/mlx-swift/Source/Cmlx/mlx/mlx/event.h:8:
/host/spi-builder-workspace/.build/checkouts/mlx-swift/Source/Cmlx/mlx/mlx/error.h:21:16: error: no matching function for call to 'atomic_load'
21 | auto msg = std::atomic_load(&message_);
| ^~~~~~~~~~~~~~~~
/root/.swiftpm/swift-sdks/swift-6.3.2-RELEASE_wasm.artifactbundle/swift-6.3.2-RELEASE_wasm/wasm32-unknown-wasip1/WASI.sdk/include/c++/v1/__atomic/atomic.h:519:27: note: candidate template ignored: could not match 'atomic' against 'shared_ptr'
519 | _LIBCPP_HIDE_FROM_ABI _Tp atomic_load(const volatile atomic<_Tp>* __o) _NOEXCEPT {
| ^
/root/.swiftpm/swift-sdks/swift-6.3.2-RELEASE_wasm.artifactbundle/swift-6.3.2-RELEASE_wasm/wasm32-unknown-wasip1/WASI.sdk/include/c++/v1/__atomic/atomic.h:524:27: note: candidate template ignored: could not match 'atomic' against 'shared_ptr'
524 | _LIBCPP_HIDE_FROM_ABI _Tp atomic_load(const atomic<_Tp>* __o) _NOEXCEPT {
| ^
In file included from /host/spi-builder-workspace/.build/checkouts/mlx-swift/Source/Cmlx/mlx/mlx/transforms.cpp:12:
In file included from /host/spi-builder-workspace/.build/checkouts/mlx-swift/Source/Cmlx/mlx/mlx/backend/cpu/eval.h:5:
In file included from /host/spi-builder-workspace/.build/checkouts/mlx-swift/Source/Cmlx/mlx/mlx/array.h:13:
In file included from /host/spi-builder-workspace/.build/checkouts/mlx-swift/Source/Cmlx/mlx/mlx/event.h:8:
/host/spi-builder-workspace/.build/checkouts/mlx-swift/Source/Cmlx/mlx/mlx/error.h:28:21: error: no matching function for call to 'atomic_load'
28 | Message msg = std::atomic_load(&ptr->message_);
| ^~~~~~~~~~~~~~~~
/root/.swiftpm/swift-sdks/swift-6.3.2-RELEASE_wasm.artifactbundle/swift-6.3.2-RELEASE_wasm/wasm32-unknown-wasip1/WASI.sdk/include/c++/v1/__atomic/atomic.h:519:27: note: candidate template ignored: could not match 'atomic' against 'shared_ptr'
519 | _LIBCPP_HIDE_FROM_ABI _Tp atomic_load(const volatile atomic<_Tp>* __o) _NOEXCEPT {
| ^
/root/.swiftpm/swift-sdks/swift-6.3.2-RELEASE_wasm.artifactbundle/swift-6.3.2-RELEASE_wasm/wasm32-unknown-wasip1/WASI.sdk/include/c++/v1/__atomic/atomic.h:524:27: note: candidate template ignored: could not match 'atomic' against 'shared_ptr'
524 | _LIBCPP_HIDE_FROM_ABI _Tp atomic_load(const atomic<_Tp>* __o) _NOEXCEPT {
| ^
In file included from /host/spi-builder-workspace/.build/checkouts/mlx-swift/Source/Cmlx/mlx/mlx/transforms.cpp:12:
In file included from /host/spi-builder-workspace/.build/checkouts/mlx-swift/Source/Cmlx/mlx/mlx/backend/cpu/eval.h:5:
In file included from /host/spi-builder-workspace/.build/checkouts/mlx-swift/Source/Cmlx/mlx/mlx/array.h:13:
In file included from /host/spi-builder-workspace/.build/checkouts/mlx-swift/Source/Cmlx/mlx/mlx/event.h:8:
/host/spi-builder-workspace/.build/checkouts/mlx-swift/Source/Cmlx/mlx/mlx/error.h:39:16: error: no matching function for call to 'atomic_exchange'
39 | auto msg = std::atomic_exchange(&message_, {});
| ^~~~~~~~~~~~~~~~~~~~
/root/.swiftpm/swift-sdks/swift-6.3.2-RELEASE_wasm.artifactbundle/swift-6.3.2-RELEASE_wasm/wasm32-unknown-wasip1/WASI.sdk/include/c++/v1/__atomic/atomic.h:545:27: note: candidate template ignored: could not match 'atomic' against 'shared_ptr'
545 | _LIBCPP_HIDE_FROM_ABI _Tp atomic_exchange(volatile atomic<_Tp>* __o, typename atomic<_Tp>::value_type __d) _NOEXCEPT {
| ^
/root/.swiftpm/swift-sdks/swift-6.3.2-RELEASE_wasm.artifactbundle/swift-6.3.2-RELEASE_wasm/wasm32-unknown-wasip1/WASI.sdk/include/c++/v1/__atomic/atomic.h:550:27: note: candidate template ignored: could not match 'atomic' against 'shared_ptr'
550 | _LIBCPP_HIDE_FROM_ABI _Tp atomic_exchange(atomic<_Tp>* __o, typename atomic<_Tp>::value_type __d) _NOEXCEPT {
| ^
[39/482] Compiling transforms.cpp
In file included from /host/spi-builder-workspace/.build/checkouts/mlx-swift/Source/Cmlx/mlx/mlx/scheduler.cpp:6:
In file included from /host/spi-builder-workspace/.build/checkouts/mlx-swift/Source/Cmlx/mlx/mlx/backend/cpu/eval.h:5:
In file included from /host/spi-builder-workspace/.build/checkouts/mlx-swift/Source/Cmlx/mlx/mlx/array.h:13:
In file included from /host/spi-builder-workspace/.build/checkouts/mlx-swift/Source/Cmlx/mlx/mlx/event.h:8:
/host/spi-builder-workspace/.build/checkouts/mlx-swift/Source/Cmlx/mlx/mlx/error.h:17:5: error: no matching function for call to 'atomic_store'
17 | std::atomic_store(&message_, std::move(msg));
| ^~~~~~~~~~~~~~~~~
/root/.swiftpm/swift-sdks/swift-6.3.2-RELEASE_wasm.artifactbundle/swift-6.3.2-RELEASE_wasm/wasm32-unknown-wasip1/WASI.sdk/include/c++/v1/__atomic/atomic.h:491:28: note: candidate template ignored: could not match 'atomic' against 'shared_ptr'
491 | _LIBCPP_HIDE_FROM_ABI void atomic_store(volatile atomic<_Tp>* __o, typename atomic<_Tp>::value_type __d) _NOEXCEPT {
| ^
/root/.swiftpm/swift-sdks/swift-6.3.2-RELEASE_wasm.artifactbundle/swift-6.3.2-RELEASE_wasm/wasm32-unknown-wasip1/WASI.sdk/include/c++/v1/__atomic/atomic.h:496:28: note: candidate template ignored: could not match 'atomic' against 'shared_ptr'
496 | _LIBCPP_HIDE_FROM_ABI void atomic_store(atomic<_Tp>* __o, typename atomic<_Tp>::value_type __d) _NOEXCEPT {
| ^
In file included from /host/spi-builder-workspace/.build/checkouts/mlx-swift/Source/Cmlx/mlx/mlx/scheduler.cpp:6:
In file included from /host/spi-builder-workspace/.build/checkouts/mlx-swift/Source/Cmlx/mlx/mlx/backend/cpu/eval.h:5:
In file included from /host/spi-builder-workspace/.build/checkouts/mlx-swift/Source/Cmlx/mlx/mlx/array.h:13:
In file included from /host/spi-builder-workspace/.build/checkouts/mlx-swift/Source/Cmlx/mlx/mlx/event.h:8:
/host/spi-builder-workspace/.build/checkouts/mlx-swift/Source/Cmlx/mlx/mlx/error.h:21:16: error: no matching function for call to 'atomic_load'
21 | auto msg = std::atomic_load(&message_);
| ^~~~~~~~~~~~~~~~
/root/.swiftpm/swift-sdks/swift-6.3.2-RELEASE_wasm.artifactbundle/swift-6.3.2-RELEASE_wasm/wasm32-unknown-wasip1/WASI.sdk/include/c++/v1/__atomic/atomic.h:519:27: note: candidate template ignored: could not match 'atomic' against 'shared_ptr'
519 | _LIBCPP_HIDE_FROM_ABI _Tp atomic_load(const volatile atomic<_Tp>* __o) _NOEXCEPT {
| ^
/root/.swiftpm/swift-sdks/swift-6.3.2-RELEASE_wasm.artifactbundle/swift-6.3.2-RELEASE_wasm/wasm32-unknown-wasip1/WASI.sdk/include/c++/v1/__atomic/atomic.h:524:27: note: candidate template ignored: could not match 'atomic' against 'shared_ptr'
524 | _LIBCPP_HIDE_FROM_ABI _Tp atomic_load(const atomic<_Tp>* __o) _NOEXCEPT {
| ^
In file included from /host/spi-builder-workspace/.build/checkouts/mlx-swift/Source/Cmlx/mlx/mlx/scheduler.cpp:6:
In file included from /host/spi-builder-workspace/.build/checkouts/mlx-swift/Source/Cmlx/mlx/mlx/backend/cpu/eval.h:5:
In file included from /host/spi-builder-workspace/.build/checkouts/mlx-swift/Source/Cmlx/mlx/mlx/array.h:13:
In file included from /host/spi-builder-workspace/.build/checkouts/mlx-swift/Source/Cmlx/mlx/mlx/event.h:8:
/host/spi-builder-workspace/.build/checkouts/mlx-swift/Source/Cmlx/mlx/mlx/error.h:28:21: error: no matching function for call to 'atomic_load'
28 | Message msg = std::atomic_load(&ptr->message_);
| ^~~~~~~~~~~~~~~~
/root/.swiftpm/swift-sdks/swift-6.3.2-RELEASE_wasm.artifactbundle/swift-6.3.2-RELEASE_wasm/wasm32-unknown-wasip1/WASI.sdk/include/c++/v1/__atomic/atomic.h:519:27: note: candidate template ignored: could not match 'atomic' against 'shared_ptr'
519 | _LIBCPP_HIDE_FROM_ABI _Tp atomic_load(const volatile atomic<_Tp>* __o) _NOEXCEPT {
| ^
/root/.swiftpm/swift-sdks/swift-6.3.2-RELEASE_wasm.artifactbundle/swift-6.3.2-RELEASE_wasm/wasm32-unknown-wasip1/WASI.sdk/include/c++/v1/__atomic/atomic.h:524:27: note: candidate template ignored: could not match 'atomic' against 'shared_ptr'
524 | _LIBCPP_HIDE_FROM_ABI _Tp atomic_load(const atomic<_Tp>* __o) _NOEXCEPT {
| ^
In file included from /host/spi-builder-workspace/.build/checkouts/mlx-swift/Source/Cmlx/mlx/mlx/scheduler.cpp:6:
In file included from /host/spi-builder-workspace/.build/checkouts/mlx-swift/Source/Cmlx/mlx/mlx/backend/cpu/eval.h:5:
In file included from /host/spi-builder-workspace/.build/checkouts/mlx-swift/Source/Cmlx/mlx/mlx/array.h:13:
In file included from /host/spi-builder-workspace/.build/checkouts/mlx-swift/Source/Cmlx/mlx/mlx/event.h:8:
/host/spi-builder-workspace/.build/checkouts/mlx-swift/Source/Cmlx/mlx/mlx/error.h:39:16: error: no matching function for call to 'atomic_exchange'
39 | auto msg = std::atomic_exchange(&message_, {});
| ^~~~~~~~~~~~~~~~~~~~
/root/.swiftpm/swift-sdks/swift-6.3.2-RELEASE_wasm.artifactbundle/swift-6.3.2-RELEASE_wasm/wasm32-unknown-wasip1/WASI.sdk/include/c++/v1/__atomic/atomic.h:545:27: note: candidate template ignored: could not match 'atomic' against 'shared_ptr'
545 | _LIBCPP_HIDE_FROM_ABI _Tp atomic_exchange(volatile atomic<_Tp>* __o, typename atomic<_Tp>::value_type __d) _NOEXCEPT {
| ^
/root/.swiftpm/swift-sdks/swift-6.3.2-RELEASE_wasm.artifactbundle/swift-6.3.2-RELEASE_wasm/wasm32-unknown-wasip1/WASI.sdk/include/c++/v1/__atomic/atomic.h:550:27: note: candidate template ignored: could not match 'atomic' against 'shared_ptr'
550 | _LIBCPP_HIDE_FROM_ABI _Tp atomic_exchange(atomic<_Tp>* __o, typename atomic<_Tp>::value_type __d) _NOEXCEPT {
| ^
[39/482] Compiling scheduler.cpp
In file included from /host/spi-builder-workspace/.build/checkouts/mlx-swift/Source/Cmlx/mlx/mlx/random.cpp:7:
In file included from /host/spi-builder-workspace/.build/checkouts/mlx-swift/Source/Cmlx/mlx/mlx/linalg.h:8:
In file included from /host/spi-builder-workspace/.build/checkouts/mlx-swift/Source/Cmlx/mlx/mlx/array.h:13:
In file included from /host/spi-builder-workspace/.build/checkouts/mlx-swift/Source/Cmlx/mlx/mlx/event.h:8:
/host/spi-builder-workspace/.build/checkouts/mlx-swift/Source/Cmlx/mlx/mlx/error.h:17:5: error: no matching function for call to 'atomic_store'
17 | std::atomic_store(&message_, std::move(msg));
| ^~~~~~~~~~~~~~~~~
/root/.swiftpm/swift-sdks/swift-6.3.2-RELEASE_wasm.artifactbundle/swift-6.3.2-RELEASE_wasm/wasm32-unknown-wasip1/WASI.sdk/include/c++/v1/__atomic/atomic.h:491:28: note: candidate template ignored: could not match 'atomic' against 'shared_ptr'
491 | _LIBCPP_HIDE_FROM_ABI void atomic_store(volatile atomic<_Tp>* __o, typename atomic<_Tp>::value_type __d) _NOEXCEPT {
| ^
/root/.swiftpm/swift-sdks/swift-6.3.2-RELEASE_wasm.artifactbundle/swift-6.3.2-RELEASE_wasm/wasm32-unknown-wasip1/WASI.sdk/include/c++/v1/__atomic/atomic.h:496:28: note: candidate template ignored: could not match 'atomic' against 'shared_ptr'
496 | _LIBCPP_HIDE_FROM_ABI void atomic_store(atomic<_Tp>* __o, typename atomic<_Tp>::value_type __d) _NOEXCEPT {
| ^
In file included from /host/spi-builder-workspace/.build/checkouts/mlx-swift/Source/Cmlx/mlx/mlx/random.cpp:7:
In file included from /host/spi-builder-workspace/.build/checkouts/mlx-swift/Source/Cmlx/mlx/mlx/linalg.h:8:
In file included from /host/spi-builder-workspace/.build/checkouts/mlx-swift/Source/Cmlx/mlx/mlx/array.h:13:
In file included from /host/spi-builder-workspace/.build/checkouts/mlx-swift/Source/Cmlx/mlx/mlx/event.h:8:
/host/spi-builder-workspace/.build/checkouts/mlx-swift/Source/Cmlx/mlx/mlx/error.h:21:16: error: no matching function for call to 'atomic_load'
21 | auto msg = std::atomic_load(&message_);
| ^~~~~~~~~~~~~~~~
/root/.swiftpm/swift-sdks/swift-6.3.2-RELEASE_wasm.artifactbundle/swift-6.3.2-RELEASE_wasm/wasm32-unknown-wasip1/WASI.sdk/include/c++/v1/__atomic/atomic.h:519:27: note: candidate template ignored: could not match 'atomic' against 'shared_ptr'
519 | _LIBCPP_HIDE_FROM_ABI _Tp atomic_load(const volatile atomic<_Tp>* __o) _NOEXCEPT {
| ^
/root/.swiftpm/swift-sdks/swift-6.3.2-RELEASE_wasm.artifactbundle/swift-6.3.2-RELEASE_wasm/wasm32-unknown-wasip1/WASI.sdk/include/c++/v1/__atomic/atomic.h:524:27: note: candidate template ignored: could not match 'atomic' against 'shared_ptr'
524 | _LIBCPP_HIDE_FROM_ABI _Tp atomic_load(const atomic<_Tp>* __o) _NOEXCEPT {
| ^
In file included from /host/spi-builder-workspace/.build/checkouts/mlx-swift/Source/Cmlx/mlx/mlx/random.cpp:7:
In file included from /host/spi-builder-workspace/.build/checkouts/mlx-swift/Source/Cmlx/mlx/mlx/linalg.h:8:
In file included from /host/spi-builder-workspace/.build/checkouts/mlx-swift/Source/Cmlx/mlx/mlx/array.h:13:
In file included from /host/spi-builder-workspace/.build/checkouts/mlx-swift/Source/Cmlx/mlx/mlx/event.h:8:
/host/spi-builder-workspace/.build/checkouts/mlx-swift/Source/Cmlx/mlx/mlx/error.h:28:21: error: no matching function for call to 'atomic_load'
28 | Message msg = std::atomic_load(&ptr->message_);
| ^~~~~~~~~~~~~~~~
/root/.swiftpm/swift-sdks/swift-6.3.2-RELEASE_wasm.artifactbundle/swift-6.3.2-RELEASE_wasm/wasm32-unknown-wasip1/WASI.sdk/include/c++/v1/__atomic/atomic.h:519:27: note: candidate template ignored: could not match 'atomic' against 'shared_ptr'
519 | _LIBCPP_HIDE_FROM_ABI _Tp atomic_load(const volatile atomic<_Tp>* __o) _NOEXCEPT {
| ^
/root/.swiftpm/swift-sdks/swift-6.3.2-RELEASE_wasm.artifactbundle/swift-6.3.2-RELEASE_wasm/wasm32-unknown-wasip1/WASI.sdk/include/c++/v1/__atomic/atomic.h:524:27: note: candidate template ignored: could not match 'atomic' against 'shared_ptr'
524 | _LIBCPP_HIDE_FROM_ABI _Tp atomic_load(const atomic<_Tp>* __o) _NOEXCEPT {
| ^
In file included from /host/spi-builder-workspace/.build/checkouts/mlx-swift/Source/Cmlx/mlx/mlx/random.cpp:7:
In file included from /host/spi-builder-workspace/.build/checkouts/mlx-swift/Source/Cmlx/mlx/mlx/linalg.h:8:
In file included from /host/spi-builder-workspace/.build/checkouts/mlx-swift/Source/Cmlx/mlx/mlx/array.h:13:
In file included from /host/spi-builder-workspace/.build/checkouts/mlx-swift/Source/Cmlx/mlx/mlx/event.h:8:
/host/spi-builder-workspace/.build/checkouts/mlx-swift/Source/Cmlx/mlx/mlx/error.h:39:16: error: no matching function for call to 'atomic_exchange'
39 | auto msg = std::atomic_exchange(&message_, {});
| ^~~~~~~~~~~~~~~~~~~~
/root/.swiftpm/swift-sdks/swift-6.3.2-RELEASE_wasm.artifactbundle/swift-6.3.2-RELEASE_wasm/wasm32-unknown-wasip1/WASI.sdk/include/c++/v1/__atomic/atomic.h:545:27: note: candidate template ignored: could not match 'atomic' against 'shared_ptr'
545 | _LIBCPP_HIDE_FROM_ABI _Tp atomic_exchange(volatile atomic<_Tp>* __o, typename atomic<_Tp>::value_type __d) _NOEXCEPT {
| ^
/root/.swiftpm/swift-sdks/swift-6.3.2-RELEASE_wasm.artifactbundle/swift-6.3.2-RELEASE_wasm/wasm32-unknown-wasip1/WASI.sdk/include/c++/v1/__atomic/atomic.h:550:27: note: candidate template ignored: could not match 'atomic' against 'shared_ptr'
550 | _LIBCPP_HIDE_FROM_ABI _Tp atomic_exchange(atomic<_Tp>* __o, typename atomic<_Tp>::value_type __d) _NOEXCEPT {
| ^
[39/482] Compiling random.cpp
BUILD FAILURE 6.3 wasm