The Swift Package Index logo.Swift Package Index

Build Information

Failed to build BMHCrypto, reference 0.1.0 (eaaa4b), with Swift 6.4 for Android on 18 Sep 2026 04:01:28 UTC.

Build Command

bash -c docker run --pull=always --rm -v "checkouts-53886769-0":/host -w "$PWD" -e JAVA_HOME="/root/.sdkman/candidates/java/current" -e SPI_BUILD="1" -e SPI_PROCESSING="1" registry.gitlab.com/saguaro1/spi-images:android-6.4-latest swift build --swift-sdk aarch64-unknown-linux-android28 2>&1

Build Log

========================================
RunAll
========================================
Builder version: 5.1.0
Interrupt handler set up.
========================================
Checkout
========================================
Clone URL: https://github.com/muhasturk/BMHCrypto.git
Reference: 0.1.0
Initialized empty Git repository in /host/spi-builder-workspace/.git/
hint: Using 'master' as the name for the initial branch. This default branch name
hint: is subject to change. To configure the initial branch name to use in all
hint: of your new repositories, which will suppress this warning, call:
hint:
hint: 	git config --global init.defaultBranch <name>
hint:
hint: Names commonly chosen instead of 'master' are 'main', 'trunk' and
hint: 'development'. The just-created branch can be renamed via this command:
hint:
hint: 	git branch -m <name>
From https://github.com/muhasturk/BMHCrypto
 * tag               0.1.0      -> FETCH_HEAD
HEAD is now at eaaa4b6 edit README
Cloned https://github.com/muhasturk/BMHCrypto.git
Revision (git rev-parse @):
eaaa4b6ab762fcad5d58f66c29360e4987922261
SUCCESS checkout https://github.com/muhasturk/BMHCrypto.git at 0.1.0
========================================
Build
========================================
Selected platform:         android
Swift version:             6.4
Building package at path:  $PWD
https://github.com/muhasturk/BMHCrypto.git
Running build ...
bash -c docker run --pull=always --rm -v "checkouts-53886769-0":/host -w "$PWD" -e JAVA_HOME="/root/.sdkman/candidates/java/current" -e SPI_BUILD="1" -e SPI_PROCESSING="1" registry.gitlab.com/saguaro1/spi-images:android-6.4-latest swift build --swift-sdk aarch64-unknown-linux-android28 2>&1
android-6.4-latest: Pulling from saguaro1/spi-images
Digest: sha256:abadcff584c273feba50641b454858d377ba30b35ea7287a94f45ebd8afd0ea0
Status: Image is up to date for registry.gitlab.com/saguaro1/spi-images:android-6.4-latest
Building for debugging...
[Planning deferred tasks]
[25 / 33] BMHCrypto
[30 / 33] BMHCrypto
error: SwiftCompile normal aarch64 /host/spi-builder-workspace/Sources/BMHCrypto/String+Hash.swift failed with a nonzero exit code. Command line:     cd /host
    builtin-SwiftPerFileCompile String+Hash.swift
/host/spi-builder-workspace/Sources/BMHCrypto/String+Hash.swift:13:32: error: value of type 'Data' has no member 'md5'
11 |
12 |     var md5: String {
13 |         return Data(self.utf8).md5
   |                                `- error: value of type 'Data' has no member 'md5'
14 |     }
15 |
/host/spi-builder-workspace/Sources/BMHCrypto/String+Hash.swift:17:32: error: value of type 'Data' has no member 'sha1'
15 |
16 |     var sha1: String {
17 |         return Data(self.utf8).sha1
   |                                `- error: value of type 'Data' has no member 'sha1'
18 |     }
19 |
/host/spi-builder-workspace/Sources/BMHCrypto/String+Hash.swift:21:32: error: value of type 'Data' has no member 'sha256'
19 |
20 |     var sha256: String {
21 |         return Data(self.utf8).sha256
   |                                `- error: value of type 'Data' has no member 'sha256'
22 |     }
23 |
/host/spi-builder-workspace/Sources/BMHCrypto/String+Hash.swift:25:32: error: value of type 'Data' has no member 'sha384'
23 |
24 |     var sha384: Self {
25 |         return Data(self.utf8).sha384
   |                                `- error: value of type 'Data' has no member 'sha384'
26 |     }
27 |
/host/spi-builder-workspace/Sources/BMHCrypto/String+Hash.swift:29:32: error: value of type 'Data' has no member 'sha512'
27 |
28 |     var sha512: Self {
29 |         return Data(self.utf8).sha512
   |                                `- error: value of type 'Data' has no member 'sha512'
30 |     }
31 |
Failed frontend command:
/root/.local/share/swiftly/toolchains/6.4.x-snapshot-2026-09-04/usr/bin/swift-frontend -frontend -c /host/spi-builder-workspace/Sources/BMHCrypto/ContiguousBytes+.swift /host/spi-builder-workspace/Sources/BMHCrypto/DataProtocol+Ciphers.swift /host/spi-builder-workspace/Sources/BMHCrypto/DataProtocol+Hash.swift /host/spi-builder-workspace/Sources/BMHCrypto/Digest+.swift -primary-file /host/spi-builder-workspace/Sources/BMHCrypto/String+Hash.swift -emit-dependencies-path /host/spi-builder-workspace/.build/out/Intermediates.noindex/BMHCrypto.build/Debug-android-aarch64/BMHCrypto-t.build/Objects-normal/aarch64/String+Hash.d -emit-const-values-path /host/spi-builder-workspace/.build/out/Intermediates.noindex/BMHCrypto.build/Debug-android-aarch64/BMHCrypto-t.build/Objects-normal/aarch64/String+Hash.swiftconstvalues -emit-reference-dependencies-path /host/spi-builder-workspace/.build/out/Intermediates.noindex/BMHCrypto.build/Debug-android-aarch64/BMHCrypto-t.build/Objects-normal/aarch64/String+Hash.swiftdeps -serialize-diagnostics-path /host/spi-builder-workspace/.build/out/Intermediates.noindex/BMHCrypto.build/Debug-android-aarch64/BMHCrypto-t.build/Objects-normal/aarch64/String+Hash.dia -target aarch64-unknown-linux-android28 -Xllvm -aarch64-use-tbi -disable-objc-interop -sdk /android-ndk/android-ndk-r27d/toolchains/llvm/prebuilt/linux-x86_64/sysroot -sysroot /android-ndk/android-ndk-r27d/toolchains/llvm/prebuilt/linux-x86_64/sysroot -I /host/spi-builder-workspace/.build/out/Products/Debug-android-aarch64 -module-cache-path /host/spi-builder-workspace/.build/out/ModuleCache.noindex -color-diagnostics -Xcc -fcolor-diagnostics -enable-testing -g -debug-info-format\=dwarf -dwarf-version\=4 -swift-version 5 -Onone -D SWIFT_PACKAGE -D DEBUG -D SWIFT_MODULE_RESOURCE_BUNDLE_UNAVAILABLE -D Xcode -serialize-debugging-options -enable-experimental-feature DebugDescriptionMacro -empty-abi-descriptor -external-plugin-path /root/.local/share/swiftly/toolchains/6.4.x-snapshot-2026-09-04/usr/lib/swift/host/plugins/testing\#/root/.local/share/swiftly/toolchains/6.4.x-snapshot-2026-09-04/usr/bin/swift-plugin-server -validate-clang-modules-once -clang-build-session-file /host/spi-builder-workspace/.build/out/ModuleCache.noindex/Session.modulevalidation -Xcc -working-directory -Xcc /host -resource-dir /root/.swiftpm/swift-sdks/swift-6.4.x-DEVELOPMENT-SNAPSHOT-2026-09-04-a_android.artifactbundle/swift-android/swift-resources/usr/lib/swift-aarch64 -enable-anonymous-context-mangled-names -file-compilation-dir /host -Xcc -resource-dir -Xcc /android-ndk/android-ndk-r27d/toolchains/llvm/prebuilt/linux-x86_64/lib/clang/18 -Xcc -fno-omit-frame-pointer -Xcc -D_LIBCPP_HARDENING_MODE\=_LIBCPP_HARDENING_MODE_DEBUG -Xcc -fmodules-prune-interval\=86400 -Xcc -fmodules-prune-after\=345600 -Xcc -I/host/spi-builder-workspace/.build/out/Products/Debug-android-aarch64/include -Xcc -I/host/spi-builder-workspace/.build/out/Intermediates.noindex/BMHCrypto.build/Debug-android-aarch64/BMHCrypto-t.build/DerivedSources-normal/aarch64 -Xcc -I/host/spi-builder-workspace/.build/out/Intermediates.noindex/BMHCrypto.build/Debug-android-aarch64/BMHCrypto-t.build/DerivedSources/aarch64 -Xcc -I/host/spi-builder-workspace/.build/out/Intermediates.noindex/BMHCrypto.build/Debug-android-aarch64/BMHCrypto-t.build/DerivedSources -Xcc -DSWIFT_PACKAGE -Xcc -DDEBUG\=1 -no-auto-bridging-header-chaining -module-name BMHCrypto -const-gather-protocols-file /host/spi-builder-workspace/.build/out/Intermediates.noindex/BMHCrypto.build/Debug-android-aarch64/BMHCrypto-t.build/Objects-normal/aarch64/BMHCrypto_const_extract_protocols.json -in-process-plugin-server-path /root/.local/share/swiftly/toolchains/6.4.x-snapshot-2026-09-04/usr/lib/swift/host/libSwiftInProcPluginServer.so -plugin-path /root/.local/share/swiftly/toolchains/6.4.x-snapshot-2026-09-04/usr/lib/swift/host/plugins -plugin-path /root/.local/share/swiftly/toolchains/6.4.x-snapshot-2026-09-04/usr/local/lib/swift/host/plugins -parse-as-library -o /host/spi-builder-workspace/.build/out/Intermediates.noindex/BMHCrypto.build/Debug-android-aarch64/BMHCrypto-t.build/Objects-normal/aarch64/String+Hash.o -index-unit-output-path /BMHCrypto.build/Debug-android-aarch64/BMHCrypto-t.build/Objects-normal/aarch64/String+Hash.o -index-store-path /host/spi-builder-workspace/.build/out -index-system-modules
error: Build failed
BUILD FAILURE 6.4 android