The Swift Package Index logo.Swift Package Index

Build Information

Failed to build swiftui-simplex-architecture, reference main (22a2d3), with Swift 6.4 for macOS (Xcode) using Xcode 27.0 on 19 Sep 2026 23:05:05 UTC.

Build Command

env DEVELOPER_DIR=/Applications/Xcode-27.0.0-Release.Candidate.app xcrun xcodebuild -IDEClonedSourcePackagesDirPathOverride=$PWD/.dependencies -skipMacroValidation -skipPackagePluginValidation -derivedDataPath $PWD/.derivedData build -scheme swiftui-simplex-architecture-Package -destination platform=macOS,arch=arm64

Build Log

2026-09-19 19:04:36.724 appintentsmetadataprocessor[2235:12386] Starting appintentsmetadataprocessor export
2026-09-19 19:04:36.786 appintentsmetadataprocessor[2235:12386] Extracted no relevant App Intents symbols, skipping writing output
SwiftEmitModule normal arm64 Emitting\ module\ for\ SwiftCompilerPlugin (in target 'SwiftCompilerPlugin' from project 'swift-syntax')
SwiftCompile normal arm64 (in target 'SwiftCompilerPlugin' from project 'swift-syntax')
    cd /Users/admin/builder/spi-builder-workspace/.swiftpm/xcode

SwiftCompile normal arm64 Compiling\ CompilerPlugin.swift /Users/admin/builder/spi-builder-workspace/.dependencies/checkouts/swift-syntax/Sources/SwiftCompilerPlugin/CompilerPlugin.swift (in target 'SwiftCompilerPlugin' from project 'swift-syntax')
SwiftCompile normal arm64 /Users/admin/builder/spi-builder-workspace/.dependencies/checkouts/swift-syntax/Sources/SwiftCompilerPlugin/CompilerPlugin.swift (in target 'SwiftCompilerPlugin' from project 'swift-syntax')
    cd /Users/admin/builder/spi-builder-workspace/.swiftpm/xcode
    builtin-SwiftPerFileCompile CompilerPlugin.swift
SwiftDriverJobDiscovery normal arm64 Compiling PluginMessages.swift (in target 'SwiftCompilerPluginMessageHandling' from project 'swift-syntax')
SwiftDriver\ Compilation SwiftCompilerPluginMessageHandling normal arm64 com.apple.xcode.tools.swift.compiler (in target 'SwiftCompilerPluginMessageHandling' from project 'swift-syntax')
    cd /Users/admin/builder/spi-builder-workspace/.swiftpm/xcode
    builtin-Swift-Compilation -- /Applications/Xcode-27.0.0-Release.Candidate.app/Contents/Developer/Toolchains/XcodeDefault.xctoolchain/usr/bin/swiftc -parse-as-library -module-name SwiftCompilerPluginMessageHandling -Onone @/Users/admin/builder/spi-builder-workspace/.derivedData/Build/Intermediates.noindex/swift-syntax.build/Debug/SwiftCompilerPluginMessageHandling-t.build/Objects-normal/arm64/SwiftCompilerPluginMessageHandling.SwiftFileList -DSWIFT_PACKAGE -DDEBUG -DSWIFT_MODULE_RESOURCE_BUNDLE_UNAVAILABLE -DXcode -plugin-path /Applications/Xcode-27.0.0-Release.Candidate.app/Contents/Developer/Toolchains/XcodeDefault.xctoolchain/usr/lib/swift/host/plugins/testing -enable-experimental-feature DebugDescriptionMacro -sdk /Applications/Xcode-27.0.0-Release.Candidate.app/Contents/Developer/Platforms/MacOSX.platform/Developer/SDKs/MacOSX27.0.sdk -target arm64-apple-macos12.0 -g -module-cache-path /Users/admin/builder/spi-builder-workspace/.derivedData/ModuleCache.noindex -Xfrontend -serialize-debugging-options -profile-coverage-mapping -profile-generate -enable-testing -suppress-warnings -index-store-path /Users/admin/builder/spi-builder-workspace/.derivedData/Index.noindex/DataStore -Xcc -D_LIBCPP_HARDENING_MODE\=_LIBCPP_HARDENING_MODE_DEBUG -swift-version 5 -I /Users/admin/builder/spi-builder-workspace/.derivedData/Build/Products/Debug -Isystem /Applications/Xcode-27.0.0-Release.Candidate.app/Contents/Developer/Platforms/MacOSX.platform/Developer/usr/lib -F /Users/admin/builder/spi-builder-workspace/.derivedData/Build/Products/Debug/PackageFrameworks -F /Users/admin/builder/spi-builder-workspace/.derivedData/Build/Products/Debug -F /Applications/Xcode-27.0.0-Release.Candidate.app/Contents/Developer/Platforms/MacOSX.platform/Developer/Library/Frameworks -c -j10 -enable-batch-mode -incremental -Xcc -ivfsstatcache -Xcc /Users/admin/builder/spi-builder-workspace/.derivedData/SDKStatCaches.noindex/macosx27.0-26A425-e829b21a6f8c9b70876ba0858053c0446a22442a12e9d48fe1a705f55a1adfc4.sdkstatcache -output-file-map /Users/admin/builder/spi-builder-workspace/.derivedData/Build/Intermediates.noindex/swift-syntax.build/Debug/SwiftCompilerPluginMessageHandling-t.build/Objects-normal/arm64/SwiftCompilerPluginMessageHandling-OutputFileMap.json -save-temps -no-color-diagnostics -explicit-module-build -module-cache-path /Users/admin/builder/spi-builder-workspace/.derivedData/Build/Intermediates.noindex/SwiftExplicitPrecompiledModules -clang-scanner-module-cache-path /Users/admin/builder/spi-builder-workspace/.derivedData/ModuleCache.noindex -sdk-module-cache-path /Users/admin/builder/spi-builder-workspace/.derivedData/SDKExplicitPrecompiledModules -emit-dependencies -emit-module -emit-module-path /Users/admin/builder/spi-builder-workspace/.derivedData/Build/Intermediates.noindex/swift-syntax.build/Debug/SwiftCompilerPluginMessageHandling-t.build/Objects-normal/arm64/SwiftCompilerPluginMessageHandling.swiftmodule -serialize-diagnostics -dependency-scan-serialize-diagnostics-path /Users/admin/builder/spi-builder-workspace/.derivedData/Build/Intermediates.noindex/swift-syntax.build/Debug/SwiftCompilerPluginMessageHandling-t.build/Objects-normal/arm64/SwiftCompilerPluginMessageHandling-dependency-scan.dia -validate-clang-modules-once -clang-build-session-file /Users/admin/builder/spi-builder-workspace/.derivedData/ModuleCache.noindex/Session.modulevalidation -Xcc -fmodules-prune-interval\=86400 -Xcc -fmodules-prune-after\=345600 -emit-const-values -const-gather-protocols-list /Users/admin/builder/spi-builder-workspace/.derivedData/Build/Intermediates.noindex/swift-syntax.build/Debug/SwiftCompilerPluginMessageHandling-t.build/Objects-normal/arm64/SwiftCompilerPluginMessageHandling_const_extract_protocols.json -Xcc -I/Users/admin/builder/spi-builder-workspace/.derivedData/Build/Products/Debug/include -Xcc -I/Users/admin/builder/spi-builder-workspace/.derivedData/Build/Intermediates.noindex/swift-syntax.build/Debug/SwiftCompilerPluginMessageHandling-t.build/DerivedSources-normal/arm64 -Xcc -I/Users/admin/builder/spi-builder-workspace/.derivedData/Build/Intermediates.noindex/swift-syntax.build/Debug/SwiftCompilerPluginMessageHandling-t.build/DerivedSources/arm64 -Xcc -I/Users/admin/builder/spi-builder-workspace/.derivedData/Build/Intermediates.noindex/swift-syntax.build/Debug/SwiftCompilerPluginMessageHandling-t.build/DerivedSources -Xcc -DSWIFT_PACKAGE -Xcc -DDEBUG\=1 -emit-objc-header -emit-objc-header-path /Users/admin/builder/spi-builder-workspace/.derivedData/Build/Intermediates.noindex/swift-syntax.build/Debug/SwiftCompilerPluginMessageHandling-t.build/Objects-normal/arm64/SwiftCompilerPluginMessageHandling-Swift.h -working-directory /Users/admin/builder/spi-builder-workspace/.swiftpm/xcode -experimental-emit-module-separately -disable-cmo
Ld /Users/admin/builder/spi-builder-workspace/.derivedData/Build/Products/Debug/SwiftCompilerPluginMessageHandling.o normal (in target 'SwiftCompilerPluginMessageHandling' from project 'swift-syntax')
    cd /Users/admin/builder/spi-builder-workspace/.dependencies/checkouts/swift-syntax
    /Applications/Xcode-27.0.0-Release.Candidate.app/Contents/Developer/Toolchains/XcodeDefault.xctoolchain/usr/bin/clang -Xlinker -reproducible -target arm64-apple-macos12.0 -r -isysroot /Applications/Xcode-27.0.0-Release.Candidate.app/Contents/Developer/Platforms/MacOSX.platform/Developer/SDKs/MacOSX27.0.sdk -O0 -w -Xlinker -no_warn_duplicate_libraries -F/Users/admin/builder/spi-builder-workspace/.derivedData/Build/Intermediates.noindex/EagerLinkingTBDs/Debug -F/Users/admin/builder/spi-builder-workspace/.derivedData/Build/Products/Debug/PackageFrameworks -F/Users/admin/builder/spi-builder-workspace/.derivedData/Build/Products/Debug -iframework /Applications/Xcode-27.0.0-Release.Candidate.app/Contents/Developer/Platforms/MacOSX.platform/Developer/Library/Frameworks -filelist /Users/admin/builder/spi-builder-workspace/.derivedData/Build/Intermediates.noindex/swift-syntax.build/Debug/SwiftCompilerPluginMessageHandling-t.build/Objects-normal/arm64/SwiftCompilerPluginMessageHandling.LinkFileList -nostdlib -Xlinker -object_path_lto -Xlinker /Users/admin/builder/spi-builder-workspace/.derivedData/Build/Intermediates.noindex/swift-syntax.build/Debug/SwiftCompilerPluginMessageHandling-t.build/Objects-normal/arm64/SwiftCompilerPluginMessageHandling_lto.o -Xlinker -no_deduplicate -Xlinker -debug_variant -Xlinker -dependency_info -Xlinker /Users/admin/builder/spi-builder-workspace/.derivedData/Build/Intermediates.noindex/swift-syntax.build/Debug/SwiftCompilerPluginMessageHandling-t.build/Objects-normal/arm64/SwiftCompilerPluginMessageHandling_dependency_info.dat -fobjc-link-runtime -L/Applications/Xcode-27.0.0-Release.Candidate.app/Contents/Developer/Toolchains/XcodeDefault.xctoolchain/usr/lib/swift/macosx -L/usr/lib/swift -Xlinker -add_ast_path -Xlinker /Users/admin/builder/spi-builder-workspace/.derivedData/Build/Intermediates.noindex/swift-syntax.build/Debug/SwiftCompilerPluginMessageHandling-t.build/Objects-normal/arm64/SwiftCompilerPluginMessageHandling.swiftmodule -o /Users/admin/builder/spi-builder-workspace/.derivedData/Build/Products/Debug/SwiftCompilerPluginMessageHandling.o
SwiftDriverJobDiscovery normal arm64 Emitting module for SwiftCompilerPlugin (in target 'SwiftCompilerPlugin' from project 'swift-syntax')
SwiftDriver\ Compilation\ Requirements SwiftCompilerPlugin normal arm64 com.apple.xcode.tools.swift.compiler (in target 'SwiftCompilerPlugin' from project 'swift-syntax')
    cd /Users/admin/builder/spi-builder-workspace/.swiftpm/xcode
    builtin-Swift-Compilation-Requirements -- /Applications/Xcode-27.0.0-Release.Candidate.app/Contents/Developer/Toolchains/XcodeDefault.xctoolchain/usr/bin/swiftc -parse-as-library -module-name SwiftCompilerPlugin -Onone @/Users/admin/builder/spi-builder-workspace/.derivedData/Build/Intermediates.noindex/swift-syntax.build/Debug/SwiftCompilerPlugin-t.build/Objects-normal/arm64/SwiftCompilerPlugin.SwiftFileList -DSWIFT_PACKAGE -DDEBUG -DSWIFT_MODULE_RESOURCE_BUNDLE_UNAVAILABLE -DXcode -plugin-path /Applications/Xcode-27.0.0-Release.Candidate.app/Contents/Developer/Toolchains/XcodeDefault.xctoolchain/usr/lib/swift/host/plugins/testing -enable-experimental-feature DebugDescriptionMacro -sdk /Applications/Xcode-27.0.0-Release.Candidate.app/Contents/Developer/Platforms/MacOSX.platform/Developer/SDKs/MacOSX27.0.sdk -target arm64-apple-macos12.0 -g -module-cache-path /Users/admin/builder/spi-builder-workspace/.derivedData/ModuleCache.noindex -Xfrontend -serialize-debugging-options -profile-coverage-mapping -profile-generate -enable-testing -suppress-warnings -index-store-path /Users/admin/builder/spi-builder-workspace/.derivedData/Index.noindex/DataStore -Xcc -D_LIBCPP_HARDENING_MODE\=_LIBCPP_HARDENING_MODE_DEBUG -swift-version 5 -I /Users/admin/builder/spi-builder-workspace/.derivedData/Build/Products/Debug -Isystem /Applications/Xcode-27.0.0-Release.Candidate.app/Contents/Developer/Platforms/MacOSX.platform/Developer/usr/lib -F /Users/admin/builder/spi-builder-workspace/.derivedData/Build/Products/Debug/PackageFrameworks -F /Users/admin/builder/spi-builder-workspace/.derivedData/Build/Products/Debug -F /Applications/Xcode-27.0.0-Release.Candidate.app/Contents/Developer/Platforms/MacOSX.platform/Developer/Library/Frameworks -c -j10 -enable-batch-mode -incremental -Xcc -ivfsstatcache -Xcc /Users/admin/builder/spi-builder-workspace/.derivedData/SDKStatCaches.noindex/macosx27.0-26A425-e829b21a6f8c9b70876ba0858053c0446a22442a12e9d48fe1a705f55a1adfc4.sdkstatcache -output-file-map /Users/admin/builder/spi-builder-workspace/.derivedData/Build/Intermediates.noindex/swift-syntax.build/Debug/SwiftCompilerPlugin-t.build/Objects-normal/arm64/SwiftCompilerPlugin-OutputFileMap.json -save-temps -no-color-diagnostics -explicit-module-build -module-cache-path /Users/admin/builder/spi-builder-workspace/.derivedData/Build/Intermediates.noindex/SwiftExplicitPrecompiledModules -clang-scanner-module-cache-path /Users/admin/builder/spi-builder-workspace/.derivedData/ModuleCache.noindex -sdk-module-cache-path /Users/admin/builder/spi-builder-workspace/.derivedData/SDKExplicitPrecompiledModules -emit-dependencies -emit-module -emit-module-path /Users/admin/builder/spi-builder-workspace/.derivedData/Build/Intermediates.noindex/swift-syntax.build/Debug/SwiftCompilerPlugin-t.build/Objects-normal/arm64/SwiftCompilerPlugin.swiftmodule -serialize-diagnostics -dependency-scan-serialize-diagnostics-path /Users/admin/builder/spi-builder-workspace/.derivedData/Build/Intermediates.noindex/swift-syntax.build/Debug/SwiftCompilerPlugin-t.build/Objects-normal/arm64/SwiftCompilerPlugin-dependency-scan.dia -validate-clang-modules-once -clang-build-session-file /Users/admin/builder/spi-builder-workspace/.derivedData/ModuleCache.noindex/Session.modulevalidation -Xcc -fmodules-prune-interval\=86400 -Xcc -fmodules-prune-after\=345600 -emit-const-values -const-gather-protocols-list /Users/admin/builder/spi-builder-workspace/.derivedData/Build/Intermediates.noindex/swift-syntax.build/Debug/SwiftCompilerPlugin-t.build/Objects-normal/arm64/SwiftCompilerPlugin_const_extract_protocols.json -Xcc -I/Users/admin/builder/spi-builder-workspace/.derivedData/Build/Products/Debug/include -Xcc -I/Users/admin/builder/spi-builder-workspace/.derivedData/Build/Intermediates.noindex/swift-syntax.build/Debug/SwiftCompilerPlugin-t.build/DerivedSources-normal/arm64 -Xcc -I/Users/admin/builder/spi-builder-workspace/.derivedData/Build/Intermediates.noindex/swift-syntax.build/Debug/SwiftCompilerPlugin-t.build/DerivedSources/arm64 -Xcc -I/Users/admin/builder/spi-builder-workspace/.derivedData/Build/Intermediates.noindex/swift-syntax.build/Debug/SwiftCompilerPlugin-t.build/DerivedSources -Xcc -DSWIFT_PACKAGE -Xcc -DDEBUG\=1 -emit-objc-header -emit-objc-header-path /Users/admin/builder/spi-builder-workspace/.derivedData/Build/Intermediates.noindex/swift-syntax.build/Debug/SwiftCompilerPlugin-t.build/Objects-normal/arm64/SwiftCompilerPlugin-Swift.h -working-directory /Users/admin/builder/spi-builder-workspace/.swiftpm/xcode -experimental-emit-module-separately -disable-cmo
SwiftMergeGeneratedHeaders /Users/admin/builder/spi-builder-workspace/.derivedData/Build/Intermediates.noindex/GeneratedModuleMaps/SwiftCompilerPlugin-Swift.h /Users/admin/builder/spi-builder-workspace/.derivedData/Build/Intermediates.noindex/swift-syntax.build/Debug/SwiftCompilerPlugin-t.build/Objects-normal/arm64/SwiftCompilerPlugin-Swift.h (in target 'SwiftCompilerPlugin' from project 'swift-syntax')
    cd /Users/admin/builder/spi-builder-workspace/.dependencies/checkouts/swift-syntax
    builtin-swiftHeaderTool -arch arm64 /Users/admin/builder/spi-builder-workspace/.derivedData/Build/Intermediates.noindex/swift-syntax.build/Debug/SwiftCompilerPlugin-t.build/Objects-normal/arm64/SwiftCompilerPlugin-Swift.h -o /Users/admin/builder/spi-builder-workspace/.derivedData/Build/Intermediates.noindex/GeneratedModuleMaps/SwiftCompilerPlugin-Swift.h
Copy /Users/admin/builder/spi-builder-workspace/.derivedData/Build/Products/Debug/SwiftCompilerPlugin.swiftmodule/arm64-apple-macos.swiftmodule /Users/admin/builder/spi-builder-workspace/.derivedData/Build/Intermediates.noindex/swift-syntax.build/Debug/SwiftCompilerPlugin-t.build/Objects-normal/arm64/SwiftCompilerPlugin.swiftmodule (in target 'SwiftCompilerPlugin' from project 'swift-syntax')
    cd /Users/admin/builder/spi-builder-workspace/.dependencies/checkouts/swift-syntax
    builtin-copy -exclude .DS_Store -exclude CVS -exclude .svn -exclude .git -exclude .hg -resolve-src-symlinks -rename /Users/admin/builder/spi-builder-workspace/.derivedData/Build/Intermediates.noindex/swift-syntax.build/Debug/SwiftCompilerPlugin-t.build/Objects-normal/arm64/SwiftCompilerPlugin.swiftmodule /Users/admin/builder/spi-builder-workspace/.derivedData/Build/Products/Debug/SwiftCompilerPlugin.swiftmodule/arm64-apple-macos.swiftmodule
Copy /Users/admin/builder/spi-builder-workspace/.derivedData/Build/Products/Debug/SwiftCompilerPlugin.swiftmodule/arm64-apple-macos.abi.json /Users/admin/builder/spi-builder-workspace/.derivedData/Build/Intermediates.noindex/swift-syntax.build/Debug/SwiftCompilerPlugin-t.build/Objects-normal/arm64/SwiftCompilerPlugin.abi.json (in target 'SwiftCompilerPlugin' from project 'swift-syntax')
    cd /Users/admin/builder/spi-builder-workspace/.dependencies/checkouts/swift-syntax
    builtin-copy -exclude .DS_Store -exclude CVS -exclude .svn -exclude .git -exclude .hg -resolve-src-symlinks -rename /Users/admin/builder/spi-builder-workspace/.derivedData/Build/Intermediates.noindex/swift-syntax.build/Debug/SwiftCompilerPlugin-t.build/Objects-normal/arm64/SwiftCompilerPlugin.abi.json /Users/admin/builder/spi-builder-workspace/.derivedData/Build/Products/Debug/SwiftCompilerPlugin.swiftmodule/arm64-apple-macos.abi.json
Copy /Users/admin/builder/spi-builder-workspace/.derivedData/Build/Products/Debug/SwiftCompilerPlugin.swiftmodule/arm64-apple-macos.swiftdoc /Users/admin/builder/spi-builder-workspace/.derivedData/Build/Intermediates.noindex/swift-syntax.build/Debug/SwiftCompilerPlugin-t.build/Objects-normal/arm64/SwiftCompilerPlugin.swiftdoc (in target 'SwiftCompilerPlugin' from project 'swift-syntax')
    cd /Users/admin/builder/spi-builder-workspace/.dependencies/checkouts/swift-syntax
    builtin-copy -exclude .DS_Store -exclude CVS -exclude .svn -exclude .git -exclude .hg -resolve-src-symlinks -rename /Users/admin/builder/spi-builder-workspace/.derivedData/Build/Intermediates.noindex/swift-syntax.build/Debug/SwiftCompilerPlugin-t.build/Objects-normal/arm64/SwiftCompilerPlugin.swiftdoc /Users/admin/builder/spi-builder-workspace/.derivedData/Build/Products/Debug/SwiftCompilerPlugin.swiftmodule/arm64-apple-macos.swiftdoc
Copy /Users/admin/builder/spi-builder-workspace/.derivedData/Build/Products/Debug/SwiftCompilerPlugin.swiftmodule/Project/arm64-apple-macos.swiftsourceinfo /Users/admin/builder/spi-builder-workspace/.derivedData/Build/Intermediates.noindex/swift-syntax.build/Debug/SwiftCompilerPlugin-t.build/Objects-normal/arm64/SwiftCompilerPlugin.swiftsourceinfo (in target 'SwiftCompilerPlugin' from project 'swift-syntax')
    cd /Users/admin/builder/spi-builder-workspace/.dependencies/checkouts/swift-syntax
    builtin-copy -exclude .DS_Store -exclude CVS -exclude .svn -exclude .git -exclude .hg -resolve-src-symlinks -rename /Users/admin/builder/spi-builder-workspace/.derivedData/Build/Intermediates.noindex/swift-syntax.build/Debug/SwiftCompilerPlugin-t.build/Objects-normal/arm64/SwiftCompilerPlugin.swiftsourceinfo /Users/admin/builder/spi-builder-workspace/.derivedData/Build/Products/Debug/SwiftCompilerPlugin.swiftmodule/Project/arm64-apple-macos.swiftsourceinfo
ExtractAppIntentsMetadata (in target 'SwiftCompilerPluginMessageHandling' from project 'swift-syntax')
    cd /Users/admin/builder/spi-builder-workspace/.dependencies/checkouts/swift-syntax
    /Applications/Xcode-27.0.0-Release.Candidate.app/Contents/Developer/Toolchains/XcodeDefault.xctoolchain/usr/bin/appintentsmetadataprocessor --toolchain-dir /var/run/com.apple.security.cryptexd/mnt/com.apple.MobileAsset.MetalToolchain-v27.1.266.1.xtQ0GD/Metal.xctoolchain --module-name SwiftCompilerPluginMessageHandling --sdk-root /Applications/Xcode-27.0.0-Release.Candidate.app/Contents/Developer/Platforms/MacOSX.platform/Developer/SDKs/MacOSX27.0.sdk --xcode-version 27A266a --platform-family macOS --deployment-target 12.0 --bundle-identifier swift-syntax.SwiftCompilerPluginMessageHandling --output /Users/admin/builder/spi-builder-workspace/.derivedData/Build/Products/Debug/SwiftCompilerPluginMessageHandling.appintents --target-triple arm64-apple-macos12.0 --binary-file /Users/admin/builder/spi-builder-workspace/.derivedData/Build/Products/Debug/SwiftCompilerPluginMessageHandling.o --dependency-file /Users/admin/builder/spi-builder-workspace/.derivedData/Build/Intermediates.noindex/swift-syntax.build/Debug/SwiftCompilerPluginMessageHandling-t.build/Objects-normal/arm64/SwiftCompilerPluginMessageHandling_dependency_info.dat --stringsdata-file /Users/admin/builder/spi-builder-workspace/.derivedData/Build/Intermediates.noindex/swift-syntax.build/Debug/SwiftCompilerPluginMessageHandling-t.build/Objects-normal/arm64/ExtractedAppShortcutsMetadata.stringsdata --source-file-list /Users/admin/builder/spi-builder-workspace/.derivedData/Build/Intermediates.noindex/swift-syntax.build/Debug/SwiftCompilerPluginMessageHandling-t.build/Objects-normal/arm64/SwiftCompilerPluginMessageHandling.SwiftFileList --metadata-file-list /Users/admin/builder/spi-builder-workspace/.derivedData/Build/Intermediates.noindex/swift-syntax.build/Debug/SwiftCompilerPluginMessageHandling-t.build/SwiftCompilerPluginMessageHandling.DependencyMetadataFileList --static-metadata-file-list /Users/admin/builder/spi-builder-workspace/.derivedData/Build/Intermediates.noindex/swift-syntax.build/Debug/SwiftCompilerPluginMessageHandling-t.build/SwiftCompilerPluginMessageHandling.DependencyStaticMetadataFileList --swift-const-vals-list /Users/admin/builder/spi-builder-workspace/.derivedData/Build/Intermediates.noindex/swift-syntax.build/Debug/SwiftCompilerPluginMessageHandling-t.build/Objects-normal/arm64/SwiftCompilerPluginMessageHandling.SwiftConstValuesFileList --force --compile-time-extraction --deployment-aware-processing --no-app-shortcuts-localization
2026-09-19 19:04:36.955 appintentsmetadataprocessor[2240:12409] Starting appintentsmetadataprocessor export
2026-09-19 19:04:37.014 appintentsmetadataprocessor[2240:12409] Extracted no relevant App Intents symbols, skipping writing output
SwiftDriver CasePathsMacrosSupport normal arm64 com.apple.xcode.tools.swift.compiler (in target 'CasePathsMacrosSupport' from project 'swift-case-paths')
    cd /Users/admin/builder/spi-builder-workspace/.swiftpm/xcode
    builtin-SwiftDriver -- /Applications/Xcode-27.0.0-Release.Candidate.app/Contents/Developer/Toolchains/XcodeDefault.xctoolchain/usr/bin/swiftc -parse-as-library -module-name CasePathsMacrosSupport -Onone @/Users/admin/builder/spi-builder-workspace/.derivedData/Build/Intermediates.noindex/swift-case-paths.build/Debug/CasePathsMacrosSupport-t.build/Objects-normal/arm64/CasePathsMacrosSupport.SwiftFileList -DSWIFT_PACKAGE -DDEBUG -DSWIFT_MODULE_RESOURCE_BUNDLE_UNAVAILABLE -DXcode -plugin-path /Applications/Xcode-27.0.0-Release.Candidate.app/Contents/Developer/Toolchains/XcodeDefault.xctoolchain/usr/lib/swift/host/plugins/testing -enable-experimental-feature DebugDescriptionMacro -sdk /Applications/Xcode-27.0.0-Release.Candidate.app/Contents/Developer/Platforms/MacOSX.platform/Developer/SDKs/MacOSX27.0.sdk -target arm64-apple-macos12.0 -g -module-cache-path /Users/admin/builder/spi-builder-workspace/.derivedData/ModuleCache.noindex -Xfrontend -serialize-debugging-options -profile-coverage-mapping -profile-generate -enable-testing -suppress-warnings -index-store-path /Users/admin/builder/spi-builder-workspace/.derivedData/Index.noindex/DataStore -Xcc -D_LIBCPP_HARDENING_MODE\=_LIBCPP_HARDENING_MODE_DEBUG -swift-version 6 -I /Users/admin/builder/spi-builder-workspace/.derivedData/Build/Products/Debug -Isystem /Applications/Xcode-27.0.0-Release.Candidate.app/Contents/Developer/Platforms/MacOSX.platform/Developer/usr/lib -F /Users/admin/builder/spi-builder-workspace/.derivedData/Build/Products/Debug/PackageFrameworks -F /Users/admin/builder/spi-builder-workspace/.derivedData/Build/Products/Debug -F /Applications/Xcode-27.0.0-Release.Candidate.app/Contents/Developer/Platforms/MacOSX.platform/Developer/Library/Frameworks -c -j10 -enable-batch-mode -incremental -Xcc -ivfsstatcache -Xcc /Users/admin/builder/spi-builder-workspace/.derivedData/SDKStatCaches.noindex/macosx27.0-26A425-e829b21a6f8c9b70876ba0858053c0446a22442a12e9d48fe1a705f55a1adfc4.sdkstatcache -output-file-map /Users/admin/builder/spi-builder-workspace/.derivedData/Build/Intermediates.noindex/swift-case-paths.build/Debug/CasePathsMacrosSupport-t.build/Objects-normal/arm64/CasePathsMacrosSupport-OutputFileMap.json -save-temps -no-color-diagnostics -explicit-module-build -module-cache-path /Users/admin/builder/spi-builder-workspace/.derivedData/Build/Intermediates.noindex/SwiftExplicitPrecompiledModules -clang-scanner-module-cache-path /Users/admin/builder/spi-builder-workspace/.derivedData/ModuleCache.noindex -sdk-module-cache-path /Users/admin/builder/spi-builder-workspace/.derivedData/SDKExplicitPrecompiledModules -emit-dependencies -emit-module -emit-module-path /Users/admin/builder/spi-builder-workspace/.derivedData/Build/Intermediates.noindex/swift-case-paths.build/Debug/CasePathsMacrosSupport-t.build/Objects-normal/arm64/CasePathsMacrosSupport.swiftmodule -serialize-diagnostics -dependency-scan-serialize-diagnostics-path /Users/admin/builder/spi-builder-workspace/.derivedData/Build/Intermediates.noindex/swift-case-paths.build/Debug/CasePathsMacrosSupport-t.build/Objects-normal/arm64/CasePathsMacrosSupport-dependency-scan.dia -user-module-version 1.10.0 -validate-clang-modules-once -clang-build-session-file /Users/admin/builder/spi-builder-workspace/.derivedData/ModuleCache.noindex/Session.modulevalidation -Xcc -fmodules-prune-interval\=86400 -Xcc -fmodules-prune-after\=345600 -package-name swift_case_paths -emit-const-values -const-gather-protocols-list /Users/admin/builder/spi-builder-workspace/.derivedData/Build/Intermediates.noindex/swift-case-paths.build/Debug/CasePathsMacrosSupport-t.build/Objects-normal/arm64/CasePathsMacrosSupport_const_extract_protocols.json -Xcc -I/Users/admin/builder/spi-builder-workspace/.derivedData/Build/Products/Debug/include -Xcc -I/Users/admin/builder/spi-builder-workspace/.derivedData/Build/Intermediates.noindex/swift-case-paths.build/Debug/CasePathsMacrosSupport-t.build/DerivedSources-normal/arm64 -Xcc -I/Users/admin/builder/spi-builder-workspace/.derivedData/Build/Intermediates.noindex/swift-case-paths.build/Debug/CasePathsMacrosSupport-t.build/DerivedSources/arm64 -Xcc -I/Users/admin/builder/spi-builder-workspace/.derivedData/Build/Intermediates.noindex/swift-case-paths.build/Debug/CasePathsMacrosSupport-t.build/DerivedSources -Xcc -DSWIFT_PACKAGE -Xcc -DDEBUG\=1 -emit-objc-header -emit-objc-header-path /Users/admin/builder/spi-builder-workspace/.derivedData/Build/Intermediates.noindex/swift-case-paths.build/Debug/CasePathsMacrosSupport-t.build/Objects-normal/arm64/CasePathsMacrosSupport-Swift.h -working-directory /Users/admin/builder/spi-builder-workspace/.swiftpm/xcode -experimental-emit-module-separately -disable-cmo
SwiftDriverJobDiscovery normal arm64 Compiling CompilerPlugin.swift (in target 'SwiftCompilerPlugin' from project 'swift-syntax')
SwiftDriver\ Compilation SwiftCompilerPlugin normal arm64 com.apple.xcode.tools.swift.compiler (in target 'SwiftCompilerPlugin' from project 'swift-syntax')
    cd /Users/admin/builder/spi-builder-workspace/.swiftpm/xcode
    builtin-Swift-Compilation -- /Applications/Xcode-27.0.0-Release.Candidate.app/Contents/Developer/Toolchains/XcodeDefault.xctoolchain/usr/bin/swiftc -parse-as-library -module-name SwiftCompilerPlugin -Onone @/Users/admin/builder/spi-builder-workspace/.derivedData/Build/Intermediates.noindex/swift-syntax.build/Debug/SwiftCompilerPlugin-t.build/Objects-normal/arm64/SwiftCompilerPlugin.SwiftFileList -DSWIFT_PACKAGE -DDEBUG -DSWIFT_MODULE_RESOURCE_BUNDLE_UNAVAILABLE -DXcode -plugin-path /Applications/Xcode-27.0.0-Release.Candidate.app/Contents/Developer/Toolchains/XcodeDefault.xctoolchain/usr/lib/swift/host/plugins/testing -enable-experimental-feature DebugDescriptionMacro -sdk /Applications/Xcode-27.0.0-Release.Candidate.app/Contents/Developer/Platforms/MacOSX.platform/Developer/SDKs/MacOSX27.0.sdk -target arm64-apple-macos12.0 -g -module-cache-path /Users/admin/builder/spi-builder-workspace/.derivedData/ModuleCache.noindex -Xfrontend -serialize-debugging-options -profile-coverage-mapping -profile-generate -enable-testing -suppress-warnings -index-store-path /Users/admin/builder/spi-builder-workspace/.derivedData/Index.noindex/DataStore -Xcc -D_LIBCPP_HARDENING_MODE\=_LIBCPP_HARDENING_MODE_DEBUG -swift-version 5 -I /Users/admin/builder/spi-builder-workspace/.derivedData/Build/Products/Debug -Isystem /Applications/Xcode-27.0.0-Release.Candidate.app/Contents/Developer/Platforms/MacOSX.platform/Developer/usr/lib -F /Users/admin/builder/spi-builder-workspace/.derivedData/Build/Products/Debug/PackageFrameworks -F /Users/admin/builder/spi-builder-workspace/.derivedData/Build/Products/Debug -F /Applications/Xcode-27.0.0-Release.Candidate.app/Contents/Developer/Platforms/MacOSX.platform/Developer/Library/Frameworks -c -j10 -enable-batch-mode -incremental -Xcc -ivfsstatcache -Xcc /Users/admin/builder/spi-builder-workspace/.derivedData/SDKStatCaches.noindex/macosx27.0-26A425-e829b21a6f8c9b70876ba0858053c0446a22442a12e9d48fe1a705f55a1adfc4.sdkstatcache -output-file-map /Users/admin/builder/spi-builder-workspace/.derivedData/Build/Intermediates.noindex/swift-syntax.build/Debug/SwiftCompilerPlugin-t.build/Objects-normal/arm64/SwiftCompilerPlugin-OutputFileMap.json -save-temps -no-color-diagnostics -explicit-module-build -module-cache-path /Users/admin/builder/spi-builder-workspace/.derivedData/Build/Intermediates.noindex/SwiftExplicitPrecompiledModules -clang-scanner-module-cache-path /Users/admin/builder/spi-builder-workspace/.derivedData/ModuleCache.noindex -sdk-module-cache-path /Users/admin/builder/spi-builder-workspace/.derivedData/SDKExplicitPrecompiledModules -emit-dependencies -emit-module -emit-module-path /Users/admin/builder/spi-builder-workspace/.derivedData/Build/Intermediates.noindex/swift-syntax.build/Debug/SwiftCompilerPlugin-t.build/Objects-normal/arm64/SwiftCompilerPlugin.swiftmodule -serialize-diagnostics -dependency-scan-serialize-diagnostics-path /Users/admin/builder/spi-builder-workspace/.derivedData/Build/Intermediates.noindex/swift-syntax.build/Debug/SwiftCompilerPlugin-t.build/Objects-normal/arm64/SwiftCompilerPlugin-dependency-scan.dia -validate-clang-modules-once -clang-build-session-file /Users/admin/builder/spi-builder-workspace/.derivedData/ModuleCache.noindex/Session.modulevalidation -Xcc -fmodules-prune-interval\=86400 -Xcc -fmodules-prune-after\=345600 -emit-const-values -const-gather-protocols-list /Users/admin/builder/spi-builder-workspace/.derivedData/Build/Intermediates.noindex/swift-syntax.build/Debug/SwiftCompilerPlugin-t.build/Objects-normal/arm64/SwiftCompilerPlugin_const_extract_protocols.json -Xcc -I/Users/admin/builder/spi-builder-workspace/.derivedData/Build/Products/Debug/include -Xcc -I/Users/admin/builder/spi-builder-workspace/.derivedData/Build/Intermediates.noindex/swift-syntax.build/Debug/SwiftCompilerPlugin-t.build/DerivedSources-normal/arm64 -Xcc -I/Users/admin/builder/spi-builder-workspace/.derivedData/Build/Intermediates.noindex/swift-syntax.build/Debug/SwiftCompilerPlugin-t.build/DerivedSources/arm64 -Xcc -I/Users/admin/builder/spi-builder-workspace/.derivedData/Build/Intermediates.noindex/swift-syntax.build/Debug/SwiftCompilerPlugin-t.build/DerivedSources -Xcc -DSWIFT_PACKAGE -Xcc -DDEBUG\=1 -emit-objc-header -emit-objc-header-path /Users/admin/builder/spi-builder-workspace/.derivedData/Build/Intermediates.noindex/swift-syntax.build/Debug/SwiftCompilerPlugin-t.build/Objects-normal/arm64/SwiftCompilerPlugin-Swift.h -working-directory /Users/admin/builder/spi-builder-workspace/.swiftpm/xcode -experimental-emit-module-separately -disable-cmo
Ld /Users/admin/builder/spi-builder-workspace/.derivedData/Build/Products/Debug/SwiftCompilerPlugin.o normal (in target 'SwiftCompilerPlugin' from project 'swift-syntax')
    cd /Users/admin/builder/spi-builder-workspace/.dependencies/checkouts/swift-syntax
    /Applications/Xcode-27.0.0-Release.Candidate.app/Contents/Developer/Toolchains/XcodeDefault.xctoolchain/usr/bin/clang -Xlinker -reproducible -target arm64-apple-macos12.0 -r -isysroot /Applications/Xcode-27.0.0-Release.Candidate.app/Contents/Developer/Platforms/MacOSX.platform/Developer/SDKs/MacOSX27.0.sdk -O0 -w -Xlinker -no_warn_duplicate_libraries -F/Users/admin/builder/spi-builder-workspace/.derivedData/Build/Intermediates.noindex/EagerLinkingTBDs/Debug -F/Users/admin/builder/spi-builder-workspace/.derivedData/Build/Products/Debug/PackageFrameworks -F/Users/admin/builder/spi-builder-workspace/.derivedData/Build/Products/Debug -iframework /Applications/Xcode-27.0.0-Release.Candidate.app/Contents/Developer/Platforms/MacOSX.platform/Developer/Library/Frameworks -filelist /Users/admin/builder/spi-builder-workspace/.derivedData/Build/Intermediates.noindex/swift-syntax.build/Debug/SwiftCompilerPlugin-t.build/Objects-normal/arm64/SwiftCompilerPlugin.LinkFileList -nostdlib -Xlinker -object_path_lto -Xlinker /Users/admin/builder/spi-builder-workspace/.derivedData/Build/Intermediates.noindex/swift-syntax.build/Debug/SwiftCompilerPlugin-t.build/Objects-normal/arm64/SwiftCompilerPlugin_lto.o -Xlinker -no_deduplicate -Xlinker -debug_variant -Xlinker -dependency_info -Xlinker /Users/admin/builder/spi-builder-workspace/.derivedData/Build/Intermediates.noindex/swift-syntax.build/Debug/SwiftCompilerPlugin-t.build/Objects-normal/arm64/SwiftCompilerPlugin_dependency_info.dat -fobjc-link-runtime -L/Applications/Xcode-27.0.0-Release.Candidate.app/Contents/Developer/Toolchains/XcodeDefault.xctoolchain/usr/lib/swift/macosx -L/usr/lib/swift -Xlinker -add_ast_path -Xlinker /Users/admin/builder/spi-builder-workspace/.derivedData/Build/Intermediates.noindex/swift-syntax.build/Debug/SwiftCompilerPlugin-t.build/Objects-normal/arm64/SwiftCompilerPlugin.swiftmodule -o /Users/admin/builder/spi-builder-workspace/.derivedData/Build/Products/Debug/SwiftCompilerPlugin.o
ExtractAppIntentsMetadata (in target 'SwiftCompilerPlugin' from project 'swift-syntax')
    cd /Users/admin/builder/spi-builder-workspace/.dependencies/checkouts/swift-syntax
    /Applications/Xcode-27.0.0-Release.Candidate.app/Contents/Developer/Toolchains/XcodeDefault.xctoolchain/usr/bin/appintentsmetadataprocessor --toolchain-dir /var/run/com.apple.security.cryptexd/mnt/com.apple.MobileAsset.MetalToolchain-v27.1.266.1.xtQ0GD/Metal.xctoolchain --module-name SwiftCompilerPlugin --sdk-root /Applications/Xcode-27.0.0-Release.Candidate.app/Contents/Developer/Platforms/MacOSX.platform/Developer/SDKs/MacOSX27.0.sdk --xcode-version 27A266a --platform-family macOS --deployment-target 12.0 --bundle-identifier swift-syntax.SwiftCompilerPlugin --output /Users/admin/builder/spi-builder-workspace/.derivedData/Build/Products/Debug/SwiftCompilerPlugin.appintents --target-triple arm64-apple-macos12.0 --binary-file /Users/admin/builder/spi-builder-workspace/.derivedData/Build/Products/Debug/SwiftCompilerPlugin.o --dependency-file /Users/admin/builder/spi-builder-workspace/.derivedData/Build/Intermediates.noindex/swift-syntax.build/Debug/SwiftCompilerPlugin-t.build/Objects-normal/arm64/SwiftCompilerPlugin_dependency_info.dat --stringsdata-file /Users/admin/builder/spi-builder-workspace/.derivedData/Build/Intermediates.noindex/swift-syntax.build/Debug/SwiftCompilerPlugin-t.build/Objects-normal/arm64/ExtractedAppShortcutsMetadata.stringsdata --source-file-list /Users/admin/builder/spi-builder-workspace/.derivedData/Build/Intermediates.noindex/swift-syntax.build/Debug/SwiftCompilerPlugin-t.build/Objects-normal/arm64/SwiftCompilerPlugin.SwiftFileList --metadata-file-list /Users/admin/builder/spi-builder-workspace/.derivedData/Build/Intermediates.noindex/swift-syntax.build/Debug/SwiftCompilerPlugin-t.build/SwiftCompilerPlugin.DependencyMetadataFileList --static-metadata-file-list /Users/admin/builder/spi-builder-workspace/.derivedData/Build/Intermediates.noindex/swift-syntax.build/Debug/SwiftCompilerPlugin-t.build/SwiftCompilerPlugin.DependencyStaticMetadataFileList --swift-const-vals-list /Users/admin/builder/spi-builder-workspace/.derivedData/Build/Intermediates.noindex/swift-syntax.build/Debug/SwiftCompilerPlugin-t.build/Objects-normal/arm64/SwiftCompilerPlugin.SwiftConstValuesFileList --force --compile-time-extraction --deployment-aware-processing --no-app-shortcuts-localization
2026-09-19 19:04:37.144 appintentsmetadataprocessor[2243:12466] Starting appintentsmetadataprocessor export
2026-09-19 19:04:37.202 appintentsmetadataprocessor[2243:12466] Extracted no relevant App Intents symbols, skipping writing output
WriteAuxiliaryFile /Users/admin/builder/spi-builder-workspace/.derivedData/Build/Intermediates.noindex/swiftui-simplex-architecture.build/Debug/SimplexArchitectureMacrosPlugin-t.build/SimplexArchitectureMacrosPlugin.DependencyStaticMetadataFileList (in target 'SimplexArchitectureMacrosPlugin' from project 'swiftui-simplex-architecture')
    cd /Users/admin/builder/spi-builder-workspace
    write-file /Users/admin/builder/spi-builder-workspace/.derivedData/Build/Intermediates.noindex/swiftui-simplex-architecture.build/Debug/SimplexArchitectureMacrosPlugin-t.build/SimplexArchitectureMacrosPlugin.DependencyStaticMetadataFileList
WriteAuxiliaryFile /Users/admin/builder/spi-builder-workspace/.derivedData/Build/Intermediates.noindex/swiftui-simplex-architecture.build/Debug/SimplexArchitectureMacrosPlugin-t.build/SimplexArchitectureMacrosPlugin.DependencyMetadataFileList (in target 'SimplexArchitectureMacrosPlugin' from project 'swiftui-simplex-architecture')
    cd /Users/admin/builder/spi-builder-workspace
    write-file /Users/admin/builder/spi-builder-workspace/.derivedData/Build/Intermediates.noindex/swiftui-simplex-architecture.build/Debug/SimplexArchitectureMacrosPlugin-t.build/SimplexArchitectureMacrosPlugin.DependencyMetadataFileList
WriteAuxiliaryFile /Users/admin/builder/spi-builder-workspace/.derivedData/Build/Intermediates.noindex/swiftui-simplex-architecture.build/Debug/SimplexArchitectureMacrosPlugin-t.build/Objects-normal/arm64/SimplexArchitectureMacrosPlugin-OutputFileMap.json (in target 'SimplexArchitectureMacrosPlugin' from project 'swiftui-simplex-architecture')
    cd /Users/admin/builder/spi-builder-workspace
    write-file /Users/admin/builder/spi-builder-workspace/.derivedData/Build/Intermediates.noindex/swiftui-simplex-architecture.build/Debug/SimplexArchitectureMacrosPlugin-t.build/Objects-normal/arm64/SimplexArchitectureMacrosPlugin-OutputFileMap.json
WriteAuxiliaryFile /Users/admin/builder/spi-builder-workspace/.derivedData/Build/Intermediates.noindex/swiftui-simplex-architecture.build/Debug/SimplexArchitectureMacrosPlugin-t.build/Objects-normal/arm64/SimplexArchitectureMacrosPlugin_const_extract_protocols.json (in target 'SimplexArchitectureMacrosPlugin' from project 'swiftui-simplex-architecture')
    cd /Users/admin/builder/spi-builder-workspace
    write-file /Users/admin/builder/spi-builder-workspace/.derivedData/Build/Intermediates.noindex/swiftui-simplex-architecture.build/Debug/SimplexArchitectureMacrosPlugin-t.build/Objects-normal/arm64/SimplexArchitectureMacrosPlugin_const_extract_protocols.json
WriteAuxiliaryFile /Users/admin/builder/spi-builder-workspace/.derivedData/Build/Intermediates.noindex/swiftui-simplex-architecture.build/Debug/SimplexArchitectureMacrosPlugin-t.build/Objects-normal/arm64/SimplexArchitectureMacrosPlugin.SwiftFileList (in target 'SimplexArchitectureMacrosPlugin' from project 'swiftui-simplex-architecture')
    cd /Users/admin/builder/spi-builder-workspace
    write-file /Users/admin/builder/spi-builder-workspace/.derivedData/Build/Intermediates.noindex/swiftui-simplex-architecture.build/Debug/SimplexArchitectureMacrosPlugin-t.build/Objects-normal/arm64/SimplexArchitectureMacrosPlugin.SwiftFileList
WriteAuxiliaryFile /Users/admin/builder/spi-builder-workspace/.derivedData/Build/Intermediates.noindex/swiftui-simplex-architecture.build/Debug/SimplexArchitectureMacrosPlugin-t.build/Objects-normal/arm64/SimplexArchitectureMacrosPlugin.LinkFileList (in target 'SimplexArchitectureMacrosPlugin' from project 'swiftui-simplex-architecture')
    cd /Users/admin/builder/spi-builder-workspace
    write-file /Users/admin/builder/spi-builder-workspace/.derivedData/Build/Intermediates.noindex/swiftui-simplex-architecture.build/Debug/SimplexArchitectureMacrosPlugin-t.build/Objects-normal/arm64/SimplexArchitectureMacrosPlugin.LinkFileList
WriteAuxiliaryFile /Users/admin/builder/spi-builder-workspace/.derivedData/Build/Intermediates.noindex/swift-dependencies.build/Debug/DependenciesMacrosPlugin-t.build/Objects-normal/arm64/DependenciesMacrosPlugin_const_extract_protocols.json (in target 'DependenciesMacrosPlugin' from project 'swift-dependencies')
    cd /Users/admin/builder/spi-builder-workspace/.dependencies/checkouts/swift-dependencies
    write-file /Users/admin/builder/spi-builder-workspace/.derivedData/Build/Intermediates.noindex/swift-dependencies.build/Debug/DependenciesMacrosPlugin-t.build/Objects-normal/arm64/DependenciesMacrosPlugin_const_extract_protocols.json
WriteAuxiliaryFile /Users/admin/builder/spi-builder-workspace/.derivedData/Build/Intermediates.noindex/swift-dependencies.build/Debug/DependenciesMacrosPlugin-t.build/Objects-normal/arm64/DependenciesMacrosPlugin.SwiftFileList (in target 'DependenciesMacrosPlugin' from project 'swift-dependencies')
    cd /Users/admin/builder/spi-builder-workspace/.dependencies/checkouts/swift-dependencies
    write-file /Users/admin/builder/spi-builder-workspace/.derivedData/Build/Intermediates.noindex/swift-dependencies.build/Debug/DependenciesMacrosPlugin-t.build/Objects-normal/arm64/DependenciesMacrosPlugin.SwiftFileList
WriteAuxiliaryFile /Users/admin/builder/spi-builder-workspace/.derivedData/Build/Intermediates.noindex/swift-dependencies.build/Debug/DependenciesMacrosPlugin-t.build/Objects-normal/arm64/DependenciesMacrosPlugin.LinkFileList (in target 'DependenciesMacrosPlugin' from project 'swift-dependencies')
    cd /Users/admin/builder/spi-builder-workspace/.dependencies/checkouts/swift-dependencies
    write-file /Users/admin/builder/spi-builder-workspace/.derivedData/Build/Intermediates.noindex/swift-dependencies.build/Debug/DependenciesMacrosPlugin-t.build/Objects-normal/arm64/DependenciesMacrosPlugin.LinkFileList
WriteAuxiliaryFile /Users/admin/builder/spi-builder-workspace/.derivedData/Build/Intermediates.noindex/swift-dependencies.build/Debug/DependenciesMacrosPlugin-t.build/Objects-normal/arm64/DependenciesMacrosPlugin-OutputFileMap.json (in target 'DependenciesMacrosPlugin' from project 'swift-dependencies')
    cd /Users/admin/builder/spi-builder-workspace/.dependencies/checkouts/swift-dependencies
    write-file /Users/admin/builder/spi-builder-workspace/.derivedData/Build/Intermediates.noindex/swift-dependencies.build/Debug/DependenciesMacrosPlugin-t.build/Objects-normal/arm64/DependenciesMacrosPlugin-OutputFileMap.json
WriteAuxiliaryFile /Users/admin/builder/spi-builder-workspace/.derivedData/Build/Intermediates.noindex/swift-dependencies.build/Debug/DependenciesMacrosPlugin-t.build/DependenciesMacrosPlugin.DependencyStaticMetadataFileList (in target 'DependenciesMacrosPlugin' from project 'swift-dependencies')
    cd /Users/admin/builder/spi-builder-workspace/.dependencies/checkouts/swift-dependencies
    write-file /Users/admin/builder/spi-builder-workspace/.derivedData/Build/Intermediates.noindex/swift-dependencies.build/Debug/DependenciesMacrosPlugin-t.build/DependenciesMacrosPlugin.DependencyStaticMetadataFileList
WriteAuxiliaryFile /Users/admin/builder/spi-builder-workspace/.derivedData/Build/Intermediates.noindex/swift-dependencies.build/Debug/DependenciesMacrosPlugin-t.build/DependenciesMacrosPlugin.DependencyMetadataFileList (in target 'DependenciesMacrosPlugin' from project 'swift-dependencies')
    cd /Users/admin/builder/spi-builder-workspace/.dependencies/checkouts/swift-dependencies
    write-file /Users/admin/builder/spi-builder-workspace/.derivedData/Build/Intermediates.noindex/swift-dependencies.build/Debug/DependenciesMacrosPlugin-t.build/DependenciesMacrosPlugin.DependencyMetadataFileList
SwiftDriver SimplexArchitectureMacrosPlugin normal arm64 com.apple.xcode.tools.swift.compiler (in target 'SimplexArchitectureMacrosPlugin' from project 'swiftui-simplex-architecture')
    cd /Users/admin/builder/spi-builder-workspace/.swiftpm/xcode
    builtin-SwiftDriver -- /Applications/Xcode-27.0.0-Release.Candidate.app/Contents/Developer/Toolchains/XcodeDefault.xctoolchain/usr/bin/swiftc -parse-as-library -module-name SimplexArchitectureMacrosPlugin -Onone @/Users/admin/builder/spi-builder-workspace/.derivedData/Build/Intermediates.noindex/swiftui-simplex-architecture.build/Debug/SimplexArchitectureMacrosPlugin-t.build/Objects-normal/arm64/SimplexArchitectureMacrosPlugin.SwiftFileList -DSWIFT_PACKAGE -DDEBUG -DXcode -plugin-path /Applications/Xcode-27.0.0-Release.Candidate.app/Contents/Developer/Toolchains/XcodeDefault.xctoolchain/usr/lib/swift/host/plugins/testing -enable-experimental-feature DebugDescriptionMacro -sdk /Applications/Xcode-27.0.0-Release.Candidate.app/Contents/Developer/Platforms/MacOSX.platform/Developer/SDKs/MacOSX27.0.sdk -target arm64-apple-macos12.0 -g -module-cache-path /Users/admin/builder/spi-builder-workspace/.derivedData/ModuleCache.noindex -Xfrontend -serialize-debugging-options -profile-coverage-mapping -profile-generate -enable-testing -index-store-path /Users/admin/builder/spi-builder-workspace/.derivedData/Index.noindex/DataStore -Xcc -D_LIBCPP_HARDENING_MODE\=_LIBCPP_HARDENING_MODE_DEBUG -swift-version 5 -I /Users/admin/builder/spi-builder-workspace/.derivedData/Build/Products/Debug -Isystem /Applications/Xcode-27.0.0-Release.Candidate.app/Contents/Developer/Platforms/MacOSX.platform/Developer/usr/lib -F /Users/admin/builder/spi-builder-workspace/.derivedData/Build/Products/Debug/PackageFrameworks -F /Users/admin/builder/spi-builder-workspace/.derivedData/Build/Products/Debug -F /Applications/Xcode-27.0.0-Release.Candidate.app/Contents/Developer/Platforms/MacOSX.platform/Developer/Library/Frameworks -c -j10 -enable-batch-mode -incremental -Xcc -ivfsstatcache -Xcc /Users/admin/builder/spi-builder-workspace/.derivedData/SDKStatCaches.noindex/macosx27.0-26A425-e829b21a6f8c9b70876ba0858053c0446a22442a12e9d48fe1a705f55a1adfc4.sdkstatcache -output-file-map /Users/admin/builder/spi-builder-workspace/.derivedData/Build/Intermediates.noindex/swiftui-simplex-architecture.build/Debug/SimplexArchitectureMacrosPlugin-t.build/Objects-normal/arm64/SimplexArchitectureMacrosPlugin-OutputFileMap.json -save-temps -no-color-diagnostics -explicit-module-build -module-cache-path /Users/admin/builder/spi-builder-workspace/.derivedData/Build/Intermediates.noindex/SwiftExplicitPrecompiledModules -clang-scanner-module-cache-path /Users/admin/builder/spi-builder-workspace/.derivedData/ModuleCache.noindex -sdk-module-cache-path /Users/admin/builder/spi-builder-workspace/.derivedData/SDKExplicitPrecompiledModules -emit-dependencies -emit-module -emit-module-path /Users/admin/builder/spi-builder-workspace/.derivedData/Build/Intermediates.noindex/swiftui-simplex-architecture.build/Debug/SimplexArchitectureMacrosPlugin-t.build/Objects-normal/arm64/SimplexArchitectureMacrosPlugin.swiftmodule -serialize-diagnostics -dependency-scan-serialize-diagnostics-path /Users/admin/builder/spi-builder-workspace/.derivedData/Build/Intermediates.noindex/swiftui-simplex-architecture.build/Debug/SimplexArchitectureMacrosPlugin-t.build/Objects-normal/arm64/SimplexArchitectureMacrosPlugin-dependency-scan.dia -validate-clang-modules-once -clang-build-session-file /Users/admin/builder/spi-builder-workspace/.derivedData/ModuleCache.noindex/Session.modulevalidation -Xcc -fmodules-prune-interval\=86400 -Xcc -fmodules-prune-after\=345600 -package-name spi_builder_workspace -emit-const-values -const-gather-protocols-list /Users/admin/builder/spi-builder-workspace/.derivedData/Build/Intermediates.noindex/swiftui-simplex-architecture.build/Debug/SimplexArchitectureMacrosPlugin-t.build/Objects-normal/arm64/SimplexArchitectureMacrosPlugin_const_extract_protocols.json -Xcc -I/Users/admin/builder/spi-builder-workspace/.derivedData/Build/Products/Debug/include -Xcc -I/Users/admin/builder/spi-builder-workspace/.derivedData/Build/Intermediates.noindex/swiftui-simplex-architecture.build/Debug/SimplexArchitectureMacrosPlugin-t.build/DerivedSources-normal/arm64 -Xcc -I/Users/admin/builder/spi-builder-workspace/.derivedData/Build/Intermediates.noindex/swiftui-simplex-architecture.build/Debug/SimplexArchitectureMacrosPlugin-t.build/DerivedSources/arm64 -Xcc -I/Users/admin/builder/spi-builder-workspace/.derivedData/Build/Intermediates.noindex/swiftui-simplex-architecture.build/Debug/SimplexArchitectureMacrosPlugin-t.build/DerivedSources -Xcc -DSWIFT_PACKAGE -Xcc -DDEBUG\=1 -working-directory /Users/admin/builder/spi-builder-workspace/.swiftpm/xcode -experimental-emit-module-separately -disable-cmo
SwiftDriver DependenciesMacrosPlugin normal arm64 com.apple.xcode.tools.swift.compiler (in target 'DependenciesMacrosPlugin' from project 'swift-dependencies')
    cd /Users/admin/builder/spi-builder-workspace/.swiftpm/xcode
    builtin-SwiftDriver -- /Applications/Xcode-27.0.0-Release.Candidate.app/Contents/Developer/Toolchains/XcodeDefault.xctoolchain/usr/bin/swiftc -parse-as-library -module-name DependenciesMacrosPlugin -Onone @/Users/admin/builder/spi-builder-workspace/.derivedData/Build/Intermediates.noindex/swift-dependencies.build/Debug/DependenciesMacrosPlugin-t.build/Objects-normal/arm64/DependenciesMacrosPlugin.SwiftFileList -DSWIFT_PACKAGE -DDEBUG -DClocks -DCombineSchedulers -DFoundation -DFoundationNetworking -DXcode -enable-upcoming-feature ExistentialAny -enable-upcoming-feature ImmutableWeakCaptures -enable-upcoming-feature InferIsolatedConformances -enable-upcoming-feature InternalImportsByDefault -enable-upcoming-feature MemberImportVisibility -enable-upcoming-feature NonisolatedNonsendingByDefault -plugin-path /Applications/Xcode-27.0.0-Release.Candidate.app/Contents/Developer/Toolchains/XcodeDefault.xctoolchain/usr/lib/swift/host/plugins/testing -enable-experimental-feature DebugDescriptionMacro -sdk /Applications/Xcode-27.0.0-Release.Candidate.app/Contents/Developer/Platforms/MacOSX.platform/Developer/SDKs/MacOSX27.0.sdk -target arm64-apple-macos12.0 -g -module-cache-path /Users/admin/builder/spi-builder-workspace/.derivedData/ModuleCache.noindex -Xfrontend -serialize-debugging-options -profile-coverage-mapping -profile-generate -enable-testing -suppress-warnings -index-store-path /Users/admin/builder/spi-builder-workspace/.derivedData/Index.noindex/DataStore -Xcc -D_LIBCPP_HARDENING_MODE\=_LIBCPP_HARDENING_MODE_DEBUG -swift-version 6 -I /Users/admin/builder/spi-builder-workspace/.derivedData/Build/Products/Debug -Isystem /Applications/Xcode-27.0.0-Release.Candidate.app/Contents/Developer/Platforms/MacOSX.platform/Developer/usr/lib -F /Users/admin/builder/spi-builder-workspace/.derivedData/Build/Products/Debug/PackageFrameworks -F /Users/admin/builder/spi-builder-workspace/.derivedData/Build/Products/Debug -F /Applications/Xcode-27.0.0-Release.Candidate.app/Contents/Developer/Platforms/MacOSX.platform/Developer/Library/Frameworks -c -j10 -enable-batch-mode -incremental -Xcc -ivfsstatcache -Xcc /Users/admin/builder/spi-builder-workspace/.derivedData/SDKStatCaches.noindex/macosx27.0-26A425-e829b21a6f8c9b70876ba0858053c0446a22442a12e9d48fe1a705f55a1adfc4.sdkstatcache -output-file-map /Users/admin/builder/spi-builder-workspace/.derivedData/Build/Intermediates.noindex/swift-dependencies.build/Debug/DependenciesMacrosPlugin-t.build/Objects-normal/arm64/DependenciesMacrosPlugin-OutputFileMap.json -save-temps -no-color-diagnostics -explicit-module-build -module-cache-path /Users/admin/builder/spi-builder-workspace/.derivedData/Build/Intermediates.noindex/SwiftExplicitPrecompiledModules -clang-scanner-module-cache-path /Users/admin/builder/spi-builder-workspace/.derivedData/ModuleCache.noindex -sdk-module-cache-path /Users/admin/builder/spi-builder-workspace/.derivedData/SDKExplicitPrecompiledModules -emit-dependencies -emit-module -emit-module-path /Users/admin/builder/spi-builder-workspace/.derivedData/Build/Intermediates.noindex/swift-dependencies.build/Debug/DependenciesMacrosPlugin-t.build/Objects-normal/arm64/DependenciesMacrosPlugin.swiftmodule -serialize-diagnostics -dependency-scan-serialize-diagnostics-path /Users/admin/builder/spi-builder-workspace/.derivedData/Build/Intermediates.noindex/swift-dependencies.build/Debug/DependenciesMacrosPlugin-t.build/Objects-normal/arm64/DependenciesMacrosPlugin-dependency-scan.dia -user-module-version 1.17.1 -validate-clang-modules-once -clang-build-session-file /Users/admin/builder/spi-builder-workspace/.derivedData/ModuleCache.noindex/Session.modulevalidation -Xcc -fmodules-prune-interval\=86400 -Xcc -fmodules-prune-after\=345600 -package-name swift_dependencies -emit-const-values -const-gather-protocols-list /Users/admin/builder/spi-builder-workspace/.derivedData/Build/Intermediates.noindex/swift-dependencies.build/Debug/DependenciesMacrosPlugin-t.build/Objects-normal/arm64/DependenciesMacrosPlugin_const_extract_protocols.json -Xcc -I/Users/admin/builder/spi-builder-workspace/.derivedData/Build/Products/Debug/include -Xcc -I/Users/admin/builder/spi-builder-workspace/.derivedData/Build/Intermediates.noindex/swift-dependencies.build/Debug/DependenciesMacrosPlugin-t.build/DerivedSources-normal/arm64 -Xcc -I/Users/admin/builder/spi-builder-workspace/.derivedData/Build/Intermediates.noindex/swift-dependencies.build/Debug/DependenciesMacrosPlugin-t.build/DerivedSources/arm64 -Xcc -I/Users/admin/builder/spi-builder-workspace/.derivedData/Build/Intermediates.noindex/swift-dependencies.build/Debug/DependenciesMacrosPlugin-t.build/DerivedSources -Xcc -DSWIFT_PACKAGE -Xcc -DDEBUG\=1 -working-directory /Users/admin/builder/spi-builder-workspace/.swiftpm/xcode -experimental-emit-module-separately -disable-cmo
SwiftEmitModule normal arm64 Emitting\ module\ for\ CasePathsMacrosSupport (in target 'CasePathsMacrosSupport' from project 'swift-case-paths')
SwiftCompile normal arm64 (in target 'CasePathsMacrosSupport' from project 'swift-case-paths')
    cd /Users/admin/builder/spi-builder-workspace/.swiftpm/xcode

SwiftCompile normal arm64 Compiling\ CasePathableMacro.swift /Users/admin/builder/spi-builder-workspace/.dependencies/checkouts/swift-case-paths/Sources/CasePathsMacrosSupport/CasePathableMacro.swift (in target 'CasePathsMacrosSupport' from project 'swift-case-paths')
SwiftCompile normal arm64 /Users/admin/builder/spi-builder-workspace/.dependencies/checkouts/swift-case-paths/Sources/CasePathsMacrosSupport/CasePathableMacro.swift (in target 'CasePathsMacrosSupport' from project 'swift-case-paths')
    cd /Users/admin/builder/spi-builder-workspace/.swiftpm/xcode
    builtin-SwiftPerFileCompile CasePathableMacro.swift
SwiftDriverJobDiscovery normal arm64 Emitting module for CasePathsMacrosSupport (in target 'CasePathsMacrosSupport' from project 'swift-case-paths')
SwiftDriver\ Compilation\ Requirements CasePathsMacrosSupport normal arm64 com.apple.xcode.tools.swift.compiler (in target 'CasePathsMacrosSupport' from project 'swift-case-paths')
    cd /Users/admin/builder/spi-builder-workspace/.swiftpm/xcode
    builtin-Swift-Compilation-Requirements -- /Applications/Xcode-27.0.0-Release.Candidate.app/Contents/Developer/Toolchains/XcodeDefault.xctoolchain/usr/bin/swiftc -parse-as-library -module-name CasePathsMacrosSupport -Onone @/Users/admin/builder/spi-builder-workspace/.derivedData/Build/Intermediates.noindex/swift-case-paths.build/Debug/CasePathsMacrosSupport-t.build/Objects-normal/arm64/CasePathsMacrosSupport.SwiftFileList -DSWIFT_PACKAGE -DDEBUG -DSWIFT_MODULE_RESOURCE_BUNDLE_UNAVAILABLE -DXcode -plugin-path /Applications/Xcode-27.0.0-Release.Candidate.app/Contents/Developer/Toolchains/XcodeDefault.xctoolchain/usr/lib/swift/host/plugins/testing -enable-experimental-feature DebugDescriptionMacro -sdk /Applications/Xcode-27.0.0-Release.Candidate.app/Contents/Developer/Platforms/MacOSX.platform/Developer/SDKs/MacOSX27.0.sdk -target arm64-apple-macos12.0 -g -module-cache-path /Users/admin/builder/spi-builder-workspace/.derivedData/ModuleCache.noindex -Xfrontend -serialize-debugging-options -profile-coverage-mapping -profile-generate -enable-testing -suppress-warnings -index-store-path /Users/admin/builder/spi-builder-workspace/.derivedData/Index.noindex/DataStore -Xcc -D_LIBCPP_HARDENING_MODE\=_LIBCPP_HARDENING_MODE_DEBUG -swift-version 6 -I /Users/admin/builder/spi-builder-workspace/.derivedData/Build/Products/Debug -Isystem /Applications/Xcode-27.0.0-Release.Candidate.app/Contents/Developer/Platforms/MacOSX.platform/Developer/usr/lib -F /Users/admin/builder/spi-builder-workspace/.derivedData/Build/Products/Debug/PackageFrameworks -F /Users/admin/builder/spi-builder-workspace/.derivedData/Build/Products/Debug -F /Applications/Xcode-27.0.0-Release.Candidate.app/Contents/Developer/Platforms/MacOSX.platform/Developer/Library/Frameworks -c -j10 -enable-batch-mode -incremental -Xcc -ivfsstatcache -Xcc /Users/admin/builder/spi-builder-workspace/.derivedData/SDKStatCaches.noindex/macosx27.0-26A425-e829b21a6f8c9b70876ba0858053c0446a22442a12e9d48fe1a705f55a1adfc4.sdkstatcache -output-file-map /Users/admin/builder/spi-builder-workspace/.derivedData/Build/Intermediates.noindex/swift-case-paths.build/Debug/CasePathsMacrosSupport-t.build/Objects-normal/arm64/CasePathsMacrosSupport-OutputFileMap.json -save-temps -no-color-diagnostics -explicit-module-build -module-cache-path /Users/admin/builder/spi-builder-workspace/.derivedData/Build/Intermediates.noindex/SwiftExplicitPrecompiledModules -clang-scanner-module-cache-path /Users/admin/builder/spi-builder-workspace/.derivedData/ModuleCache.noindex -sdk-module-cache-path /Users/admin/builder/spi-builder-workspace/.derivedData/SDKExplicitPrecompiledModules -emit-dependencies -emit-module -emit-module-path /Users/admin/builder/spi-builder-workspace/.derivedData/Build/Intermediates.noindex/swift-case-paths.build/Debug/CasePathsMacrosSupport-t.build/Objects-normal/arm64/CasePathsMacrosSupport.swiftmodule -serialize-diagnostics -dependency-scan-serialize-diagnostics-path /Users/admin/builder/spi-builder-workspace/.derivedData/Build/Intermediates.noindex/swift-case-paths.build/Debug/CasePathsMacrosSupport-t.build/Objects-normal/arm64/CasePathsMacrosSupport-dependency-scan.dia -user-module-version 1.10.0 -validate-clang-modules-once -clang-build-session-file /Users/admin/builder/spi-builder-workspace/.derivedData/ModuleCache.noindex/Session.modulevalidation -Xcc -fmodules-prune-interval\=86400 -Xcc -fmodules-prune-after\=345600 -package-name swift_case_paths -emit-const-values -const-gather-protocols-list /Users/admin/builder/spi-builder-workspace/.derivedData/Build/Intermediates.noindex/swift-case-paths.build/Debug/CasePathsMacrosSupport-t.build/Objects-normal/arm64/CasePathsMacrosSupport_const_extract_protocols.json -Xcc -I/Users/admin/builder/spi-builder-workspace/.derivedData/Build/Products/Debug/include -Xcc -I/Users/admin/builder/spi-builder-workspace/.derivedData/Build/Intermediates.noindex/swift-case-paths.build/Debug/CasePathsMacrosSupport-t.build/DerivedSources-normal/arm64 -Xcc -I/Users/admin/builder/spi-builder-workspace/.derivedData/Build/Intermediates.noindex/swift-case-paths.build/Debug/CasePathsMacrosSupport-t.build/DerivedSources/arm64 -Xcc -I/Users/admin/builder/spi-builder-workspace/.derivedData/Build/Intermediates.noindex/swift-case-paths.build/Debug/CasePathsMacrosSupport-t.build/DerivedSources -Xcc -DSWIFT_PACKAGE -Xcc -DDEBUG\=1 -emit-objc-header -emit-objc-header-path /Users/admin/builder/spi-builder-workspace/.derivedData/Build/Intermediates.noindex/swift-case-paths.build/Debug/CasePathsMacrosSupport-t.build/Objects-normal/arm64/CasePathsMacrosSupport-Swift.h -working-directory /Users/admin/builder/spi-builder-workspace/.swiftpm/xcode -experimental-emit-module-separately -disable-cmo
SwiftMergeGeneratedHeaders /Users/admin/builder/spi-builder-workspace/.derivedData/Build/Intermediates.noindex/GeneratedModuleMaps/CasePathsMacrosSupport-Swift.h /Users/admin/builder/spi-builder-workspace/.derivedData/Build/Intermediates.noindex/swift-case-paths.build/Debug/CasePathsMacrosSupport-t.build/Objects-normal/arm64/CasePathsMacrosSupport-Swift.h (in target 'CasePathsMacrosSupport' from project 'swift-case-paths')
    cd /Users/admin/builder/spi-builder-workspace/.dependencies/checkouts/swift-case-paths
    builtin-swiftHeaderTool -arch arm64 /Users/admin/builder/spi-builder-workspace/.derivedData/Build/Intermediates.noindex/swift-case-paths.build/Debug/CasePathsMacrosSupport-t.build/Objects-normal/arm64/CasePathsMacrosSupport-Swift.h -o /Users/admin/builder/spi-builder-workspace/.derivedData/Build/Intermediates.noindex/GeneratedModuleMaps/CasePathsMacrosSupport-Swift.h
Copy /Users/admin/builder/spi-builder-workspace/.derivedData/Build/Products/Debug/CasePathsMacrosSupport.swiftmodule/arm64-apple-macos.swiftdoc /Users/admin/builder/spi-builder-workspace/.derivedData/Build/Intermediates.noindex/swift-case-paths.build/Debug/CasePathsMacrosSupport-t.build/Objects-normal/arm64/CasePathsMacrosSupport.swiftdoc (in target 'CasePathsMacrosSupport' from project 'swift-case-paths')
    cd /Users/admin/builder/spi-builder-workspace/.dependencies/checkouts/swift-case-paths
    builtin-copy -exclude .DS_Store -exclude CVS -exclude .svn -exclude .git -exclude .hg -resolve-src-symlinks -rename /Users/admin/builder/spi-builder-workspace/.derivedData/Build/Intermediates.noindex/swift-case-paths.build/Debug/CasePathsMacrosSupport-t.build/Objects-normal/arm64/CasePathsMacrosSupport.swiftdoc /Users/admin/builder/spi-builder-workspace/.derivedData/Build/Products/Debug/CasePathsMacrosSupport.swiftmodule/arm64-apple-macos.swiftdoc
Copy /Users/admin/builder/spi-builder-workspace/.derivedData/Build/Products/Debug/CasePathsMacrosSupport.swiftmodule/arm64-apple-macos.swiftmodule /Users/admin/builder/spi-builder-workspace/.derivedData/Build/Intermediates.noindex/swift-case-paths.build/Debug/CasePathsMacrosSupport-t.build/Objects-normal/arm64/CasePathsMacrosSupport.swiftmodule (in target 'CasePathsMacrosSupport' from project 'swift-case-paths')
    cd /Users/admin/builder/spi-builder-workspace/.dependencies/checkouts/swift-case-paths
    builtin-copy -exclude .DS_Store -exclude CVS -exclude .svn -exclude .git -exclude .hg -resolve-src-symlinks -rename /Users/admin/builder/spi-builder-workspace/.derivedData/Build/Intermediates.noindex/swift-case-paths.build/Debug/CasePathsMacrosSupport-t.build/Objects-normal/arm64/CasePathsMacrosSupport.swiftmodule /Users/admin/builder/spi-builder-workspace/.derivedData/Build/Products/Debug/CasePathsMacrosSupport.swiftmodule/arm64-apple-macos.swiftmodule
Copy /Users/admin/builder/spi-builder-workspace/.derivedData/Build/Products/Debug/CasePathsMacrosSupport.swiftmodule/arm64-apple-macos.abi.json /Users/admin/builder/spi-builder-workspace/.derivedData/Build/Intermediates.noindex/swift-case-paths.build/Debug/CasePathsMacrosSupport-t.build/Objects-normal/arm64/CasePathsMacrosSupport.abi.json (in target 'CasePathsMacrosSupport' from project 'swift-case-paths')
    cd /Users/admin/builder/spi-builder-workspace/.dependencies/checkouts/swift-case-paths
    builtin-copy -exclude .DS_Store -exclude CVS -exclude .svn -exclude .git -exclude .hg -resolve-src-symlinks -rename /Users/admin/builder/spi-builder-workspace/.derivedData/Build/Intermediates.noindex/swift-case-paths.build/Debug/CasePathsMacrosSupport-t.build/Objects-normal/arm64/CasePathsMacrosSupport.abi.json /Users/admin/builder/spi-builder-workspace/.derivedData/Build/Products/Debug/CasePathsMacrosSupport.swiftmodule/arm64-apple-macos.abi.json
Copy /Users/admin/builder/spi-builder-workspace/.derivedData/Build/Products/Debug/CasePathsMacrosSupport.swiftmodule/Project/arm64-apple-macos.swiftsourceinfo /Users/admin/builder/spi-builder-workspace/.derivedData/Build/Intermediates.noindex/swift-case-paths.build/Debug/CasePathsMacrosSupport-t.build/Objects-normal/arm64/CasePathsMacrosSupport.swiftsourceinfo (in target 'CasePathsMacrosSupport' from project 'swift-case-paths')
    cd /Users/admin/builder/spi-builder-workspace/.dependencies/checkouts/swift-case-paths
    builtin-copy -exclude .DS_Store -exclude CVS -exclude .svn -exclude .git -exclude .hg -resolve-src-symlinks -rename /Users/admin/builder/spi-builder-workspace/.derivedData/Build/Intermediates.noindex/swift-case-paths.build/Debug/CasePathsMacrosSupport-t.build/Objects-normal/arm64/CasePathsMacrosSupport.swiftsourceinfo /Users/admin/builder/spi-builder-workspace/.derivedData/Build/Products/Debug/CasePathsMacrosSupport.swiftmodule/Project/arm64-apple-macos.swiftsourceinfo
SwiftCompile normal arm64 Compiling\ DependencyEndpointMacro.swift /Users/admin/builder/spi-builder-workspace/.dependencies/checkouts/swift-dependencies/Sources/DependenciesMacrosPlugin/DependencyEndpointMacro.swift (in target 'DependenciesMacrosPlugin' from project 'swift-dependencies')
SwiftCompile normal arm64 /Users/admin/builder/spi-builder-workspace/.dependencies/checkouts/swift-dependencies/Sources/DependenciesMacrosPlugin/DependencyEndpointMacro.swift (in target 'DependenciesMacrosPlugin' from project 'swift-dependencies')
    cd /Users/admin/builder/spi-builder-workspace/.swiftpm/xcode
    builtin-SwiftPerFileCompile DependencyEndpointMacro.swift
SwiftCompile normal arm64 Compiling\ Support.swift /Users/admin/builder/spi-builder-workspace/.dependencies/checkouts/swift-dependencies/Sources/DependenciesMacrosPlugin/Support.swift (in target 'DependenciesMacrosPlugin' from project 'swift-dependencies')
SwiftCompile normal arm64 /Users/admin/builder/spi-builder-workspace/.dependencies/checkouts/swift-dependencies/Sources/DependenciesMacrosPlugin/Support.swift (in target 'DependenciesMacrosPlugin' from project 'swift-dependencies')
    cd /Users/admin/builder/spi-builder-workspace/.swiftpm/xcode
    builtin-SwiftPerFileCompile Support.swift
SwiftEmitModule normal arm64 Emitting\ module\ for\ DependenciesMacrosPlugin (in target 'DependenciesMacrosPlugin' from project 'swift-dependencies')
SwiftCompile normal arm64 (in target 'DependenciesMacrosPlugin' from project 'swift-dependencies')
    cd /Users/admin/builder/spi-builder-workspace/.swiftpm/xcode

SwiftCompile normal arm64 Compiling\ DependencyClientMacro.swift /Users/admin/builder/spi-builder-workspace/.dependencies/checkouts/swift-dependencies/Sources/DependenciesMacrosPlugin/DependencyClientMacro.swift (in target 'DependenciesMacrosPlugin' from project 'swift-dependencies')
SwiftCompile normal arm64 /Users/admin/builder/spi-builder-workspace/.dependencies/checkouts/swift-dependencies/Sources/DependenciesMacrosPlugin/DependencyClientMacro.swift (in target 'DependenciesMacrosPlugin' from project 'swift-dependencies')
    cd /Users/admin/builder/spi-builder-workspace/.swiftpm/xcode
    builtin-SwiftPerFileCompile DependencyClientMacro.swift
SwiftCompile normal arm64 Compiling\ DependencyEntryMacro.swift /Users/admin/builder/spi-builder-workspace/.dependencies/checkouts/swift-dependencies/Sources/DependenciesMacrosPlugin/DependencyEntryMacro.swift (in target 'DependenciesMacrosPlugin' from project 'swift-dependencies')
/Users/admin/builder/spi-builder-workspace/.dependencies/checkouts/swift-dependencies/Sources/DependenciesMacrosPlugin/DependencyEntryMacro.swift:55:20: error: cannot find 'MacroExpansionErrorMessage' in scope
 53 |         Diagnostic(
 54 |           node: node,
 55 |           message: MacroExpansionErrorMessage(
    |                    `- error: cannot find 'MacroExpansionErrorMessage' in scope
 56 |             """
 57 |             '@DependencyEntry' macro can only attach to 'var' declarations inside extensions of \
/Users/admin/builder/spi-builder-workspace/.dependencies/checkouts/swift-dependencies/Sources/DependenciesMacrosPlugin/DependencyEntryMacro.swift:95:20: error: cannot find 'MacroExpansionErrorMessage' in scope
 93 |         Diagnostic(
 94 |           node: declaration,
 95 |           message: MacroExpansionErrorMessage(
    |                    `- error: cannot find 'MacroExpansionErrorMessage' in scope
 96 |             """
 97 |             '@DependencyEntry' requires an initializer to define the property's test value, or a \
/Users/admin/builder/spi-builder-workspace/.dependencies/checkouts/swift-dependencies/Sources/DependenciesMacrosPlugin/DependencyEntryMacro.swift:169:18: error: cannot find 'TypeSyntaxEnum' in scope
167 |
168 | private func keyTypeName(from type: TypeSyntax) -> String? {
169 |   switch type.as(TypeSyntaxEnum.self) {
    |                  `- error: cannot find 'TypeSyntaxEnum' in scope
170 |   case .identifierType(let type):
171 |     return type.name.text.dependencyEntryTrimmedBackticks
/Users/admin/builder/spi-builder-workspace/.dependencies/checkouts/swift-dependencies/Sources/DependenciesMacrosPlugin/DependencyEntryMacro.swift:248:33: error: value of type 'some MacroExpansionContext' has no member 'lexicalContext'
246 | ) -> Bool {
247 |   guard
248 |     let extensionDecl = context.lexicalContext.first?.as(ExtensionDeclSyntax.self)
    |                                 `- error: value of type 'some MacroExpansionContext' has no member 'lexicalContext'
249 |   else {
250 |     return false
/Users/admin/builder/spi-builder-workspace/.dependencies/checkouts/swift-dependencies/Sources/DependenciesMacrosPlugin/DependencyEntryMacro.swift:287:11: error: value of type 'some MacroExpansionContext' has no member 'lexicalContext'
285 |
286 | private func extendedType(in context: some MacroExpansionContext) -> TypeSyntax? {
287 |   context.lexicalContext.first?.as(ExtensionDeclSyntax.self)?.extendedType.trimmed
    |           `- error: value of type 'some MacroExpansionContext' has no member 'lexicalContext'
288 | }
289 |
/Users/admin/builder/spi-builder-workspace/.dependencies/checkouts/swift-dependencies/Sources/DependenciesMacrosPlugin/DependencyEntryMacro.swift:382:18: error: cannot find 'MacroExpansionErrorMessage' in scope
380 |       Diagnostic(
381 |         node: node,
382 |         message: MacroExpansionErrorMessage(
    |                  `- error: cannot find 'MacroExpansionErrorMessage' in scope
383 |           "entry must be 'nonisolated var' when default isolation is '@MainActor'"
384 |         )
/Users/admin/builder/spi-builder-workspace/.dependencies/checkouts/swift-dependencies/Sources/DependenciesMacrosPlugin/DependencyEntryMacro.swift:401:18: error: cannot find 'MacroExpansionErrorMessage' in scope
399 |       Diagnostic(
400 |         node: node,
401 |         message: MacroExpansionErrorMessage(
    |                  `- error: cannot find 'MacroExpansionErrorMessage' in scope
402 |           "client must be 'nonisolated struct' when default isolation is '@MainActor'"
403 |         )
/Users/admin/builder/spi-builder-workspace/.dependencies/checkouts/swift-dependencies/Sources/DependenciesMacrosPlugin/DependencyEntryMacro.swift:420:18: error: cannot find 'MacroExpansionErrorMessage' in scope
418 |       Diagnostic(
419 |         node: node,
420 |         message: MacroExpansionErrorMessage(
    |                  `- error: cannot find 'MacroExpansionErrorMessage' in scope
421 |           "entry value must be 'Sendable'"
422 |         )
Failed frontend command:
/Applications/Xcode-27.0.0-Release.Candidate.app/Contents/Developer/Toolchains/XcodeDefault.xctoolchain/usr/bin/swift-frontend -frontend -c /Users/admin/builder/spi-builder-workspace/.dependencies/checkouts/swift-dependencies/Sources/DependenciesMacrosPlugin/DependencyClientMacro.swift /Users/admin/builder/spi-builder-workspace/.dependencies/checkouts/swift-dependencies/Sources/DependenciesMacrosPlugin/DependencyEndpointMacro.swift -primary-file /Users/admin/builder/spi-builder-workspace/.dependencies/checkouts/swift-dependencies/Sources/DependenciesMacrosPlugin/DependencyEntryMacro.swift /Users/admin/builder/spi-builder-workspace/.dependencies/checkouts/swift-dependencies/Sources/DependenciesMacrosPlugin/Plugins.swift /Users/admin/builder/spi-builder-workspace/.dependencies/checkouts/swift-dependencies/Sources/DependenciesMacrosPlugin/Support.swift -emit-dependencies-path /Users/admin/builder/spi-builder-workspace/.derivedData/Build/Intermediates.noindex/swift-dependencies.build/Debug/DependenciesMacrosPlugin-t.build/Objects-normal/arm64/DependencyEntryMacro.d -emit-const-values-path /Users/admin/builder/spi-builder-workspace/.derivedData/Build/Intermediates.noindex/swift-dependencies.build/Debug/DependenciesMacrosPlugin-t.build/Objects-normal/arm64/DependencyEntryMacro.swiftconstvalues -emit-reference-dependencies-path /Users/admin/builder/spi-builder-workspace/.derivedData/Build/Intermediates.noindex/swift-dependencies.build/Debug/DependenciesMacrosPlugin-t.build/Objects-normal/arm64/DependencyEntryMacro.swiftdeps -serialize-diagnostics-path /Users/admin/builder/spi-builder-workspace/.derivedData/Build/Intermediates.noindex/swift-dependencies.build/Debug/DependenciesMacrosPlugin-t.build/Objects-normal/arm64/DependencyEntryMacro.dia -target arm64-apple-macos12.0 -disable-cross-import-overlay-search -load-resolved-plugin /Applications/Xcode-27.0.0-Release.Candidate.app/Contents/Developer/Platforms/MacOSX.platform/Developer/usr/lib/swift/host/plugins/libFoundationMacros.dylib\#/Applications/Xcode-27.0.0-Release.Candidate.app/Contents/Developer/Platforms/MacOSX.platform/Developer/usr/bin/swift-plugin-server\#FoundationMacros -load-resolved-plugin /Applications/Xcode-27.0.0-Release.Candidate.app/Contents/Developer/Platforms/MacOSX.platform/Developer/usr/lib/swift/host/plugins/libObservationMacros.dylib\#/Applications/Xcode-27.0.0-Release.Candidate.app/Contents/Developer/Platforms/MacOSX.platform/Developer/usr/bin/swift-plugin-server\#ObservationMacros -load-resolved-plugin /Applications/Xcode-27.0.0-Release.Candidate.app/Contents/Developer/Platforms/MacOSX.platform/Developer/usr/lib/swift/host/plugins/libSwiftMacros.dylib\#/Applications/Xcode-27.0.0-Release.Candidate.app/Contents/Developer/Platforms/MacOSX.platform/Developer/usr/bin/swift-plugin-server\#SwiftMacros -disable-implicit-swift-modules -Xcc -fno-implicit-modules -Xcc -fno-implicit-module-maps -explicit-swift-module-map-file /Users/admin/builder/spi-builder-workspace/.derivedData/Build/Intermediates.noindex/swift-dependencies.build/Debug/DependenciesMacrosPlugin-t.build/Objects-normal/arm64/DependenciesMacrosPlugin-dependencies-1.json -Xllvm -aarch64-use-tbi -enable-objc-interop -stack-check -sdk /Applications/Xcode-27.0.0-Release.Candidate.app/Contents/Developer/Platforms/MacOSX.platform/Developer/SDKs/MacOSX27.0.sdk -I /Users/admin/builder/spi-builder-workspace/.derivedData/Build/Products/Debug -Isystem /Applications/Xcode-27.0.0-Release.Candidate.app/Contents/Developer/Platforms/MacOSX.platform/Developer/usr/lib -F /Users/admin/builder/spi-builder-workspace/.derivedData/Build/Products/Debug/PackageFrameworks -F /Users/admin/builder/spi-builder-workspace/.derivedData/Build/Products/Debug -F /Applications/Xcode-27.0.0-Release.Candidate.app/Contents/Developer/Platforms/MacOSX.platform/Developer/Library/Frameworks -module-cache-path /Users/admin/builder/spi-builder-workspace/.derivedData/Build/Intermediates.noindex/SwiftExplicitPrecompiledModules -no-color-diagnostics -Xcc -fno-color-diagnostics -enable-testing -g -debug-info-format\=dwarf -dwarf-version\=4 -suppress-warnings -profile-generate -profile-coverage-mapping -swift-version 6 -Onone -D SWIFT_PACKAGE -D DEBUG -D Clocks -D CombineSchedulers -D Foundation -D FoundationNetworking -D Xcode -serialize-debugging-options -enable-upcoming-feature ExistentialAny -enable-upcoming-feature ImmutableWeakCaptures -enable-upcoming-feature InferIsolatedConformances -enable-upcoming-feature InternalImportsByDefault -enable-upcoming-feature MemberImportVisibility -enable-upcoming-feature NonisolatedNonsendingByDefault -enable-experimental-feature DebugDescriptionMacro -empty-abi-descriptor -user-module-version 1.17.1 -validate-clang-modules-once -clang-build-session-file /Users/admin/builder/spi-builder-workspace/.derivedData/ModuleCache.noindex/Session.modulevalidation -Xcc -working-directory -Xcc /Users/admin/builder/spi-builder-workspace/.swiftpm/xcode -enable-anonymous-context-mangled-names -file-compilation-dir /Users/admin/builder/spi-builder-workspace/.swiftpm/xcode -Xcc -D_LIBCPP_HARDENING_MODE\=_LIBCPP_HARDENING_MODE_DEBUG -Xcc -ivfsstatcache -Xcc /Users/admin/builder/spi-builder-workspace/.derivedData/SDKStatCaches.noindex/macosx27.0-26A425-e829b21a6f8c9b70876ba0858053c0446a22442a12e9d48fe1a705f55a1adfc4.sdkstatcache -Xcc -fmodules-prune-interval\=86400 -Xcc -fmodules-prune-after\=345600 -Xcc -I/Users/admin/builder/spi-builder-workspace/.derivedData/Build/Products/Debug/include -Xcc -I/Users/admin/builder/spi-builder-workspace/.derivedData/Build/Intermediates.noindex/swift-dependencies.build/Debug/DependenciesMacrosPlugin-t.build/DerivedSources-normal/arm64 -Xcc -I/Users/admin/builder/spi-builder-workspace/.derivedData/Build/Intermediates.noindex/swift-dependencies.build/Debug/DependenciesMacrosPlugin-t.build/DerivedSources/arm64 -Xcc -I/Users/admin/builder/spi-builder-workspace/.derivedData/Build/Intermediates.noindex/swift-dependencies.build/Debug/DependenciesMacrosPlugin-t.build/DerivedSources -Xcc -DSWIFT_PACKAGE -Xcc -DDEBUG\=1 -no-auto-bridging-header-chaining -module-name DependenciesMacrosPlugin -package-name swift_dependencies -const-gather-protocols-file /Users/admin/builder/spi-builder-workspace/.derivedData/Build/Intermediates.noindex/swift-dependencies.build/Debug/DependenciesMacrosPlugin-t.build/Objects-normal/arm64/DependenciesMacrosPlugin_const_extract_protocols.json -disable-clang-spi -clang-target arm64-apple-macos27.0 -target-sdk-version 27.0 -target-sdk-name macosx27.0 -in-process-plugin-server-path /Applications/Xcode-27.0.0-Release.Candidate.app/Contents/Developer/Toolchains/XcodeDefault.xctoolchain/usr/lib/swift/host/libSwiftInProcPluginServer.dylib -parse-as-library -o /Users/admin/builder/spi-builder-workspace/.derivedData/Build/Intermediates.noindex/swift-dependencies.build/Debug/DependenciesMacrosPlugin-t.build/Objects-normal/arm64/DependencyEntryMacro.o -debug-module-path /Users/admin/builder/spi-builder-workspace/.derivedData/Build/Intermediates.noindex/swift-dependencies.build/Debug/DependenciesMacrosPlugin-t.build/Objects-normal/arm64/DependenciesMacrosPlugin.swiftmodule -index-unit-output-path /swift-dependencies.build/Debug/DependenciesMacrosPlugin-t.build/Objects-normal/arm64/DependencyEntryMacro.o -index-store-path /Users/admin/builder/spi-builder-workspace/.derivedData/Index.noindex/DataStore -index-system-modules
SwiftCompile normal arm64 /Users/admin/builder/spi-builder-workspace/.dependencies/checkouts/swift-dependencies/Sources/DependenciesMacrosPlugin/DependencyEntryMacro.swift (in target 'DependenciesMacrosPlugin' from project 'swift-dependencies')
    cd /Users/admin/builder/spi-builder-workspace/.swiftpm/xcode
    builtin-SwiftPerFileCompile DependencyEntryMacro.swift
SwiftCompile normal arm64 Compiling\ Plugins.swift /Users/admin/builder/spi-builder-workspace/.dependencies/checkouts/swift-dependencies/Sources/DependenciesMacrosPlugin/Plugins.swift (in target 'DependenciesMacrosPlugin' from project 'swift-dependencies')
SwiftCompile normal arm64 /Users/admin/builder/spi-builder-workspace/.dependencies/checkouts/swift-dependencies/Sources/DependenciesMacrosPlugin/Plugins.swift (in target 'DependenciesMacrosPlugin' from project 'swift-dependencies')
    cd /Users/admin/builder/spi-builder-workspace/.swiftpm/xcode
    builtin-SwiftPerFileCompile Plugins.swift
SwiftEmitModule normal arm64 Emitting\ module\ for\ SimplexArchitectureMacrosPlugin (in target 'SimplexArchitectureMacrosPlugin' from project 'swiftui-simplex-architecture')
SwiftCompile normal arm64 (in target 'SimplexArchitectureMacrosPlugin' from project 'swiftui-simplex-architecture')
    cd /Users/admin/builder/spi-builder-workspace/.swiftpm/xcode

SwiftCompile normal arm64 Compiling\ ViewStateMacro+memberMacro.swift /Users/admin/builder/spi-builder-workspace/Sources/SimplexArchitectureMacrosPlugin/ViewState/ViewStateMacro+memberMacro.swift (in target 'SimplexArchitectureMacrosPlugin' from project 'swiftui-simplex-architecture')
SwiftCompile normal arm64 /Users/admin/builder/spi-builder-workspace/Sources/SimplexArchitectureMacrosPlugin/ViewState/ViewStateMacro+memberMacro.swift (in target 'SimplexArchitectureMacrosPlugin' from project 'swiftui-simplex-architecture')
    cd /Users/admin/builder/spi-builder-workspace/.swiftpm/xcode
    builtin-SwiftPerFileCompile ViewStateMacro+memberMacro.swift
SwiftCompile normal arm64 Compiling\ DeclGroupSyntax.swift,\ DeclModifierListSyntax+accessModifier.swift /Users/admin/builder/spi-builder-workspace/Sources/SimplexArchitectureMacrosPlugin/Extensions/DeclGroupSyntax.swift /Users/admin/builder/spi-builder-workspace/Sources/SimplexArchitectureMacrosPlugin/Extensions/DeclModifierListSyntax+accessModifier.swift (in target 'SimplexArchitectureMacrosPlugin' from project 'swiftui-simplex-architecture')
SwiftCompile normal arm64 /Users/admin/builder/spi-builder-workspace/Sources/SimplexArchitectureMacrosPlugin/Extensions/DeclGroupSyntax.swift (in target 'SimplexArchitectureMacrosPlugin' from project 'swiftui-simplex-architecture')
    cd /Users/admin/builder/spi-builder-workspace/.swiftpm/xcode
    builtin-SwiftPerFileCompile DeclGroupSyntax.swift
SwiftCompile normal arm64 /Users/admin/builder/spi-builder-workspace/Sources/SimplexArchitectureMacrosPlugin/Extensions/DeclModifierListSyntax+accessModifier.swift (in target 'SimplexArchitectureMacrosPlugin' from project 'swiftui-simplex-architecture')
    cd /Users/admin/builder/spi-builder-workspace/.swiftpm/xcode
    builtin-SwiftPerFileCompile DeclModifierListSyntax+accessModifier.swift
SwiftCompile normal arm64 Compiling\ ReducerMacroDiagnostic.swift /Users/admin/builder/spi-builder-workspace/Sources/SimplexArchitectureMacrosPlugin/Reducer/ReducerMacroDiagnostic.swift (in target 'SimplexArchitectureMacrosPlugin' from project 'swiftui-simplex-architecture')
SwiftCompile normal arm64 /Users/admin/builder/spi-builder-workspace/Sources/SimplexArchitectureMacrosPlugin/Reducer/ReducerMacroDiagnostic.swift (in target 'SimplexArchitectureMacrosPlugin' from project 'swiftui-simplex-architecture')
    cd /Users/admin/builder/spi-builder-workspace/.swiftpm/xcode
    builtin-SwiftPerFileCompile ReducerMacroDiagnostic.swift
SwiftDriverJobDiscovery normal arm64 Compiling Plugins.swift (in target 'DependenciesMacrosPlugin' from project 'swift-dependencies')
SwiftCompile normal arm64 Compiling\ VariableDeclSyntax+variableName.swift,\ ReducerMacro+extensionMacro.swift /Users/admin/builder/spi-builder-workspace/Sources/SimplexArchitectureMacrosPlugin/Extensions/VariableDeclSyntax+variableName.swift /Users/admin/builder/spi-builder-workspace/Sources/SimplexArchitectureMacrosPlugin/Reducer/ReducerMacro+extensionMacro.swift (in target 'SimplexArchitectureMacrosPlugin' from project 'swiftui-simplex-architecture')
SwiftCompile normal arm64 /Users/admin/builder/spi-builder-workspace/Sources/SimplexArchitectureMacrosPlugin/Extensions/VariableDeclSyntax+variableName.swift (in target 'SimplexArchitectureMacrosPlugin' from project 'swiftui-simplex-architecture')
    cd /Users/admin/builder/spi-builder-workspace/.swiftpm/xcode
    builtin-SwiftPerFileCompile VariableDeclSyntax+variableName.swift
SwiftCompile normal arm64 /Users/admin/builder/spi-builder-workspace/Sources/SimplexArchitectureMacrosPlugin/Reducer/ReducerMacro+extensionMacro.swift (in target 'SimplexArchitectureMacrosPlugin' from project 'swiftui-simplex-architecture')
    cd /Users/admin/builder/spi-builder-workspace/.swiftpm/xcode
    builtin-SwiftPerFileCompile ReducerMacro+extensionMacro.swift
SwiftCompile normal arm64 Compiling\ HasName.swift,\ String+modifiying.swift /Users/admin/builder/spi-builder-workspace/Sources/SimplexArchitectureMacrosPlugin/Extensions/HasName.swift /Users/admin/builder/spi-builder-workspace/Sources/SimplexArchitectureMacrosPlugin/Extensions/String+modifiying.swift (in target 'SimplexArchitectureMacrosPlugin' from project 'swiftui-simplex-architecture')
SwiftCompile normal arm64 /Users/admin/builder/spi-builder-workspace/Sources/SimplexArchitectureMacrosPlugin/Extensions/HasName.swift (in target 'SimplexArchitectureMacrosPlugin' from project 'swiftui-simplex-architecture')
    cd /Users/admin/builder/spi-builder-workspace/.swiftpm/xcode
    builtin-SwiftPerFileCompile HasName.swift
SwiftCompile normal arm64 /Users/admin/builder/spi-builder-workspace/Sources/SimplexArchitectureMacrosPlugin/Extensions/String+modifiying.swift (in target 'SimplexArchitectureMacrosPlugin' from project 'swiftui-simplex-architecture')
    cd /Users/admin/builder/spi-builder-workspace/.swiftpm/xcode
    builtin-SwiftPerFileCompile String+modifiying.swift
SwiftDriverJobDiscovery normal arm64 Emitting module for SimplexArchitectureMacrosPlugin (in target 'SimplexArchitectureMacrosPlugin' from project 'swiftui-simplex-architecture')
SwiftDriverJobDiscovery normal arm64 Emitting module for DependenciesMacrosPlugin (in target 'DependenciesMacrosPlugin' from project 'swift-dependencies')
SwiftDriver\ Compilation\ Requirements SimplexArchitectureMacrosPlugin normal arm64 com.apple.xcode.tools.swift.compiler (in target 'SimplexArchitectureMacrosPlugin' from project 'swiftui-simplex-architecture')
    cd /Users/admin/builder/spi-builder-workspace/.swiftpm/xcode
    builtin-Swift-Compilation-Requirements -- /Applications/Xcode-27.0.0-Release.Candidate.app/Contents/Developer/Toolchains/XcodeDefault.xctoolchain/usr/bin/swiftc -parse-as-library -module-name SimplexArchitectureMacrosPlugin -Onone @/Users/admin/builder/spi-builder-workspace/.derivedData/Build/Intermediates.noindex/swiftui-simplex-architecture.build/Debug/SimplexArchitectureMacrosPlugin-t.build/Objects-normal/arm64/SimplexArchitectureMacrosPlugin.SwiftFileList -DSWIFT_PACKAGE -DDEBUG -DXcode -plugin-path /Applications/Xcode-27.0.0-Release.Candidate.app/Contents/Developer/Toolchains/XcodeDefault.xctoolchain/usr/lib/swift/host/plugins/testing -enable-experimental-feature DebugDescriptionMacro -sdk /Applications/Xcode-27.0.0-Release.Candidate.app/Contents/Developer/Platforms/MacOSX.platform/Developer/SDKs/MacOSX27.0.sdk -target arm64-apple-macos12.0 -g -module-cache-path /Users/admin/builder/spi-builder-workspace/.derivedData/ModuleCache.noindex -Xfrontend -serialize-debugging-options -profile-coverage-mapping -profile-generate -enable-testing -index-store-path /Users/admin/builder/spi-builder-workspace/.derivedData/Index.noindex/DataStore -Xcc -D_LIBCPP_HARDENING_MODE\=_LIBCPP_HARDENING_MODE_DEBUG -swift-version 5 -I /Users/admin/builder/spi-builder-workspace/.derivedData/Build/Products/Debug -Isystem /Applications/Xcode-27.0.0-Release.Candidate.app/Contents/Developer/Platforms/MacOSX.platform/Developer/usr/lib -F /Users/admin/builder/spi-builder-workspace/.derivedData/Build/Products/Debug/PackageFrameworks -F /Users/admin/builder/spi-builder-workspace/.derivedData/Build/Products/Debug -F /Applications/Xcode-27.0.0-Release.Candidate.app/Contents/Developer/Platforms/MacOSX.platform/Developer/Library/Frameworks -c -j10 -enable-batch-mode -incremental -Xcc -ivfsstatcache -Xcc /Users/admin/builder/spi-builder-workspace/.derivedData/SDKStatCaches.noindex/macosx27.0-26A425-e829b21a6f8c9b70876ba0858053c0446a22442a12e9d48fe1a705f55a1adfc4.sdkstatcache -output-file-map /Users/admin/builder/spi-builder-workspace/.derivedData/Build/Intermediates.noindex/swiftui-simplex-architecture.build/Debug/SimplexArchitectureMacrosPlugin-t.build/Objects-normal/arm64/SimplexArchitectureMacrosPlugin-OutputFileMap.json -save-temps -no-color-diagnostics -explicit-module-build -module-cache-path /Users/admin/builder/spi-builder-workspace/.derivedData/Build/Intermediates.noindex/SwiftExplicitPrecompiledModules -clang-scanner-module-cache-path /Users/admin/builder/spi-builder-workspace/.derivedData/ModuleCache.noindex -sdk-module-cache-path /Users/admin/builder/spi-builder-workspace/.derivedData/SDKExplicitPrecompiledModules -emit-dependencies -emit-module -emit-module-path /Users/admin/builder/spi-builder-workspace/.derivedData/Build/Intermediates.noindex/swiftui-simplex-architecture.build/Debug/SimplexArchitectureMacrosPlugin-t.build/Objects-normal/arm64/SimplexArchitectureMacrosPlugin.swiftmodule -serialize-diagnostics -dependency-scan-serialize-diagnostics-path /Users/admin/builder/spi-builder-workspace/.derivedData/Build/Intermediates.noindex/swiftui-simplex-architecture.build/Debug/SimplexArchitectureMacrosPlugin-t.build/Objects-normal/arm64/SimplexArchitectureMacrosPlugin-dependency-scan.dia -validate-clang-modules-once -clang-build-session-file /Users/admin/builder/spi-builder-workspace/.derivedData/ModuleCache.noindex/Session.modulevalidation -Xcc -fmodules-prune-interval\=86400 -Xcc -fmodules-prune-after\=345600 -package-name spi_builder_workspace -emit-const-values -const-gather-protocols-list /Users/admin/builder/spi-builder-workspace/.derivedData/Build/Intermediates.noindex/swiftui-simplex-architecture.build/Debug/SimplexArchitectureMacrosPlugin-t.build/Objects-normal/arm64/SimplexArchitectureMacrosPlugin_const_extract_protocols.json -Xcc -I/Users/admin/builder/spi-builder-workspace/.derivedData/Build/Products/Debug/include -Xcc -I/Users/admin/builder/spi-builder-workspace/.derivedData/Build/Intermediates.noindex/swiftui-simplex-architecture.build/Debug/SimplexArchitectureMacrosPlugin-t.build/DerivedSources-normal/arm64 -Xcc -I/Users/admin/builder/spi-builder-workspace/.derivedData/Build/Intermediates.noindex/swiftui-simplex-architecture.build/Debug/SimplexArchitectureMacrosPlugin-t.build/DerivedSources/arm64 -Xcc -I/Users/admin/builder/spi-builder-workspace/.derivedData/Build/Intermediates.noindex/swiftui-simplex-architecture.build/Debug/SimplexArchitectureMacrosPlugin-t.build/DerivedSources -Xcc -DSWIFT_PACKAGE -Xcc -DDEBUG\=1 -working-directory /Users/admin/builder/spi-builder-workspace/.swiftpm/xcode -experimental-emit-module-separately -disable-cmo
SwiftDriverJobDiscovery normal arm64 Compiling CasePathableMacro.swift (in target 'CasePathsMacrosSupport' from project 'swift-case-paths')
SwiftDriver\ Compilation\ Requirements DependenciesMacrosPlugin normal arm64 com.apple.xcode.tools.swift.compiler (in target 'DependenciesMacrosPlugin' from project 'swift-dependencies')
    cd /Users/admin/builder/spi-builder-workspace/.swiftpm/xcode
    builtin-Swift-Compilation-Requirements -- /Applications/Xcode-27.0.0-Release.Candidate.app/Contents/Developer/Toolchains/XcodeDefault.xctoolchain/usr/bin/swiftc -parse-as-library -module-name DependenciesMacrosPlugin -Onone @/Users/admin/builder/spi-builder-workspace/.derivedData/Build/Intermediates.noindex/swift-dependencies.build/Debug/DependenciesMacrosPlugin-t.build/Objects-normal/arm64/DependenciesMacrosPlugin.SwiftFileList -DSWIFT_PACKAGE -DDEBUG -DClocks -DCombineSchedulers -DFoundation -DFoundationNetworking -DXcode -enable-upcoming-feature ExistentialAny -enable-upcoming-feature ImmutableWeakCaptures -enable-upcoming-feature InferIsolatedConformances -enable-upcoming-feature InternalImportsByDefault -enable-upcoming-feature MemberImportVisibility -enable-upcoming-feature NonisolatedNonsendingByDefault -plugin-path /Applications/Xcode-27.0.0-Release.Candidate.app/Contents/Developer/Toolchains/XcodeDefault.xctoolchain/usr/lib/swift/host/plugins/testing -enable-experimental-feature DebugDescriptionMacro -sdk /Applications/Xcode-27.0.0-Release.Candidate.app/Contents/Developer/Platforms/MacOSX.platform/Developer/SDKs/MacOSX27.0.sdk -target arm64-apple-macos12.0 -g -module-cache-path /Users/admin/builder/spi-builder-workspace/.derivedData/ModuleCache.noindex -Xfrontend -serialize-debugging-options -profile-coverage-mapping -profile-generate -enable-testing -suppress-warnings -index-store-path /Users/admin/builder/spi-builder-workspace/.derivedData/Index.noindex/DataStore -Xcc -D_LIBCPP_HARDENING_MODE\=_LIBCPP_HARDENING_MODE_DEBUG -swift-version 6 -I /Users/admin/builder/spi-builder-workspace/.derivedData/Build/Products/Debug -Isystem /Applications/Xcode-27.0.0-Release.Candidate.app/Contents/Developer/Platforms/MacOSX.platform/Developer/usr/lib -F /Users/admin/builder/spi-builder-workspace/.derivedData/Build/Products/Debug/PackageFrameworks -F /Users/admin/builder/spi-builder-workspace/.derivedData/Build/Products/Debug -F /Applications/Xcode-27.0.0-Release.Candidate.app/Contents/Developer/Platforms/MacOSX.platform/Developer/Library/Frameworks -c -j10 -enable-batch-mode -incremental -Xcc -ivfsstatcache -Xcc /Users/admin/builder/spi-builder-workspace/.derivedData/SDKStatCaches.noindex/macosx27.0-26A425-e829b21a6f8c9b70876ba0858053c0446a22442a12e9d48fe1a705f55a1adfc4.sdkstatcache -output-file-map /Users/admin/builder/spi-builder-workspace/.derivedData/Build/Intermediates.noindex/swift-dependencies.build/Debug/DependenciesMacrosPlugin-t.build/Objects-normal/arm64/DependenciesMacrosPlugin-OutputFileMap.json -save-temps -no-color-diagnostics -explicit-module-build -module-cache-path /Users/admin/builder/spi-builder-workspace/.derivedData/Build/Intermediates.noindex/SwiftExplicitPrecompiledModules -clang-scanner-module-cache-path /Users/admin/builder/spi-builder-workspace/.derivedData/ModuleCache.noindex -sdk-module-cache-path /Users/admin/builder/spi-builder-workspace/.derivedData/SDKExplicitPrecompiledModules -emit-dependencies -emit-module -emit-module-path /Users/admin/builder/spi-builder-workspace/.derivedData/Build/Intermediates.noindex/swift-dependencies.build/Debug/DependenciesMacrosPlugin-t.build/Objects-normal/arm64/DependenciesMacrosPlugin.swiftmodule -serialize-diagnostics -dependency-scan-serialize-diagnostics-path /Users/admin/builder/spi-builder-workspace/.derivedData/Build/Intermediates.noindex/swift-dependencies.build/Debug/DependenciesMacrosPlugin-t.build/Objects-normal/arm64/DependenciesMacrosPlugin-dependency-scan.dia -user-module-version 1.17.1 -validate-clang-modules-once -clang-build-session-file /Users/admin/builder/spi-builder-workspace/.derivedData/ModuleCache.noindex/Session.modulevalidation -Xcc -fmodules-prune-interval\=86400 -Xcc -fmodules-prune-after\=345600 -package-name swift_dependencies -emit-const-values -const-gather-protocols-list /Users/admin/builder/spi-builder-workspace/.derivedData/Build/Intermediates.noindex/swift-dependencies.build/Debug/DependenciesMacrosPlugin-t.build/Objects-normal/arm64/DependenciesMacrosPlugin_const_extract_protocols.json -Xcc -I/Users/admin/builder/spi-builder-workspace/.derivedData/Build/Products/Debug/include -Xcc -I/Users/admin/builder/spi-builder-workspace/.derivedData/Build/Intermediates.noindex/swift-dependencies.build/Debug/DependenciesMacrosPlugin-t.build/DerivedSources-normal/arm64 -Xcc -I/Users/admin/builder/spi-builder-workspace/.derivedData/Build/Intermediates.noindex/swift-dependencies.build/Debug/DependenciesMacrosPlugin-t.build/DerivedSources/arm64 -Xcc -I/Users/admin/builder/spi-builder-workspace/.derivedData/Build/Intermediates.noindex/swift-dependencies.build/Debug/DependenciesMacrosPlugin-t.build/DerivedSources -Xcc -DSWIFT_PACKAGE -Xcc -DDEBUG\=1 -working-directory /Users/admin/builder/spi-builder-workspace/.swiftpm/xcode -experimental-emit-module-separately -disable-cmo
SwiftCompile normal arm64 Compiling\ SimplexArchitectureMacrosPlugin.swift /Users/admin/builder/spi-builder-workspace/Sources/SimplexArchitectureMacrosPlugin/SimplexArchitectureMacrosPlugin.swift (in target 'SimplexArchitectureMacrosPlugin' from project 'swiftui-simplex-architecture')
SwiftCompile normal arm64 /Users/admin/builder/spi-builder-workspace/Sources/SimplexArchitectureMacrosPlugin/SimplexArchitectureMacrosPlugin.swift (in target 'SimplexArchitectureMacrosPlugin' from project 'swiftui-simplex-architecture')
    cd /Users/admin/builder/spi-builder-workspace/.swiftpm/xcode
    builtin-SwiftPerFileCompile SimplexArchitectureMacrosPlugin.swift
SwiftCompile normal arm64 Compiling\ ViewStateMacroDiagnostic.swift /Users/admin/builder/spi-builder-workspace/Sources/SimplexArchitectureMacrosPlugin/ViewState/ViewStateMacroDiagnostic.swift (in target 'SimplexArchitectureMacrosPlugin' from project 'swiftui-simplex-architecture')
SwiftCompile normal arm64 /Users/admin/builder/spi-builder-workspace/Sources/SimplexArchitectureMacrosPlugin/ViewState/ViewStateMacroDiagnostic.swift (in target 'SimplexArchitectureMacrosPlugin' from project 'swiftui-simplex-architecture')
    cd /Users/admin/builder/spi-builder-workspace/.swiftpm/xcode
    builtin-SwiftPerFileCompile ViewStateMacroDiagnostic.swift
SwiftCompile normal arm64 Compiling\ ViewStateMacro+extensionMacro.swift /Users/admin/builder/spi-builder-workspace/Sources/SimplexArchitectureMacrosPlugin/ViewState/ViewStateMacro+extensionMacro.swift (in target 'SimplexArchitectureMacrosPlugin' from project 'swiftui-simplex-architecture')
SwiftCompile normal arm64 /Users/admin/builder/spi-builder-workspace/Sources/SimplexArchitectureMacrosPlugin/ViewState/ViewStateMacro+extensionMacro.swift (in target 'SimplexArchitectureMacrosPlugin' from project 'swiftui-simplex-architecture')
    cd /Users/admin/builder/spi-builder-workspace/.swiftpm/xcode
    builtin-SwiftPerFileCompile ViewStateMacro+extensionMacro.swift
PruneExplicitPrecompiledModules /Users/admin/builder/spi-builder-workspace/.derivedData/SDKExplicitPrecompiledModules
PruneExplicitPrecompiledModules /Users/admin/builder/spi-builder-workspace/.derivedData/Build/Intermediates.noindex/ExplicitPrecompiledModules
PruneExplicitPrecompiledModules /Users/admin/builder/spi-builder-workspace/.derivedData/Build/Intermediates.noindex/SwiftExplicitPrecompiledModules
2026-09-19 19:04:06.103 xcodebuild[1510:8357] [MT] IDERunDestination: Supported platforms for the buildables in the current scheme is empty.
--- xcodebuild: WARNING: Using the first of multiple matching destinations:
{ platform:macOS, arch:arm64, id:56d4d4a2e066c3c41d652ce602c341f096cd7e0c, name:My Mac }
{ platform:macOS, arch:arm64, variant:Mac Catalyst, id:56d4d4a2e066c3c41d652ce602c341f096cd7e0c, name:My Mac }
{ platform:macOS, arch:arm64, variant:DriverKit, id:56d4d4a2e066c3c41d652ce602c341f096cd7e0c, name:My Mac }
{ platform:macOS, arch:arm64, variant:Designed for [iPad,iPhone], id:56d4d4a2e066c3c41d652ce602c341f096cd7e0c, name:My Mac }
** BUILD FAILED **
The following build commands failed:
	SwiftCompile normal arm64 Compiling\ DependencyEntryMacro.swift /Users/admin/builder/spi-builder-workspace/.dependencies/checkouts/swift-dependencies/Sources/DependenciesMacrosPlugin/DependencyEntryMacro.swift (in target 'DependenciesMacrosPlugin' from project 'swift-dependencies')
	SwiftCompile normal arm64 /Users/admin/builder/spi-builder-workspace/.dependencies/checkouts/swift-dependencies/Sources/DependenciesMacrosPlugin/DependencyEntryMacro.swift (in target 'DependenciesMacrosPlugin' from project 'swift-dependencies')
	Building workspace swiftui-simplex-architecture with scheme swiftui-simplex-architecture-Package
(3 failures)
Command line invocation:
    /Applications/Xcode-27.0.0-Release.Candidate.app/Contents/Developer/usr/bin/xcodebuild -IDEClonedSourcePackagesDirPathOverride=/Users/admin/builder/spi-builder-workspace/.dependencies -resolvePackageDependencies
Resolve Package Graph
Conflicting identity for swift-syntax: dependency 'github.com/swiftlang/swift-syntax' and dependency 'github.com/apple/swift-syntax' both point to the same package identity 'swift-syntax'. The dependencies are introduced through the following chains: (A) /users/admin/builder/spi-builder-workspace->github.com/pointfreeco/swift-case-paths->github.com/swiftlang/swift-syntax (B) /users/admin/builder/spi-builder-workspace->github.com/apple/swift-syntax. If there are multiple chains that lead to the same dependency, only the first chain is shown here. To see all chains use debug output option. To resolve the conflict, coordinate with the maintainer of the package that introduces the conflicting dependency. This will be escalated to an error in future versions of SwiftPM.Conflicting identity for swift-syntax: dependency 'github.com/swiftlang/swift-syntax' and dependency 'github.com/apple/swift-syntax' both point to the same package identity 'swift-syntax'. The dependencies are introduced through the following chains: (A) /users/admin/builder/spi-builder-workspace->github.com/pointfreeco/swift-case-paths->github.com/swiftlang/swift-syntax (B) /users/admin/builder/spi-builder-workspace->github.com/apple/swift-syntax. If there are multiple chains that lead to the same dependency, only the first chain is shown here. To see all chains use debug output option. To resolve the conflict, coordinate with the maintainer of the package that introduces the conflicting dependency. This will be escalated to an error in future versions of SwiftPM.Conflicting identity for swift-syntax: dependency 'github.com/swiftlang/swift-syntax' and dependency 'github.com/apple/swift-syntax' both point to the same package identity 'swift-syntax'. The dependencies are introduced through the following chains: (A) /users/admin/builder/spi-builder-workspace->github.com/pointfreeco/swift-case-paths->github.com/swiftlang/swift-syntax (B) /users/admin/builder/spi-builder-workspace->github.com/apple/swift-syntax. If there are multiple chains that lead to the same dependency, only the first chain is shown here. To see all chains use debug output option. To resolve the conflict, coordinate with the maintainer of the package that introduces the conflicting dependency. This will be escalated to an error in future versions of SwiftPM.Conflicting identity for swift-syntax: dependency 'github.com/swiftlang/swift-syntax' and dependency 'github.com/apple/swift-syntax' both point to the same package identity 'swift-syntax'. The dependencies are introduced through the following chains: (A) /users/admin/builder/spi-builder-workspace->github.com/pointfreeco/swift-case-paths->github.com/swiftlang/swift-syntax (B) /users/admin/builder/spi-builder-workspace->github.com/apple/swift-syntax. If there are multiple chains that lead to the same dependency, only the first chain is shown here. To see all chains use debug output option. To resolve the conflict, coordinate with the maintainer of the package that introduces the conflicting dependency. This will be escalated to an error in future versions of SwiftPM.
Resolved source packages:
  swiftui-navigation: https://github.com/pointfreeco/swiftui-navigation.git @ 1.5.5
  swiftui-simplex-architecture: /Users/admin/builder/spi-builder-workspace
  swift-macro-testing: https://github.com/pointfreeco/swift-macro-testing.git @ 0.7.0
  combine-schedulers: https://github.com/pointfreeco/combine-schedulers @ 1.2.2
  SwiftDocCPlugin: https://github.com/apple/swift-docc-plugin @ 1.5.0
  swift-case-paths: https://github.com/pointfreeco/swift-case-paths.git @ 1.10.0
  swift-dependencies: https://github.com/pointfreeco/swift-dependencies.git @ 1.17.1
  SymbolKit: https://github.com/swiftlang/swift-docc-symbolkit @ 1.0.0
  swift-concurrency-extras: https://github.com/pointfreeco/swift-concurrency-extras.git @ 1.4.1
  swift-argument-parser: https://github.com/apple/swift-argument-parser @ 1.8.2
  xctest-dynamic-overlay: https://github.com/pointfreeco/xctest-dynamic-overlay @ 1.13.1
  swift-snapshot-testing: https://github.com/pointfreeco/swift-snapshot-testing @ 1.19.5
  swift-clocks: https://github.com/pointfreeco/swift-clocks @ 1.1.1
  swift-custom-dump: https://github.com/pointfreeco/swift-custom-dump.git @ 1.7.3
  Benchmark: https://github.com/google/swift-benchmark @ 0.1.2
  swift-syntax: https://github.com/apple/swift-syntax.git @ 509.1.1
  swift-issue-reporting: https://github.com/pointfreeco/swift-issue-reporting @ 2.1.0
resolved source packages: swiftui-navigation, swiftui-simplex-architecture, swift-macro-testing, combine-schedulers, SwiftDocCPlugin, swift-case-paths, swift-dependencies, SymbolKit, swift-concurrency-extras, swift-argument-parser, xctest-dynamic-overlay, swift-snapshot-testing, swift-clocks, swift-custom-dump, Benchmark, swift-syntax, swift-issue-reporting
2026-09-19 19:04:46.300 xcodebuild[2260:12641] [MT] IDERunDestination: Supported platforms for the buildables in the current scheme is empty.
{
  "dependencies" : [
    {
      "identity" : "swift-syntax",
      "requirement" : {
        "range" : [
          {
            "lower_bound" : "509.0.2",
            "upper_bound" : "510.0.0"
          }
        ]
      },
      "type" : "sourceControl",
      "url" : "https://github.com/apple/swift-syntax.git"
    },
    {
      "identity" : "swift-case-paths",
      "requirement" : {
        "range" : [
          {
            "lower_bound" : "1.2.1",
            "upper_bound" : "2.0.0"
          }
        ]
      },
      "type" : "sourceControl",
      "url" : "https://github.com/pointfreeco/swift-case-paths.git"
    },
    {
      "identity" : "swift-custom-dump",
      "requirement" : {
        "range" : [
          {
            "lower_bound" : "1.1.2",
            "upper_bound" : "2.0.0"
          }
        ]
      },
      "type" : "sourceControl",
      "url" : "https://github.com/pointfreeco/swift-custom-dump.git"
    },
    {
      "identity" : "swift-dependencies",
      "requirement" : {
        "range" : [
          {
            "lower_bound" : "1.3.9",
            "upper_bound" : "2.0.0"
          }
        ]
      },
      "type" : "sourceControl",
      "url" : "https://github.com/pointfreeco/swift-dependencies.git"
    },
    {
      "identity" : "swiftui-navigation",
      "requirement" : {
        "range" : [
          {
            "lower_bound" : "1.2.0",
            "upper_bound" : "2.0.0"
          }
        ]
      },
      "type" : "sourceControl",
      "url" : "https://github.com/pointfreeco/swiftui-navigation.git"
    },
    {
      "identity" : "swift-macro-testing",
      "requirement" : {
        "range" : [
          {
            "lower_bound" : "0.2.2",
            "upper_bound" : "1.0.0"
          }
        ]
      },
      "type" : "sourceControl",
      "url" : "https://github.com/pointfreeco/swift-macro-testing.git"
    },
    {
      "identity" : "swift-benchmark",
      "requirement" : {
        "range" : [
          {
            "lower_bound" : "0.1.2",
            "upper_bound" : "1.0.0"
          }
        ]
      },
      "type" : "sourceControl",
      "url" : "https://github.com/google/swift-benchmark"
    },
    {
      "identity" : "swift-docc-plugin",
      "requirement" : {
        "range" : [
          {
            "lower_bound" : "1.3.0",
            "upper_bound" : "2.0.0"
          }
        ]
      },
      "type" : "sourceControl",
      "url" : "https://github.com/apple/swift-docc-plugin"
    },
    {
      "identity" : "swift-concurrency-extras",
      "requirement" : {
        "range" : [
          {
            "lower_bound" : "1.1.0",
            "upper_bound" : "2.0.0"
          }
        ]
      },
      "type" : "sourceControl",
      "url" : "https://github.com/pointfreeco/swift-concurrency-extras.git"
    }
  ],
  "manifest_display_name" : "swiftui-simplex-architecture",
  "name" : "swiftui-simplex-architecture",
  "path" : "/Users/admin/builder/spi-builder-workspace",
  "platforms" : [
    {
      "name" : "ios",
      "version" : "13.0"
    },
    {
      "name" : "macos",
      "version" : "10.15"
    },
    {
      "name" : "tvos",
      "version" : "13.0"
    },
    {
      "name" : "watchos",
      "version" : "6.0"
    }
  ],
  "products" : [
    {
      "name" : "SimplexArchitecture",
      "targets" : [
        "SimplexArchitecture"
      ],
      "type" : {
        "library" : [
          "automatic"
        ]
      }
    },
    {
      "name" : "swiftui-simplex-architecture-benchmark",
      "targets" : [
        "swiftui-simplex-architecture-benchmark"
      ],
      "type" : {
        "executable" : null
      }
    },
    {
      "name" : "SimplexArchitectureMacrosPlugin",
      "targets" : [
        "SimplexArchitectureMacrosPlugin"
      ],
      "type" : {
        "macro" : null
      }
    }
  ],
  "targets" : [
    {
      "c99name" : "swiftui_simplex_architecture_benchmark",
      "module_type" : "SwiftTarget",
      "name" : "swiftui-simplex-architecture-benchmark",
      "path" : "Sources/swiftui-simplex-architecture-benchmark",
      "product_dependencies" : [
        "Benchmark"
      ],
      "product_memberships" : [
        "swiftui-simplex-architecture-benchmark"
      ],
      "sources" : [
        "ActionSendable.swift",
        "main.swift"
      ],
      "target_dependencies" : [
        "SimplexArchitecture"
      ],
      "type" : "executable"
    },
    {
      "c99name" : "SimplexArchitectureTests",
      "module_type" : "SwiftTarget",
      "name" : "SimplexArchitectureTests",
      "path" : "Tests/SimplexArchitectureTests",
      "product_dependencies" : [
        "SwiftSyntaxMacros",
        "SwiftSyntaxMacrosTestSupport",
        "MacroTesting"
      ],
      "sources" : [
        "ActionSendableTests.swift",
        "CollectionTests.swift",
        "DependenciesOverrideModifierTests.swift",
        "ReducerMacroTests.swift",
        "ReducerTests.swift",
        "SendTests.swift",
        "StateContainerTests.swift",
        "StoreTests.swift",
        "TaskResultTests.swift",
        "TestOnlyTests.swift",
        "TestStoreTests.swift",
        "TestUtilities.swift",
        "ViewStateMacroTests.swift"
      ],
      "target_dependencies" : [
        "SimplexArchitecture",
        "SimplexArchitectureMacrosPlugin"
      ],
      "type" : "test"
    },
    {
      "c99name" : "SimplexArchitectureMacrosPlugin",
      "module_type" : "SwiftTarget",
      "name" : "SimplexArchitectureMacrosPlugin",
      "path" : "Sources/SimplexArchitectureMacrosPlugin",
      "product_dependencies" : [
        "SwiftSyntax",
        "SwiftSyntaxMacros",
        "SwiftCompilerPlugin",
        "SwiftSyntaxBuilder"
      ],
      "product_memberships" : [
        "SimplexArchitecture",
        "swiftui-simplex-architecture-benchmark",
        "SimplexArchitectureMacrosPlugin"
      ],
      "sources" : [
        "Extensions/DeclGroupSyntax.swift",
        "Extensions/DeclModifierListSyntax+accessModifier.swift",
        "Extensions/HasName.swift",
        "Extensions/String+modifiying.swift",
        "Extensions/StructDeclSyntax+variables.swift",
        "Extensions/VariableDeclSyntax+filter.swift",
        "Extensions/VariableDeclSyntax+variableName.swift",
        "Reducer/ReducerMacro+extensionMacro.swift",
        "Reducer/ReducerMacro+memberMacro.swift",
        "Reducer/ReducerMacroDiagnostic.swift",
        "SimplexArchitectureMacrosPlugin.swift",
        "ViewState/ViewStateMacro+extensionMacro.swift",
        "ViewState/ViewStateMacro+memberMacro.swift",
        "ViewState/ViewStateMacroDiagnostic.swift"
      ],
      "type" : "macro"
    },
    {
      "c99name" : "SimplexArchitecture",
      "module_type" : "SwiftTarget",
      "name" : "SimplexArchitecture",
      "path" : "Sources/SimplexArchitecture",
      "product_dependencies" : [
        "CasePaths",
        "CustomDump",
        "Dependencies",
        "SwiftUINavigation",
        "DependenciesMacros",
        "ConcurrencyExtras"
      ],
      "product_memberships" : [
        "SimplexArchitecture",
        "swiftui-simplex-architecture-benchmark"
      ],
      "sources" : [
        "ActionSendable.swift",
        "Internal/ActionTransition.swift",
        "Internal/Collection+safe.swift",
        "Internal/Dependencies+isTesting.swift",
        "Internal/EffectContext.swift",
        "Internal/Exported.swift",
        "Internal/RuntimeWarning.swift",
        "Internal/Task+withEffectContext.swift",
        "Internal/TestOnly.swift",
        "Macros.swift",
        "Reducer/DependenciesOverrideModifier.swift",
        "Reducer/ReducerModifier.swift",
        "Reducer/ReducerProtocol.swift",
        "Send.swift",
        "SendTask.swift",
        "SideEffect/CancellationStorage.swift",
        "SideEffect/SideEffect.swift",
        "StateContainer.swift",
        "Store/Store+pullback.swift",
        "Store/Store+send.swift",
        "Store/Store.swift",
        "SwiftUI/Alert.swift",
        "SwiftUI/ConfirmationDialog.swift",
        "TaskResult+VoidSuccess.swift",
        "TaskResult.swift",
        "TestStore.swift",
        "ViewStateProtocol.swift"
      ],
      "target_dependencies" : [
        "SimplexArchitectureMacrosPlugin"
      ],
      "type" : "library"
    }
  ],
  "tools_version" : "5.9"
}
{
  "workspace" : {
    "name" : "swiftui-simplex-architecture",
    "schemes" : [
      "SimplexArchitecture",
      "swiftui-simplex-architecture-benchmark",
      "swiftui-simplex-architecture-Package"
    ]
  }
}
2026-09-19 19:04:54.567 xcodebuild[2327:13085] [MT] IDERunDestination: Supported platforms for the buildables in the current scheme is empty.
Running build ...
env DEVELOPER_DIR=/Applications/Xcode-27.0.0-Release.Candidate.app xcrun xcodebuild -IDEClonedSourcePackagesDirPathOverride=$PWD/.dependencies -skipMacroValidation -skipPackagePluginValidation -derivedDataPath $PWD/.derivedData build -scheme swiftui-simplex-architecture-Package -destination platform=macOS,arch=arm64
Command line invocation:
    /Applications/Xcode-27.0.0-Release.Candidate.app/Contents/Developer/usr/bin/xcodebuild -IDEClonedSourcePackagesDirPathOverride=/Users/admin/builder/spi-builder-workspace/.dependencies -skipMacroValidation -skipPackagePluginValidation -derivedDataPath /Users/admin/builder/spi-builder-workspace/.derivedData build -scheme swiftui-simplex-architecture-Package -destination platform=macOS,arch=arm64
Resolve Package Graph
Conflicting identity for swift-syntax: dependency 'github.com/swiftlang/swift-syntax' and dependency 'github.com/apple/swift-syntax' both point to the same package identity 'swift-syntax'. The dependencies are introduced through the following chains: (A) /users/admin/builder/spi-builder-workspace->github.com/pointfreeco/swift-dependencies->github.com/swiftlang/swift-syntax (B) /users/admin/builder/spi-builder-workspace->github.com/apple/swift-syntax. If there are multiple chains that lead to the same dependency, only the first chain is shown here. To see all chains use debug output option. To resolve the conflict, coordinate with the maintainer of the package that introduces the conflicting dependency. This will be escalated to an error in future versions of SwiftPM.Conflicting identity for swift-syntax: dependency 'github.com/swiftlang/swift-syntax' and dependency 'github.com/apple/swift-syntax' both point to the same package identity 'swift-syntax'. The dependencies are introduced through the following chains: (A) /users/admin/builder/spi-builder-workspace->github.com/pointfreeco/swift-macro-testing->github.com/swiftlang/swift-syntax (B) /users/admin/builder/spi-builder-workspace->github.com/apple/swift-syntax. If there are multiple chains that lead to the same dependency, only the first chain is shown here. To see all chains use debug output option. To resolve the conflict, coordinate with the maintainer of the package that introduces the conflicting dependency. This will be escalated to an error in future versions of SwiftPM.Conflicting identity for swift-syntax: dependency 'github.com/swiftlang/swift-syntax' and dependency 'github.com/apple/swift-syntax' both point to the same package identity 'swift-syntax'. The dependencies are introduced through the following chains: (A) /users/admin/builder/spi-builder-workspace->github.com/pointfreeco/swift-macro-testing->github.com/swiftlang/swift-syntax (B) /users/admin/builder/spi-builder-workspace->github.com/apple/swift-syntax. If there are multiple chains that lead to the same dependency, only the first chain is shown here. To see all chains use debug output option. To resolve the conflict, coordinate with the maintainer of the package that introduces the conflicting dependency. This will be escalated to an error in future versions of SwiftPM.Conflicting identity for swift-syntax: dependency 'github.com/swiftlang/swift-syntax' and dependency 'github.com/apple/swift-syntax' both point to the same package identity 'swift-syntax'. The dependencies are introduced through the following chains: (A) /users/admin/builder/spi-builder-workspace->github.com/pointfreeco/swift-macro-testing->github.com/swiftlang/swift-syntax (B) /users/admin/builder/spi-builder-workspace->github.com/apple/swift-syntax. If there are multiple chains that lead to the same dependency, only the first chain is shown here. To see all chains use debug output option. To resolve the conflict, coordinate with the maintainer of the package that introduces the conflicting dependency. This will be escalated to an error in future versions of SwiftPM.
Resolved source packages:
  swift-snapshot-testing: https://github.com/pointfreeco/swift-snapshot-testing @ 1.19.5
  swift-case-paths: https://github.com/pointfreeco/swift-case-paths.git @ 1.10.0
  swift-concurrency-extras: https://github.com/pointfreeco/swift-concurrency-extras.git @ 1.4.1
  swiftui-navigation: https://github.com/pointfreeco/swiftui-navigation.git @ 1.5.5
  swift-issue-reporting: https://github.com/pointfreeco/swift-issue-reporting @ 2.1.0
  SymbolKit: https://github.com/swiftlang/swift-docc-symbolkit @ 1.0.0
  Benchmark: https://github.com/google/swift-benchmark @ 0.1.2
  swiftui-simplex-architecture: /Users/admin/builder/spi-builder-workspace
  xctest-dynamic-overlay: https://github.com/pointfreeco/xctest-dynamic-overlay @ 1.13.1
  swift-clocks: https://github.com/pointfreeco/swift-clocks @ 1.1.1
  swift-macro-testing: https://github.com/pointfreeco/swift-macro-testing.git @ 0.7.0
  swift-argument-parser: https://github.com/apple/swift-argument-parser @ 1.8.2
  SwiftDocCPlugin: https://github.com/apple/swift-docc-plugin @ 1.5.0
  swift-dependencies: https://github.com/pointfreeco/swift-dependencies.git @ 1.17.1
  swift-syntax: https://github.com/apple/swift-syntax.git @ 509.1.1
  combine-schedulers: https://github.com/pointfreeco/combine-schedulers @ 1.2.2
  swift-custom-dump: https://github.com/pointfreeco/swift-custom-dump.git @ 1.7.3
ComputePackagePrebuildTargetDependencyGraph
Prepare packages
CreateBuildRequest
SendProjectDescription
CreateBuildOperation
ComputeTargetDependencyGraph
note: Building targets in dependency order
note: Target dependency graph (51 targets)
    Target 'swiftui-simplex-architecture-benchmark-product' in project 'swiftui-simplex-architecture'
        ➜ Explicit dependency on target 'SimplexArchitectureMacrosPlugin' in project 'swiftui-simplex-architecture'
        ➜ Explicit dependency on target 'SimplexArchitecture' in project 'swiftui-simplex-architecture'
        ➜ Explicit dependency on target 'CasePaths-product' in project 'swift-case-paths'
        ➜ Explicit dependency on target 'CustomDump-product' in project 'swift-custom-dump'
        ➜ Explicit dependency on target 'Dependencies-product' in project 'swift-dependencies'
        ➜ Explicit dependency on target 'SwiftUINavigation-product' in project 'swiftui-navigation'
        ➜ Explicit dependency on target 'DependenciesMacros-product' in project 'swift-dependencies'
        ➜ Explicit dependency on target 'ConcurrencyExtras-product' in project 'swift-concurrency-extras'
        ➜ Explicit dependency on target 'Benchmark-product' in project 'Benchmark'
    Target 'Benchmark-product' in project 'Benchmark'
        ➜ Explicit dependency on target 'Benchmark' in project 'Benchmark'
        ➜ Explicit dependency on target 'ArgumentParser-product' in project 'swift-argument-parser'
    Target 'Benchmark' in project 'Benchmark'
        ➜ Explicit dependency on target 'ArgumentParser-product' in project 'swift-argument-parser'
    Target 'ArgumentParser-product' in project 'swift-argument-parser'
        ➜ Explicit dependency on target 'ArgumentParser' in project 'swift-argument-parser'
        ➜ Explicit dependency on target 'ArgumentParserToolInfo' in project 'swift-argument-parser'
    Target 'ArgumentParser' in project 'swift-argument-parser'
        ➜ Explicit dependency on target 'ArgumentParserToolInfo' in project 'swift-argument-parser'
    Target 'ArgumentParserToolInfo' in project 'swift-argument-parser' (no dependencies)
    Target 'SimplexArchitecture-product' in project 'swiftui-simplex-architecture'
        ➜ Explicit dependency on target 'SimplexArchitecture' in project 'swiftui-simplex-architecture'
        ➜ Explicit dependency on target 'SimplexArchitectureMacrosPlugin' in project 'swiftui-simplex-architecture'
        ➜ Explicit dependency on target 'CasePaths-product' in project 'swift-case-paths'
        ➜ Explicit dependency on target 'CustomDump-product' in project 'swift-custom-dump'
        ➜ Explicit dependency on target 'Dependencies-product' in project 'swift-dependencies'
        ➜ Explicit dependency on target 'SwiftUINavigation-product' in project 'swiftui-navigation'
        ➜ Explicit dependency on target 'DependenciesMacros-product' in project 'swift-dependencies'
        ➜ Explicit dependency on target 'ConcurrencyExtras-product' in project 'swift-concurrency-extras'
    Target 'SimplexArchitecture' in project 'swiftui-simplex-architecture'
        ➜ Explicit dependency on target 'SimplexArchitectureMacrosPlugin' in project 'swiftui-simplex-architecture'
        ➜ Explicit dependency on target 'CasePaths-product' in project 'swift-case-paths'
        ➜ Explicit dependency on target 'CustomDump-product' in project 'swift-custom-dump'
        ➜ Explicit dependency on target 'Dependencies-product' in project 'swift-dependencies'
        ➜ Explicit dependency on target 'SwiftUINavigation-product' in project 'swiftui-navigation'
        ➜ Explicit dependency on target 'DependenciesMacros-product' in project 'swift-dependencies'
        ➜ Explicit dependency on target 'ConcurrencyExtras-product' in project 'swift-concurrency-extras'
    Target 'DependenciesMacros-product' in project 'swift-dependencies'
        ➜ Explicit dependency on target 'DependenciesMacros' in project 'swift-dependencies'
        ➜ Explicit dependency on target 'DependenciesMacrosPlugin' in project 'swift-dependencies'
        ➜ Explicit dependency on target 'IssueReporting-product' in project 'swift-issue-reporting'
    Target 'DependenciesMacros' in project 'swift-dependencies'
        ➜ Explicit dependency on target 'DependenciesMacrosPlugin' in project 'swift-dependencies'
        ➜ Explicit dependency on target 'IssueReporting-product' in project 'swift-issue-reporting'
    Target 'DependenciesMacrosPlugin' in project 'swift-dependencies'
        ➜ Explicit dependency on target 'SwiftSyntaxMacros-product' in project 'swift-syntax'
        ➜ Explicit dependency on target 'SwiftCompilerPlugin-product' in project 'swift-syntax'
    Target 'SwiftUINavigation-product' in project 'swiftui-navigation'
        ➜ Explicit dependency on target 'SwiftUINavigation' in project 'swiftui-navigation'
        ➜ Explicit dependency on target 'SwiftUINavigationCore' in project 'swiftui-navigation'
        ➜ Explicit dependency on target 'CustomDump-product' in project 'swift-custom-dump'
        ➜ Explicit dependency on target 'IssueReporting-product' in project 'xctest-dynamic-overlay'
        ➜ Explicit dependency on target 'CasePaths-product' in project 'swift-case-paths'
    Target 'SwiftUINavigation' in project 'swiftui-navigation'
        ➜ Explicit dependency on target 'SwiftUINavigationCore' in project 'swiftui-navigation'
        ➜ Explicit dependency on target 'CustomDump-product' in project 'swift-custom-dump'
        ➜ Explicit dependency on target 'IssueReporting-product' in project 'xctest-dynamic-overlay'
        ➜ Explicit dependency on target 'CasePaths-product' in project 'swift-case-paths'
    Target 'SwiftUINavigationCore' in project 'swiftui-navigation'
        ➜ Explicit dependency on target 'CustomDump-product' in project 'swift-custom-dump'
        ➜ Explicit dependency on target 'IssueReporting-product' in project 'xctest-dynamic-overlay'
    Target 'IssueReporting-product' in project 'xctest-dynamic-overlay'
        ➜ Explicit dependency on target '_IssueReporting' in project 'xctest-dynamic-overlay'
        ➜ Explicit dependency on target 'IssueReporting-product' in project 'swift-issue-reporting'
    Target '_IssueReporting' in project 'xctest-dynamic-overlay'
        ➜ Explicit dependency on target 'IssueReporting-product' in project 'swift-issue-reporting'
    Target 'Dependencies-product' in project 'swift-dependencies'
        ➜ Explicit dependency on target 'Dependencies' in project 'swift-dependencies'
        ➜ Explicit dependency on target 'Clocks-product' in project 'swift-clocks'
        ➜ Explicit dependency on target 'CombineSchedulers-product' in project 'combine-schedulers'
        ➜ Explicit dependency on target 'ConcurrencyExtras-product' in project 'swift-concurrency-extras'
        ➜ Explicit dependency on target 'IssueReporting-product' in project 'swift-issue-reporting'
    Target 'Dependencies' in project 'swift-dependencies'
        ➜ Explicit dependency on target 'Clocks-product' in project 'swift-clocks'
        ➜ Explicit dependency on target 'CombineSchedulers-product' in project 'combine-schedulers'
        ➜ Explicit dependency on target 'ConcurrencyExtras-product' in project 'swift-concurrency-extras'
        ➜ Explicit dependency on target 'IssueReporting-product' in project 'swift-issue-reporting'
    Target 'CombineSchedulers-product' in project 'combine-schedulers'
        ➜ Explicit dependency on target 'CombineSchedulers' in project 'combine-schedulers'
        ➜ Explicit dependency on target 'ConcurrencyExtras-product' in project 'swift-concurrency-extras'
        ➜ Explicit dependency on target 'IssueReporting-product' in project 'swift-issue-reporting'
    Target 'CombineSchedulers' in project 'combine-schedulers'
        ➜ Explicit dependency on target 'ConcurrencyExtras-product' in project 'swift-concurrency-extras'
        ➜ Explicit dependency on target 'IssueReporting-product' in project 'swift-issue-reporting'
    Target 'Clocks-product' in project 'swift-clocks'
        ➜ Explicit dependency on target 'Clocks' in project 'swift-clocks'
        ➜ Explicit dependency on target 'ConcurrencyExtras-product' in project 'swift-concurrency-extras'
        ➜ Explicit dependency on target 'IssueReporting-product' in project 'swift-issue-reporting'
    Target 'Clocks' in project 'swift-clocks'
        ➜ Explicit dependency on target 'ConcurrencyExtras-product' in project 'swift-concurrency-extras'
        ➜ Explicit dependency on target 'IssueReporting-product' in project 'swift-issue-reporting'
    Target 'ConcurrencyExtras-product' in project 'swift-concurrency-extras'
        ➜ Explicit dependency on target 'ConcurrencyExtras' in project 'swift-concurrency-extras'
    Target 'ConcurrencyExtras' in project 'swift-concurrency-extras' (no dependencies)
    Target 'CustomDump-product' in project 'swift-custom-dump'
        ➜ Explicit dependency on target 'CustomDump' in project 'swift-custom-dump'
        ➜ Explicit dependency on target 'IssueReporting-product' in project 'swift-issue-reporting'
    Target 'CustomDump' in project 'swift-custom-dump'
        ➜ Explicit dependency on target 'IssueReporting-product' in project 'swift-issue-reporting'
    Target 'CasePaths-product' in project 'swift-case-paths'
        ➜ Explicit dependency on target 'CasePaths' in project 'swift-case-paths'
        ➜ Explicit dependency on target 'CasePathsCore' in project 'swift-case-paths'
        ➜ Explicit dependency on target 'CasePathsMacros' in project 'swift-case-paths'
        ➜ Explicit dependency on target 'IssueReporting-product' in project 'swift-issue-reporting'
    Target 'CasePaths' in project 'swift-case-paths'
        ➜ Explicit dependency on target 'CasePathsCore' in project 'swift-case-paths'
        ➜ Explicit dependency on target 'CasePathsMacros' in project 'swift-case-paths'
        ➜ Explicit dependency on target 'IssueReporting-product' in project 'swift-issue-reporting'
    Target 'CasePathsMacros' in project 'swift-case-paths'
        ➜ Explicit dependency on target 'CasePathsMacrosSupport' in project 'swift-case-paths'
        ➜ Explicit dependency on target 'SwiftSyntaxMacros-product' in project 'swift-syntax'
        ➜ Explicit dependency on target 'SwiftCompilerPlugin-product' in project 'swift-syntax'
        ➜ Explicit dependency on target 'SwiftDiagnostics-product' in project 'swift-syntax'
        ➜ Explicit dependency on target 'SwiftSyntax-product' in project 'swift-syntax'
        ➜ Explicit dependency on target 'SwiftSyntaxBuilder-product' in project 'swift-syntax'
    Target 'CasePathsMacrosSupport' in project 'swift-case-paths'
        ➜ Explicit dependency on target 'SwiftSyntaxMacros-product' in project 'swift-syntax'
        ➜ Explicit dependency on target 'SwiftCompilerPlugin-product' in project 'swift-syntax'
        ➜ Explicit dependency on target 'SwiftDiagnostics-product' in project 'swift-syntax'
        ➜ Explicit dependency on target 'SwiftSyntax-product' in project 'swift-syntax'
        ➜ Explicit dependency on target 'SwiftSyntaxBuilder-product' in project 'swift-syntax'
    Target 'SwiftDiagnostics-product' in project 'swift-syntax'
        ➜ Explicit dependency on target 'SwiftDiagnostics' in project 'swift-syntax'
        ➜ Explicit dependency on target 'SwiftSyntax509' in project 'swift-syntax'
        ➜ Explicit dependency on target 'SwiftSyntax' in project 'swift-syntax'
    Target 'CasePathsCore' in project 'swift-case-paths'
        ➜ Explicit dependency on target 'IssueReporting-product' in project 'swift-issue-reporting'
    Target 'IssueReporting-product' in project 'swift-issue-reporting'
        ➜ Explicit dependency on target 'IssueReporting' in project 'swift-issue-reporting'
    Target 'IssueReporting' in project 'swift-issue-reporting' (no dependencies)
    Target 'SimplexArchitectureMacrosPlugin' in project 'swiftui-simplex-architecture'
        ➜ Explicit dependency on target 'SwiftSyntax-product' in project 'swift-syntax'
        ➜ Explicit dependency on target 'SwiftSyntaxMacros-product' in project 'swift-syntax'
        ➜ Explicit dependency on target 'SwiftCompilerPlugin-product' in project 'swift-syntax'
        ➜ Explicit dependency on target 'SwiftSyntaxBuilder-product' in project 'swift-syntax'
    Target 'SwiftSyntaxBuilder-product' in project 'swift-syntax'
        ➜ Explicit dependency on target 'SwiftSyntaxBuilder' in project 'swift-syntax'
        ➜ Explicit dependency on target 'SwiftSyntax509' in project 'swift-syntax'
        ➜ Explicit dependency on target 'SwiftSyntax' in project 'swift-syntax'
        ➜ Explicit dependency on target 'SwiftBasicFormat' in project 'swift-syntax'
        ➜ Explicit dependency on target 'SwiftParser' in project 'swift-syntax'
        ➜ Explicit dependency on target 'SwiftDiagnostics' in project 'swift-syntax'
        ➜ Explicit dependency on target 'SwiftParserDiagnostics' in project 'swift-syntax'
    Target 'SwiftCompilerPlugin-product' in project 'swift-syntax'
        ➜ Explicit dependency on target 'SwiftCompilerPlugin' in project 'swift-syntax'
        ➜ Explicit dependency on target 'SwiftSyntax509' in project 'swift-syntax'
        ➜ Explicit dependency on target 'SwiftSyntax' in project 'swift-syntax'
        ➜ Explicit dependency on target 'SwiftDiagnostics' in project 'swift-syntax'
        ➜ Explicit dependency on target 'SwiftParser' in project 'swift-syntax'
        ➜ Explicit dependency on target 'SwiftOperators' in project 'swift-syntax'
        ➜ Explicit dependency on target 'SwiftBasicFormat' in project 'swift-syntax'
        ➜ Explicit dependency on target 'SwiftParserDiagnostics' in project 'swift-syntax'
        ➜ Explicit dependency on target 'SwiftSyntaxBuilder' in project 'swift-syntax'
        ➜ Explicit dependency on target 'SwiftSyntaxMacros' in project 'swift-syntax'
        ➜ Explicit dependency on target 'SwiftSyntaxMacroExpansion' in project 'swift-syntax'
        ➜ Explicit dependency on target 'SwiftCompilerPluginMessageHandling' in project 'swift-syntax'
    Target 'SwiftCompilerPlugin' in project 'swift-syntax'
        ➜ Explicit dependency on target 'SwiftSyntax509' in project 'swift-syntax'
        ➜ Explicit dependency on target 'SwiftSyntax' in project 'swift-syntax'
        ➜ Explicit dependency on target 'SwiftDiagnostics' in project 'swift-syntax'
        ➜ Explicit dependency on target 'SwiftParser' in project 'swift-syntax'
        ➜ Explicit dependency on target 'SwiftOperators' in project 'swift-syntax'
        ➜ Explicit dependency on target 'SwiftBasicFormat' in project 'swift-syntax'
        ➜ Explicit dependency on target 'SwiftParserDiagnostics' in project 'swift-syntax'
        ➜ Explicit dependency on target 'SwiftSyntaxBuilder' in project 'swift-syntax'
        ➜ Explicit dependency on target 'SwiftSyntaxMacros' in project 'swift-syntax'
        ➜ Explicit dependency on target 'SwiftSyntaxMacroExpansion' in project 'swift-syntax'
        ➜ Explicit dependency on target 'SwiftCompilerPluginMessageHandling' in project 'swift-syntax'
    Target 'SwiftCompilerPluginMessageHandling' in project 'swift-syntax'
        ➜ Explicit dependency on target 'SwiftSyntax509' in project 'swift-syntax'
        ➜ Explicit dependency on target 'SwiftSyntax' in project 'swift-syntax'
        ➜ Explicit dependency on target 'SwiftDiagnostics' in project 'swift-syntax'
        ➜ Explicit dependency on target 'SwiftParser' in project 'swift-syntax'
        ➜ Explicit dependency on target 'SwiftOperators' in project 'swift-syntax'
        ➜ Explicit dependency on target 'SwiftBasicFormat' in project 'swift-syntax'
        ➜ Explicit dependency on target 'SwiftParserDiagnostics' in project 'swift-syntax'
        ➜ Explicit dependency on target 'SwiftSyntaxBuilder' in project 'swift-syntax'
        ➜ Explicit dependency on target 'SwiftSyntaxMacros' in project 'swift-syntax'
        ➜ Explicit dependency on target 'SwiftSyntaxMacroExpansion' in project 'swift-syntax'
    Target 'SwiftSyntaxMacroExpansion' in project 'swift-syntax'
        ➜ Explicit dependency on target 'SwiftSyntax509' in project 'swift-syntax'
        ➜ Explicit dependency on target 'SwiftSyntax' in project 'swift-syntax'
        ➜ Explicit dependency on target 'SwiftBasicFormat' in project 'swift-syntax'
        ➜ Explicit dependency on target 'SwiftParser' in project 'swift-syntax'
        ➜ Explicit dependency on target 'SwiftDiagnostics' in project 'swift-syntax'
        ➜ Explicit dependency on target 'SwiftParserDiagnostics' in project 'swift-syntax'
        ➜ Explicit dependency on target 'SwiftSyntaxBuilder' in project 'swift-syntax'
        ➜ Explicit dependency on target 'SwiftSyntaxMacros' in project 'swift-syntax'
        ➜ Explicit dependency on target 'SwiftOperators' in project 'swift-syntax'
    Target 'SwiftOperators' in project 'swift-syntax'
        ➜ Explicit dependency on target 'SwiftSyntax509' in project 'swift-syntax'
        ➜ Explicit dependency on target 'SwiftSyntax' in project 'swift-syntax'
        ➜ Explicit dependency on target 'SwiftDiagnostics' in project 'swift-syntax'
        ➜ Explicit dependency on target 'SwiftParser' in project 'swift-syntax'
    Target 'SwiftSyntaxMacros-product' in project 'swift-syntax'
        ➜ Explicit dependency on target 'SwiftSyntaxMacros' in project 'swift-syntax'
        ➜ Explicit dependency on target 'SwiftSyntax509' in project 'swift-syntax'
        ➜ Explicit dependency on target 'SwiftSyntax' in project 'swift-syntax'
        ➜ Explicit dependency on target 'SwiftDiagnostics' in project 'swift-syntax'
        ➜ Explicit dependency on target 'SwiftParser' in project 'swift-syntax'
        ➜ Explicit dependency on target 'SwiftBasicFormat' in project 'swift-syntax'
        ➜ Explicit dependency on target 'SwiftParserDiagnostics' in project 'swift-syntax'
        ➜ Explicit dependency on target 'SwiftSyntaxBuilder' in project 'swift-syntax'
    Target 'SwiftSyntaxMacros' in project 'swift-syntax'
        ➜ Explicit dependency on target 'SwiftSyntax509' in project 'swift-syntax'
        ➜ Explicit dependency on target 'SwiftSyntax' in project 'swift-syntax'
        ➜ Explicit dependency on target 'SwiftDiagnostics' in project 'swift-syntax'
        ➜ Explicit dependency on target 'SwiftParser' in project 'swift-syntax'
        ➜ Explicit dependency on target 'SwiftBasicFormat' in project 'swift-syntax'
        ➜ Explicit dependency on target 'SwiftParserDiagnostics' in project 'swift-syntax'
        ➜ Explicit dependency on target 'SwiftSyntaxBuilder' in project 'swift-syntax'
    Target 'SwiftSyntaxBuilder' in project 'swift-syntax'
        ➜ Explicit dependency on target 'SwiftSyntax509' in project 'swift-syntax'
        ➜ Explicit dependency on target 'SwiftSyntax' in project 'swift-syntax'
        ➜ Explicit dependency on target 'SwiftBasicFormat' in project 'swift-syntax'
        ➜ Explicit dependency on target 'SwiftParser' in project 'swift-syntax'
        ➜ Explicit dependency on target 'SwiftDiagnostics' in project 'swift-syntax'
        ➜ Explicit dependency on target 'SwiftParserDiagnostics' in project 'swift-syntax'
    Target 'SwiftParserDiagnostics' in project 'swift-syntax'
        ➜ Explicit dependency on target 'SwiftSyntax509' in project 'swift-syntax'
        ➜ Explicit dependency on target 'SwiftSyntax' in project 'swift-syntax'
        ➜ Explicit dependency on target 'SwiftBasicFormat' in project 'swift-syntax'
        ➜ Explicit dependency on target 'SwiftDiagnostics' in project 'swift-syntax'
        ➜ Explicit dependency on target 'SwiftParser' in project 'swift-syntax'
    Target 'SwiftBasicFormat' in project 'swift-syntax'
        ➜ Explicit dependency on target 'SwiftSyntax509' in project 'swift-syntax'
        ➜ Explicit dependency on target 'SwiftSyntax' in project 'swift-syntax'
    Target 'SwiftParser' in project 'swift-syntax'
        ➜ Explicit dependency on target 'SwiftSyntax509' in project 'swift-syntax'
        ➜ Explicit dependency on target 'SwiftSyntax' in project 'swift-syntax'
    Target 'SwiftDiagnostics' in project 'swift-syntax'
        ➜ Explicit dependency on target 'SwiftSyntax509' in project 'swift-syntax'
        ➜ Explicit dependency on target 'SwiftSyntax' in project 'swift-syntax'
    Target 'SwiftSyntax-product' in project 'swift-syntax'
        ➜ Explicit dependency on target 'SwiftSyntax' in project 'swift-syntax'
        ➜ Explicit dependency on target 'SwiftSyntax509' in project 'swift-syntax'
    Target 'SwiftSyntax' in project 'swift-syntax'
        ➜ Explicit dependency on target 'SwiftSyntax509' in project 'swift-syntax'
    Target 'SwiftSyntax509' in project 'swift-syntax' (no dependencies)
GatherProvisioningInputs
CreateBuildDescription
ClangStatCache /Applications/Xcode-27.0.0-Release.Candidate.app/Contents/Developer/Toolchains/XcodeDefault.xctoolchain/usr/bin/clang-stat-cache /Applications/Xcode-27.0.0-Release.Candidate.app/Contents/Developer/Platforms/MacOSX.platform/Developer/SDKs/MacOSX27.0.sdk /Users/admin/builder/spi-builder-workspace/.derivedData/SDKStatCaches.noindex/macosx27.0-26A425-e829b21a6f8c9b70876ba0858053c0446a22442a12e9d48fe1a705f55a1adfc4.sdkstatcache
    cd /Users/admin/builder/spi-builder-workspace/.swiftpm/xcode
    /Applications/Xcode-27.0.0-Release.Candidate.app/Contents/Developer/Toolchains/XcodeDefault.xctoolchain/usr/bin/clang-stat-cache /Applications/Xcode-27.0.0-Release.Candidate.app/Contents/Developer/Platforms/MacOSX.platform/Developer/SDKs/MacOSX27.0.sdk -o /Users/admin/builder/spi-builder-workspace/.derivedData/SDKStatCaches.noindex/macosx27.0-26A425-e829b21a6f8c9b70876ba0858053c0446a22442a12e9d48fe1a705f55a1adfc4.sdkstatcache
SwiftDriver DependenciesMacrosPlugin normal arm64 com.apple.xcode.tools.swift.compiler (in target 'DependenciesMacrosPlugin' from project 'swift-dependencies')
    cd /Users/admin/builder/spi-builder-workspace/.swiftpm/xcode
    builtin-SwiftDriver -- /Applications/Xcode-27.0.0-Release.Candidate.app/Contents/Developer/Toolchains/XcodeDefault.xctoolchain/usr/bin/swiftc -parse-as-library -module-name DependenciesMacrosPlugin -Onone @/Users/admin/builder/spi-builder-workspace/.derivedData/Build/Intermediates.noindex/swift-dependencies.build/Debug/DependenciesMacrosPlugin-t.build/Objects-normal/arm64/DependenciesMacrosPlugin.SwiftFileList -DSWIFT_PACKAGE -DDEBUG -DClocks -DCombineSchedulers -DFoundation -DFoundationNetworking -DXcode -enable-upcoming-feature ExistentialAny -enable-upcoming-feature ImmutableWeakCaptures -enable-upcoming-feature InferIsolatedConformances -enable-upcoming-feature InternalImportsByDefault -enable-upcoming-feature MemberImportVisibility -enable-upcoming-feature NonisolatedNonsendingByDefault -plugin-path /Applications/Xcode-27.0.0-Release.Candidate.app/Contents/Developer/Toolchains/XcodeDefault.xctoolchain/usr/lib/swift/host/plugins/testing -enable-experimental-feature DebugDescriptionMacro -sdk /Applications/Xcode-27.0.0-Release.Candidate.app/Contents/Developer/Platforms/MacOSX.platform/Developer/SDKs/MacOSX27.0.sdk -target arm64-apple-macos12.0 -g -module-cache-path /Users/admin/builder/spi-builder-workspace/.derivedData/ModuleCache.noindex -Xfrontend -serialize-debugging-options -profile-coverage-mapping -profile-generate -enable-testing -suppress-warnings -index-store-path /Users/admin/builder/spi-builder-workspace/.derivedData/Index.noindex/DataStore -Xcc -D_LIBCPP_HARDENING_MODE\=_LIBCPP_HARDENING_MODE_DEBUG -swift-version 6 -I /Users/admin/builder/spi-builder-workspace/.derivedData/Build/Products/Debug -Isystem /Applications/Xcode-27.0.0-Release.Candidate.app/Contents/Developer/Platforms/MacOSX.platform/Developer/usr/lib -F /Users/admin/builder/spi-builder-workspace/.derivedData/Build/Products/Debug/PackageFrameworks -F /Users/admin/builder/spi-builder-workspace/.derivedData/Build/Products/Debug -F /Applications/Xcode-27.0.0-Release.Candidate.app/Contents/Developer/Platforms/MacOSX.platform/Developer/Library/Frameworks -c -j10 -enable-batch-mode -incremental -Xcc -ivfsstatcache -Xcc /Users/admin/builder/spi-builder-workspace/.derivedData/SDKStatCaches.noindex/macosx27.0-26A425-e829b21a6f8c9b70876ba0858053c0446a22442a12e9d48fe1a705f55a1adfc4.sdkstatcache -output-file-map /Users/admin/builder/spi-builder-workspace/.derivedData/Build/Intermediates.noindex/swift-dependencies.build/Debug/DependenciesMacrosPlugin-t.build/Objects-normal/arm64/DependenciesMacrosPlugin-OutputFileMap.json -save-temps -no-color-diagnostics -explicit-module-build -module-cache-path /Users/admin/builder/spi-builder-workspace/.derivedData/Build/Intermediates.noindex/SwiftExplicitPrecompiledModules -clang-scanner-module-cache-path /Users/admin/builder/spi-builder-workspace/.derivedData/ModuleCache.noindex -sdk-module-cache-path /Users/admin/builder/spi-builder-workspace/.derivedData/SDKExplicitPrecompiledModules -emit-dependencies -emit-module -emit-module-path /Users/admin/builder/spi-builder-workspace/.derivedData/Build/Intermediates.noindex/swift-dependencies.build/Debug/DependenciesMacrosPlugin-t.build/Objects-normal/arm64/DependenciesMacrosPlugin.swiftmodule -serialize-diagnostics -dependency-scan-serialize-diagnostics-path /Users/admin/builder/spi-builder-workspace/.derivedData/Build/Intermediates.noindex/swift-dependencies.build/Debug/DependenciesMacrosPlugin-t.build/Objects-normal/arm64/DependenciesMacrosPlugin-dependency-scan.dia -user-module-version 1.17.1 -validate-clang-modules-once -clang-build-session-file /Users/admin/builder/spi-builder-workspace/.derivedData/ModuleCache.noindex/Session.modulevalidation -Xcc -fmodules-prune-interval\=86400 -Xcc -fmodules-prune-after\=345600 -package-name swift_dependencies -emit-const-values -const-gather-protocols-list /Users/admin/builder/spi-builder-workspace/.derivedData/Build/Intermediates.noindex/swift-dependencies.build/Debug/DependenciesMacrosPlugin-t.build/Objects-normal/arm64/DependenciesMacrosPlugin_const_extract_protocols.json -Xcc -I/Users/admin/builder/spi-builder-workspace/.derivedData/Build/Products/Debug/include -Xcc -I/Users/admin/builder/spi-builder-workspace/.derivedData/Build/Intermediates.noindex/swift-dependencies.build/Debug/DependenciesMacrosPlugin-t.build/DerivedSources-normal/arm64 -Xcc -I/Users/admin/builder/spi-builder-workspace/.derivedData/Build/Intermediates.noindex/swift-dependencies.build/Debug/DependenciesMacrosPlugin-t.build/DerivedSources/arm64 -Xcc -I/Users/admin/builder/spi-builder-workspace/.derivedData/Build/Intermediates.noindex/swift-dependencies.build/Debug/DependenciesMacrosPlugin-t.build/DerivedSources -Xcc -DSWIFT_PACKAGE -Xcc -DDEBUG\=1 -working-directory /Users/admin/builder/spi-builder-workspace/.swiftpm/xcode -experimental-emit-module-separately -disable-cmo
SwiftDriver SimplexArchitectureMacrosPlugin normal arm64 com.apple.xcode.tools.swift.compiler (in target 'SimplexArchitectureMacrosPlugin' from project 'swiftui-simplex-architecture')
    cd /Users/admin/builder/spi-builder-workspace/.swiftpm/xcode
    builtin-SwiftDriver -- /Applications/Xcode-27.0.0-Release.Candidate.app/Contents/Developer/Toolchains/XcodeDefault.xctoolchain/usr/bin/swiftc -parse-as-library -module-name SimplexArchitectureMacrosPlugin -Onone @/Users/admin/builder/spi-builder-workspace/.derivedData/Build/Intermediates.noindex/swiftui-simplex-architecture.build/Debug/SimplexArchitectureMacrosPlugin-t.build/Objects-normal/arm64/SimplexArchitectureMacrosPlugin.SwiftFileList -DSWIFT_PACKAGE -DDEBUG -DXcode -plugin-path /Applications/Xcode-27.0.0-Release.Candidate.app/Contents/Developer/Toolchains/XcodeDefault.xctoolchain/usr/lib/swift/host/plugins/testing -enable-experimental-feature DebugDescriptionMacro -sdk /Applications/Xcode-27.0.0-Release.Candidate.app/Contents/Developer/Platforms/MacOSX.platform/Developer/SDKs/MacOSX27.0.sdk -target arm64-apple-macos12.0 -g -module-cache-path /Users/admin/builder/spi-builder-workspace/.derivedData/ModuleCache.noindex -Xfrontend -serialize-debugging-options -profile-coverage-mapping -profile-generate -enable-testing -index-store-path /Users/admin/builder/spi-builder-workspace/.derivedData/Index.noindex/DataStore -Xcc -D_LIBCPP_HARDENING_MODE\=_LIBCPP_HARDENING_MODE_DEBUG -swift-version 5 -I /Users/admin/builder/spi-builder-workspace/.derivedData/Build/Products/Debug -Isystem /Applications/Xcode-27.0.0-Release.Candidate.app/Contents/Developer/Platforms/MacOSX.platform/Developer/usr/lib -F /Users/admin/builder/spi-builder-workspace/.derivedData/Build/Products/Debug/PackageFrameworks -F /Users/admin/builder/spi-builder-workspace/.derivedData/Build/Products/Debug -F /Applications/Xcode-27.0.0-Release.Candidate.app/Contents/Developer/Platforms/MacOSX.platform/Developer/Library/Frameworks -c -j10 -enable-batch-mode -incremental -Xcc -ivfsstatcache -Xcc /Users/admin/builder/spi-builder-workspace/.derivedData/SDKStatCaches.noindex/macosx27.0-26A425-e829b21a6f8c9b70876ba0858053c0446a22442a12e9d48fe1a705f55a1adfc4.sdkstatcache -output-file-map /Users/admin/builder/spi-builder-workspace/.derivedData/Build/Intermediates.noindex/swiftui-simplex-architecture.build/Debug/SimplexArchitectureMacrosPlugin-t.build/Objects-normal/arm64/SimplexArchitectureMacrosPlugin-OutputFileMap.json -save-temps -no-color-diagnostics -explicit-module-build -module-cache-path /Users/admin/builder/spi-builder-workspace/.derivedData/Build/Intermediates.noindex/SwiftExplicitPrecompiledModules -clang-scanner-module-cache-path /Users/admin/builder/spi-builder-workspace/.derivedData/ModuleCache.noindex -sdk-module-cache-path /Users/admin/builder/spi-builder-workspace/.derivedData/SDKExplicitPrecompiledModules -emit-dependencies -emit-module -emit-module-path /Users/admin/builder/spi-builder-workspace/.derivedData/Build/Intermediates.noindex/swiftui-simplex-architecture.build/Debug/SimplexArchitectureMacrosPlugin-t.build/Objects-normal/arm64/SimplexArchitectureMacrosPlugin.swiftmodule -serialize-diagnostics -dependency-scan-serialize-diagnostics-path /Users/admin/builder/spi-builder-workspace/.derivedData/Build/Intermediates.noindex/swiftui-simplex-architecture.build/Debug/SimplexArchitectureMacrosPlugin-t.build/Objects-normal/arm64/SimplexArchitectureMacrosPlugin-dependency-scan.dia -validate-clang-modules-once -clang-build-session-file /Users/admin/builder/spi-builder-workspace/.derivedData/ModuleCache.noindex/Session.modulevalidation -Xcc -fmodules-prune-interval\=86400 -Xcc -fmodules-prune-after\=345600 -package-name spi_builder_workspace -emit-const-values -const-gather-protocols-list /Users/admin/builder/spi-builder-workspace/.derivedData/Build/Intermediates.noindex/swiftui-simplex-architecture.build/Debug/SimplexArchitectureMacrosPlugin-t.build/Objects-normal/arm64/SimplexArchitectureMacrosPlugin_const_extract_protocols.json -Xcc -I/Users/admin/builder/spi-builder-workspace/.derivedData/Build/Products/Debug/include -Xcc -I/Users/admin/builder/spi-builder-workspace/.derivedData/Build/Intermediates.noindex/swiftui-simplex-architecture.build/Debug/SimplexArchitectureMacrosPlugin-t.build/DerivedSources-normal/arm64 -Xcc -I/Users/admin/builder/spi-builder-workspace/.derivedData/Build/Intermediates.noindex/swiftui-simplex-architecture.build/Debug/SimplexArchitectureMacrosPlugin-t.build/DerivedSources/arm64 -Xcc -I/Users/admin/builder/spi-builder-workspace/.derivedData/Build/Intermediates.noindex/swiftui-simplex-architecture.build/Debug/SimplexArchitectureMacrosPlugin-t.build/DerivedSources -Xcc -DSWIFT_PACKAGE -Xcc -DDEBUG\=1 -working-directory /Users/admin/builder/spi-builder-workspace/.swiftpm/xcode -experimental-emit-module-separately -disable-cmo
SwiftDriver CasePathsMacrosSupport normal arm64 com.apple.xcode.tools.swift.compiler (in target 'CasePathsMacrosSupport' from project 'swift-case-paths')
    cd /Users/admin/builder/spi-builder-workspace/.swiftpm/xcode
    builtin-SwiftDriver -- /Applications/Xcode-27.0.0-Release.Candidate.app/Contents/Developer/Toolchains/XcodeDefault.xctoolchain/usr/bin/swiftc -parse-as-library -module-name CasePathsMacrosSupport -Onone @/Users/admin/builder/spi-builder-workspace/.derivedData/Build/Intermediates.noindex/swift-case-paths.build/Debug/CasePathsMacrosSupport-t.build/Objects-normal/arm64/CasePathsMacrosSupport.SwiftFileList -DSWIFT_PACKAGE -DDEBUG -DSWIFT_MODULE_RESOURCE_BUNDLE_UNAVAILABLE -DXcode -plugin-path /Applications/Xcode-27.0.0-Release.Candidate.app/Contents/Developer/Toolchains/XcodeDefault.xctoolchain/usr/lib/swift/host/plugins/testing -enable-experimental-feature DebugDescriptionMacro -sdk /Applications/Xcode-27.0.0-Release.Candidate.app/Contents/Developer/Platforms/MacOSX.platform/Developer/SDKs/MacOSX27.0.sdk -target arm64-apple-macos12.0 -g -module-cache-path /Users/admin/builder/spi-builder-workspace/.derivedData/ModuleCache.noindex -Xfrontend -serialize-debugging-options -profile-coverage-mapping -profile-generate -enable-testing -suppress-warnings -index-store-path /Users/admin/builder/spi-builder-workspace/.derivedData/Index.noindex/DataStore -Xcc -D_LIBCPP_HARDENING_MODE\=_LIBCPP_HARDENING_MODE_DEBUG -swift-version 6 -I /Users/admin/builder/spi-builder-workspace/.derivedData/Build/Products/Debug -Isystem /Applications/Xcode-27.0.0-Release.Candidate.app/Contents/Developer/Platforms/MacOSX.platform/Developer/usr/lib -F /Users/admin/builder/spi-builder-workspace/.derivedData/Build/Products/Debug/PackageFrameworks -F /Users/admin/builder/spi-builder-workspace/.derivedData/Build/Products/Debug -F /Applications/Xcode-27.0.0-Release.Candidate.app/Contents/Developer/Platforms/MacOSX.platform/Developer/Library/Frameworks -c -j10 -enable-batch-mode -incremental -Xcc -ivfsstatcache -Xcc /Users/admin/builder/spi-builder-workspace/.derivedData/SDKStatCaches.noindex/macosx27.0-26A425-e829b21a6f8c9b70876ba0858053c0446a22442a12e9d48fe1a705f55a1adfc4.sdkstatcache -output-file-map /Users/admin/builder/spi-builder-workspace/.derivedData/Build/Intermediates.noindex/swift-case-paths.build/Debug/CasePathsMacrosSupport-t.build/Objects-normal/arm64/CasePathsMacrosSupport-OutputFileMap.json -save-temps -no-color-diagnostics -explicit-module-build -module-cache-path /Users/admin/builder/spi-builder-workspace/.derivedData/Build/Intermediates.noindex/SwiftExplicitPrecompiledModules -clang-scanner-module-cache-path /Users/admin/builder/spi-builder-workspace/.derivedData/ModuleCache.noindex -sdk-module-cache-path /Users/admin/builder/spi-builder-workspace/.derivedData/SDKExplicitPrecompiledModules -emit-dependencies -emit-module -emit-module-path /Users/admin/builder/spi-builder-workspace/.derivedData/Build/Intermediates.noindex/swift-case-paths.build/Debug/CasePathsMacrosSupport-t.build/Objects-normal/arm64/CasePathsMacrosSupport.swiftmodule -serialize-diagnostics -dependency-scan-serialize-diagnostics-path /Users/admin/builder/spi-builder-workspace/.derivedData/Build/Intermediates.noindex/swift-case-paths.build/Debug/CasePathsMacrosSupport-t.build/Objects-normal/arm64/CasePathsMacrosSupport-dependency-scan.dia -user-module-version 1.10.0 -validate-clang-modules-once -clang-build-session-file /Users/admin/builder/spi-builder-workspace/.derivedData/ModuleCache.noindex/Session.modulevalidation -Xcc -fmodules-prune-interval\=86400 -Xcc -fmodules-prune-after\=345600 -package-name swift_case_paths -emit-const-values -const-gather-protocols-list /Users/admin/builder/spi-builder-workspace/.derivedData/Build/Intermediates.noindex/swift-case-paths.build/Debug/CasePathsMacrosSupport-t.build/Objects-normal/arm64/CasePathsMacrosSupport_const_extract_protocols.json -Xcc -I/Users/admin/builder/spi-builder-workspace/.derivedData/Build/Products/Debug/include -Xcc -I/Users/admin/builder/spi-builder-workspace/.derivedData/Build/Intermediates.noindex/swift-case-paths.build/Debug/CasePathsMacrosSupport-t.build/DerivedSources-normal/arm64 -Xcc -I/Users/admin/builder/spi-builder-workspace/.derivedData/Build/Intermediates.noindex/swift-case-paths.build/Debug/CasePathsMacrosSupport-t.build/DerivedSources/arm64 -Xcc -I/Users/admin/builder/spi-builder-workspace/.derivedData/Build/Intermediates.noindex/swift-case-paths.build/Debug/CasePathsMacrosSupport-t.build/DerivedSources -Xcc -DSWIFT_PACKAGE -Xcc -DDEBUG\=1 -emit-objc-header -emit-objc-header-path /Users/admin/builder/spi-builder-workspace/.derivedData/Build/Intermediates.noindex/swift-case-paths.build/Debug/CasePathsMacrosSupport-t.build/Objects-normal/arm64/CasePathsMacrosSupport-Swift.h -working-directory /Users/admin/builder/spi-builder-workspace/.swiftpm/xcode -experimental-emit-module-separately -disable-cmo
SwiftEmitModule normal arm64 Emitting\ module\ for\ SimplexArchitectureMacrosPlugin (in target 'SimplexArchitectureMacrosPlugin' from project 'swiftui-simplex-architecture')
SwiftCompile normal arm64 (in target 'SimplexArchitectureMacrosPlugin' from project 'swiftui-simplex-architecture')
    cd /Users/admin/builder/spi-builder-workspace/.swiftpm/xcode

SwiftCompile normal arm64 Compiling\ ReducerMacro+memberMacro.swift /Users/admin/builder/spi-builder-workspace/Sources/SimplexArchitectureMacrosPlugin/Reducer/ReducerMacro+memberMacro.swift (in target 'SimplexArchitectureMacrosPlugin' from project 'swiftui-simplex-architecture')
SwiftCompile normal arm64 /Users/admin/builder/spi-builder-workspace/Sources/SimplexArchitectureMacrosPlugin/Reducer/ReducerMacro+memberMacro.swift (in target 'SimplexArchitectureMacrosPlugin' from project 'swiftui-simplex-architecture')
    cd /Users/admin/builder/spi-builder-workspace/.swiftpm/xcode
    builtin-SwiftPerFileCompile ReducerMacro+memberMacro.swift
SwiftCompile normal arm64 Compiling\ HasName.swift,\ String+modifiying.swift /Users/admin/builder/spi-builder-workspace/Sources/SimplexArchitectureMacrosPlugin/Extensions/HasName.swift /Users/admin/builder/spi-builder-workspace/Sources/SimplexArchitectureMacrosPlugin/Extensions/String+modifiying.swift (in target 'SimplexArchitectureMacrosPlugin' from project 'swiftui-simplex-architecture')
SwiftCompile normal arm64 /Users/admin/builder/spi-builder-workspace/Sources/SimplexArchitectureMacrosPlugin/Extensions/HasName.swift (in target 'SimplexArchitectureMacrosPlugin' from project 'swiftui-simplex-architecture')
    cd /Users/admin/builder/spi-builder-workspace/.swiftpm/xcode
    builtin-SwiftPerFileCompile HasName.swift
SwiftCompile normal arm64 /Users/admin/builder/spi-builder-workspace/Sources/SimplexArchitectureMacrosPlugin/Extensions/String+modifiying.swift (in target 'SimplexArchitectureMacrosPlugin' from project 'swiftui-simplex-architecture')
    cd /Users/admin/builder/spi-builder-workspace/.swiftpm/xcode
    builtin-SwiftPerFileCompile String+modifiying.swift
SwiftCompile normal arm64 Compiling\ DeclGroupSyntax.swift,\ DeclModifierListSyntax+accessModifier.swift /Users/admin/builder/spi-builder-workspace/Sources/SimplexArchitectureMacrosPlugin/Extensions/DeclGroupSyntax.swift /Users/admin/builder/spi-builder-workspace/Sources/SimplexArchitectureMacrosPlugin/Extensions/DeclModifierListSyntax+accessModifier.swift (in target 'SimplexArchitectureMacrosPlugin' from project 'swiftui-simplex-architecture')
SwiftCompile normal arm64 /Users/admin/builder/spi-builder-workspace/Sources/SimplexArchitectureMacrosPlugin/Extensions/DeclGroupSyntax.swift (in target 'SimplexArchitectureMacrosPlugin' from project 'swiftui-simplex-architecture')
    cd /Users/admin/builder/spi-builder-workspace/.swiftpm/xcode
    builtin-SwiftPerFileCompile DeclGroupSyntax.swift
SwiftCompile normal arm64 /Users/admin/builder/spi-builder-workspace/Sources/SimplexArchitectureMacrosPlugin/Extensions/DeclModifierListSyntax+accessModifier.swift (in target 'SimplexArchitectureMacrosPlugin' from project 'swiftui-simplex-architecture')
    cd /Users/admin/builder/spi-builder-workspace/.swiftpm/xcode
    builtin-SwiftPerFileCompile DeclModifierListSyntax+accessModifier.swift
SwiftCompile normal arm64 Compiling\ VariableDeclSyntax+variableName.swift,\ ReducerMacro+extensionMacro.swift /Users/admin/builder/spi-builder-workspace/Sources/SimplexArchitectureMacrosPlugin/Extensions/VariableDeclSyntax+variableName.swift /Users/admin/builder/spi-builder-workspace/Sources/SimplexArchitectureMacrosPlugin/Reducer/ReducerMacro+extensionMacro.swift (in target 'SimplexArchitectureMacrosPlugin' from project 'swiftui-simplex-architecture')
SwiftCompile normal arm64 /Users/admin/builder/spi-builder-workspace/Sources/SimplexArchitectureMacrosPlugin/Extensions/VariableDeclSyntax+variableName.swift (in target 'SimplexArchitectureMacrosPlugin' from project 'swiftui-simplex-architecture')
    cd /Users/admin/builder/spi-builder-workspace/.swiftpm/xcode
    builtin-SwiftPerFileCompile VariableDeclSyntax+variableName.swift
SwiftCompile normal arm64 /Users/admin/builder/spi-builder-workspace/Sources/SimplexArchitectureMacrosPlugin/Reducer/ReducerMacro+extensionMacro.swift (in target 'SimplexArchitectureMacrosPlugin' from project 'swiftui-simplex-architecture')
    cd /Users/admin/builder/spi-builder-workspace/.swiftpm/xcode
    builtin-SwiftPerFileCompile ReducerMacro+extensionMacro.swift
SwiftCompile normal arm64 Compiling\ ViewStateMacro+memberMacro.swift /Users/admin/builder/spi-builder-workspace/Sources/SimplexArchitectureMacrosPlugin/ViewState/ViewStateMacro+memberMacro.swift (in target 'SimplexArchitectureMacrosPlugin' from project 'swiftui-simplex-architecture')
SwiftCompile normal arm64 /Users/admin/builder/spi-builder-workspace/Sources/SimplexArchitectureMacrosPlugin/ViewState/ViewStateMacro+memberMacro.swift (in target 'SimplexArchitectureMacrosPlugin' from project 'swiftui-simplex-architecture')
    cd /Users/admin/builder/spi-builder-workspace/.swiftpm/xcode
    builtin-SwiftPerFileCompile ViewStateMacro+memberMacro.swift
SwiftCompile normal arm64 Compiling\ SimplexArchitectureMacrosPlugin.swift /Users/admin/builder/spi-builder-workspace/Sources/SimplexArchitectureMacrosPlugin/SimplexArchitectureMacrosPlugin.swift (in target 'SimplexArchitectureMacrosPlugin' from project 'swiftui-simplex-architecture')
SwiftCompile normal arm64 /Users/admin/builder/spi-builder-workspace/Sources/SimplexArchitectureMacrosPlugin/SimplexArchitectureMacrosPlugin.swift (in target 'SimplexArchitectureMacrosPlugin' from project 'swiftui-simplex-architecture')
    cd /Users/admin/builder/spi-builder-workspace/.swiftpm/xcode
    builtin-SwiftPerFileCompile SimplexArchitectureMacrosPlugin.swift
SwiftCompile normal arm64 Compiling\ ViewStateMacro+extensionMacro.swift /Users/admin/builder/spi-builder-workspace/Sources/SimplexArchitectureMacrosPlugin/ViewState/ViewStateMacro+extensionMacro.swift (in target 'SimplexArchitectureMacrosPlugin' from project 'swiftui-simplex-architecture')
SwiftCompile normal arm64 /Users/admin/builder/spi-builder-workspace/Sources/SimplexArchitectureMacrosPlugin/ViewState/ViewStateMacro+extensionMacro.swift (in target 'SimplexArchitectureMacrosPlugin' from project 'swiftui-simplex-architecture')
    cd /Users/admin/builder/spi-builder-workspace/.swiftpm/xcode
    builtin-SwiftPerFileCompile ViewStateMacro+extensionMacro.swift
SwiftCompile normal arm64 Compiling\ StructDeclSyntax+variables.swift,\ VariableDeclSyntax+filter.swift /Users/admin/builder/spi-builder-workspace/Sources/SimplexArchitectureMacrosPlugin/Extensions/StructDeclSyntax+variables.swift /Users/admin/builder/spi-builder-workspace/Sources/SimplexArchitectureMacrosPlugin/Extensions/VariableDeclSyntax+filter.swift (in target 'SimplexArchitectureMacrosPlugin' from project 'swiftui-simplex-architecture')
SwiftCompile normal arm64 /Users/admin/builder/spi-builder-workspace/Sources/SimplexArchitectureMacrosPlugin/Extensions/StructDeclSyntax+variables.swift (in target 'SimplexArchitectureMacrosPlugin' from project 'swiftui-simplex-architecture')
    cd /Users/admin/builder/spi-builder-workspace/.swiftpm/xcode
    builtin-SwiftPerFileCompile StructDeclSyntax+variables.swift
SwiftCompile normal arm64 /Users/admin/builder/spi-builder-workspace/Sources/SimplexArchitectureMacrosPlugin/Extensions/VariableDeclSyntax+filter.swift (in target 'SimplexArchitectureMacrosPlugin' from project 'swiftui-simplex-architecture')
    cd /Users/admin/builder/spi-builder-workspace/.swiftpm/xcode
    builtin-SwiftPerFileCompile VariableDeclSyntax+filter.swift
SwiftCompile normal arm64 Compiling\ ReducerMacroDiagnostic.swift /Users/admin/builder/spi-builder-workspace/Sources/SimplexArchitectureMacrosPlugin/Reducer/ReducerMacroDiagnostic.swift (in target 'SimplexArchitectureMacrosPlugin' from project 'swiftui-simplex-architecture')
SwiftCompile normal arm64 /Users/admin/builder/spi-builder-workspace/Sources/SimplexArchitectureMacrosPlugin/Reducer/ReducerMacroDiagnostic.swift (in target 'SimplexArchitectureMacrosPlugin' from project 'swiftui-simplex-architecture')
    cd /Users/admin/builder/spi-builder-workspace/.swiftpm/xcode
    builtin-SwiftPerFileCompile ReducerMacroDiagnostic.swift
SwiftEmitModule normal arm64 Emitting\ module\ for\ DependenciesMacrosPlugin (in target 'DependenciesMacrosPlugin' from project 'swift-dependencies')
SwiftCompile normal arm64 (in target 'DependenciesMacrosPlugin' from project 'swift-dependencies')
    cd /Users/admin/builder/spi-builder-workspace/.swiftpm/xcode

SwiftDriverJobDiscovery normal arm64 Compiling SimplexArchitectureMacrosPlugin.swift (in target 'SimplexArchitectureMacrosPlugin' from project 'swiftui-simplex-architecture')
SwiftCompile normal arm64 Compiling\ ViewStateMacroDiagnostic.swift /Users/admin/builder/spi-builder-workspace/Sources/SimplexArchitectureMacrosPlugin/ViewState/ViewStateMacroDiagnostic.swift (in target 'SimplexArchitectureMacrosPlugin' from project 'swiftui-simplex-architecture')
SwiftCompile normal arm64 /Users/admin/builder/spi-builder-workspace/Sources/SimplexArchitectureMacrosPlugin/ViewState/ViewStateMacroDiagnostic.swift (in target 'SimplexArchitectureMacrosPlugin' from project 'swiftui-simplex-architecture')
    cd /Users/admin/builder/spi-builder-workspace/.swiftpm/xcode
    builtin-SwiftPerFileCompile ViewStateMacroDiagnostic.swift
SwiftCompile normal arm64 Compiling\ DependencyClientMacro.swift /Users/admin/builder/spi-builder-workspace/.dependencies/checkouts/swift-dependencies/Sources/DependenciesMacrosPlugin/DependencyClientMacro.swift (in target 'DependenciesMacrosPlugin' from project 'swift-dependencies')
SwiftCompile normal arm64 /Users/admin/builder/spi-builder-workspace/.dependencies/checkouts/swift-dependencies/Sources/DependenciesMacrosPlugin/DependencyClientMacro.swift (in target 'DependenciesMacrosPlugin' from project 'swift-dependencies')
    cd /Users/admin/builder/spi-builder-workspace/.swiftpm/xcode
    builtin-SwiftPerFileCompile DependencyClientMacro.swift
SwiftCompile normal arm64 Compiling\ DependencyEntryMacro.swift /Users/admin/builder/spi-builder-workspace/.dependencies/checkouts/swift-dependencies/Sources/DependenciesMacrosPlugin/DependencyEntryMacro.swift (in target 'DependenciesMacrosPlugin' from project 'swift-dependencies')
/Users/admin/builder/spi-builder-workspace/.dependencies/checkouts/swift-dependencies/Sources/DependenciesMacrosPlugin/DependencyEntryMacro.swift:55:20: error: cannot find 'MacroExpansionErrorMessage' in scope
 53 |         Diagnostic(
 54 |           node: node,
 55 |           message: MacroExpansionErrorMessage(
    |                    `- error: cannot find 'MacroExpansionErrorMessage' in scope
 56 |             """
 57 |             '@DependencyEntry' macro can only attach to 'var' declarations inside extensions of \
/Users/admin/builder/spi-builder-workspace/.dependencies/checkouts/swift-dependencies/Sources/DependenciesMacrosPlugin/DependencyEntryMacro.swift:95:20: error: cannot find 'MacroExpansionErrorMessage' in scope
 93 |         Diagnostic(
 94 |           node: declaration,
 95 |           message: MacroExpansionErrorMessage(
    |                    `- error: cannot find 'MacroExpansionErrorMessage' in scope
 96 |             """
 97 |             '@DependencyEntry' requires an initializer to define the property's test value, or a \
/Users/admin/builder/spi-builder-workspace/.dependencies/checkouts/swift-dependencies/Sources/DependenciesMacrosPlugin/DependencyEntryMacro.swift:169:18: error: cannot find 'TypeSyntaxEnum' in scope
167 |
168 | private func keyTypeName(from type: TypeSyntax) -> String? {
169 |   switch type.as(TypeSyntaxEnum.self) {
    |                  `- error: cannot find 'TypeSyntaxEnum' in scope
170 |   case .identifierType(let type):
171 |     return type.name.text.dependencyEntryTrimmedBackticks
/Users/admin/builder/spi-builder-workspace/.dependencies/checkouts/swift-dependencies/Sources/DependenciesMacrosPlugin/DependencyEntryMacro.swift:248:33: error: value of type 'some MacroExpansionContext' has no member 'lexicalContext'
246 | ) -> Bool {
247 |   guard
248 |     let extensionDecl = context.lexicalContext.first?.as(ExtensionDeclSyntax.self)
    |                                 `- error: value of type 'some MacroExpansionContext' has no member 'lexicalContext'
249 |   else {
250 |     return false
/Users/admin/builder/spi-builder-workspace/.dependencies/checkouts/swift-dependencies/Sources/DependenciesMacrosPlugin/DependencyEntryMacro.swift:287:11: error: value of type 'some MacroExpansionContext' has no member 'lexicalContext'
285 |
286 | private func extendedType(in context: some MacroExpansionContext) -> TypeSyntax? {
287 |   context.lexicalContext.first?.as(ExtensionDeclSyntax.self)?.extendedType.trimmed
    |           `- error: value of type 'some MacroExpansionContext' has no member 'lexicalContext'
288 | }
289 |
/Users/admin/builder/spi-builder-workspace/.dependencies/checkouts/swift-dependencies/Sources/DependenciesMacrosPlugin/DependencyEntryMacro.swift:382:18: error: cannot find 'MacroExpansionErrorMessage' in scope
380 |       Diagnostic(
381 |         node: node,
382 |         message: MacroExpansionErrorMessage(
    |                  `- error: cannot find 'MacroExpansionErrorMessage' in scope
383 |           "entry must be 'nonisolated var' when default isolation is '@MainActor'"
384 |         )
/Users/admin/builder/spi-builder-workspace/.dependencies/checkouts/swift-dependencies/Sources/DependenciesMacrosPlugin/DependencyEntryMacro.swift:401:18: error: cannot find 'MacroExpansionErrorMessage' in scope
399 |       Diagnostic(
400 |         node: node,
401 |         message: MacroExpansionErrorMessage(
    |                  `- error: cannot find 'MacroExpansionErrorMessage' in scope
402 |           "client must be 'nonisolated struct' when default isolation is '@MainActor'"
403 |         )
/Users/admin/builder/spi-builder-workspace/.dependencies/checkouts/swift-dependencies/Sources/DependenciesMacrosPlugin/DependencyEntryMacro.swift:420:18: error: cannot find 'MacroExpansionErrorMessage' in scope
418 |       Diagnostic(
419 |         node: node,
420 |         message: MacroExpansionErrorMessage(
    |                  `- error: cannot find 'MacroExpansionErrorMessage' in scope
421 |           "entry value must be 'Sendable'"
422 |         )
Failed frontend command:
/Applications/Xcode-27.0.0-Release.Candidate.app/Contents/Developer/Toolchains/XcodeDefault.xctoolchain/usr/bin/swift-frontend -frontend -c /Users/admin/builder/spi-builder-workspace/.dependencies/checkouts/swift-dependencies/Sources/DependenciesMacrosPlugin/DependencyClientMacro.swift /Users/admin/builder/spi-builder-workspace/.dependencies/checkouts/swift-dependencies/Sources/DependenciesMacrosPlugin/DependencyEndpointMacro.swift -primary-file /Users/admin/builder/spi-builder-workspace/.dependencies/checkouts/swift-dependencies/Sources/DependenciesMacrosPlugin/DependencyEntryMacro.swift /Users/admin/builder/spi-builder-workspace/.dependencies/checkouts/swift-dependencies/Sources/DependenciesMacrosPlugin/Plugins.swift /Users/admin/builder/spi-builder-workspace/.dependencies/checkouts/swift-dependencies/Sources/DependenciesMacrosPlugin/Support.swift -emit-dependencies-path /Users/admin/builder/spi-builder-workspace/.derivedData/Build/Intermediates.noindex/swift-dependencies.build/Debug/DependenciesMacrosPlugin-t.build/Objects-normal/arm64/DependencyEntryMacro.d -emit-const-values-path /Users/admin/builder/spi-builder-workspace/.derivedData/Build/Intermediates.noindex/swift-dependencies.build/Debug/DependenciesMacrosPlugin-t.build/Objects-normal/arm64/DependencyEntryMacro.swiftconstvalues -emit-reference-dependencies-path /Users/admin/builder/spi-builder-workspace/.derivedData/Build/Intermediates.noindex/swift-dependencies.build/Debug/DependenciesMacrosPlugin-t.build/Objects-normal/arm64/DependencyEntryMacro.swiftdeps -serialize-diagnostics-path /Users/admin/builder/spi-builder-workspace/.derivedData/Build/Intermediates.noindex/swift-dependencies.build/Debug/DependenciesMacrosPlugin-t.build/Objects-normal/arm64/DependencyEntryMacro.dia -target arm64-apple-macos12.0 -disable-cross-import-overlay-search -load-resolved-plugin /Applications/Xcode-27.0.0-Release.Candidate.app/Contents/Developer/Platforms/MacOSX.platform/Developer/usr/lib/swift/host/plugins/libFoundationMacros.dylib\#/Applications/Xcode-27.0.0-Release.Candidate.app/Contents/Developer/Platforms/MacOSX.platform/Developer/usr/bin/swift-plugin-server\#FoundationMacros -load-resolved-plugin /Applications/Xcode-27.0.0-Release.Candidate.app/Contents/Developer/Platforms/MacOSX.platform/Developer/usr/lib/swift/host/plugins/libObservationMacros.dylib\#/Applications/Xcode-27.0.0-Release.Candidate.app/Contents/Developer/Platforms/MacOSX.platform/Developer/usr/bin/swift-plugin-server\#ObservationMacros -load-resolved-plugin /Applications/Xcode-27.0.0-Release.Candidate.app/Contents/Developer/Platforms/MacOSX.platform/Developer/usr/lib/swift/host/plugins/libSwiftMacros.dylib\#/Applications/Xcode-27.0.0-Release.Candidate.app/Contents/Developer/Platforms/MacOSX.platform/Developer/usr/bin/swift-plugin-server\#SwiftMacros -disable-implicit-swift-modules -Xcc -fno-implicit-modules -Xcc -fno-implicit-module-maps -explicit-swift-module-map-file /Users/admin/builder/spi-builder-workspace/.derivedData/Build/Intermediates.noindex/swift-dependencies.build/Debug/DependenciesMacrosPlugin-t.build/Objects-normal/arm64/DependenciesMacrosPlugin-dependencies-1.json -Xllvm -aarch64-use-tbi -enable-objc-interop -stack-check -sdk /Applications/Xcode-27.0.0-Release.Candidate.app/Contents/Developer/Platforms/MacOSX.platform/Developer/SDKs/MacOSX27.0.sdk -I /Users/admin/builder/spi-builder-workspace/.derivedData/Build/Products/Debug -Isystem /Applications/Xcode-27.0.0-Release.Candidate.app/Contents/Developer/Platforms/MacOSX.platform/Developer/usr/lib -F /Users/admin/builder/spi-builder-workspace/.derivedData/Build/Products/Debug/PackageFrameworks -F /Users/admin/builder/spi-builder-workspace/.derivedData/Build/Products/Debug -F /Applications/Xcode-27.0.0-Release.Candidate.app/Contents/Developer/Platforms/MacOSX.platform/Developer/Library/Frameworks -module-cache-path /Users/admin/builder/spi-builder-workspace/.derivedData/Build/Intermediates.noindex/SwiftExplicitPrecompiledModules -no-color-diagnostics -Xcc -fno-color-diagnostics -enable-testing -g -debug-info-format\=dwarf -dwarf-version\=4 -suppress-warnings -profile-generate -profile-coverage-mapping -swift-version 6 -Onone -D SWIFT_PACKAGE -D DEBUG -D Clocks -D CombineSchedulers -D Foundation -D FoundationNetworking -D Xcode -serialize-debugging-options -enable-upcoming-feature ExistentialAny -enable-upcoming-feature ImmutableWeakCaptures -enable-upcoming-feature InferIsolatedConformances -enable-upcoming-feature InternalImportsByDefault -enable-upcoming-feature MemberImportVisibility -enable-upcoming-feature NonisolatedNonsendingByDefault -enable-experimental-feature DebugDescriptionMacro -empty-abi-descriptor -user-module-version 1.17.1 -validate-clang-modules-once -clang-build-session-file /Users/admin/builder/spi-builder-workspace/.derivedData/ModuleCache.noindex/Session.modulevalidation -Xcc -working-directory -Xcc /Users/admin/builder/spi-builder-workspace/.swiftpm/xcode -enable-anonymous-context-mangled-names -file-compilation-dir /Users/admin/builder/spi-builder-workspace/.swiftpm/xcode -Xcc -D_LIBCPP_HARDENING_MODE\=_LIBCPP_HARDENING_MODE_DEBUG -Xcc -ivfsstatcache -Xcc /Users/admin/builder/spi-builder-workspace/.derivedData/SDKStatCaches.noindex/macosx27.0-26A425-e829b21a6f8c9b70876ba0858053c0446a22442a12e9d48fe1a705f55a1adfc4.sdkstatcache -Xcc -fmodules-prune-interval\=86400 -Xcc -fmodules-prune-after\=345600 -Xcc -I/Users/admin/builder/spi-builder-workspace/.derivedData/Build/Products/Debug/include -Xcc -I/Users/admin/builder/spi-builder-workspace/.derivedData/Build/Intermediates.noindex/swift-dependencies.build/Debug/DependenciesMacrosPlugin-t.build/DerivedSources-normal/arm64 -Xcc -I/Users/admin/builder/spi-builder-workspace/.derivedData/Build/Intermediates.noindex/swift-dependencies.build/Debug/DependenciesMacrosPlugin-t.build/DerivedSources/arm64 -Xcc -I/Users/admin/builder/spi-builder-workspace/.derivedData/Build/Intermediates.noindex/swift-dependencies.build/Debug/DependenciesMacrosPlugin-t.build/DerivedSources -Xcc -DSWIFT_PACKAGE -Xcc -DDEBUG\=1 -no-auto-bridging-header-chaining -module-name DependenciesMacrosPlugin -package-name swift_dependencies -const-gather-protocols-file /Users/admin/builder/spi-builder-workspace/.derivedData/Build/Intermediates.noindex/swift-dependencies.build/Debug/DependenciesMacrosPlugin-t.build/Objects-normal/arm64/DependenciesMacrosPlugin_const_extract_protocols.json -disable-clang-spi -clang-target arm64-apple-macos27.0 -target-sdk-version 27.0 -target-sdk-name macosx27.0 -in-process-plugin-server-path /Applications/Xcode-27.0.0-Release.Candidate.app/Contents/Developer/Toolchains/XcodeDefault.xctoolchain/usr/lib/swift/host/libSwiftInProcPluginServer.dylib -parse-as-library -o /Users/admin/builder/spi-builder-workspace/.derivedData/Build/Intermediates.noindex/swift-dependencies.build/Debug/DependenciesMacrosPlugin-t.build/Objects-normal/arm64/DependencyEntryMacro.o -debug-module-path /Users/admin/builder/spi-builder-workspace/.derivedData/Build/Intermediates.noindex/swift-dependencies.build/Debug/DependenciesMacrosPlugin-t.build/Objects-normal/arm64/DependenciesMacrosPlugin.swiftmodule -index-unit-output-path /swift-dependencies.build/Debug/DependenciesMacrosPlugin-t.build/Objects-normal/arm64/DependencyEntryMacro.o -index-store-path /Users/admin/builder/spi-builder-workspace/.derivedData/Index.noindex/DataStore -index-system-modules
SwiftCompile normal arm64 /Users/admin/builder/spi-builder-workspace/.dependencies/checkouts/swift-dependencies/Sources/DependenciesMacrosPlugin/DependencyEntryMacro.swift (in target 'DependenciesMacrosPlugin' from project 'swift-dependencies')
    cd /Users/admin/builder/spi-builder-workspace/.swiftpm/xcode
    builtin-SwiftPerFileCompile DependencyEntryMacro.swift
SwiftCompile normal arm64 Compiling\ Support.swift /Users/admin/builder/spi-builder-workspace/.dependencies/checkouts/swift-dependencies/Sources/DependenciesMacrosPlugin/Support.swift (in target 'DependenciesMacrosPlugin' from project 'swift-dependencies')
SwiftCompile normal arm64 /Users/admin/builder/spi-builder-workspace/.dependencies/checkouts/swift-dependencies/Sources/DependenciesMacrosPlugin/Support.swift (in target 'DependenciesMacrosPlugin' from project 'swift-dependencies')
    cd /Users/admin/builder/spi-builder-workspace/.swiftpm/xcode
    builtin-SwiftPerFileCompile Support.swift
SwiftCompile normal arm64 Compiling\ DependencyEndpointMacro.swift /Users/admin/builder/spi-builder-workspace/.dependencies/checkouts/swift-dependencies/Sources/DependenciesMacrosPlugin/DependencyEndpointMacro.swift (in target 'DependenciesMacrosPlugin' from project 'swift-dependencies')
SwiftCompile normal arm64 /Users/admin/builder/spi-builder-workspace/.dependencies/checkouts/swift-dependencies/Sources/DependenciesMacrosPlugin/DependencyEndpointMacro.swift (in target 'DependenciesMacrosPlugin' from project 'swift-dependencies')
    cd /Users/admin/builder/spi-builder-workspace/.swiftpm/xcode
    builtin-SwiftPerFileCompile DependencyEndpointMacro.swift
SwiftDriverJobDiscovery normal arm64 Compiling HasName.swift, String+modifiying.swift (in target 'SimplexArchitectureMacrosPlugin' from project 'swiftui-simplex-architecture')
SwiftDriverJobDiscovery normal arm64 Compiling ViewStateMacro+extensionMacro.swift (in target 'SimplexArchitectureMacrosPlugin' from project 'swiftui-simplex-architecture')
SwiftDriverJobDiscovery normal arm64 Compiling VariableDeclSyntax+variableName.swift, ReducerMacro+extensionMacro.swift (in target 'SimplexArchitectureMacrosPlugin' from project 'swiftui-simplex-architecture')
SwiftDriverJobDiscovery normal arm64 Compiling DeclGroupSyntax.swift, DeclModifierListSyntax+accessModifier.swift (in target 'SimplexArchitectureMacrosPlugin' from project 'swiftui-simplex-architecture')
SwiftDriver\ Compilation CasePathsMacrosSupport normal arm64 com.apple.xcode.tools.swift.compiler (in target 'CasePathsMacrosSupport' from project 'swift-case-paths')
    cd /Users/admin/builder/spi-builder-workspace/.swiftpm/xcode
    builtin-Swift-Compilation -- /Applications/Xcode-27.0.0-Release.Candidate.app/Contents/Developer/Toolchains/XcodeDefault.xctoolchain/usr/bin/swiftc -parse-as-library -module-name CasePathsMacrosSupport -Onone @/Users/admin/builder/spi-builder-workspace/.derivedData/Build/Intermediates.noindex/swift-case-paths.build/Debug/CasePathsMacrosSupport-t.build/Objects-normal/arm64/CasePathsMacrosSupport.SwiftFileList -DSWIFT_PACKAGE -DDEBUG -DSWIFT_MODULE_RESOURCE_BUNDLE_UNAVAILABLE -DXcode -plugin-path /Applications/Xcode-27.0.0-Release.Candidate.app/Contents/Developer/Toolchains/XcodeDefault.xctoolchain/usr/lib/swift/host/plugins/testing -enable-experimental-feature DebugDescriptionMacro -sdk /Applications/Xcode-27.0.0-Release.Candidate.app/Contents/Developer/Platforms/MacOSX.platform/Developer/SDKs/MacOSX27.0.sdk -target arm64-apple-macos12.0 -g -module-cache-path /Users/admin/builder/spi-builder-workspace/.derivedData/ModuleCache.noindex -Xfrontend -serialize-debugging-options -profile-coverage-mapping -profile-generate -enable-testing -suppress-warnings -index-store-path /Users/admin/builder/spi-builder-workspace/.derivedData/Index.noindex/DataStore -Xcc -D_LIBCPP_HARDENING_MODE\=_LIBCPP_HARDENING_MODE_DEBUG -swift-version 6 -I /Users/admin/builder/spi-builder-workspace/.derivedData/Build/Products/Debug -Isystem /Applications/Xcode-27.0.0-Release.Candidate.app/Contents/Developer/Platforms/MacOSX.platform/Developer/usr/lib -F /Users/admin/builder/spi-builder-workspace/.derivedData/Build/Products/Debug/PackageFrameworks -F /Users/admin/builder/spi-builder-workspace/.derivedData/Build/Products/Debug -F /Applications/Xcode-27.0.0-Release.Candidate.app/Contents/Developer/Platforms/MacOSX.platform/Developer/Library/Frameworks -c -j10 -enable-batch-mode -incremental -Xcc -ivfsstatcache -Xcc /Users/admin/builder/spi-builder-workspace/.derivedData/SDKStatCaches.noindex/macosx27.0-26A425-e829b21a6f8c9b70876ba0858053c0446a22442a12e9d48fe1a705f55a1adfc4.sdkstatcache -output-file-map /Users/admin/builder/spi-builder-workspace/.derivedData/Build/Intermediates.noindex/swift-case-paths.build/Debug/CasePathsMacrosSupport-t.build/Objects-normal/arm64/CasePathsMacrosSupport-OutputFileMap.json -save-temps -no-color-diagnostics -explicit-module-build -module-cache-path /Users/admin/builder/spi-builder-workspace/.derivedData/Build/Intermediates.noindex/SwiftExplicitPrecompiledModules -clang-scanner-module-cache-path /Users/admin/builder/spi-builder-workspace/.derivedData/ModuleCache.noindex -sdk-module-cache-path /Users/admin/builder/spi-builder-workspace/.derivedData/SDKExplicitPrecompiledModules -emit-dependencies -emit-module -emit-module-path /Users/admin/builder/spi-builder-workspace/.derivedData/Build/Intermediates.noindex/swift-case-paths.build/Debug/CasePathsMacrosSupport-t.build/Objects-normal/arm64/CasePathsMacrosSupport.swiftmodule -serialize-diagnostics -dependency-scan-serialize-diagnostics-path /Users/admin/builder/spi-builder-workspace/.derivedData/Build/Intermediates.noindex/swift-case-paths.build/Debug/CasePathsMacrosSupport-t.build/Objects-normal/arm64/CasePathsMacrosSupport-dependency-scan.dia -user-module-version 1.10.0 -validate-clang-modules-once -clang-build-session-file /Users/admin/builder/spi-builder-workspace/.derivedData/ModuleCache.noindex/Session.modulevalidation -Xcc -fmodules-prune-interval\=86400 -Xcc -fmodules-prune-after\=345600 -package-name swift_case_paths -emit-const-values -const-gather-protocols-list /Users/admin/builder/spi-builder-workspace/.derivedData/Build/Intermediates.noindex/swift-case-paths.build/Debug/CasePathsMacrosSupport-t.build/Objects-normal/arm64/CasePathsMacrosSupport_const_extract_protocols.json -Xcc -I/Users/admin/builder/spi-builder-workspace/.derivedData/Build/Products/Debug/include -Xcc -I/Users/admin/builder/spi-builder-workspace/.derivedData/Build/Intermediates.noindex/swift-case-paths.build/Debug/CasePathsMacrosSupport-t.build/DerivedSources-normal/arm64 -Xcc -I/Users/admin/builder/spi-builder-workspace/.derivedData/Build/Intermediates.noindex/swift-case-paths.build/Debug/CasePathsMacrosSupport-t.build/DerivedSources/arm64 -Xcc -I/Users/admin/builder/spi-builder-workspace/.derivedData/Build/Intermediates.noindex/swift-case-paths.build/Debug/CasePathsMacrosSupport-t.build/DerivedSources -Xcc -DSWIFT_PACKAGE -Xcc -DDEBUG\=1 -emit-objc-header -emit-objc-header-path /Users/admin/builder/spi-builder-workspace/.derivedData/Build/Intermediates.noindex/swift-case-paths.build/Debug/CasePathsMacrosSupport-t.build/Objects-normal/arm64/CasePathsMacrosSupport-Swift.h -working-directory /Users/admin/builder/spi-builder-workspace/.swiftpm/xcode -experimental-emit-module-separately -disable-cmo
SwiftDriverJobDiscovery normal arm64 Compiling ViewStateMacro+memberMacro.swift (in target 'SimplexArchitectureMacrosPlugin' from project 'swiftui-simplex-architecture')
Ld /Users/admin/builder/spi-builder-workspace/.derivedData/Build/Products/Debug/CasePathsMacrosSupport.o normal (in target 'CasePathsMacrosSupport' from project 'swift-case-paths')
    cd /Users/admin/builder/spi-builder-workspace/.dependencies/checkouts/swift-case-paths
    /Applications/Xcode-27.0.0-Release.Candidate.app/Contents/Developer/Toolchains/XcodeDefault.xctoolchain/usr/bin/clang -Xlinker -reproducible -target arm64-apple-macos12.0 -r -isysroot /Applications/Xcode-27.0.0-Release.Candidate.app/Contents/Developer/Platforms/MacOSX.platform/Developer/SDKs/MacOSX27.0.sdk -O0 -w -Xlinker -no_warn_duplicate_libraries -F/Users/admin/builder/spi-builder-workspace/.derivedData/Build/Intermediates.noindex/EagerLinkingTBDs/Debug -F/Users/admin/builder/spi-builder-workspace/.derivedData/Build/Products/Debug/PackageFrameworks -F/Users/admin/builder/spi-builder-workspace/.derivedData/Build/Products/Debug -iframework /Applications/Xcode-27.0.0-Release.Candidate.app/Contents/Developer/Platforms/MacOSX.platform/Developer/Library/Frameworks -filelist /Users/admin/builder/spi-builder-workspace/.derivedData/Build/Intermediates.noindex/swift-case-paths.build/Debug/CasePathsMacrosSupport-t.build/Objects-normal/arm64/CasePathsMacrosSupport.LinkFileList -nostdlib -Xlinker -object_path_lto -Xlinker /Users/admin/builder/spi-builder-workspace/.derivedData/Build/Intermediates.noindex/swift-case-paths.build/Debug/CasePathsMacrosSupport-t.build/Objects-normal/arm64/CasePathsMacrosSupport_lto.o -Xlinker -no_deduplicate -Xlinker -debug_variant -Xlinker -dependency_info -Xlinker /Users/admin/builder/spi-builder-workspace/.derivedData/Build/Intermediates.noindex/swift-case-paths.build/Debug/CasePathsMacrosSupport-t.build/Objects-normal/arm64/CasePathsMacrosSupport_dependency_info.dat -fobjc-link-runtime -L/Applications/Xcode-27.0.0-Release.Candidate.app/Contents/Developer/Toolchains/XcodeDefault.xctoolchain/usr/lib/swift/macosx -L/usr/lib/swift -Xlinker -add_ast_path -Xlinker /Users/admin/builder/spi-builder-workspace/.derivedData/Build/Intermediates.noindex/swift-case-paths.build/Debug/CasePathsMacrosSupport-t.build/Objects-normal/arm64/CasePathsMacrosSupport.swiftmodule -o /Users/admin/builder/spi-builder-workspace/.derivedData/Build/Products/Debug/CasePathsMacrosSupport.o
SwiftDriverJobDiscovery normal arm64 Compiling ReducerMacroDiagnostic.swift (in target 'SimplexArchitectureMacrosPlugin' from project 'swiftui-simplex-architecture')
ExtractAppIntentsMetadata (in target 'CasePathsMacrosSupport' from project 'swift-case-paths')
    cd /Users/admin/builder/spi-builder-workspace/.dependencies/checkouts/swift-case-paths
    /Applications/Xcode-27.0.0-Release.Candidate.app/Contents/Developer/Toolchains/XcodeDefault.xctoolchain/usr/bin/appintentsmetadataprocessor --toolchain-dir /var/run/com.apple.security.cryptexd/mnt/com.apple.MobileAsset.MetalToolchain-v27.1.266.1.xtQ0GD/Metal.xctoolchain --module-name CasePathsMacrosSupport --sdk-root /Applications/Xcode-27.0.0-Release.Candidate.app/Contents/Developer/Platforms/MacOSX.platform/Developer/SDKs/MacOSX27.0.sdk --xcode-version 27A266a --platform-family macOS --deployment-target 12.0 --bundle-identifier swift-case-paths.CasePathsMacrosSupport --output /Users/admin/builder/spi-builder-workspace/.derivedData/Build/Products/Debug/CasePathsMacrosSupport.appintents --target-triple arm64-apple-macos12.0 --binary-file /Users/admin/builder/spi-builder-workspace/.derivedData/Build/Products/Debug/CasePathsMacrosSupport.o --dependency-file /Users/admin/builder/spi-builder-workspace/.derivedData/Build/Intermediates.noindex/swift-case-paths.build/Debug/CasePathsMacrosSupport-t.build/Objects-normal/arm64/CasePathsMacrosSupport_dependency_info.dat --stringsdata-file /Users/admin/builder/spi-builder-workspace/.derivedData/Build/Intermediates.noindex/swift-case-paths.build/Debug/CasePathsMacrosSupport-t.build/Objects-normal/arm64/ExtractedAppShortcutsMetadata.stringsdata --source-file-list /Users/admin/builder/spi-builder-workspace/.derivedData/Build/Intermediates.noindex/swift-case-paths.build/Debug/CasePathsMacrosSupport-t.build/Objects-normal/arm64/CasePathsMacrosSupport.SwiftFileList --metadata-file-list /Users/admin/builder/spi-builder-workspace/.derivedData/Build/Intermediates.noindex/swift-case-paths.build/Debug/CasePathsMacrosSupport-t.build/CasePathsMacrosSupport.DependencyMetadataFileList --static-metadata-file-list /Users/admin/builder/spi-builder-workspace/.derivedData/Build/Intermediates.noindex/swift-case-paths.build/Debug/CasePathsMacrosSupport-t.build/CasePathsMacrosSupport.DependencyStaticMetadataFileList --swift-const-vals-list /Users/admin/builder/spi-builder-workspace/.derivedData/Build/Intermediates.noindex/swift-case-paths.build/Debug/CasePathsMacrosSupport-t.build/Objects-normal/arm64/CasePathsMacrosSupport.SwiftConstValuesFileList --force --compile-time-extraction --deployment-aware-processing --no-app-shortcuts-localization
2026-09-19 19:05:05.309 appintentsmetadataprocessor[2467:14009] Starting appintentsmetadataprocessor export
2026-09-19 19:05:05.370 appintentsmetadataprocessor[2467:14009] Extracted no relevant App Intents symbols, skipping writing output
SwiftDriverJobDiscovery normal arm64 Compiling StructDeclSyntax+variables.swift, VariableDeclSyntax+filter.swift (in target 'SimplexArchitectureMacrosPlugin' from project 'swiftui-simplex-architecture')
SwiftDriverJobDiscovery normal arm64 Compiling ViewStateMacroDiagnostic.swift (in target 'SimplexArchitectureMacrosPlugin' from project 'swiftui-simplex-architecture')
WriteAuxiliaryFile /Users/admin/builder/spi-builder-workspace/.derivedData/Build/Intermediates.noindex/swift-case-paths.build/Debug/CasePathsMacros-t.build/CasePathsMacros.DependencyStaticMetadataFileList (in target 'CasePathsMacros' from project 'swift-case-paths')
    cd /Users/admin/builder/spi-builder-workspace/.dependencies/checkouts/swift-case-paths
    write-file /Users/admin/builder/spi-builder-workspace/.derivedData/Build/Intermediates.noindex/swift-case-paths.build/Debug/CasePathsMacros-t.build/CasePathsMacros.DependencyStaticMetadataFileList
WriteAuxiliaryFile /Users/admin/builder/spi-builder-workspace/.derivedData/Build/Intermediates.noindex/swift-case-paths.build/Debug/CasePathsMacros-t.build/Objects-normal/arm64/CasePathsMacros.LinkFileList (in target 'CasePathsMacros' from project 'swift-case-paths')
    cd /Users/admin/builder/spi-builder-workspace/.dependencies/checkouts/swift-case-paths
    write-file /Users/admin/builder/spi-builder-workspace/.derivedData/Build/Intermediates.noindex/swift-case-paths.build/Debug/CasePathsMacros-t.build/Objects-normal/arm64/CasePathsMacros.LinkFileList
WriteAuxiliaryFile /Users/admin/builder/spi-builder-workspace/.derivedData/Build/Intermediates.noindex/swift-case-paths.build/Debug/CasePathsMacros-t.build/Objects-normal/arm64/CasePathsMacros_const_extract_protocols.json (in target 'CasePathsMacros' from project 'swift-case-paths')
    cd /Users/admin/builder/spi-builder-workspace/.dependencies/checkouts/swift-case-paths
    write-file /Users/admin/builder/spi-builder-workspace/.derivedData/Build/Intermediates.noindex/swift-case-paths.build/Debug/CasePathsMacros-t.build/Objects-normal/arm64/CasePathsMacros_const_extract_protocols.json
WriteAuxiliaryFile /Users/admin/builder/spi-builder-workspace/.derivedData/Build/Intermediates.noindex/swift-case-paths.build/Debug/CasePathsMacros-t.build/Objects-normal/arm64/CasePathsMacros-OutputFileMap.json (in target 'CasePathsMacros' from project 'swift-case-paths')
    cd /Users/admin/builder/spi-builder-workspace/.dependencies/checkouts/swift-case-paths
    write-file /Users/admin/builder/spi-builder-workspace/.derivedData/Build/Intermediates.noindex/swift-case-paths.build/Debug/CasePathsMacros-t.build/Objects-normal/arm64/CasePathsMacros-OutputFileMap.json
WriteAuxiliaryFile /Users/admin/builder/spi-builder-workspace/.derivedData/Build/Intermediates.noindex/swift-case-paths.build/Debug/CasePathsMacros-t.build/Objects-normal/arm64/CasePathsMacros.SwiftFileList (in target 'CasePathsMacros' from project 'swift-case-paths')
    cd /Users/admin/builder/spi-builder-workspace/.dependencies/checkouts/swift-case-paths
    write-file /Users/admin/builder/spi-builder-workspace/.derivedData/Build/Intermediates.noindex/swift-case-paths.build/Debug/CasePathsMacros-t.build/Objects-normal/arm64/CasePathsMacros.SwiftFileList
WriteAuxiliaryFile /Users/admin/builder/spi-builder-workspace/.derivedData/Build/Intermediates.noindex/swift-case-paths.build/Debug/CasePathsMacros-t.build/CasePathsMacros.DependencyMetadataFileList (in target 'CasePathsMacros' from project 'swift-case-paths')
    cd /Users/admin/builder/spi-builder-workspace/.dependencies/checkouts/swift-case-paths
    write-file /Users/admin/builder/spi-builder-workspace/.derivedData/Build/Intermediates.noindex/swift-case-paths.build/Debug/CasePathsMacros-t.build/CasePathsMacros.DependencyMetadataFileList
SwiftDriver CasePathsMacros normal arm64 com.apple.xcode.tools.swift.compiler (in target 'CasePathsMacros' from project 'swift-case-paths')
    cd /Users/admin/builder/spi-builder-workspace/.swiftpm/xcode
    builtin-SwiftDriver -- /Applications/Xcode-27.0.0-Release.Candidate.app/Contents/Developer/Toolchains/XcodeDefault.xctoolchain/usr/bin/swiftc -parse-as-library -module-name CasePathsMacros -Onone @/Users/admin/builder/spi-builder-workspace/.derivedData/Build/Intermediates.noindex/swift-case-paths.build/Debug/CasePathsMacros-t.build/Objects-normal/arm64/CasePathsMacros.SwiftFileList -DSWIFT_PACKAGE -DDEBUG -DXcode -plugin-path /Applications/Xcode-27.0.0-Release.Candidate.app/Contents/Developer/Toolchains/XcodeDefault.xctoolchain/usr/lib/swift/host/plugins/testing -enable-experimental-feature DebugDescriptionMacro -sdk /Applications/Xcode-27.0.0-Release.Candidate.app/Contents/Developer/Platforms/MacOSX.platform/Developer/SDKs/MacOSX27.0.sdk -target arm64-apple-macos12.0 -g -module-cache-path /Users/admin/builder/spi-builder-workspace/.derivedData/ModuleCache.noindex -Xfrontend -serialize-debugging-options -profile-coverage-mapping -profile-generate -enable-testing -suppress-warnings -index-store-path /Users/admin/builder/spi-builder-workspace/.derivedData/Index.noindex/DataStore -Xcc -D_LIBCPP_HARDENING_MODE\=_LIBCPP_HARDENING_MODE_DEBUG -swift-version 6 -I /Users/admin/builder/spi-builder-workspace/.derivedData/Build/Products/Debug -Isystem /Applications/Xcode-27.0.0-Release.Candidate.app/Contents/Developer/Platforms/MacOSX.platform/Developer/usr/lib -F /Users/admin/builder/spi-builder-workspace/.derivedData/Build/Products/Debug/PackageFrameworks -F /Users/admin/builder/spi-builder-workspace/.derivedData/Build/Products/Debug -F /Applications/Xcode-27.0.0-Release.Candidate.app/Contents/Developer/Platforms/MacOSX.platform/Developer/Library/Frameworks -c -j10 -enable-batch-mode -incremental -Xcc -ivfsstatcache -Xcc /Users/admin/builder/spi-builder-workspace/.derivedData/SDKStatCaches.noindex/macosx27.0-26A425-e829b21a6f8c9b70876ba0858053c0446a22442a12e9d48fe1a705f55a1adfc4.sdkstatcache -output-file-map /Users/admin/builder/spi-builder-workspace/.derivedData/Build/Intermediates.noindex/swift-case-paths.build/Debug/CasePathsMacros-t.build/Objects-normal/arm64/CasePathsMacros-OutputFileMap.json -save-temps -no-color-diagnostics -explicit-module-build -module-cache-path /Users/admin/builder/spi-builder-workspace/.derivedData/Build/Intermediates.noindex/SwiftExplicitPrecompiledModules -clang-scanner-module-cache-path /Users/admin/builder/spi-builder-workspace/.derivedData/ModuleCache.noindex -sdk-module-cache-path /Users/admin/builder/spi-builder-workspace/.derivedData/SDKExplicitPrecompiledModules -emit-dependencies -emit-module -emit-module-path /Users/admin/builder/spi-builder-workspace/.derivedData/Build/Intermediates.noindex/swift-case-paths.build/Debug/CasePathsMacros-t.build/Objects-normal/arm64/CasePathsMacros.swiftmodule -serialize-diagnostics -dependency-scan-serialize-diagnostics-path /Users/admin/builder/spi-builder-workspace/.derivedData/Build/Intermediates.noindex/swift-case-paths.build/Debug/CasePathsMacros-t.build/Objects-normal/arm64/CasePathsMacros-dependency-scan.dia -user-module-version 1.10.0 -validate-clang-modules-once -clang-build-session-file /Users/admin/builder/spi-builder-workspace/.derivedData/ModuleCache.noindex/Session.modulevalidation -Xcc -fmodules-prune-interval\=86400 -Xcc -fmodules-prune-after\=345600 -package-name swift_case_paths -emit-const-values -const-gather-protocols-list /Users/admin/builder/spi-builder-workspace/.derivedData/Build/Intermediates.noindex/swift-case-paths.build/Debug/CasePathsMacros-t.build/Objects-normal/arm64/CasePathsMacros_const_extract_protocols.json -Xcc -I/Users/admin/builder/spi-builder-workspace/.derivedData/Build/Products/Debug/include -Xcc -I/Users/admin/builder/spi-builder-workspace/.derivedData/Build/Intermediates.noindex/swift-case-paths.build/Debug/CasePathsMacros-t.build/DerivedSources-normal/arm64 -Xcc -I/Users/admin/builder/spi-builder-workspace/.derivedData/Build/Intermediates.noindex/swift-case-paths.build/Debug/CasePathsMacros-t.build/DerivedSources/arm64 -Xcc -I/Users/admin/builder/spi-builder-workspace/.derivedData/Build/Intermediates.noindex/swift-case-paths.build/Debug/CasePathsMacros-t.build/DerivedSources -Xcc -DSWIFT_PACKAGE -Xcc -DDEBUG\=1 -working-directory /Users/admin/builder/spi-builder-workspace/.swiftpm/xcode -experimental-emit-module-separately -disable-cmo
PruneExplicitPrecompiledModules /Users/admin/builder/spi-builder-workspace/.derivedData/Build/Intermediates.noindex/SwiftExplicitPrecompiledModules
PruneExplicitPrecompiledModules /Users/admin/builder/spi-builder-workspace/.derivedData/SDKExplicitPrecompiledModules
PruneExplicitPrecompiledModules /Users/admin/builder/spi-builder-workspace/.derivedData/Build/Intermediates.noindex/ExplicitPrecompiledModules
2026-09-19 19:05:02.901 xcodebuild[2387:13499] [MT] IDERunDestination: Supported platforms for the buildables in the current scheme is empty.
--- xcodebuild: WARNING: Using the first of multiple matching destinations:
{ platform:macOS, arch:arm64, id:56d4d4a2e066c3c41d652ce602c341f096cd7e0c, name:My Mac }
{ platform:macOS, arch:arm64, variant:Mac Catalyst, id:56d4d4a2e066c3c41d652ce602c341f096cd7e0c, name:My Mac }
{ platform:macOS, arch:arm64, variant:DriverKit, id:56d4d4a2e066c3c41d652ce602c341f096cd7e0c, name:My Mac }
{ platform:macOS, arch:arm64, variant:Designed for [iPad,iPhone], id:56d4d4a2e066c3c41d652ce602c341f096cd7e0c, name:My Mac }
** BUILD FAILED **
The following build commands failed:
	SwiftCompile normal arm64 Compiling\ DependencyEntryMacro.swift /Users/admin/builder/spi-builder-workspace/.dependencies/checkouts/swift-dependencies/Sources/DependenciesMacrosPlugin/DependencyEntryMacro.swift (in target 'DependenciesMacrosPlugin' from project 'swift-dependencies')
	SwiftCompile normal arm64 /Users/admin/builder/spi-builder-workspace/.dependencies/checkouts/swift-dependencies/Sources/DependenciesMacrosPlugin/DependencyEntryMacro.swift (in target 'DependenciesMacrosPlugin' from project 'swift-dependencies')
	Building workspace swiftui-simplex-architecture with scheme swiftui-simplex-architecture-Package
(3 failures)
BUILD FAILURE 6.4 macosXcodebuild