Build Information
Failed to build voicevox-client, reference 1.4.0 (b5e721), with Swift 6.1 for macOS (SPM) on 27 Oct 2026 18:46:38 UTC.
Build Command
env DEVELOPER_DIR=/Applications/Xcode-16.3.0.app xcrun swift build --arch arm64Build Log
========================================
RunAll
========================================
Builder version: 5.1.3
Interrupt handler set up.
========================================
Checkout
========================================
Clone URL: https://github.com/tattn/voicevox-client.git
Reference: 1.4.0
Initialized empty Git repository in /Users/admin/builder/spi-builder-workspace/.git/
From https://github.com/tattn/voicevox-client
* tag 1.4.0 -> FETCH_HEAD
HEAD is now at b5e721e Update the library to 0.17.1 and add streaming synthesis
Cloned https://github.com/tattn/voicevox-client.git
Revision (git rev-parse @):
b5e721eba5bbcd19523ebe75289e6382b2f8b8d2
SUCCESS checkout https://github.com/tattn/voicevox-client.git at 1.4.0
========================================
Build
========================================
Selected platform: macosSpm
Swift version: 6.1
Building package at path: $PWD
https://github.com/tattn/voicevox-client.git
https://github.com/tattn/voicevox-client.git
{
"dependencies" : [
{
"identity" : "swift-docc-plugin",
"requirement" : {
"range" : [
{
"lower_bound" : "1.4.0",
"upper_bound" : "2.0.0"
}
]
},
"type" : "sourceControl",
"url" : "https://github.com/apple/swift-docc-plugin"
},
{
"identity" : "swift-argument-parser",
"requirement" : {
"range" : [
{
"lower_bound" : "1.5.0",
"upper_bound" : "2.0.0"
}
]
},
"type" : "sourceControl",
"url" : "https://github.com/apple/swift-argument-parser"
}
],
"manifest_display_name" : "voicevox-client",
"name" : "voicevox-client",
"path" : "/Users/admin/builder/spi-builder-workspace",
"platforms" : [
{
"name" : "ios",
"version" : "16.0"
},
{
"name" : "macos",
"version" : "13.0"
}
],
"products" : [
{
"name" : "VOICEVOX",
"targets" : [
"VOICEVOX"
],
"type" : {
"library" : [
"automatic"
]
}
},
{
"name" : "voicevox-client",
"targets" : [
"voicevox-client"
],
"type" : {
"executable" : null
}
}
],
"targets" : [
{
"c99name" : "voicevox_core_macos",
"module_type" : "ClangTarget",
"name" : "voicevox_core_macos",
"path" : "Sources/voicevox_core_macos",
"product_memberships" : [
"VOICEVOX",
"voicevox-client"
],
"sources" : [
"empty.m"
],
"type" : "library"
},
{
"c99name" : "voicevox_core_ios",
"module_type" : "BinaryTarget",
"name" : "voicevox_core_ios",
"path" : "remote/archive/voicevox_core-xcframework-0.17.1.zip",
"product_memberships" : [
"VOICEVOX",
"voicevox-client"
],
"sources" : [
],
"type" : "binary"
},
{
"c99name" : "voicevox_common",
"module_type" : "SwiftTarget",
"name" : "voicevox_common",
"path" : "Sources/voicevox_common",
"product_memberships" : [
"VOICEVOX",
"voicevox-client"
],
"sources" : [
"Exported.swift"
],
"target_dependencies" : [
"onnxruntime",
"voicevox_core_ios",
"voicevox_core_macos"
],
"type" : "library"
},
{
"c99name" : "voicevox_client",
"module_type" : "SwiftTarget",
"name" : "voicevox-client",
"path" : "Sources/voicevox-client",
"product_dependencies" : [
"ArgumentParser"
],
"product_memberships" : [
"voicevox-client"
],
"sources" : [
"SetupCommand.swift",
"VoicevoxClientCLI.swift"
],
"target_dependencies" : [
"VOICEVOX"
],
"type" : "executable"
},
{
"c99name" : "onnxruntime",
"module_type" : "BinaryTarget",
"name" : "onnxruntime",
"path" : "remote/archive/voicevox_onnxruntime-ios-xcframework-1.17.3-modified.zip",
"product_memberships" : [
"VOICEVOX",
"voicevox-client"
],
"sources" : [
],
"type" : "binary"
},
{
"c99name" : "VOICEVOXTests",
"module_type" : "SwiftTarget",
"name" : "VOICEVOXTests",
"path" : "Tests/VOICEVOXTests",
"resources" : [
{
"path" : "/Users/admin/builder/spi-builder-workspace/Tests/VOICEVOXTests/lib",
"rule" : {
"copy" : {
}
}
}
],
"sources" : [
"AccentPhrasesTests.swift",
"AudioQueryTests.swift",
"CoreSynthesizerTests.swift",
"OnnxRuntimeTests.swift",
"SingingSynthesisTests.swift",
"SpeakerTests.swift",
"StreamingSynthesisTests.swift",
"TestResources.swift",
"URLFileSystemPathTests.swift",
"UserDictionaryTests.swift",
"VOICEVOXConfigurationTests.swift",
"VOICEVOXCoreTests.swift",
"VOICEVOXIntegrationTests.swift",
"ValidationTests.swift"
],
"target_dependencies" : [
"VOICEVOX"
],
"type" : "test"
},
{
"c99name" : "VOICEVOX",
"module_type" : "SwiftTarget",
"name" : "VOICEVOX",
"path" : "Sources/VOICEVOX",
"product_memberships" : [
"VOICEVOX",
"voicevox-client"
],
"sources" : [
"AccentPhrases.swift",
"AudioFeature.swift",
"AudioQuery.swift",
"CoreJSON.swift",
"CoreSynthesizer+Song.swift",
"CoreSynthesizer+Streaming.swift",
"CoreSynthesizer.swift",
"OnnxRuntime.swift",
"OpenJTalk.swift",
"Song.swift",
"Speaker.swift",
"Synthesizer.swift",
"URL+FileSystemPath.swift",
"UserDictionary.swift",
"VOICEVOXConfiguration.swift",
"VOICEVOXError.swift",
"VoiceModelFile.swift"
],
"target_dependencies" : [
"voicevox_common"
],
"type" : "library"
}
],
"tools_version" : "6.0"
}
Running build ...
env DEVELOPER_DIR=/Applications/Xcode-16.3.0.app xcrun swift build --arch arm64 -Xswiftc -Xfrontend -Xswiftc -stats-output-dir -Xswiftc -Xfrontend -Xswiftc .stats
[1/1] Compiling plugin GenerateManual
[2/2] Compiling plugin GenerateDoccReference
[3/3] Compiling plugin Swift-DocC Preview
[4/4] Compiling plugin Swift-DocC
Building for debugging...
[4/15] Write sources
[6/15] Write voicevox-client-entitlement.plist
[7/15] Write sources
[10/15] Compiling voicevox_core_macos empty.m
[11/15] Write swift-version-2F0A5646E1D333AE.txt
[13/19] Compiling voicevox_common Exported.swift
[14/19] Emitting module voicevox_common
[15/19] Compiling ArgumentParserToolInfo ToolInfo.swift
[16/19] Emitting module ArgumentParserToolInfo
[17/84] Compiling ArgumentParser InputOrigin.swift
[18/84] Compiling ArgumentParser Name.swift
[19/84] Compiling ArgumentParser Parsed.swift
[20/84] Compiling ArgumentParser ParsedValues.swift
[21/84] Compiling ArgumentParser ParserError.swift
[22/89] Compiling ArgumentParser CodingKeyValidator.swift
[23/89] Compiling ArgumentParser NonsenseFlagsValidator.swift
[24/89] Compiling ArgumentParser ParsableArgumentsValidation.swift
[25/89] Compiling ArgumentParser PositionalArgumentsValidator.swift
[26/89] Compiling ArgumentParser UniqueNamesValidator.swift
[27/89] Emitting module ArgumentParser
[28/89] Compiling ArgumentParser SequenceExtensions.swift
[29/89] Compiling ArgumentParser StringExtensions.swift
[30/89] Compiling ArgumentParser SwiftExtensions.swift
[31/89] Compiling ArgumentParser Tree.swift
[32/89] Compiling ArgumentParser AsyncCompletionsValidator.swift
[33/89] Compiling ArgumentParser SplitArguments.swift
[34/89] Compiling ArgumentParser DumpHelpGenerator.swift
[35/89] Compiling ArgumentParser HelpCommand.swift
[36/89] Compiling ArgumentParser HelpGenerator.swift
[37/89] Compiling ArgumentParser MessageInfo.swift
[38/89] Compiling ArgumentParser ArgumentHelp.swift
[39/89] Compiling ArgumentParser ArgumentVisibility.swift
[40/89] Compiling ArgumentParser CompletionKind.swift
[41/89] Compiling ArgumentParser Errors.swift
[42/89] Compiling ArgumentParser Flag.swift
[43/89] Compiling ArgumentParser NameSpecification.swift
[44/89] Compiling ArgumentParser CommandGroup.swift
[45/89] Compiling ArgumentParser EnumerableFlag.swift
[46/89] Compiling ArgumentParser ExpressibleByArgument.swift
[47/89] Compiling ArgumentParser ParsableArguments.swift
[48/89] Compiling ArgumentParser ParsableCommand.swift
[49/89] Compiling ArgumentParser Option.swift
[50/89] Compiling ArgumentParser OptionGroup.swift
[51/89] Compiling ArgumentParser ParentCommand.swift
[52/89] Compiling ArgumentParser AsyncParsableCommand.swift
[53/89] Compiling ArgumentParser CommandConfiguration.swift
[54/89] Compiling ArgumentParser BashCompletionsGenerator.swift
[55/89] Compiling ArgumentParser CompletionsGenerator.swift
[56/89] Compiling ArgumentParser FishCompletionsGenerator.swift
[57/89] Compiling ArgumentParser ZshCompletionsGenerator.swift
[58/89] Compiling ArgumentParser Argument.swift
[59/89] Compiling ArgumentParser ArgumentDiscussion.swift
[60/89] Compiling ArgumentParser ArgumentDecoder.swift
[61/89] Compiling ArgumentParser ArgumentDefinition.swift
[62/89] Compiling ArgumentParser ArgumentSet.swift
[63/89] Compiling ArgumentParser CommandParser.swift
[64/89] Compiling ArgumentParser InputKey.swift
[67/89] Compiling VOICEVOX VOICEVOXError.swift
[70/90] Emitting module VOICEVOX
[71/90] Compiling ArgumentParser UsageGenerator.swift
[72/90] Compiling ArgumentParser CollectionExtensions.swift
[73/90] Compiling ArgumentParser Foundation.swift
[74/90] Compiling ArgumentParser Mutex.swift
[75/90] Compiling ArgumentParser Platform.swift
[76/90] Compiling VOICEVOX VOICEVOXConfiguration.swift
[87/90] Compiling VOICEVOX VoiceModelFile.swift
[88/93] Compiling voicevox_client VoicevoxClientCLI.swift
[89/93] Compiling voicevox_client SetupCommand.swift
[90/93] Emitting module voicevox_client
[90/93] Write Objects.LinkFileList
error: link command failed with exit code 1 (use -v to see invocation)
ld: library 'voicevox_core' not found
clang: error: linker command failed with exit code 1 (use -v to see invocation)
[91/93] Linking voicevox-client
Fetching https://github.com/apple/swift-docc-plugin
Fetching https://github.com/apple/swift-argument-parser from cache
[1/2345] Fetching swift-docc-plugin
Fetched https://github.com/apple/swift-docc-plugin from cache (1.70s)
Fetched https://github.com/apple/swift-argument-parser from cache (1.88s)
Computing version for https://github.com/apple/swift-docc-plugin
Computed https://github.com/apple/swift-docc-plugin at 1.5.0 (5.09s)
Fetching https://github.com/swiftlang/swift-docc-symbolkit from cache
Fetched https://github.com/swiftlang/swift-docc-symbolkit from cache (1.07s)
Computing version for https://github.com/swiftlang/swift-docc-symbolkit
Computed https://github.com/swiftlang/swift-docc-symbolkit at 1.0.0 (1.78s)
Computing version for https://github.com/apple/swift-argument-parser
Computed https://github.com/apple/swift-argument-parser at 1.8.2 (0.51s)
Creating working copy for https://github.com/apple/swift-docc-plugin
Working copy of https://github.com/apple/swift-docc-plugin resolved at 1.5.0
Creating working copy for https://github.com/swiftlang/swift-docc-symbolkit
Working copy of https://github.com/swiftlang/swift-docc-symbolkit resolved at 1.0.0
Creating working copy for https://github.com/apple/swift-argument-parser
Working copy of https://github.com/apple/swift-argument-parser resolved at 1.8.2
Downloading binary artifact https://github.com/tattn/voicevox-client-onnxruntime/releases/download/v1.17.3/voicevox_onnxruntime-ios-xcframework-1.17.3-modified.zip
Downloading binary artifact https://github.com/VOICEVOX/voicevox_core/releases/download/0.17.1/voicevox_core-xcframework-0.17.1.zip
[16375/14377870] Downloading https://github.com/tattn/voicevox-client-onnxruntime/releases/download/v1.17.3/voicevox_onnxruntime-ios-xcframework-1.17.3-modified.zip
[12214693/20294597] Downloading https://github.com/tattn/voicevox-client-onnxruntime/releases/download/v1.17.3/voicevox_onnxruntime-ios-xcframework-1.17.3-modified.zip, https://github.com/VOICEVOX/voicevox_core/releases/download/0.17.1/voicevox_core-xcframework-0.17.1.zip
Downloaded https://github.com/VOICEVOX/voicevox_core/releases/download/0.17.1/voicevox_core-xcframework-0.17.1.zip (0.74s)
Downloaded https://github.com/tattn/voicevox-client-onnxruntime/releases/download/v1.17.3/voicevox_onnxruntime-ios-xcframework-1.17.3-modified.zip (1.03s)
Running build ...
env DEVELOPER_DIR=/Applications/Xcode-16.3.0.app xcrun swift build --arch arm64
[0/1] Planning build
[1/1] Compiling plugin GenerateManual
[2/2] Compiling plugin GenerateDoccReference
[3/3] Compiling plugin Swift-DocC Preview
[4/4] Compiling plugin Swift-DocC
Building for debugging...
[4/8] Write swift-version-2F0A5646E1D333AE.txt
[6/12] Compiling voicevox_common Exported.swift
[7/12] Emitting module voicevox_common
[8/12] Emitting module ArgumentParserToolInfo
[9/29] Compiling ArgumentParserToolInfo ToolInfo.swift
[10/77] Compiling VOICEVOX VOICEVOXConfiguration.swift
[11/78] Compiling ArgumentParser CommandGroup.swift
[12/78] Compiling ArgumentParser EnumerableFlag.swift
[13/78] Compiling ArgumentParser ArgumentVisibility.swift
[14/78] Compiling ArgumentParser CompletionKind.swift
[15/78] Compiling VOICEVOX VOICEVOXError.swift
[16/78] Compiling ArgumentParser BashCompletionsGenerator.swift
[17/78] Compiling ArgumentParser CompletionsGenerator.swift
[18/78] Compiling ArgumentParser Argument.swift
[19/78] Compiling ArgumentParser ArgumentDiscussion.swift
[20/78] Compiling ArgumentParser ParsableCommand.swift
[21/78] Compiling ArgumentParser ArgumentHelp.swift
[22/78] Compiling ArgumentParser ExpressibleByArgument.swift
[23/78] Compiling ArgumentParser ParsableArguments.swift
[24/78] Emitting module VOICEVOX
[25/78] Compiling ArgumentParser FishCompletionsGenerator.swift
[26/78] Compiling ArgumentParser ZshCompletionsGenerator.swift
[27/78] Compiling VOICEVOX VoiceModelFile.swift
[28/78] Compiling ArgumentParser SequenceExtensions.swift
[29/78] Compiling ArgumentParser StringExtensions.swift
[30/78] Compiling ArgumentParser SwiftExtensions.swift
[31/78] Compiling ArgumentParser Tree.swift
[32/78] Compiling ArgumentParser AsyncCompletionsValidator.swift
[33/78] Compiling ArgumentParser UsageGenerator.swift
[34/78] Compiling ArgumentParser CollectionExtensions.swift
[35/78] Compiling ArgumentParser Foundation.swift
[36/78] Compiling ArgumentParser Mutex.swift
[37/78] Compiling ArgumentParser Platform.swift
[38/83] Compiling ArgumentParser SplitArguments.swift
[39/83] Compiling ArgumentParser DumpHelpGenerator.swift
[40/83] Compiling ArgumentParser HelpCommand.swift
[41/83] Compiling ArgumentParser HelpGenerator.swift
[42/83] Compiling ArgumentParser MessageInfo.swift
[43/83] Compiling ArgumentParser InputOrigin.swift
[44/83] Compiling ArgumentParser Name.swift
[45/83] Compiling ArgumentParser Parsed.swift
[46/83] Compiling ArgumentParser ParsedValues.swift
[47/83] Compiling ArgumentParser ParserError.swift
[48/83] Emitting module ArgumentParser
[58/83] Compiling ArgumentParser Errors.swift
[59/83] Compiling ArgumentParser Flag.swift
[60/83] Compiling ArgumentParser NameSpecification.swift
[61/83] Compiling ArgumentParser Option.swift
[62/83] Compiling ArgumentParser OptionGroup.swift
[63/83] Compiling ArgumentParser ParentCommand.swift
[64/83] Compiling ArgumentParser AsyncParsableCommand.swift
[65/83] Compiling ArgumentParser CommandConfiguration.swift
[71/83] Compiling ArgumentParser ArgumentDecoder.swift
[72/83] Compiling ArgumentParser ArgumentDefinition.swift
[73/83] Compiling ArgumentParser ArgumentSet.swift
[74/83] Compiling ArgumentParser CommandParser.swift
[75/83] Compiling ArgumentParser InputKey.swift
[76/83] Compiling ArgumentParser CodingKeyValidator.swift
[77/83] Compiling ArgumentParser NonsenseFlagsValidator.swift
[78/83] Compiling ArgumentParser ParsableArgumentsValidation.swift
[79/83] Compiling ArgumentParser PositionalArgumentsValidator.swift
[80/83] Compiling ArgumentParser UniqueNamesValidator.swift
[81/86] Compiling voicevox_client SetupCommand.swift
[82/86] Emitting module voicevox_client
[83/86] Compiling voicevox_client VoicevoxClientCLI.swift
error: link command failed with exit code 1 (use -v to see invocation)
ld: library 'voicevox_core' not found
clang: error: linker command failed with exit code 1 (use -v to see invocation)
[83/85] Linking voicevox-client
BUILD FAILURE 6.1 macosSpm