Build Information
Failed to build RedisKit, reference 0.1.0 (4895b9), with Swift 6.4 for watchOS using Xcode 27.0 on 16 Sep 2026 13:52:55 UTC.
Build Command
No build command. This typically means the build failed at an early stage where we determine the build command.Build Log
========================================
RunAll
========================================
Builder version: 5.1.0
Interrupt handler set up.
========================================
Checkout
========================================
Clone URL: https://github.com/vapor/redis-kit.git
Reference: 0.1.0
Initialized empty Git repository in /Users/admin/builder/spi-builder-workspace/.git/
From https://github.com/vapor/redis-kit
* tag 0.1.0 -> FETCH_HEAD
HEAD is now at 4895b99 Merge branch 'database-kit'
Cloned https://github.com/vapor/redis-kit.git
Revision (git rev-parse @):
4895b995da2dfe17eb77585fcfbafd86c6301305
SUCCESS checkout https://github.com/vapor/redis-kit.git at 0.1.0
========================================
Build
========================================
Selected platform: watchOS
Swift version: 6.4
Building package at path: $PWD
https://github.com/vapor/redis-kit.git
Command line invocation:
/Applications/Xcode-27.0.0-Release.Candidate.app/Contents/Developer/usr/bin/xcodebuild -IDEClonedSourcePackagesDirPathOverride=/Users/admin/builder/spi-builder-workspace/.dependencies -resolvePackageDependencies
Resolve Package Graph
Fetching from https://github.com/vapor/database-kit.git
could not find a branch named ‘2’ in https://github.com/vapor/database-kit.gitResolve Package Graph
Updating from https://github.com/vapor/database-kit.git
could not find a branch named ‘2’ in https://github.com/vapor/database-kit.gitResolve Package Graph
Updating from https://github.com/vapor/database-kit.git
could not find a branch named ‘2’ in https://github.com/vapor/database-kit.git
Resolved source packages:
spi-builder-workspace: (null)
2026-09-16 09:52:53.207 xcodebuild[529:3011] Writing error result bundle to /var/folders/xq/y_g06wb113726d38xsyx71_h0000gn/T/ResultBundle_2026-16-09_09-52-0053.xcresult
xcodebuild: error: Could not resolve package dependencies:
could not find a branch named ‘2’ in https://github.com/vapor/database-kit.git
Command line invocation:
/Applications/Xcode-27.0.0-Release.Candidate.app/Contents/Developer/usr/bin/xcodebuild -IDEClonedSourcePackagesDirPathOverride=/Users/admin/builder/spi-builder-workspace/.dependencies -resolvePackageDependencies
Resolve Package Graph
Updating from https://github.com/vapor/database-kit.git
could not find a branch named ‘2’ in https://github.com/vapor/database-kit.git
Resolved source packages:
spi-builder-workspace: (null)
2026-09-16 09:52:54.927 xcodebuild[637:3773] Writing error result bundle to /var/folders/xq/y_g06wb113726d38xsyx71_h0000gn/T/ResultBundle_2026-16-09_09-52-0054.xcresult
xcodebuild: error: Could not resolve package dependencies:
could not find a branch named ‘2’ in https://github.com/vapor/database-kit.git
BUILD FAILURE 6.4 watchOS