The Swift Package Index logo.Swift Package Index

Build Information

Failed to build FZSwiftUtils, reference 1.3.0 (4c3672), with Swift 6.4 for Android on 24 Sep 2026 04:38:21 UTC.

Build Command

bash -c docker run --pull=always --rm -v "checkouts-54344847-0":/host -w "$PWD" -e JAVA_HOME="/root/.sdkman/candidates/java/current" -e SPI_BUILD="1" -e SPI_PROCESSING="1" registry.gitlab.com/saguaro1/spi-images:android-6.4-latest swift build --swift-sdk aarch64-unknown-linux-android28 2>&1

Build Log

========================================
RunAll
========================================
Builder version: 5.1.0
Interrupt handler set up.
========================================
Checkout
========================================
Clone URL: https://github.com/flocked/FZSwiftUtils.git
Reference: 1.3.0
Initialized empty Git repository in /host/spi-builder-workspace/.git/
hint: Using 'master' as the name for the initial branch. This default branch name
hint: is subject to change. To configure the initial branch name to use in all
hint: of your new repositories, which will suppress this warning, call:
hint:
hint: 	git config --global init.defaultBranch <name>
hint:
hint: Names commonly chosen instead of 'master' are 'main', 'trunk' and
hint: 'development'. The just-created branch can be renamed via this command:
hint:
hint: 	git branch -m <name>
From https://github.com/flocked/FZSwiftUtils
 * tag               1.3.0      -> FETCH_HEAD
HEAD is now at 4c36722 Update Package.swift
Cloned https://github.com/flocked/FZSwiftUtils.git
Revision (git rev-parse @):
4c3672278b99afbdbbc2b8262a949d9f0da82abe
SUCCESS checkout https://github.com/flocked/FZSwiftUtils.git at 1.3.0
========================================
Build
========================================
Selected platform:         android
Swift version:             6.4
Building package at path:  $PWD
https://github.com/flocked/FZSwiftUtils.git
Running build ...
bash -c docker run --pull=always --rm -v "checkouts-54344847-0":/host -w "$PWD" -e JAVA_HOME="/root/.sdkman/candidates/java/current" -e SPI_BUILD="1" -e SPI_PROCESSING="1" registry.gitlab.com/saguaro1/spi-images:android-6.4-latest swift build --swift-sdk aarch64-unknown-linux-android28 2>&1
android-6.4-latest: Pulling from saguaro1/spi-images
Digest: sha256:abadcff584c273feba50641b454858d377ba30b35ea7287a94f45ebd8afd0ea0
Status: Image is up to date for registry.gitlab.com/saguaro1/spi-images:android-6.4-latest
Building for debugging...
[Pre-planning 1 / 126]
[Planning deferred tasks]
/host/spi-builder-workspace/Sources/Libffi/platform_arch.c:1:10: fatal error: 'TargetConditionals.h' file not found
    1 | #include <TargetConditionals.h>
      |          ^~~~~~~~~~~~~~~~~~~~~~
1 error generated.
error: CompileC /host/spi-builder-workspace/.build/out/Intermediates.noindex/FZSwiftUtils.build/Debug-android-aarch64/_Libffi-t.build/Objects-normal/aarch64/platform_arch.o /host/spi-builder-workspace/Sources/Libffi/platform_arch.c normal aarch64 c com.apple.compilers.llvm.clang.1_0.compiler failed with a nonzero exit code. Command line:     cd /host

    Using response file: /host/spi-builder-workspace/.build/out/Intermediates.noindex/FZSwiftUtils.build/Debug-android-aarch64/_Libffi-t.build/Objects-normal/aarch64/9f65232cb83f8421e3a495a5062eba382369c975104ee97bafc405ab795bfc5e-common-args.resp

    /root/.local/share/swiftly/toolchains/6.4.x-snapshot-2026-09-04/usr/bin/clang -x c -target aarch64-unknown-linux-android28 -fmessage-length\=0 -fdiagnostics-show-note-include-stack -fmacro-backtrace-limit\=0 -fcolor-diagnostics -Wno-trigraphs -Wno-missing-field-initializers -Wno-missing-prototypes -Wno-return-type -Wno-missing-braces -Wparentheses -Wswitch -Wno-unused-function -Wno-unused-label -Wno-unused-parameter -Wno-unused-variable -Wunused-value -Wno-empty-body -Wno-uninitialized -Wno-unknown-pragmas -Wno-shadow -Wno-four-char-constants -Wno-conversion -Wno-constant-conversion -Wno-int-conversion -Wno-bool-conversion -Wno-enum-conversion -Wno-float-conversion -Wno-non-literal-null-conversion -Wno-objc-literal-conversion -Wno-shorten-64-to-32 -Wpointer-sign -Wno-newline-eof -Wno-implicit-fallthrough -fstrict-aliasing -Wdeprecated-declarations -Wno-sign-conversion -Wno-infinite-recursion -Wno-comma -Wno-block-capture-autoreleasing -Wno-strict-prototypes -Wno-semicolon-before-method-body --sysroot /android-ndk/android-ndk-r27d/toolchains/llvm/prebuilt/linux-x86_64/sysroot -Wno-deprecated-declarations -Wno-shorten-64-to-32 @/host/spi-builder-workspace/.build/out/Intermediates.noindex/FZSwiftUtils.build/Debug-android-aarch64/_Libffi-t.build/Objects-normal/aarch64/9f65232cb83f8421e3a495a5062eba382369c975104ee97bafc405ab795bfc5e-common-args.resp -MMD -MT dependencies -MF /host/spi-builder-workspace/.build/out/Intermediates.noindex/FZSwiftUtils.build/Debug-android-aarch64/_Libffi-t.build/Objects-normal/aarch64/platform_arch.d --serialize-diagnostics /host/spi-builder-workspace/.build/out/Intermediates.noindex/FZSwiftUtils.build/Debug-android-aarch64/_Libffi-t.build/Objects-normal/aarch64/platform_arch.dia -c /host/spi-builder-workspace/Sources/Libffi/platform_arch.c -o /host/spi-builder-workspace/.build/out/Intermediates.noindex/FZSwiftUtils.build/Debug-android-aarch64/_Libffi-t.build/Objects-normal/aarch64/platform_arch.o
In file included from /host/spi-builder-workspace/Sources/Libffi/common_types.c:1:
In file included from /host/spi-builder-workspace/Sources/Libffi/vendor/darwin_common/src/types.c:31:
/host/spi-builder-workspace/Sources/Libffi/include/ffi.h:4:10: fatal error: 'TargetConditionals.h' file not found
    4 | #include <TargetConditionals.h>
      |          ^~~~~~~~~~~~~~~~~~~~~~
1 error generated.
error: CompileC /host/spi-builder-workspace/.build/out/Intermediates.noindex/FZSwiftUtils.build/Debug-android-aarch64/_Libffi-t.build/Objects-normal/aarch64/common_types.o /host/spi-builder-workspace/Sources/Libffi/common_types.c normal aarch64 c com.apple.compilers.llvm.clang.1_0.compiler failed with a nonzero exit code. Command line:     cd /host

    Using response file: /host/spi-builder-workspace/.build/out/Intermediates.noindex/FZSwiftUtils.build/Debug-android-aarch64/_Libffi-t.build/Objects-normal/aarch64/9f65232cb83f8421e3a495a5062eba382369c975104ee97bafc405ab795bfc5e-common-args.resp

    /root/.local/share/swiftly/toolchains/6.4.x-snapshot-2026-09-04/usr/bin/clang -x c -target aarch64-unknown-linux-android28 -fmessage-length\=0 -fdiagnostics-show-note-include-stack -fmacro-backtrace-limit\=0 -fcolor-diagnostics -Wno-trigraphs -Wno-missing-field-initializers -Wno-missing-prototypes -Wno-return-type -Wno-missing-braces -Wparentheses -Wswitch -Wno-unused-function -Wno-unused-label -Wno-unused-parameter -Wno-unused-variable -Wunused-value -Wno-empty-body -Wno-uninitialized -Wno-unknown-pragmas -Wno-shadow -Wno-four-char-constants -Wno-conversion -Wno-constant-conversion -Wno-int-conversion -Wno-bool-conversion -Wno-enum-conversion -Wno-float-conversion -Wno-non-literal-null-conversion -Wno-objc-literal-conversion -Wno-shorten-64-to-32 -Wpointer-sign -Wno-newline-eof -Wno-implicit-fallthrough -fstrict-aliasing -Wdeprecated-declarations -Wno-sign-conversion -Wno-infinite-recursion -Wno-comma -Wno-block-capture-autoreleasing -Wno-strict-prototypes -Wno-semicolon-before-method-body --sysroot /android-ndk/android-ndk-r27d/toolchains/llvm/prebuilt/linux-x86_64/sysroot -Wno-deprecated-declarations -Wno-shorten-64-to-32 @/host/spi-builder-workspace/.build/out/Intermediates.noindex/FZSwiftUtils.build/Debug-android-aarch64/_Libffi-t.build/Objects-normal/aarch64/9f65232cb83f8421e3a495a5062eba382369c975104ee97bafc405ab795bfc5e-common-args.resp -MMD -MT dependencies -MF /host/spi-builder-workspace/.build/out/Intermediates.noindex/FZSwiftUtils.build/Debug-android-aarch64/_Libffi-t.build/Objects-normal/aarch64/common_types.d --serialize-diagnostics /host/spi-builder-workspace/.build/out/Intermediates.noindex/FZSwiftUtils.build/Debug-android-aarch64/_Libffi-t.build/Objects-normal/aarch64/common_types.dia -c /host/spi-builder-workspace/Sources/Libffi/common_types.c -o /host/spi-builder-workspace/.build/out/Intermediates.noindex/FZSwiftUtils.build/Debug-android-aarch64/_Libffi-t.build/Objects-normal/aarch64/common_types.o
/host/spi-builder-workspace/Sources/Libffi/platform_arch_asm.S:1:10: fatal error: 'TargetConditionals.h' file not found
    1 | #include <TargetConditionals.h>
      |          ^~~~~~~~~~~~~~~~~~~~~~
1 error generated.
error: CompileC /host/spi-builder-workspace/.build/out/Intermediates.noindex/FZSwiftUtils.build/Debug-android-aarch64/_Libffi-t.build/Objects-normal/aarch64/platform_arch_asm.o /host/spi-builder-workspace/Sources/Libffi/platform_arch_asm.S normal aarch64 assembler-with-cpp com.apple.compilers.llvm.clang.1_0.compiler failed with a nonzero exit code. Command line:     cd /host

    Using response file: /host/spi-builder-workspace/.build/out/Intermediates.noindex/FZSwiftUtils.build/Debug-android-aarch64/_Libffi-t.build/Objects-normal/aarch64/61f1ad8caf7d01967efd2e09cb60f79d6b9fece596dee13a7c2a61ac1d9f93d1-common-args.resp

    /root/.local/share/swiftly/toolchains/6.4.x-snapshot-2026-09-04/usr/bin/clang -x assembler-with-cpp -target aarch64-unknown-linux-android28 -fmessage-length\=0 -fdiagnostics-show-note-include-stack -fmacro-backtrace-limit\=0 -fcolor-diagnostics -Wno-trigraphs -Wno-missing-field-initializers -Wno-missing-prototypes -Wno-return-type -Wno-missing-braces -Wparentheses -Wswitch -Wno-unused-function -Wno-unused-label -Wno-unused-parameter -Wno-unused-variable -Wunused-value -Wno-empty-body -Wno-uninitialized -Wno-unknown-pragmas -Wno-shadow -Wno-four-char-constants -Wno-conversion -Wno-constant-conversion -Wno-int-conversion -Wno-bool-conversion -Wno-enum-conversion -Wno-float-conversion -Wno-non-literal-null-conversion -Wno-objc-literal-conversion -Wno-shorten-64-to-32 -Wno-newline-eof -Wno-implicit-fallthrough -fstrict-aliasing -Wdeprecated-declarations -Wno-sign-conversion -Wno-infinite-recursion -Wno-comma -Wno-block-capture-autoreleasing -Wno-strict-prototypes -Wno-semicolon-before-method-body --sysroot /android-ndk/android-ndk-r27d/toolchains/llvm/prebuilt/linux-x86_64/sysroot -Wno-deprecated-declarations -Wno-shorten-64-to-32 @/host/spi-builder-workspace/.build/out/Intermediates.noindex/FZSwiftUtils.build/Debug-android-aarch64/_Libffi-t.build/Objects-normal/aarch64/61f1ad8caf7d01967efd2e09cb60f79d6b9fece596dee13a7c2a61ac1d9f93d1-common-args.resp -MMD -MT dependencies -MF /host/spi-builder-workspace/.build/out/Intermediates.noindex/FZSwiftUtils.build/Debug-android-aarch64/_Libffi-t.build/Objects-normal/aarch64/platform_arch_asm.d --serialize-diagnostics /host/spi-builder-workspace/.build/out/Intermediates.noindex/FZSwiftUtils.build/Debug-android-aarch64/_Libffi-t.build/Objects-normal/aarch64/platform_arch_asm.dia -c /host/spi-builder-workspace/Sources/Libffi/platform_arch_asm.S -o /host/spi-builder-workspace/.build/out/Intermediates.noindex/FZSwiftUtils.build/Debug-android-aarch64/_Libffi-t.build/Objects-normal/aarch64/platform_arch_asm.o
In file included from /host/spi-builder-workspace/Sources/Libffi/common_tramp.c:1:
In file included from /host/spi-builder-workspace/Sources/Libffi/vendor/darwin_common/src/tramp.c:29:
/host/spi-builder-workspace/Sources/Libffi/include/fficonfig.h:4:10: fatal error: 'TargetConditionals.h' file not found
    4 | #include <TargetConditionals.h>
      |          ^~~~~~~~~~~~~~~~~~~~~~
1 error generated.
error: CompileC /host/spi-builder-workspace/.build/out/Intermediates.noindex/FZSwiftUtils.build/Debug-android-aarch64/_Libffi-t.build/Objects-normal/aarch64/common_tramp.o /host/spi-builder-workspace/Sources/Libffi/common_tramp.c normal aarch64 c com.apple.compilers.llvm.clang.1_0.compiler failed with a nonzero exit code. Command line:     cd /host

    Using response file: /host/spi-builder-workspace/.build/out/Intermediates.noindex/FZSwiftUtils.build/Debug-android-aarch64/_Libffi-t.build/Objects-normal/aarch64/9f65232cb83f8421e3a495a5062eba382369c975104ee97bafc405ab795bfc5e-common-args.resp

    /root/.local/share/swiftly/toolchains/6.4.x-snapshot-2026-09-04/usr/bin/clang -x c -target aarch64-unknown-linux-android28 -fmessage-length\=0 -fdiagnostics-show-note-include-stack -fmacro-backtrace-limit\=0 -fcolor-diagnostics -Wno-trigraphs -Wno-missing-field-initializers -Wno-missing-prototypes -Wno-return-type -Wno-missing-braces -Wparentheses -Wswitch -Wno-unused-function -Wno-unused-label -Wno-unused-parameter -Wno-unused-variable -Wunused-value -Wno-empty-body -Wno-uninitialized -Wno-unknown-pragmas -Wno-shadow -Wno-four-char-constants -Wno-conversion -Wno-constant-conversion -Wno-int-conversion -Wno-bool-conversion -Wno-enum-conversion -Wno-float-conversion -Wno-non-literal-null-conversion -Wno-objc-literal-conversion -Wno-shorten-64-to-32 -Wpointer-sign -Wno-newline-eof -Wno-implicit-fallthrough -fstrict-aliasing -Wdeprecated-declarations -Wno-sign-conversion -Wno-infinite-recursion -Wno-comma -Wno-block-capture-autoreleasing -Wno-strict-prototypes -Wno-semicolon-before-method-body --sysroot /android-ndk/android-ndk-r27d/toolchains/llvm/prebuilt/linux-x86_64/sysroot -Wno-deprecated-declarations -Wno-shorten-64-to-32 @/host/spi-builder-workspace/.build/out/Intermediates.noindex/FZSwiftUtils.build/Debug-android-aarch64/_Libffi-t.build/Objects-normal/aarch64/9f65232cb83f8421e3a495a5062eba382369c975104ee97bafc405ab795bfc5e-common-args.resp -MMD -MT dependencies -MF /host/spi-builder-workspace/.build/out/Intermediates.noindex/FZSwiftUtils.build/Debug-android-aarch64/_Libffi-t.build/Objects-normal/aarch64/common_tramp.d --serialize-diagnostics /host/spi-builder-workspace/.build/out/Intermediates.noindex/FZSwiftUtils.build/Debug-android-aarch64/_Libffi-t.build/Objects-normal/aarch64/common_tramp.dia -c /host/spi-builder-workspace/Sources/Libffi/common_tramp.c -o /host/spi-builder-workspace/.build/out/Intermediates.noindex/FZSwiftUtils.build/Debug-android-aarch64/_Libffi-t.build/Objects-normal/aarch64/common_tramp.o
error: Build failed
BUILD FAILURE 6.4 android