The Swift Package Index logo.Swift Package Index

Build Information

Failed to build CXXMonkeysAudio, reference main (a33138), with Swift 6.4 for Wasm on 24 Sep 2026 03:12:40 UTC.

Build Command

bash -c docker run --pull=always --rm -v "checkouts-54344845-0":/host -w "$PWD" -e JAVA_HOME="/root/.sdkman/candidates/java/current" -e SPI_BUILD="1" -e SPI_PROCESSING="1" registry.gitlab.com/saguaro1/spi-images:wasm-6.4-latest swift build --swift-sdk swift-6.4.x-DEVELOPMENT-SNAPSHOT-2026-09-04-a_wasm 2>&1

Build Log

========================================
RunAll
========================================
Builder version: 5.1.0
Interrupt handler set up.
========================================
Checkout
========================================
Clone URL: https://github.com/sbooth/CXXMonkeysAudio.git
Reference: main
Initialized empty Git repository in /host/spi-builder-workspace/.git/
hint: Using 'master' as the name for the initial branch. This default branch name
hint: is subject to change. To configure the initial branch name to use in all
hint: of your new repositories, which will suppress this warning, call:
hint:
hint: 	git config --global init.defaultBranch <name>
hint:
hint: Names commonly chosen instead of 'master' are 'main', 'trunk' and
hint: 'development'. The just-created branch can be renamed via this command:
hint:
hint: 	git branch -m <name>
From https://github.com/sbooth/CXXMonkeysAudio
 * branch            main       -> FETCH_HEAD
 * [new branch]      main       -> origin/main
HEAD is now at a33138a Bump actions/checkout from 6 to 7 (#13)
Cloned https://github.com/sbooth/CXXMonkeysAudio.git
Revision (git rev-parse @):
a33138a7bff0ef65dfa67f2a25463e201d7dff64
SUCCESS checkout https://github.com/sbooth/CXXMonkeysAudio.git at main
========================================
Build
========================================
Selected platform:         wasm
Swift version:             6.4
Building package at path:  $PWD
https://github.com/sbooth/CXXMonkeysAudio.git
Running build ...
bash -c docker run --pull=always --rm -v "checkouts-54344845-0":/host -w "$PWD" -e JAVA_HOME="/root/.sdkman/candidates/java/current" -e SPI_BUILD="1" -e SPI_PROCESSING="1" registry.gitlab.com/saguaro1/spi-images:wasm-6.4-latest swift build --swift-sdk swift-6.4.x-DEVELOPMENT-SNAPSHOT-2026-09-04-a_wasm 2>&1
wasm-6.4-latest: Pulling from saguaro1/spi-images
Digest: sha256:4328fdb43c680d205c1d6761b1e3267aa38277eefdda9ddfb17b6a0f1a77857a
Status: Image is up to date for registry.gitlab.com/saguaro1/spi-images:wasm-6.4-latest
Building for debugging...
[Planning deferred tasks]
In file included from /host/spi-builder-workspace/Sources/MAC/Shared/WinFileIO.cpp:1:
In file included from /host/spi-builder-workspace/Sources/MAC/include/MAC/All.h:77:
/host/spi-builder-workspace/Sources/MAC/include/MAC/NoWindows.h:7:14: fatal error: 'AvailabilityMacros.h' file not found
    7 |     #include <AvailabilityMacros.h>
      |              ^~~~~~~~~~~~~~~~~~~~~~
1 error generated.
error: CompileC /host/spi-builder-workspace/.build/out/Intermediates.noindex/CXXMonkeysAudio.build/Debug-webassembly-wasm32/MAC-t.build/Objects-normal/wasm32/WinFileIO.o /host/spi-builder-workspace/Sources/MAC/Shared/WinFileIO.cpp normal wasm32 c++ com.apple.compilers.llvm.clang.1_0.compiler failed with a nonzero exit code. Command line:     cd /host

    Using response file: /host/spi-builder-workspace/.build/out/Intermediates.noindex/CXXMonkeysAudio.build/Debug-webassembly-wasm32/MAC-t.build/Objects-normal/wasm32/11b881b950eb02e21769317df93e9b41d1d7f0348e4e0901ae810dce93ca1a57-common-args.resp

    /usr/bin/clang -x c++ -target wasm32-unknown-wasip1 -fmessage-length\=0 -fdiagnostics-show-note-include-stack -fmacro-backtrace-limit\=0 -fcolor-diagnostics -Wno-trigraphs -Wno-missing-field-initializers -Wno-missing-prototypes -Wno-return-type -Wno-non-virtual-dtor -Wno-overloaded-virtual -Wno-exit-time-destructors -Wno-missing-braces -Wparentheses -Wswitch -Wno-unused-function -Wno-unused-label -Wno-unused-parameter -Wno-unused-variable -Wunused-value -Wno-empty-body -Wno-uninitialized -Wno-unknown-pragmas -Wno-shadow -Wno-four-char-constants -Wno-conversion -Wno-constant-conversion -Wno-int-conversion -Wno-bool-conversion -Wno-enum-conversion -Wno-float-conversion -Wno-non-literal-null-conversion -Wno-objc-literal-conversion -Wno-shorten-64-to-32 -Wno-newline-eof -Wno-c++11-extensions -Wno-implicit-fallthrough -fstrict-aliasing -Wdeprecated-declarations -Winvalid-offsetof -Wno-sign-conversion -Wno-infinite-recursion -Wno-move -Wno-comma -Wno-block-capture-autoreleasing -Wno-strict-prototypes -Wno-range-loop-analysis -Wno-semicolon-before-method-body --sysroot /root/.swiftpm/swift-sdks/swift-6.4.x-DEVELOPMENT-SNAPSHOT-2026-09-04-a_wasm.artifactbundle/swift-6.4.x-DEVELOPMENT-SNAPSHOT-2026-09-04-a_wasm/wasm32-unknown-wasip1/WASI.sdk @/host/spi-builder-workspace/.build/out/Intermediates.noindex/CXXMonkeysAudio.build/Debug-webassembly-wasm32/MAC-t.build/Objects-normal/wasm32/11b881b950eb02e21769317df93e9b41d1d7f0348e4e0901ae810dce93ca1a57-common-args.resp -MMD -MT dependencies -MF /host/spi-builder-workspace/.build/out/Intermediates.noindex/CXXMonkeysAudio.build/Debug-webassembly-wasm32/MAC-t.build/Objects-normal/wasm32/WinFileIO.d --serialize-diagnostics /host/spi-builder-workspace/.build/out/Intermediates.noindex/CXXMonkeysAudio.build/Debug-webassembly-wasm32/MAC-t.build/Objects-normal/wasm32/WinFileIO.dia -c /host/spi-builder-workspace/Sources/MAC/Shared/WinFileIO.cpp -o /host/spi-builder-workspace/.build/out/Intermediates.noindex/CXXMonkeysAudio.build/Debug-webassembly-wasm32/MAC-t.build/Objects-normal/wasm32/WinFileIO.o
In file included from /host/spi-builder-workspace/Sources/MAC/Shared/WholeFileIO.cpp:1:
In file included from /host/spi-builder-workspace/Sources/MAC/include/MAC/All.h:77:
/host/spi-builder-workspace/Sources/MAC/include/MAC/NoWindows.h:7:14: fatal error: 'AvailabilityMacros.h' file not found
    7 |     #include <AvailabilityMacros.h>
      |              ^~~~~~~~~~~~~~~~~~~~~~
1 error generated.
error: CompileC /host/spi-builder-workspace/.build/out/Intermediates.noindex/CXXMonkeysAudio.build/Debug-webassembly-wasm32/MAC-t.build/Objects-normal/wasm32/WholeFileIO.o /host/spi-builder-workspace/Sources/MAC/Shared/WholeFileIO.cpp normal wasm32 c++ com.apple.compilers.llvm.clang.1_0.compiler failed with a nonzero exit code. Command line:     cd /host

    Using response file: /host/spi-builder-workspace/.build/out/Intermediates.noindex/CXXMonkeysAudio.build/Debug-webassembly-wasm32/MAC-t.build/Objects-normal/wasm32/11b881b950eb02e21769317df93e9b41d1d7f0348e4e0901ae810dce93ca1a57-common-args.resp

    /usr/bin/clang -x c++ -target wasm32-unknown-wasip1 -fmessage-length\=0 -fdiagnostics-show-note-include-stack -fmacro-backtrace-limit\=0 -fcolor-diagnostics -Wno-trigraphs -Wno-missing-field-initializers -Wno-missing-prototypes -Wno-return-type -Wno-non-virtual-dtor -Wno-overloaded-virtual -Wno-exit-time-destructors -Wno-missing-braces -Wparentheses -Wswitch -Wno-unused-function -Wno-unused-label -Wno-unused-parameter -Wno-unused-variable -Wunused-value -Wno-empty-body -Wno-uninitialized -Wno-unknown-pragmas -Wno-shadow -Wno-four-char-constants -Wno-conversion -Wno-constant-conversion -Wno-int-conversion -Wno-bool-conversion -Wno-enum-conversion -Wno-float-conversion -Wno-non-literal-null-conversion -Wno-objc-literal-conversion -Wno-shorten-64-to-32 -Wno-newline-eof -Wno-c++11-extensions -Wno-implicit-fallthrough -fstrict-aliasing -Wdeprecated-declarations -Winvalid-offsetof -Wno-sign-conversion -Wno-infinite-recursion -Wno-move -Wno-comma -Wno-block-capture-autoreleasing -Wno-strict-prototypes -Wno-range-loop-analysis -Wno-semicolon-before-method-body --sysroot /root/.swiftpm/swift-sdks/swift-6.4.x-DEVELOPMENT-SNAPSHOT-2026-09-04-a_wasm.artifactbundle/swift-6.4.x-DEVELOPMENT-SNAPSHOT-2026-09-04-a_wasm/wasm32-unknown-wasip1/WASI.sdk @/host/spi-builder-workspace/.build/out/Intermediates.noindex/CXXMonkeysAudio.build/Debug-webassembly-wasm32/MAC-t.build/Objects-normal/wasm32/11b881b950eb02e21769317df93e9b41d1d7f0348e4e0901ae810dce93ca1a57-common-args.resp -MMD -MT dependencies -MF /host/spi-builder-workspace/.build/out/Intermediates.noindex/CXXMonkeysAudio.build/Debug-webassembly-wasm32/MAC-t.build/Objects-normal/wasm32/WholeFileIO.d --serialize-diagnostics /host/spi-builder-workspace/.build/out/Intermediates.noindex/CXXMonkeysAudio.build/Debug-webassembly-wasm32/MAC-t.build/Objects-normal/wasm32/WholeFileIO.dia -c /host/spi-builder-workspace/Sources/MAC/Shared/WholeFileIO.cpp -o /host/spi-builder-workspace/.build/out/Intermediates.noindex/CXXMonkeysAudio.build/Debug-webassembly-wasm32/MAC-t.build/Objects-normal/wasm32/WholeFileIO.o
In file included from /host/spi-builder-workspace/Sources/MAC/Shared/Thread.cpp:1:
In file included from /host/spi-builder-workspace/Sources/MAC/include/MAC/All.h:77:
/host/spi-builder-workspace/Sources/MAC/include/MAC/NoWindows.h:7:14: fatal error: 'AvailabilityMacros.h' file not found
    7 |     #include <AvailabilityMacros.h>
      |              ^~~~~~~~~~~~~~~~~~~~~~
1 error generated.
error: CompileC /host/spi-builder-workspace/.build/out/Intermediates.noindex/CXXMonkeysAudio.build/Debug-webassembly-wasm32/MAC-t.build/Objects-normal/wasm32/Thread.o /host/spi-builder-workspace/Sources/MAC/Shared/Thread.cpp normal wasm32 c++ com.apple.compilers.llvm.clang.1_0.compiler failed with a nonzero exit code. Command line:     cd /host

    Using response file: /host/spi-builder-workspace/.build/out/Intermediates.noindex/CXXMonkeysAudio.build/Debug-webassembly-wasm32/MAC-t.build/Objects-normal/wasm32/11b881b950eb02e21769317df93e9b41d1d7f0348e4e0901ae810dce93ca1a57-common-args.resp

    /usr/bin/clang -x c++ -target wasm32-unknown-wasip1 -fmessage-length\=0 -fdiagnostics-show-note-include-stack -fmacro-backtrace-limit\=0 -fcolor-diagnostics -Wno-trigraphs -Wno-missing-field-initializers -Wno-missing-prototypes -Wno-return-type -Wno-non-virtual-dtor -Wno-overloaded-virtual -Wno-exit-time-destructors -Wno-missing-braces -Wparentheses -Wswitch -Wno-unused-function -Wno-unused-label -Wno-unused-parameter -Wno-unused-variable -Wunused-value -Wno-empty-body -Wno-uninitialized -Wno-unknown-pragmas -Wno-shadow -Wno-four-char-constants -Wno-conversion -Wno-constant-conversion -Wno-int-conversion -Wno-bool-conversion -Wno-enum-conversion -Wno-float-conversion -Wno-non-literal-null-conversion -Wno-objc-literal-conversion -Wno-shorten-64-to-32 -Wno-newline-eof -Wno-c++11-extensions -Wno-implicit-fallthrough -fstrict-aliasing -Wdeprecated-declarations -Winvalid-offsetof -Wno-sign-conversion -Wno-infinite-recursion -Wno-move -Wno-comma -Wno-block-capture-autoreleasing -Wno-strict-prototypes -Wno-range-loop-analysis -Wno-semicolon-before-method-body --sysroot /root/.swiftpm/swift-sdks/swift-6.4.x-DEVELOPMENT-SNAPSHOT-2026-09-04-a_wasm.artifactbundle/swift-6.4.x-DEVELOPMENT-SNAPSHOT-2026-09-04-a_wasm/wasm32-unknown-wasip1/WASI.sdk @/host/spi-builder-workspace/.build/out/Intermediates.noindex/CXXMonkeysAudio.build/Debug-webassembly-wasm32/MAC-t.build/Objects-normal/wasm32/11b881b950eb02e21769317df93e9b41d1d7f0348e4e0901ae810dce93ca1a57-common-args.resp -MMD -MT dependencies -MF /host/spi-builder-workspace/.build/out/Intermediates.noindex/CXXMonkeysAudio.build/Debug-webassembly-wasm32/MAC-t.build/Objects-normal/wasm32/Thread.d --serialize-diagnostics /host/spi-builder-workspace/.build/out/Intermediates.noindex/CXXMonkeysAudio.build/Debug-webassembly-wasm32/MAC-t.build/Objects-normal/wasm32/Thread.dia -c /host/spi-builder-workspace/Sources/MAC/Shared/Thread.cpp -o /host/spi-builder-workspace/.build/out/Intermediates.noindex/CXXMonkeysAudio.build/Debug-webassembly-wasm32/MAC-t.build/Objects-normal/wasm32/Thread.o
In file included from /host/spi-builder-workspace/Sources/MAC/MACLib/UnBitArray.cpp:1:
In file included from /host/spi-builder-workspace/Sources/MAC/include/MAC/All.h:77:
/host/spi-builder-workspace/Sources/MAC/include/MAC/NoWindows.h:7:14: fatal error: 'AvailabilityMacros.h' file not found
    7 |     #include <AvailabilityMacros.h>
      |              ^~~~~~~~~~~~~~~~~~~~~~
1 error generated.
error: CompileC /host/spi-builder-workspace/.build/out/Intermediates.noindex/CXXMonkeysAudio.build/Debug-webassembly-wasm32/MAC-t.build/Objects-normal/wasm32/UnBitArray.o /host/spi-builder-workspace/Sources/MAC/MACLib/UnBitArray.cpp normal wasm32 c++ com.apple.compilers.llvm.clang.1_0.compiler failed with a nonzero exit code. Command line:     cd /host

    Using response file: /host/spi-builder-workspace/.build/out/Intermediates.noindex/CXXMonkeysAudio.build/Debug-webassembly-wasm32/MAC-t.build/Objects-normal/wasm32/11b881b950eb02e21769317df93e9b41d1d7f0348e4e0901ae810dce93ca1a57-common-args.resp

    /usr/bin/clang -x c++ -target wasm32-unknown-wasip1 -fmessage-length\=0 -fdiagnostics-show-note-include-stack -fmacro-backtrace-limit\=0 -fcolor-diagnostics -Wno-trigraphs -Wno-missing-field-initializers -Wno-missing-prototypes -Wno-return-type -Wno-non-virtual-dtor -Wno-overloaded-virtual -Wno-exit-time-destructors -Wno-missing-braces -Wparentheses -Wswitch -Wno-unused-function -Wno-unused-label -Wno-unused-parameter -Wno-unused-variable -Wunused-value -Wno-empty-body -Wno-uninitialized -Wno-unknown-pragmas -Wno-shadow -Wno-four-char-constants -Wno-conversion -Wno-constant-conversion -Wno-int-conversion -Wno-bool-conversion -Wno-enum-conversion -Wno-float-conversion -Wno-non-literal-null-conversion -Wno-objc-literal-conversion -Wno-shorten-64-to-32 -Wno-newline-eof -Wno-c++11-extensions -Wno-implicit-fallthrough -fstrict-aliasing -Wdeprecated-declarations -Winvalid-offsetof -Wno-sign-conversion -Wno-infinite-recursion -Wno-move -Wno-comma -Wno-block-capture-autoreleasing -Wno-strict-prototypes -Wno-range-loop-analysis -Wno-semicolon-before-method-body --sysroot /root/.swiftpm/swift-sdks/swift-6.4.x-DEVELOPMENT-SNAPSHOT-2026-09-04-a_wasm.artifactbundle/swift-6.4.x-DEVELOPMENT-SNAPSHOT-2026-09-04-a_wasm/wasm32-unknown-wasip1/WASI.sdk @/host/spi-builder-workspace/.build/out/Intermediates.noindex/CXXMonkeysAudio.build/Debug-webassembly-wasm32/MAC-t.build/Objects-normal/wasm32/11b881b950eb02e21769317df93e9b41d1d7f0348e4e0901ae810dce93ca1a57-common-args.resp -MMD -MT dependencies -MF /host/spi-builder-workspace/.build/out/Intermediates.noindex/CXXMonkeysAudio.build/Debug-webassembly-wasm32/MAC-t.build/Objects-normal/wasm32/UnBitArray.d --serialize-diagnostics /host/spi-builder-workspace/.build/out/Intermediates.noindex/CXXMonkeysAudio.build/Debug-webassembly-wasm32/MAC-t.build/Objects-normal/wasm32/UnBitArray.dia -c /host/spi-builder-workspace/Sources/MAC/MACLib/UnBitArray.cpp -o /host/spi-builder-workspace/.build/out/Intermediates.noindex/CXXMonkeysAudio.build/Debug-webassembly-wasm32/MAC-t.build/Objects-normal/wasm32/UnBitArray.o
In file included from /host/spi-builder-workspace/Sources/MAC/MACLib/UnBitArrayBase.cpp:1:
In file included from /host/spi-builder-workspace/Sources/MAC/include/MAC/All.h:77:
/host/spi-builder-workspace/Sources/MAC/include/MAC/NoWindows.h:7:14: fatal error: 'AvailabilityMacros.h' file not found
    7 |     #include <AvailabilityMacros.h>
      |              ^~~~~~~~~~~~~~~~~~~~~~
1 error generated.
error: CompileC /host/spi-builder-workspace/.build/out/Intermediates.noindex/CXXMonkeysAudio.build/Debug-webassembly-wasm32/MAC-t.build/Objects-normal/wasm32/UnBitArrayBase.o /host/spi-builder-workspace/Sources/MAC/MACLib/UnBitArrayBase.cpp normal wasm32 c++ com.apple.compilers.llvm.clang.1_0.compiler failed with a nonzero exit code. Command line:     cd /host

    Using response file: /host/spi-builder-workspace/.build/out/Intermediates.noindex/CXXMonkeysAudio.build/Debug-webassembly-wasm32/MAC-t.build/Objects-normal/wasm32/11b881b950eb02e21769317df93e9b41d1d7f0348e4e0901ae810dce93ca1a57-common-args.resp

    /usr/bin/clang -x c++ -target wasm32-unknown-wasip1 -fmessage-length\=0 -fdiagnostics-show-note-include-stack -fmacro-backtrace-limit\=0 -fcolor-diagnostics -Wno-trigraphs -Wno-missing-field-initializers -Wno-missing-prototypes -Wno-return-type -Wno-non-virtual-dtor -Wno-overloaded-virtual -Wno-exit-time-destructors -Wno-missing-braces -Wparentheses -Wswitch -Wno-unused-function -Wno-unused-label -Wno-unused-parameter -Wno-unused-variable -Wunused-value -Wno-empty-body -Wno-uninitialized -Wno-unknown-pragmas -Wno-shadow -Wno-four-char-constants -Wno-conversion -Wno-constant-conversion -Wno-int-conversion -Wno-bool-conversion -Wno-enum-conversion -Wno-float-conversion -Wno-non-literal-null-conversion -Wno-objc-literal-conversion -Wno-shorten-64-to-32 -Wno-newline-eof -Wno-c++11-extensions -Wno-implicit-fallthrough -fstrict-aliasing -Wdeprecated-declarations -Winvalid-offsetof -Wno-sign-conversion -Wno-infinite-recursion -Wno-move -Wno-comma -Wno-block-capture-autoreleasing -Wno-strict-prototypes -Wno-range-loop-analysis -Wno-semicolon-before-method-body --sysroot /root/.swiftpm/swift-sdks/swift-6.4.x-DEVELOPMENT-SNAPSHOT-2026-09-04-a_wasm.artifactbundle/swift-6.4.x-DEVELOPMENT-SNAPSHOT-2026-09-04-a_wasm/wasm32-unknown-wasip1/WASI.sdk @/host/spi-builder-workspace/.build/out/Intermediates.noindex/CXXMonkeysAudio.build/Debug-webassembly-wasm32/MAC-t.build/Objects-normal/wasm32/11b881b950eb02e21769317df93e9b41d1d7f0348e4e0901ae810dce93ca1a57-common-args.resp -MMD -MT dependencies -MF /host/spi-builder-workspace/.build/out/Intermediates.noindex/CXXMonkeysAudio.build/Debug-webassembly-wasm32/MAC-t.build/Objects-normal/wasm32/UnBitArrayBase.d --serialize-diagnostics /host/spi-builder-workspace/.build/out/Intermediates.noindex/CXXMonkeysAudio.build/Debug-webassembly-wasm32/MAC-t.build/Objects-normal/wasm32/UnBitArrayBase.dia -c /host/spi-builder-workspace/Sources/MAC/MACLib/UnBitArrayBase.cpp -o /host/spi-builder-workspace/.build/out/Intermediates.noindex/CXXMonkeysAudio.build/Debug-webassembly-wasm32/MAC-t.build/Objects-normal/wasm32/UnBitArrayBase.o
In file included from /host/spi-builder-workspace/Sources/MAC/MACLib/Old/UnMACOld.cpp:4:
In file included from /host/spi-builder-workspace/Sources/MAC/include/MAC/All.h:77:
/host/spi-builder-workspace/Sources/MAC/include/MAC/NoWindows.h:7:14: fatal error: 'AvailabilityMacros.h' file not found
    7 |     #include <AvailabilityMacros.h>
      |              ^~~~~~~~~~~~~~~~~~~~~~
1 error generated.
error: CompileC /host/spi-builder-workspace/.build/out/Intermediates.noindex/CXXMonkeysAudio.build/Debug-webassembly-wasm32/MAC-t.build/Objects-normal/wasm32/UnMACOld.o /host/spi-builder-workspace/Sources/MAC/MACLib/Old/UnMACOld.cpp normal wasm32 c++ com.apple.compilers.llvm.clang.1_0.compiler failed with a nonzero exit code. Command line:     cd /host

    Using response file: /host/spi-builder-workspace/.build/out/Intermediates.noindex/CXXMonkeysAudio.build/Debug-webassembly-wasm32/MAC-t.build/Objects-normal/wasm32/11b881b950eb02e21769317df93e9b41d1d7f0348e4e0901ae810dce93ca1a57-common-args.resp

    /usr/bin/clang -x c++ -target wasm32-unknown-wasip1 -fmessage-length\=0 -fdiagnostics-show-note-include-stack -fmacro-backtrace-limit\=0 -fcolor-diagnostics -Wno-trigraphs -Wno-missing-field-initializers -Wno-missing-prototypes -Wno-return-type -Wno-non-virtual-dtor -Wno-overloaded-virtual -Wno-exit-time-destructors -Wno-missing-braces -Wparentheses -Wswitch -Wno-unused-function -Wno-unused-label -Wno-unused-parameter -Wno-unused-variable -Wunused-value -Wno-empty-body -Wno-uninitialized -Wno-unknown-pragmas -Wno-shadow -Wno-four-char-constants -Wno-conversion -Wno-constant-conversion -Wno-int-conversion -Wno-bool-conversion -Wno-enum-conversion -Wno-float-conversion -Wno-non-literal-null-conversion -Wno-objc-literal-conversion -Wno-shorten-64-to-32 -Wno-newline-eof -Wno-c++11-extensions -Wno-implicit-fallthrough -fstrict-aliasing -Wdeprecated-declarations -Winvalid-offsetof -Wno-sign-conversion -Wno-infinite-recursion -Wno-move -Wno-comma -Wno-block-capture-autoreleasing -Wno-strict-prototypes -Wno-range-loop-analysis -Wno-semicolon-before-method-body --sysroot /root/.swiftpm/swift-sdks/swift-6.4.x-DEVELOPMENT-SNAPSHOT-2026-09-04-a_wasm.artifactbundle/swift-6.4.x-DEVELOPMENT-SNAPSHOT-2026-09-04-a_wasm/wasm32-unknown-wasip1/WASI.sdk @/host/spi-builder-workspace/.build/out/Intermediates.noindex/CXXMonkeysAudio.build/Debug-webassembly-wasm32/MAC-t.build/Objects-normal/wasm32/11b881b950eb02e21769317df93e9b41d1d7f0348e4e0901ae810dce93ca1a57-common-args.resp -MMD -MT dependencies -MF /host/spi-builder-workspace/.build/out/Intermediates.noindex/CXXMonkeysAudio.build/Debug-webassembly-wasm32/MAC-t.build/Objects-normal/wasm32/UnMACOld.d --serialize-diagnostics /host/spi-builder-workspace/.build/out/Intermediates.noindex/CXXMonkeysAudio.build/Debug-webassembly-wasm32/MAC-t.build/Objects-normal/wasm32/UnMACOld.dia -c /host/spi-builder-workspace/Sources/MAC/MACLib/Old/UnMACOld.cpp -o /host/spi-builder-workspace/.build/out/Intermediates.noindex/CXXMonkeysAudio.build/Debug-webassembly-wasm32/MAC-t.build/Objects-normal/wasm32/UnMACOld.o
In file included from /host/spi-builder-workspace/Sources/MAC/MACLib/Old/UnBitArrayOld.cpp:1:
In file included from /host/spi-builder-workspace/Sources/MAC/include/MAC/All.h:77:
/host/spi-builder-workspace/Sources/MAC/include/MAC/NoWindows.h:7:14: fatal error: 'AvailabilityMacros.h' file not found
    7 |     #include <AvailabilityMacros.h>
      |              ^~~~~~~~~~~~~~~~~~~~~~
1 error generated.
error: CompileC /host/spi-builder-workspace/.build/out/Intermediates.noindex/CXXMonkeysAudio.build/Debug-webassembly-wasm32/MAC-t.build/Objects-normal/wasm32/UnBitArrayOld.o /host/spi-builder-workspace/Sources/MAC/MACLib/Old/UnBitArrayOld.cpp normal wasm32 c++ com.apple.compilers.llvm.clang.1_0.compiler failed with a nonzero exit code. Command line:     cd /host

    Using response file: /host/spi-builder-workspace/.build/out/Intermediates.noindex/CXXMonkeysAudio.build/Debug-webassembly-wasm32/MAC-t.build/Objects-normal/wasm32/11b881b950eb02e21769317df93e9b41d1d7f0348e4e0901ae810dce93ca1a57-common-args.resp

    /usr/bin/clang -x c++ -target wasm32-unknown-wasip1 -fmessage-length\=0 -fdiagnostics-show-note-include-stack -fmacro-backtrace-limit\=0 -fcolor-diagnostics -Wno-trigraphs -Wno-missing-field-initializers -Wno-missing-prototypes -Wno-return-type -Wno-non-virtual-dtor -Wno-overloaded-virtual -Wno-exit-time-destructors -Wno-missing-braces -Wparentheses -Wswitch -Wno-unused-function -Wno-unused-label -Wno-unused-parameter -Wno-unused-variable -Wunused-value -Wno-empty-body -Wno-uninitialized -Wno-unknown-pragmas -Wno-shadow -Wno-four-char-constants -Wno-conversion -Wno-constant-conversion -Wno-int-conversion -Wno-bool-conversion -Wno-enum-conversion -Wno-float-conversion -Wno-non-literal-null-conversion -Wno-objc-literal-conversion -Wno-shorten-64-to-32 -Wno-newline-eof -Wno-c++11-extensions -Wno-implicit-fallthrough -fstrict-aliasing -Wdeprecated-declarations -Winvalid-offsetof -Wno-sign-conversion -Wno-infinite-recursion -Wno-move -Wno-comma -Wno-block-capture-autoreleasing -Wno-strict-prototypes -Wno-range-loop-analysis -Wno-semicolon-before-method-body --sysroot /root/.swiftpm/swift-sdks/swift-6.4.x-DEVELOPMENT-SNAPSHOT-2026-09-04-a_wasm.artifactbundle/swift-6.4.x-DEVELOPMENT-SNAPSHOT-2026-09-04-a_wasm/wasm32-unknown-wasip1/WASI.sdk @/host/spi-builder-workspace/.build/out/Intermediates.noindex/CXXMonkeysAudio.build/Debug-webassembly-wasm32/MAC-t.build/Objects-normal/wasm32/11b881b950eb02e21769317df93e9b41d1d7f0348e4e0901ae810dce93ca1a57-common-args.resp -MMD -MT dependencies -MF /host/spi-builder-workspace/.build/out/Intermediates.noindex/CXXMonkeysAudio.build/Debug-webassembly-wasm32/MAC-t.build/Objects-normal/wasm32/UnBitArrayOld.d --serialize-diagnostics /host/spi-builder-workspace/.build/out/Intermediates.noindex/CXXMonkeysAudio.build/Debug-webassembly-wasm32/MAC-t.build/Objects-normal/wasm32/UnBitArrayOld.dia -c /host/spi-builder-workspace/Sources/MAC/MACLib/Old/UnBitArrayOld.cpp -o /host/spi-builder-workspace/.build/out/Intermediates.noindex/CXXMonkeysAudio.build/Debug-webassembly-wasm32/MAC-t.build/Objects-normal/wasm32/UnBitArrayOld.o
error: Build failed
BUILD FAILURE 6.4 wasm