The Swift Package Index logo.Swift Package Index

Build Information

Failed to build HSSwiftUI, reference master (29d98c), with Swift 6.4 for watchOS using Xcode 27.0 on 19 Sep 2026 10:54:53 UTC.

Build Command

env DEVELOPER_DIR=/Applications/Xcode-27.0.0-Release.Candidate.app xcrun xcodebuild -IDEClonedSourcePackagesDirPathOverride=$PWD/.dependencies -skipMacroValidation -skipPackagePluginValidation -derivedDataPath $PWD/.derivedData build -scheme HSSwiftUI -destination generic/platform=watchOS

Build Log

    cd /Users/admin/builder/spi-builder-workspace
    write-file /Users/admin/builder/spi-builder-workspace/.derivedData/Build/Intermediates.noindex/HSSwiftUI.build/Debug-watchos/HSSwiftUI-t.build/HSSwiftUI.DependencyMetadataFileList
MkDir /Users/admin/builder/spi-builder-workspace/.derivedData/Build/Products/Debug-watchos/HSSwiftUITests.xctest (in target 'HSSwiftUITests-product' from project 'HSSwiftUI')
    cd /Users/admin/builder/spi-builder-workspace
    /bin/mkdir -p /Users/admin/builder/spi-builder-workspace/.derivedData/Build/Products/Debug-watchos/HSSwiftUITests.xctest
Copy /Users/admin/builder/spi-builder-workspace/.derivedData/Build/Intermediates.noindex/GeneratedModuleMaps-watchos/HSSwiftUI.modulemap /Users/admin/builder/spi-builder-workspace/.derivedData/Build/Intermediates.noindex/HSSwiftUI.build/Debug-watchos/HSSwiftUI-t.build/HSSwiftUI.modulemap (in target 'HSSwiftUI' from project 'HSSwiftUI')
    cd /Users/admin/builder/spi-builder-workspace
    builtin-copy -exclude .DS_Store -exclude CVS -exclude .svn -exclude .git -exclude .hg -resolve-src-symlinks /Users/admin/builder/spi-builder-workspace/.derivedData/Build/Intermediates.noindex/HSSwiftUI.build/Debug-watchos/HSSwiftUI-t.build/HSSwiftUI.modulemap /Users/admin/builder/spi-builder-workspace/.derivedData/Build/Intermediates.noindex/GeneratedModuleMaps-watchos
SwiftDriver HSSwiftUI normal arm64_32 com.apple.xcode.tools.swift.compiler (in target 'HSSwiftUI' from project 'HSSwiftUI')
    cd /Users/admin/builder/spi-builder-workspace/.swiftpm/xcode
    builtin-SwiftDriver -- /Applications/Xcode-27.0.0-Release.Candidate.app/Contents/Developer/Toolchains/XcodeDefault.xctoolchain/usr/bin/swiftc -parse-as-library -module-name HSSwiftUI -Onone @/Users/admin/builder/spi-builder-workspace/.derivedData/Build/Intermediates.noindex/HSSwiftUI.build/Debug-watchos/HSSwiftUI-t.build/Objects-normal/arm64_32/HSSwiftUI.SwiftFileList -DSWIFT_PACKAGE -DDEBUG -DSWIFT_MODULE_RESOURCE_BUNDLE_UNAVAILABLE -DXcode -plugin-path /Applications/Xcode-27.0.0-Release.Candidate.app/Contents/Developer/Toolchains/XcodeDefault.xctoolchain/usr/lib/swift/host/plugins/testing -enable-experimental-feature DebugDescriptionMacro -sdk /Applications/Xcode-27.0.0-Release.Candidate.app/Contents/Developer/Platforms/WatchOS.platform/Developer/SDKs/WatchOS27.0.sdk -target arm64_32-apple-watchos9.0 -g -module-cache-path /Users/admin/builder/spi-builder-workspace/.derivedData/ModuleCache.noindex -Xfrontend -serialize-debugging-options -enable-testing -index-store-path /Users/admin/builder/spi-builder-workspace/.derivedData/Index.noindex/DataStore -Xcc -D_LIBCPP_HARDENING_MODE\=_LIBCPP_HARDENING_MODE_DEBUG -swift-version 5 -I /Users/admin/builder/spi-builder-workspace/.derivedData/Build/Products/Debug-watchos -Isystem /Applications/Xcode-27.0.0-Release.Candidate.app/Contents/Developer/Platforms/WatchOS.platform/Developer/usr/lib -F /Users/admin/builder/spi-builder-workspace/.derivedData/Build/Products/Debug-watchos -F /Applications/Xcode-27.0.0-Release.Candidate.app/Contents/Developer/Platforms/WatchOS.platform/Developer/Library/Frameworks -F /Applications/Xcode-27.0.0-Release.Candidate.app/Contents/Developer/Platforms/WatchOS.platform/Developer/SDKs/WatchOS27.0.sdk/Developer/Library/Frameworks -c -j10 -enable-batch-mode -incremental -Xcc -ivfsstatcache -Xcc /Users/admin/builder/spi-builder-workspace/.derivedData/SDKStatCaches.noindex/watchos27.0-24R360-e829b21a6f8c9b70876ba0858053c04477534ef55a1706bf4c1112bbb242f0a2.sdkstatcache -output-file-map /Users/admin/builder/spi-builder-workspace/.derivedData/Build/Intermediates.noindex/HSSwiftUI.build/Debug-watchos/HSSwiftUI-t.build/Objects-normal/arm64_32/HSSwiftUI-OutputFileMap.json -save-temps -no-color-diagnostics -explicit-module-build -module-cache-path /Users/admin/builder/spi-builder-workspace/.derivedData/Build/Intermediates.noindex/SwiftExplicitPrecompiledModules -clang-scanner-module-cache-path /Users/admin/builder/spi-builder-workspace/.derivedData/ModuleCache.noindex -sdk-module-cache-path /Users/admin/builder/spi-builder-workspace/.derivedData/SDKExplicitPrecompiledModules -emit-dependencies -emit-module -emit-module-path /Users/admin/builder/spi-builder-workspace/.derivedData/Build/Intermediates.noindex/HSSwiftUI.build/Debug-watchos/HSSwiftUI-t.build/Objects-normal/arm64_32/HSSwiftUI.swiftmodule -serialize-diagnostics -dependency-scan-serialize-diagnostics-path /Users/admin/builder/spi-builder-workspace/.derivedData/Build/Intermediates.noindex/HSSwiftUI.build/Debug-watchos/HSSwiftUI-t.build/Objects-normal/arm64_32/HSSwiftUI-dependency-scan.dia -validate-clang-modules-once -clang-build-session-file /Users/admin/builder/spi-builder-workspace/.derivedData/ModuleCache.noindex/Session.modulevalidation -Xcc -fmodules-prune-interval\=86400 -Xcc -fmodules-prune-after\=345600 -emit-const-values -const-gather-protocols-list /Users/admin/builder/spi-builder-workspace/.derivedData/Build/Intermediates.noindex/HSSwiftUI.build/Debug-watchos/HSSwiftUI-t.build/Objects-normal/arm64_32/HSSwiftUI_const_extract_protocols.json -Xcc -I/Users/admin/builder/spi-builder-workspace/.derivedData/Build/Products/Debug-watchos/include -Xcc -I/Users/admin/builder/spi-builder-workspace/.derivedData/Build/Intermediates.noindex/HSSwiftUI.build/Debug-watchos/HSSwiftUI-t.build/DerivedSources-normal/arm64_32 -Xcc -I/Users/admin/builder/spi-builder-workspace/.derivedData/Build/Intermediates.noindex/HSSwiftUI.build/Debug-watchos/HSSwiftUI-t.build/DerivedSources/arm64_32 -Xcc -I/Users/admin/builder/spi-builder-workspace/.derivedData/Build/Intermediates.noindex/HSSwiftUI.build/Debug-watchos/HSSwiftUI-t.build/DerivedSources -Xcc -DSWIFT_PACKAGE -Xcc -DDEBUG\=1 -emit-objc-header -emit-objc-header-path /Users/admin/builder/spi-builder-workspace/.derivedData/Build/Intermediates.noindex/HSSwiftUI.build/Debug-watchos/HSSwiftUI-t.build/Objects-normal/arm64_32/HSSwiftUI-Swift.h -working-directory /Users/admin/builder/spi-builder-workspace/.swiftpm/xcode -experimental-emit-module-separately -disable-cmo
SwiftDriver HSSwiftUI normal arm64 com.apple.xcode.tools.swift.compiler (in target 'HSSwiftUI' from project 'HSSwiftUI')
    cd /Users/admin/builder/spi-builder-workspace/.swiftpm/xcode
    builtin-SwiftDriver -- /Applications/Xcode-27.0.0-Release.Candidate.app/Contents/Developer/Toolchains/XcodeDefault.xctoolchain/usr/bin/swiftc -parse-as-library -module-name HSSwiftUI -Onone @/Users/admin/builder/spi-builder-workspace/.derivedData/Build/Intermediates.noindex/HSSwiftUI.build/Debug-watchos/HSSwiftUI-t.build/Objects-normal/arm64/HSSwiftUI.SwiftFileList -DSWIFT_PACKAGE -DDEBUG -DSWIFT_MODULE_RESOURCE_BUNDLE_UNAVAILABLE -DXcode -plugin-path /Applications/Xcode-27.0.0-Release.Candidate.app/Contents/Developer/Toolchains/XcodeDefault.xctoolchain/usr/lib/swift/host/plugins/testing -enable-experimental-feature DebugDescriptionMacro -sdk /Applications/Xcode-27.0.0-Release.Candidate.app/Contents/Developer/Platforms/WatchOS.platform/Developer/SDKs/WatchOS27.0.sdk -target arm64-apple-watchos9.0 -g -module-cache-path /Users/admin/builder/spi-builder-workspace/.derivedData/ModuleCache.noindex -Xfrontend -serialize-debugging-options -enable-testing -index-store-path /Users/admin/builder/spi-builder-workspace/.derivedData/Index.noindex/DataStore -Xcc -D_LIBCPP_HARDENING_MODE\=_LIBCPP_HARDENING_MODE_DEBUG -swift-version 5 -I /Users/admin/builder/spi-builder-workspace/.derivedData/Build/Products/Debug-watchos -Isystem /Applications/Xcode-27.0.0-Release.Candidate.app/Contents/Developer/Platforms/WatchOS.platform/Developer/usr/lib -F /Users/admin/builder/spi-builder-workspace/.derivedData/Build/Products/Debug-watchos -F /Applications/Xcode-27.0.0-Release.Candidate.app/Contents/Developer/Platforms/WatchOS.platform/Developer/Library/Frameworks -F /Applications/Xcode-27.0.0-Release.Candidate.app/Contents/Developer/Platforms/WatchOS.platform/Developer/SDKs/WatchOS27.0.sdk/Developer/Library/Frameworks -c -j10 -enable-batch-mode -incremental -Xcc -ivfsstatcache -Xcc /Users/admin/builder/spi-builder-workspace/.derivedData/SDKStatCaches.noindex/watchos27.0-24R360-e829b21a6f8c9b70876ba0858053c04477534ef55a1706bf4c1112bbb242f0a2.sdkstatcache -output-file-map /Users/admin/builder/spi-builder-workspace/.derivedData/Build/Intermediates.noindex/HSSwiftUI.build/Debug-watchos/HSSwiftUI-t.build/Objects-normal/arm64/HSSwiftUI-OutputFileMap.json -save-temps -no-color-diagnostics -explicit-module-build -module-cache-path /Users/admin/builder/spi-builder-workspace/.derivedData/Build/Intermediates.noindex/SwiftExplicitPrecompiledModules -clang-scanner-module-cache-path /Users/admin/builder/spi-builder-workspace/.derivedData/ModuleCache.noindex -sdk-module-cache-path /Users/admin/builder/spi-builder-workspace/.derivedData/SDKExplicitPrecompiledModules -emit-dependencies -emit-module -emit-module-path /Users/admin/builder/spi-builder-workspace/.derivedData/Build/Intermediates.noindex/HSSwiftUI.build/Debug-watchos/HSSwiftUI-t.build/Objects-normal/arm64/HSSwiftUI.swiftmodule -serialize-diagnostics -dependency-scan-serialize-diagnostics-path /Users/admin/builder/spi-builder-workspace/.derivedData/Build/Intermediates.noindex/HSSwiftUI.build/Debug-watchos/HSSwiftUI-t.build/Objects-normal/arm64/HSSwiftUI-dependency-scan.dia -validate-clang-modules-once -clang-build-session-file /Users/admin/builder/spi-builder-workspace/.derivedData/ModuleCache.noindex/Session.modulevalidation -Xcc -fmodules-prune-interval\=86400 -Xcc -fmodules-prune-after\=345600 -emit-const-values -const-gather-protocols-list /Users/admin/builder/spi-builder-workspace/.derivedData/Build/Intermediates.noindex/HSSwiftUI.build/Debug-watchos/HSSwiftUI-t.build/Objects-normal/arm64/HSSwiftUI_const_extract_protocols.json -Xcc -I/Users/admin/builder/spi-builder-workspace/.derivedData/Build/Products/Debug-watchos/include -Xcc -I/Users/admin/builder/spi-builder-workspace/.derivedData/Build/Intermediates.noindex/HSSwiftUI.build/Debug-watchos/HSSwiftUI-t.build/DerivedSources-normal/arm64 -Xcc -I/Users/admin/builder/spi-builder-workspace/.derivedData/Build/Intermediates.noindex/HSSwiftUI.build/Debug-watchos/HSSwiftUI-t.build/DerivedSources/arm64 -Xcc -I/Users/admin/builder/spi-builder-workspace/.derivedData/Build/Intermediates.noindex/HSSwiftUI.build/Debug-watchos/HSSwiftUI-t.build/DerivedSources -Xcc -DSWIFT_PACKAGE -Xcc -DDEBUG\=1 -emit-objc-header -emit-objc-header-path /Users/admin/builder/spi-builder-workspace/.derivedData/Build/Intermediates.noindex/HSSwiftUI.build/Debug-watchos/HSSwiftUI-t.build/Objects-normal/arm64/HSSwiftUI-Swift.h -working-directory /Users/admin/builder/spi-builder-workspace/.swiftpm/xcode -experimental-emit-module-separately -disable-cmo
SwiftExplicitDependencyGeneratePcm arm64 /Users/admin/builder/spi-builder-workspace/.derivedData/SDKExplicitPrecompiledModules/_SwiftConcurrencyShims-659N52XSKR5F0QSB880BH2FJR.pcm
SwiftExplicitDependencyGeneratePcm arm64 /Users/admin/builder/spi-builder-workspace/.derivedData/SDKExplicitPrecompiledModules/ptrauth-3TZ9WJCGLYD25HQPWH4968ONX.pcm
SwiftExplicitDependencyGeneratePcm arm64 /Users/admin/builder/spi-builder-workspace/.derivedData/SDKExplicitPrecompiledModules/_Builtin_float-C0CW5Q4HGBQYKE77TC42IAFB5.pcm
SwiftExplicitDependencyGeneratePcm arm64 /Users/admin/builder/spi-builder-workspace/.derivedData/SDKExplicitPrecompiledModules/_AvailabilityInternal-BUNV3UXM65NT37THI4W1AM0SF.pcm
SwiftExplicitDependencyGeneratePcm arm64_32 /Users/admin/builder/spi-builder-workspace/.derivedData/SDKExplicitPrecompiledModules/_Builtin_stdbool-A967K8W8YUYEC9SN52KJ7OO88.pcm
SwiftExplicitDependencyGeneratePcm arm64_32 /Users/admin/builder/spi-builder-workspace/.derivedData/SDKExplicitPrecompiledModules/SwiftShims-9CQQGWTSNTN9EB5NSHDWUJICH.pcm
SwiftExplicitDependencyGeneratePcm arm64 /Users/admin/builder/spi-builder-workspace/.derivedData/SDKExplicitPrecompiledModules/_Builtin_stdbool-83J96QSOFE9VX04AAS6310UAE.pcm
SwiftExplicitDependencyGeneratePcm arm64_32 /Users/admin/builder/spi-builder-workspace/.derivedData/SDKExplicitPrecompiledModules/DeveloperToolsSupport-DZU5G1OCMNWU0AQRULIFHUJ1Z.pcm
SwiftExplicitDependencyGeneratePcm arm64_32 /Users/admin/builder/spi-builder-workspace/.derivedData/SDKExplicitPrecompiledModules/_Builtin_stdarg-D305JG44A2WPI6CJY37X3QJE8.pcm
SwiftExplicitDependencyGeneratePcm arm64_32 /Users/admin/builder/spi-builder-workspace/.derivedData/SDKExplicitPrecompiledModules/_AvailabilityInternal-244WAN3Z1QBT7PIA64EZEFY1R.pcm
SwiftExplicitDependencyGeneratePcm arm64_32 /Users/admin/builder/spi-builder-workspace/.derivedData/SDKExplicitPrecompiledModules/ptrcheck-7ELIH9BTIGVKX3UBITM9N72WD.pcm
SwiftExplicitDependencyGeneratePcm arm64_32 /Users/admin/builder/spi-builder-workspace/.derivedData/SDKExplicitPrecompiledModules/_Builtin_stddef-H44EFHQX6XSS5MZ7QP6YJZ76.pcm
SwiftExplicitDependencyGeneratePcm arm64_32 /Users/admin/builder/spi-builder-workspace/.derivedData/SDKExplicitPrecompiledModules/_SwiftConcurrencyShims-6RTBPQ03V7BM9SPRK8SUE055H.pcm
SwiftExplicitDependencyGeneratePcm arm64 /Users/admin/builder/spi-builder-workspace/.derivedData/SDKExplicitPrecompiledModules/_Builtin_stdarg-A7UU8LE6MP85SM26YO7PBZNUQ.pcm
SwiftExplicitDependencyGeneratePcm arm64 /Users/admin/builder/spi-builder-workspace/.derivedData/SDKExplicitPrecompiledModules/DeveloperToolsSupport-E7CNISCB36UE8XQ9IOHK9XDX1.pcm
SwiftExplicitDependencyGeneratePcm arm64_32 /Users/admin/builder/spi-builder-workspace/.derivedData/SDKExplicitPrecompiledModules/ptrauth-BFXF358ME5AK535N5A9Z766WU.pcm
SwiftExplicitDependencyGeneratePcm arm64 /Users/admin/builder/spi-builder-workspace/.derivedData/SDKExplicitPrecompiledModules/_Builtin_stddef-1FU30Y8SWFB7OUUHMJQH5J6FM.pcm
SwiftExplicitDependencyGeneratePcm arm64 /Users/admin/builder/spi-builder-workspace/.derivedData/SDKExplicitPrecompiledModules/ptrcheck-AIF0NDOYZ8ORBNHQAQR5NNB8M.pcm
SwiftExplicitDependencyGeneratePcm arm64_32 /Users/admin/builder/spi-builder-workspace/.derivedData/SDKExplicitPrecompiledModules/_Builtin_float-6KO8O3PEWRCA4WC6PPLOYO6WJ.pcm
SwiftExplicitDependencyGeneratePcm arm64 /Users/admin/builder/spi-builder-workspace/.derivedData/SDKExplicitPrecompiledModules/SwiftShims-4MXFZPV6FEB0XBYXCGPWAMQGL.pcm
SwiftExplicitDependencyGeneratePcm arm64_32 /Users/admin/builder/spi-builder-workspace/.derivedData/SDKExplicitPrecompiledModules/_DarwinFoundation1-2GWF9RFMPLQW4PDHS3NARVI3G.pcm
SwiftExplicitDependencyGeneratePcm arm64 /Users/admin/builder/spi-builder-workspace/.derivedData/SDKExplicitPrecompiledModules/_DarwinFoundation1-7SPX3MD0HMP55E4OLNCPNDQ53.pcm
SwiftExplicitDependencyGeneratePcm arm64 /Users/admin/builder/spi-builder-workspace/.derivedData/SDKExplicitPrecompiledModules/_Builtin_limits-9GWPA2B0H20DYUNYHYCWKABJG.pcm
SwiftExplicitDependencyGeneratePcm arm64_32 /Users/admin/builder/spi-builder-workspace/.derivedData/SDKExplicitPrecompiledModules/_Builtin_limits-3VKBU2AFTD65PAJZ5CJ3LHFM2.pcm
SwiftExplicitDependencyGeneratePcm arm64 /Users/admin/builder/spi-builder-workspace/.derivedData/SDKExplicitPrecompiledModules/_DarwinFoundation2-D0XAPJU49S5E9XMKYOFGSTB1Q.pcm
SwiftExplicitDependencyGeneratePcm arm64_32 /Users/admin/builder/spi-builder-workspace/.derivedData/SDKExplicitPrecompiledModules/_DarwinFoundation2-9MY8GOSYRO0M9MKNXF6D3MBNK.pcm
SwiftExplicitDependencyGeneratePcm arm64 /Users/admin/builder/spi-builder-workspace/.derivedData/SDKExplicitPrecompiledModules/_Builtin_tgmath-8NQ96OZ0YHXEC24JI95P01UF8.pcm
SwiftExplicitDependencyGeneratePcm arm64 /Users/admin/builder/spi-builder-workspace/.derivedData/SDKExplicitPrecompiledModules/_Builtin_stdint-8XMILLJZEGRN2XG7XZUXZ5RLX.pcm
SwiftExplicitDependencyGeneratePcm arm64 /Users/admin/builder/spi-builder-workspace/.derivedData/SDKExplicitPrecompiledModules/sys_types-2KXQLI78OUCDP779AE68GZJ2.pcm
SwiftExplicitDependencyGeneratePcm arm64_32 /Users/admin/builder/spi-builder-workspace/.derivedData/SDKExplicitPrecompiledModules/_Builtin_tgmath-23PGCKURCQILXMK0MYZRYDCOU.pcm
SwiftExplicitDependencyGeneratePcm arm64_32 /Users/admin/builder/spi-builder-workspace/.derivedData/SDKExplicitPrecompiledModules/string_h-BFVLUQUSBZWYMLCU9QI7VZALW.pcm
SwiftExplicitDependencyGeneratePcm arm64 /Users/admin/builder/spi-builder-workspace/.derivedData/SDKExplicitPrecompiledModules/string_h-E6PRXK75PHIPCZFWOFCQ3QBMK.pcm
SwiftExplicitDependencyGeneratePcm arm64_32 /Users/admin/builder/spi-builder-workspace/.derivedData/SDKExplicitPrecompiledModules/_Builtin_stdint-1HMXWI3V0V4TXHRWZOMZGZ80Y.pcm
SwiftExplicitDependencyGeneratePcm arm64_32 /Users/admin/builder/spi-builder-workspace/.derivedData/SDKExplicitPrecompiledModules/sys_types-8TLLMW08ZJWDGIIPKOYFGHHZW.pcm
SwiftExplicitDependencyGeneratePcm arm64_32 /Users/admin/builder/spi-builder-workspace/.derivedData/SDKExplicitPrecompiledModules/_Builtin_stdatomic-1TY035TURL76BF2U98PZPPZRX.pcm
SwiftExplicitDependencyGeneratePcm arm64_32 /Users/admin/builder/spi-builder-workspace/.derivedData/SDKExplicitPrecompiledModules/_DarwinFoundation3-3DUTYQDQSD9HUAAVY947NMWOI.pcm
SwiftExplicitDependencyGeneratePcm arm64_32 /Users/admin/builder/spi-builder-workspace/.derivedData/SDKExplicitPrecompiledModules/_Builtin_intrinsics-196IIAKDQVU42DLOZP9OQCV76.pcm
SwiftExplicitDependencyGeneratePcm arm64 /Users/admin/builder/spi-builder-workspace/.derivedData/SDKExplicitPrecompiledModules/_Builtin_intrinsics-75960HIPCIYA06IUW8FIIPQT.pcm
SwiftExplicitDependencyGeneratePcm arm64 /Users/admin/builder/spi-builder-workspace/.derivedData/SDKExplicitPrecompiledModules/_DarwinFoundation3-B97LRG0E9GON2NUE65TVG81HU.pcm
SwiftExplicitDependencyGeneratePcm arm64 /Users/admin/builder/spi-builder-workspace/.derivedData/SDKExplicitPrecompiledModules/_Builtin_stdatomic-7JEFA3KBJJJN6TKJWY3OG1VG5.pcm
SwiftExplicitDependencyGeneratePcm arm64_32 /Users/admin/builder/spi-builder-workspace/.derivedData/SDKExplicitPrecompiledModules/_Builtin_inttypes-D2KPCR4PEX9AQA33NGLUT5SBR.pcm
SwiftExplicitDependencyGeneratePcm arm64 /Users/admin/builder/spi-builder-workspace/.derivedData/SDKExplicitPrecompiledModules/_Builtin_inttypes-3UQSCM7WNM9EK4HZML8TY5J3D.pcm
SwiftExplicitDependencyGeneratePcm arm64_32 /Users/admin/builder/spi-builder-workspace/.derivedData/SDKExplicitPrecompiledModules/Darwin-3FVT1SKLN2ZQ5RVOABMTQBB34.pcm
SwiftExplicitDependencyGeneratePcm arm64 /Users/admin/builder/spi-builder-workspace/.derivedData/SDKExplicitPrecompiledModules/Darwin-3984OXKFNSPE77NT743WK8SEX.pcm
SwiftExplicitDependencyGeneratePcm arm64_32 /Users/admin/builder/spi-builder-workspace/.derivedData/SDKExplicitPrecompiledModules/simd-21UNWYOBUZI1LVSQ99S1XBLMO.pcm
SwiftExplicitDependencyGeneratePcm arm64 /Users/admin/builder/spi-builder-workspace/.derivedData/SDKExplicitPrecompiledModules/simd-EH08NODU6574T74ZKU61VP9BW.pcm
SwiftExplicitDependencyGeneratePcm arm64 /Users/admin/builder/spi-builder-workspace/.derivedData/SDKExplicitPrecompiledModules/MachO-2U90NNSAQILBNBPS1SA4F8TYP.pcm
SwiftExplicitDependencyGeneratePcm arm64_32 /Users/admin/builder/spi-builder-workspace/.derivedData/SDKExplicitPrecompiledModules/MachO-56838ZJ0NC1EBAJ0O6O8QMPDX.pcm
SwiftExplicitDependencyGeneratePcm arm64 /Users/admin/builder/spi-builder-workspace/.derivedData/SDKExplicitPrecompiledModules/ObjectiveC-72IVD3VS2RS8Q28D9PIMY0KQP.pcm
SwiftExplicitDependencyGeneratePcm arm64_32 /Users/admin/builder/spi-builder-workspace/.derivedData/SDKExplicitPrecompiledModules/ObjectiveC-6IJNELR2E80E7LUKESVCP2KET.pcm
SwiftExplicitDependencyGeneratePcm arm64_32 /Users/admin/builder/spi-builder-workspace/.derivedData/SDKExplicitPrecompiledModules/os_object-5YWTC6L4756IWSTPGXS5NM0D0.pcm
SwiftExplicitDependencyGeneratePcm arm64 /Users/admin/builder/spi-builder-workspace/.derivedData/SDKExplicitPrecompiledModules/os_object-3SDKD7F87FTZ26OON37DRYT6O.pcm
SwiftExplicitDependencyGeneratePcm arm64_32 /Users/admin/builder/spi-builder-workspace/.derivedData/SDKExplicitPrecompiledModules/os_workgroup-5JHTPDMNBUNHLJI8LPHKQK1JK.pcm
SwiftExplicitDependencyGeneratePcm arm64 /Users/admin/builder/spi-builder-workspace/.derivedData/SDKExplicitPrecompiledModules/os_workgroup-89GG5G7YC2D0ZTK6AZXXQ20DH.pcm
SwiftExplicitDependencyGeneratePcm arm64_32 /Users/admin/builder/spi-builder-workspace/.derivedData/SDKExplicitPrecompiledModules/Spatial-CWVWNML3T0NXVHZDKVLD3X1YZ.pcm
SwiftExplicitDependencyGeneratePcm arm64 /Users/admin/builder/spi-builder-workspace/.derivedData/SDKExplicitPrecompiledModules/Spatial-44FJGYXFAT2AQAW9Z6T7YS02U.pcm
SwiftExplicitDependencyGeneratePcm arm64_32 /Users/admin/builder/spi-builder-workspace/.derivedData/SDKExplicitPrecompiledModules/Dispatch-2P62F1T4XV63S4P99TUDTOK2Q.pcm
SwiftExplicitDependencyGeneratePcm arm64 /Users/admin/builder/spi-builder-workspace/.derivedData/SDKExplicitPrecompiledModules/Dispatch-1NLJOVAK60XP0DUB05XA59EIM.pcm
SwiftExplicitDependencyGeneratePcm arm64_32 /Users/admin/builder/spi-builder-workspace/.derivedData/SDKExplicitPrecompiledModules/CoreFoundation-8E6Y4BA3EXYKUGJ24GT9LGV3N.pcm
SwiftExplicitDependencyGeneratePcm arm64_32 /Users/admin/builder/spi-builder-workspace/.derivedData/SDKExplicitPrecompiledModules/XPC-81Y45QFY96XYYFCW2GT6FY8S4.pcm
SwiftExplicitDependencyGeneratePcm arm64 /Users/admin/builder/spi-builder-workspace/.derivedData/SDKExplicitPrecompiledModules/CoreFoundation-8T2L24YC5NU7WO6WQJWRY7W08.pcm
SwiftExplicitDependencyGeneratePcm arm64 /Users/admin/builder/spi-builder-workspace/.derivedData/SDKExplicitPrecompiledModules/XPC-40DR0X1DHKGCV4J1IOLFS8MOU.pcm
SwiftExplicitDependencyGeneratePcm arm64_32 /Users/admin/builder/spi-builder-workspace/.derivedData/SDKExplicitPrecompiledModules/os-E5IGB442IA6SBB25TTCOLK2OC.pcm
SwiftExplicitDependencyGeneratePcm arm64 /Users/admin/builder/spi-builder-workspace/.derivedData/SDKExplicitPrecompiledModules/os-5DIL6Z9LFIGLMZAHM7X2T5435.pcm
SwiftExplicitDependencyGeneratePcm arm64 /Users/admin/builder/spi-builder-workspace/.derivedData/SDKExplicitPrecompiledModules/CoreAudioTypes-A9MF7N5LT63G21HNFVM6BT14B.pcm
SwiftExplicitDependencyGeneratePcm arm64 /Users/admin/builder/spi-builder-workspace/.derivedData/SDKExplicitPrecompiledModules/CoreGraphics-DWNZ73GEH98SBJXZ7DEXB420K.pcm
SwiftExplicitDependencyGeneratePcm arm64 /Users/admin/builder/spi-builder-workspace/.derivedData/SDKExplicitPrecompiledModules/Security-6RZ6YBRU8WCUHRFFRVUK5WKMM.pcm
SwiftExplicitDependencyGeneratePcm arm64_32 /Users/admin/builder/spi-builder-workspace/.derivedData/SDKExplicitPrecompiledModules/CoreAudioTypes-9GVB1DHA32M46R4A9NWSI3I2K.pcm
SwiftExplicitDependencyGeneratePcm arm64_32 /Users/admin/builder/spi-builder-workspace/.derivedData/SDKExplicitPrecompiledModules/Security-D7TOWF88VWF67TB9HAFP5UWB1.pcm
SwiftExplicitDependencyGeneratePcm arm64_32 /Users/admin/builder/spi-builder-workspace/.derivedData/SDKExplicitPrecompiledModules/CoreGraphics-9FDXYX6BKBUT6TJ2VF819E7T5.pcm
SwiftExplicitDependencyGeneratePcm arm64_32 /Users/admin/builder/spi-builder-workspace/.derivedData/SDKExplicitPrecompiledModules/CoreAudio-5W6MX6OUPWBMUR8VD5LHT1PZF.pcm
SwiftExplicitDependencyGeneratePcm arm64 /Users/admin/builder/spi-builder-workspace/.derivedData/SDKExplicitPrecompiledModules/CoreAudio-1B79RJJTP71GE6UY9WLESAN3C.pcm
SwiftExplicitDependencyGeneratePcm arm64 /Users/admin/builder/spi-builder-workspace/.derivedData/SDKExplicitPrecompiledModules/Foundation-DLBKUSGXN8QHAT8W0OARR9S8A.pcm
SwiftExplicitDependencyGeneratePcm arm64_32 /Users/admin/builder/spi-builder-workspace/.derivedData/SDKExplicitPrecompiledModules/Foundation-BJ2VQGI3OGR34500MEQ1VKHPH.pcm
SwiftExplicitDependencyGeneratePcm arm64_32 /Users/admin/builder/spi-builder-workspace/.derivedData/SDKExplicitPrecompiledModules/CoreText-C9X2REPZN2V5BSU4G80FCETDR.pcm
SwiftExplicitDependencyGeneratePcm arm64_32 /Users/admin/builder/spi-builder-workspace/.derivedData/SDKExplicitPrecompiledModules/CoreVideo-2P8HI0403J99LBDPKNFJ5D4DL.pcm
SwiftExplicitDependencyGeneratePcm arm64 /Users/admin/builder/spi-builder-workspace/.derivedData/SDKExplicitPrecompiledModules/CoreText-970YJN6NIYGK1316L35Z0O8QT.pcm
SwiftExplicitDependencyGeneratePcm arm64 /Users/admin/builder/spi-builder-workspace/.derivedData/SDKExplicitPrecompiledModules/CoreVideo-8MRR5MNWUOAW2DBPGUQ8FKK4.pcm
SwiftExplicitDependencyGeneratePcm arm64_32 /Users/admin/builder/spi-builder-workspace/.derivedData/SDKExplicitPrecompiledModules/CoreMedia-AO387T8CHWTTZODD1DGT0UAFA.pcm
SwiftExplicitDependencyGeneratePcm arm64 /Users/admin/builder/spi-builder-workspace/.derivedData/SDKExplicitPrecompiledModules/CoreMedia-1AJVCUZNAO74KIKMFVFUUHWDI.pcm
SwiftExplicitDependencyGeneratePcm arm64_32 /Users/admin/builder/spi-builder-workspace/.derivedData/SDKExplicitPrecompiledModules/SceneKit-DKNLHKM5FJBQ79LSNMSSMBUBR.pcm
SwiftExplicitDependencyGeneratePcm arm64_32 /Users/admin/builder/spi-builder-workspace/.derivedData/SDKExplicitPrecompiledModules/OSLog-D9AVFY0KWO7RVBIQ73CBIJVCN.pcm
SwiftExplicitDependencyGeneratePcm arm64_32 /Users/admin/builder/spi-builder-workspace/.derivedData/SDKExplicitPrecompiledModules/Accessibility-F385OMZ5GYBUY5O4QAJB4NRII.pcm
SwiftExplicitDependencyGeneratePcm arm64_32 /Users/admin/builder/spi-builder-workspace/.derivedData/SDKExplicitPrecompiledModules/Symbols-1H97WMG76HU94F5VGJR19PXFY.pcm
SwiftExplicitDependencyGeneratePcm arm64_32 /Users/admin/builder/spi-builder-workspace/.derivedData/SDKExplicitPrecompiledModules/CoreTransferable-5D4IR6X37682FPHJ5CBPTKQV6.pcm
SwiftExplicitDependencyGeneratePcm arm64_32 /Users/admin/builder/spi-builder-workspace/.derivedData/SDKExplicitPrecompiledModules/DataDetection-U9BF7WHFVA6BZGFXXXP272PS.pcm
SwiftExplicitDependencyGeneratePcm arm64_32 /Users/admin/builder/spi-builder-workspace/.derivedData/SDKExplicitPrecompiledModules/UniformTypeIdentifiers-CJZ3NTHPSBH4XWX5EVOG56UZS.pcm
SwiftExplicitDependencyGeneratePcm arm64_32 /Users/admin/builder/spi-builder-workspace/.derivedData/SDKExplicitPrecompiledModules/UserNotifications-6TBN8TEAKO014N1T2QD926XED.pcm
SwiftExplicitDependencyGeneratePcm arm64_32 /Users/admin/builder/spi-builder-workspace/.derivedData/SDKExplicitPrecompiledModules/QuartzCore-6375NPYACK5NYVHPMC1QQ8MC2.pcm
SwiftExplicitDependencyGeneratePcm arm64_32 /Users/admin/builder/spi-builder-workspace/.derivedData/SDKExplicitPrecompiledModules/CoreData-7AU1AFQWUH88EAPDKVMLJPKVD.pcm
SwiftExplicitDependencyGeneratePcm arm64 /Users/admin/builder/spi-builder-workspace/.derivedData/SDKExplicitPrecompiledModules/SceneKit-5HZKIL7XETTTD8TOHYPN8JKRJ.pcm
SwiftExplicitDependencyGeneratePcm arm64 /Users/admin/builder/spi-builder-workspace/.derivedData/SDKExplicitPrecompiledModules/Symbols-3EFABTJ9L5PQDJ7RQCYQWEJMM.pcm
SwiftExplicitDependencyGeneratePcm arm64 /Users/admin/builder/spi-builder-workspace/.derivedData/SDKExplicitPrecompiledModules/OSLog-B7VGO357Y3GJG35TST7DKDSI3.pcm
SwiftExplicitDependencyGeneratePcm arm64 /Users/admin/builder/spi-builder-workspace/.derivedData/SDKExplicitPrecompiledModules/Accessibility-27QMG6ZQ1NKYTNBYFPM1XKNFC.pcm
SwiftExplicitDependencyGeneratePcm arm64 /Users/admin/builder/spi-builder-workspace/.derivedData/SDKExplicitPrecompiledModules/UIUtilities-IR7RNW23VAUKYI9MLCS9NL9A.pcm
SwiftExplicitDependencyGeneratePcm arm64 /Users/admin/builder/spi-builder-workspace/.derivedData/SDKExplicitPrecompiledModules/DataDetection-7BNVI1SZW5ISQL5SX4WL2X7I5.pcm
SwiftExplicitDependencyGeneratePcm arm64 /Users/admin/builder/spi-builder-workspace/.derivedData/SDKExplicitPrecompiledModules/_LocationEssentials-5ZZDGDXB6HLQUC72SJW7YJ7MK.pcm
SwiftExplicitDependencyGeneratePcm arm64 /Users/admin/builder/spi-builder-workspace/.derivedData/SDKExplicitPrecompiledModules/QuartzCore-94KFMWNOU7ZLUZNB4T5DLZC9D.pcm
SwiftExplicitDependencyGeneratePcm arm64 /Users/admin/builder/spi-builder-workspace/.derivedData/SDKExplicitPrecompiledModules/UserNotifications-ARAH8MEQ0C2L0FBO39HITJMAO.pcm
SwiftExplicitDependencyGeneratePcm arm64_32 /Users/admin/builder/spi-builder-workspace/.derivedData/SDKExplicitPrecompiledModules/SwiftUICore-3Q7WLRD8MR9R3NGIPUBQCP6F6.pcm
SwiftExplicitDependencyGeneratePcm arm64 /Users/admin/builder/spi-builder-workspace/.derivedData/SDKExplicitPrecompiledModules/UniformTypeIdentifiers-8L08Q8DQJV8C4AW84YVGFGTRN.pcm
SwiftExplicitDependencyGeneratePcm arm64 /Users/admin/builder/spi-builder-workspace/.derivedData/SDKExplicitPrecompiledModules/CoreTransferable-9PPG3SLJ55T4LITIFYX2M0NOZ.pcm
SwiftExplicitDependencyGeneratePcm arm64_32 /Users/admin/builder/spi-builder-workspace/.derivedData/SDKExplicitPrecompiledModules/UIUtilities-9YFVNIMRC5HRVOIARNWHP1E3H.pcm
SwiftExplicitDependencyGeneratePcm arm64 /Users/admin/builder/spi-builder-workspace/.derivedData/SDKExplicitPrecompiledModules/CoreData-9JFJC4UET8BAO5IPV2JU6W9V8.pcm
SwiftExplicitDependencyGeneratePcm arm64 /Users/admin/builder/spi-builder-workspace/.derivedData/SDKExplicitPrecompiledModules/CoreLocation-ACKJ9K7ABI14F97Y46Y6SRR17.pcm
SwiftExplicitDependencyGeneratePcm arm64_32 /Users/admin/builder/spi-builder-workspace/.derivedData/SDKExplicitPrecompiledModules/_LocationEssentials-AQ1OL9QKC3LQLY5CNSRM1HB53.pcm
SwiftExplicitDependencyGeneratePcm arm64 /Users/admin/builder/spi-builder-workspace/.derivedData/SDKExplicitPrecompiledModules/SwiftUICore-C1DST1IX2Z0PTH5SJJZ1IULRB.pcm
SwiftExplicitDependencyGeneratePcm arm64_32 /Users/admin/builder/spi-builder-workspace/.derivedData/SDKExplicitPrecompiledModules/CoreLocation-8XU5YMYM4P11RQMYCQAG65ITK.pcm
SwiftExplicitDependencyGeneratePcm arm64 /Users/admin/builder/spi-builder-workspace/.derivedData/SDKExplicitPrecompiledModules/CoreMotion-6RD5K48QT1F4L9CATNFD2O7YB.pcm
SwiftExplicitDependencyGeneratePcm arm64_32 /Users/admin/builder/spi-builder-workspace/.derivedData/SDKExplicitPrecompiledModules/CoreMotion-1XGTVTE5PP32UHME8AC63TL6.pcm
SwiftExplicitDependencyGeneratePcm arm64 /Users/admin/builder/spi-builder-workspace/.derivedData/SDKExplicitPrecompiledModules/UIKit-27R3P1YMV4C6JLDT661G3MRIA.pcm
SwiftExplicitDependencyGeneratePcm arm64_32 /Users/admin/builder/spi-builder-workspace/.derivedData/SDKExplicitPrecompiledModules/UIKit-6PPV7YPZ89CZPHYAP072QH8B6.pcm
SwiftExplicitDependencyGeneratePcm arm64 /Users/admin/builder/spi-builder-workspace/.derivedData/SDKExplicitPrecompiledModules/MapKit-EJJWC7IL56MPLQMI93GJRE5OG.pcm
SwiftExplicitDependencyGeneratePcm arm64 /Users/admin/builder/spi-builder-workspace/.derivedData/SDKExplicitPrecompiledModules/HomeKit-DTS1N4AWILAL1URZ5IOXV5221.pcm
SwiftExplicitDependencyGeneratePcm arm64_32 /Users/admin/builder/spi-builder-workspace/.derivedData/SDKExplicitPrecompiledModules/HomeKit-DUDZOMSN3UK8GNTNBNMPIWJRN.pcm
SwiftExplicitDependencyGeneratePcm arm64_32 /Users/admin/builder/spi-builder-workspace/.derivedData/SDKExplicitPrecompiledModules/MapKit-CWGB4YMP1VX1NYQN5FULFD5DR.pcm
SwiftExplicitDependencyGeneratePcm arm64 /Users/admin/builder/spi-builder-workspace/.derivedData/SDKExplicitPrecompiledModules/WatchKit-3VT3K8YON6FJ6OWSUFJMFMP8J.pcm
SwiftExplicitDependencyGeneratePcm arm64_32 /Users/admin/builder/spi-builder-workspace/.derivedData/SDKExplicitPrecompiledModules/WatchKit-FHF6WTKLC2APGK3LA2XJ6516.pcm
SwiftExplicitDependencyGeneratePcm arm64 /Users/admin/builder/spi-builder-workspace/.derivedData/SDKExplicitPrecompiledModules/SwiftUI-APXDH8ULYLM6FD17YRA73TULO.pcm
SwiftCompile normal arm64 Compiling\ View+KeyboardVisibility.swift /Users/admin/builder/spi-builder-workspace/Sources/HSSwiftUI/View/View+KeyboardVisibility.swift (in target 'HSSwiftUI' from project 'HSSwiftUI')
SwiftCompile normal arm64 /Users/admin/builder/spi-builder-workspace/Sources/HSSwiftUI/View/View+KeyboardVisibility.swift (in target 'HSSwiftUI' from project 'HSSwiftUI')
    cd /Users/admin/builder/spi-builder-workspace/.swiftpm/xcode
    builtin-SwiftPerFileCompile View+KeyboardVisibility.swift
/Users/admin/builder/spi-builder-workspace/Sources/HSSwiftUI/View/View+KeyboardVisibility.swift:53:37: error: 'UIResponder' is unavailable in watchOS
51 |                 NotificationCenter
52 |                     .default
53 |                     .publisher(for: UIResponder.keyboardWillShowNotification)
   |                                     `- error: 'UIResponder' is unavailable in watchOS
54 |                     .map { _ in true },
55 |                 NotificationCenter
/Applications/Xcode-27.0.0-Release.Candidate.app/Contents/Developer/Platforms/WatchOS.platform/Developer/SDKs/WatchOS27.0.sdk/System/Library/Frameworks/UIKit.framework/Headers/UIResponder.h:82:12: note: 'UIResponder' has been explicitly marked unavailable here
 80 |
 81 | UIKIT_EXTERN API_AVAILABLE(ios(2.0)) API_UNAVAILABLE(watchos) NS_SWIFT_UI_ACTOR
 82 | @interface UIResponder : NSObject <UIResponderStandardEditActions>
    |            `- note: 'UIResponder' has been explicitly marked unavailable here
 83 |
 84 | @property(nonatomic, readonly, nullable) UIResponder *nextResponder;
/Users/admin/builder/spi-builder-workspace/Sources/HSSwiftUI/View/View+KeyboardVisibility.swift:53:49: error: 'keyboardWillShowNotification' is unavailable in watchOS
51 |                 NotificationCenter
52 |                     .default
53 |                     .publisher(for: UIResponder.keyboardWillShowNotification)
   |                                                 `- error: 'keyboardWillShowNotification' is unavailable in watchOS
54 |                     .map { _ in true },
55 |                 NotificationCenter
/Applications/Xcode-27.0.0-Release.Candidate.app/Contents/Developer/Platforms/WatchOS.platform/Developer/SDKs/WatchOS27.0.sdk/System/Library/Frameworks/UIKit.framework/Headers/UIWindow.h:132:39: note: 'keyboardWillShowNotification' has been explicitly marked unavailable here
130 | // Use the various UICoordinateSpace convertRect facilities to get the frame in the desired coordinate system.
131 | // Animation key/value pairs are only available for the "will" family of notification.
132 | UIKIT_EXTERN NSNotificationName const UIKeyboardWillShowNotification API_UNAVAILABLE(tvos, watchos) NS_SWIFT_NONISOLATED;
    |                                       `- note: 'keyboardWillShowNotification' has been explicitly marked unavailable here
133 | UIKIT_EXTERN NSNotificationName const UIKeyboardDidShowNotification API_UNAVAILABLE(tvos, watchos) NS_SWIFT_NONISOLATED;
134 | UIKIT_EXTERN NSNotificationName const UIKeyboardWillHideNotification API_UNAVAILABLE(tvos, watchos) NS_SWIFT_NONISOLATED;
/Users/admin/builder/spi-builder-workspace/Sources/HSSwiftUI/View/View+KeyboardVisibility.swift:57:37: error: 'UIResponder' is unavailable in watchOS
55 |                 NotificationCenter
56 |                     .default
57 |                     .publisher(for: UIResponder.keyboardDidHideNotification)
   |                                     `- error: 'UIResponder' is unavailable in watchOS
58 |                     .map { _ in false })
59 |             .debounce(for: .seconds(0.1), scheduler: RunLoop.main)
/Applications/Xcode-27.0.0-Release.Candidate.app/Contents/Developer/Platforms/WatchOS.platform/Developer/SDKs/WatchOS27.0.sdk/System/Library/Frameworks/UIKit.framework/Headers/UIResponder.h:82:12: note: 'UIResponder' has been explicitly marked unavailable here
 80 |
 81 | UIKIT_EXTERN API_AVAILABLE(ios(2.0)) API_UNAVAILABLE(watchos) NS_SWIFT_UI_ACTOR
 82 | @interface UIResponder : NSObject <UIResponderStandardEditActions>
    |            `- note: 'UIResponder' has been explicitly marked unavailable here
 83 |
 84 | @property(nonatomic, readonly, nullable) UIResponder *nextResponder;
SwiftCompile normal arm64 Compiling\ View+ClearTextButton.swift,\ View+Fade.swift /Users/admin/builder/spi-builder-workspace/Sources/HSSwiftUI/View/View+ClearTextButton.swift /Users/admin/builder/spi-builder-workspace/Sources/HSSwiftUI/View/View+Fade.swift (in target 'HSSwiftUI' from project 'HSSwiftUI')
SwiftCompile normal arm64 /Users/admin/builder/spi-builder-workspace/Sources/HSSwiftUI/View/View+ClearTextButton.swift (in target 'HSSwiftUI' from project 'HSSwiftUI')
    cd /Users/admin/builder/spi-builder-workspace/.swiftpm/xcode
    builtin-SwiftPerFileCompile View+ClearTextButton.swift
SwiftCompile normal arm64 /Users/admin/builder/spi-builder-workspace/Sources/HSSwiftUI/View/View+Fade.swift (in target 'HSSwiftUI' from project 'HSSwiftUI')
    cd /Users/admin/builder/spi-builder-workspace/.swiftpm/xcode
    builtin-SwiftPerFileCompile View+Fade.swift
SwiftEmitModule normal arm64 Emitting\ module\ for\ HSSwiftUI (in target 'HSSwiftUI' from project 'HSSwiftUI')
/Users/admin/builder/spi-builder-workspace/Sources/HSSwiftUI/HSHostingController.swift:23:33: error: cannot find type 'ViewController' in scope
21 | @available(*, deprecated, message: "Used by HSHostingController which is deprecated")
22 | public class HSHostWrapper: ObservableObject {
23 |     public weak var controller: ViewController?
   |                                 `- error: cannot find type 'ViewController' in scope
24 | }
25 |
/Users/admin/builder/spi-builder-workspace/Sources/HSSwiftUI/HSHostingController.swift:36:44: error: cannot find type 'HostingController' in scope
34 |  */
35 | @available(*, deprecated, message: "Use the UIViewController init(@ViewBuilder _ builder:...) method instead")
36 | public class HSHostingController<Content>: HostingController<ModifiedContent<Content, SwiftUI._EnvironmentKeyWritingModifier<HSHostWrapper?>>> where Content: View {
   |                                            `- error: cannot find type 'HostingController' in scope
37 |
38 |     public init(rootView: Content) {
/Users/admin/builder/spi-builder-workspace/Sources/HSSwiftUI/UIView/MultilineTextfield.swift:23:30: error: 'UITextView' is unavailable in watchOS
 21 |     private var onDone: (() -> Void)?
 22 |     private var onChange: (() -> Void)?
 23 |     private var customise: ((UITextView) -> Void)?
    |                              `- error: 'UITextView' is unavailable in watchOS
 24 |
 25 |     @Binding private var text: String
/Applications/Xcode-27.0.0-Release.Candidate.app/Contents/Developer/Platforms/WatchOS.platform/Developer/SDKs/WatchOS27.0.sdk/System/Library/Frameworks/UIKit.framework/Headers/UITextView.h:223:12: note: 'UITextView' has been explicitly marked unavailable here
221 |
222 | UIKIT_EXTERN API_AVAILABLE(ios(2.0)) API_UNAVAILABLE(watchos) NS_SWIFT_UI_ACTOR
223 | @interface UITextView : UIScrollView <UITextInput, UIContentSizeCategoryAdjusting, UILetterformAwareAdjusting, NSTextViewportLayoutControllerDelegate>
    |            `- note: 'UITextView' has been explicitly marked unavailable here
224 |
225 | @property(nullable,nonatomic,weak) id<UITextViewDelegate> delegate;
/Users/admin/builder/spi-builder-workspace/Sources/HSSwiftUI/UIView/MultilineTextfield.swift:40:31: error: 'UITextView' is unavailable in watchOS
 38 |                  onDone: (() -> Void)? = nil,
 39 |                  onChange: (() -> Void)? = nil,
 40 |                  customise: ((UITextView) -> Void)? = nil
    |                               `- error: 'UITextView' is unavailable in watchOS
 41 |     ) {
 42 |         self.placeholder = placeholder
/Applications/Xcode-27.0.0-Release.Candidate.app/Contents/Developer/Platforms/WatchOS.platform/Developer/SDKs/WatchOS27.0.sdk/System/Library/Frameworks/UIKit.framework/Headers/UITextView.h:223:12: note: 'UITextView' has been explicitly marked unavailable here
221 |
222 | UIKIT_EXTERN API_AVAILABLE(ios(2.0)) API_UNAVAILABLE(watchos) NS_SWIFT_UI_ACTOR
223 | @interface UITextView : UIScrollView <UITextInput, UIContentSizeCategoryAdjusting, UILetterformAwareAdjusting, NSTextViewportLayoutControllerDelegate>
    |            `- note: 'UITextView' has been explicitly marked unavailable here
224 |
225 | @property(nullable,nonatomic,weak) id<UITextViewDelegate> delegate;
/Users/admin/builder/spi-builder-workspace/Sources/HSSwiftUI/UIView/MultilineTextfield.swift:73:28: error: 'UITextView' is unavailable in watchOS
 71 |
 72 | private struct UITextViewWrapper: UIViewRepresentable {
 73 |     typealias UIViewType = UITextView
    |                            `- error: 'UITextView' is unavailable in watchOS
 74 |
 75 |     @Binding var text: String
/Applications/Xcode-27.0.0-Release.Candidate.app/Contents/Developer/Platforms/WatchOS.platform/Developer/SDKs/WatchOS27.0.sdk/System/Library/Frameworks/UIKit.framework/Headers/UITextView.h:223:12: note: 'UITextView' has been explicitly marked unavailable here
221 |
222 | UIKIT_EXTERN API_AVAILABLE(ios(2.0)) API_UNAVAILABLE(watchos) NS_SWIFT_UI_ACTOR
223 | @interface UITextView : UIScrollView <UITextInput, UIContentSizeCategoryAdjusting, UILetterformAwareAdjusting, NSTextViewportLayoutControllerDelegate>
    |            `- note: 'UITextView' has been explicitly marked unavailable here
224 |
225 | @property(nullable,nonatomic,weak) id<UITextViewDelegate> delegate;
/Users/admin/builder/spi-builder-workspace/Sources/HSSwiftUI/UIView/MultilineTextfield.swift:79:22: error: 'UITextView' is unavailable in watchOS
 77 |     var onDone: (() -> Void)?
 78 |     var onChange: (() -> Void)?
 79 |     var customise: ((UITextView) -> Void)?
    |                      `- error: 'UITextView' is unavailable in watchOS
 80 |
 81 |     func makeUIView(context: UIViewRepresentableContext<UITextViewWrapper>) -> UITextView {
/Applications/Xcode-27.0.0-Release.Candidate.app/Contents/Developer/Platforms/WatchOS.platform/Developer/SDKs/WatchOS27.0.sdk/System/Library/Frameworks/UIKit.framework/Headers/UITextView.h:223:12: note: 'UITextView' has been explicitly marked unavailable here
221 |
222 | UIKIT_EXTERN API_AVAILABLE(ios(2.0)) API_UNAVAILABLE(watchos) NS_SWIFT_UI_ACTOR
223 | @interface UITextView : UIScrollView <UITextInput, UIContentSizeCategoryAdjusting, UILetterformAwareAdjusting, NSTextViewportLayoutControllerDelegate>
    |            `- note: 'UITextView' has been explicitly marked unavailable here
224 |
225 | @property(nullable,nonatomic,weak) id<UITextViewDelegate> delegate;
/Users/admin/builder/spi-builder-workspace/Sources/HSSwiftUI/UIView/MultilineTextfield.swift:81:30: error: cannot find type 'UIViewRepresentableContext' in scope
 79 |     var customise: ((UITextView) -> Void)?
 80 |
 81 |     func makeUIView(context: UIViewRepresentableContext<UITextViewWrapper>) -> UITextView {
    |                              `- error: cannot find type 'UIViewRepresentableContext' in scope
 82 |         let textField = UITextView()
 83 |         textField.delegate = context.coordinator
/Users/admin/builder/spi-builder-workspace/Sources/HSSwiftUI/UIView/MultilineTextfield.swift:81:80: error: 'UITextView' is unavailable in watchOS
 79 |     var customise: ((UITextView) -> Void)?
 80 |
 81 |     func makeUIView(context: UIViewRepresentableContext<UITextViewWrapper>) -> UITextView {
    |                                                                                `- error: 'UITextView' is unavailable in watchOS
 82 |         let textField = UITextView()
 83 |         textField.delegate = context.coordinator
/Applications/Xcode-27.0.0-Release.Candidate.app/Contents/Developer/Platforms/WatchOS.platform/Developer/SDKs/WatchOS27.0.sdk/System/Library/Frameworks/UIKit.framework/Headers/UITextView.h:223:12: note: 'UITextView' has been explicitly marked unavailable here
221 |
222 | UIKIT_EXTERN API_AVAILABLE(ios(2.0)) API_UNAVAILABLE(watchos) NS_SWIFT_UI_ACTOR
223 | @interface UITextView : UIScrollView <UITextInput, UIContentSizeCategoryAdjusting, UILetterformAwareAdjusting, NSTextViewportLayoutControllerDelegate>
    |            `- note: 'UITextView' has been explicitly marked unavailable here
224 |
225 | @property(nullable,nonatomic,weak) id<UITextViewDelegate> delegate;
/Users/admin/builder/spi-builder-workspace/Sources/HSSwiftUI/UIView/MultilineTextfield.swift:100:54: error: cannot find type 'UIViewRepresentableContext' in scope
 98 |     }
 99 |
100 |     func updateUIView(_ uiView: UITextView, context: UIViewRepresentableContext<UITextViewWrapper>) {
    |                                                      `- error: cannot find type 'UIViewRepresentableContext' in scope
101 |         if uiView.text != self.text {
102 |             uiView.text = self.text
/Users/admin/builder/spi-builder-workspace/Sources/HSSwiftUI/UIView/MultilineTextfield.swift:100:33: error: 'UITextView' is unavailable in watchOS
 98 |     }
 99 |
100 |     func updateUIView(_ uiView: UITextView, context: UIViewRepresentableContext<UITextViewWrapper>) {
    |                                 `- error: 'UITextView' is unavailable in watchOS
101 |         if uiView.text != self.text {
102 |             uiView.text = self.text
/Applications/Xcode-27.0.0-Release.Candidate.app/Contents/Developer/Platforms/WatchOS.platform/Developer/SDKs/WatchOS27.0.sdk/System/Library/Frameworks/UIKit.framework/Headers/UITextView.h:223:12: note: 'UITextView' has been explicitly marked unavailable here
221 |
222 | UIKIT_EXTERN API_AVAILABLE(ios(2.0)) API_UNAVAILABLE(watchos) NS_SWIFT_UI_ACTOR
223 | @interface UITextView : UIScrollView <UITextInput, UIContentSizeCategoryAdjusting, UILetterformAwareAdjusting, NSTextViewportLayoutControllerDelegate>
    |            `- note: 'UITextView' has been explicitly marked unavailable here
224 |
225 | @property(nullable,nonatomic,weak) id<UITextViewDelegate> delegate;
/Users/admin/builder/spi-builder-workspace/Sources/HSSwiftUI/UIView/MultilineTextfield.swift:113:53: error: 'UIView' is unavailable in watchOS
111 |     }
112 |
113 |     fileprivate static func recalculateHeight(view: UIView, result: Binding<CGFloat>) {
    |                                                     `- error: 'UIView' is unavailable in watchOS
114 |         let newSize = view.sizeThatFits(CGSize(width: view.frame.size.width, height: CGFloat.greatestFiniteMagnitude))
115 |         if result.wrappedValue != newSize.height {
/Applications/Xcode-27.0.0-Release.Candidate.app/Contents/Developer/Platforms/WatchOS.platform/Developer/SDKs/WatchOS27.0.sdk/System/Library/Frameworks/UIKit.framework/Headers/UIView.h:152:12: note: 'UIView' has been explicitly marked unavailable here
150 |
151 | UIKIT_EXTERN API_AVAILABLE(ios(2.0)) API_UNAVAILABLE(watchos) NS_SWIFT_UI_ACTOR
152 | @interface UIView : UIResponder <NSCoding, UIAppearance, UIAppearanceContainer, UIDynamicItem, UITraitEnvironment, UICoordinateSpace, UIFocusItem, UIFocusItemContainer, CALayerDelegate>
    |            `- note: 'UIView' has been explicitly marked unavailable here
153 |
154 | @property(class, nonatomic, readonly) Class layerClass;                        // default is [CALayer class]. Used when creating the underlying layer for the view.
/Users/admin/builder/spi-builder-workspace/Sources/HSSwiftUI/UIView/MultilineTextfield.swift:139:42: error: 'UITextView' is unavailable in watchOS
137 |         }
138 |
139 |         func textViewDidChange(_ uiView: UITextView) {
    |                                          `- error: 'UITextView' is unavailable in watchOS
140 |             text.wrappedValue = uiView.text
141 |             UITextViewWrapper.recalculateHeight(view: uiView, result: calculatedHeight)
/Applications/Xcode-27.0.0-Release.Candidate.app/Contents/Developer/Platforms/WatchOS.platform/Developer/SDKs/WatchOS27.0.sdk/System/Library/Frameworks/UIKit.framework/Headers/UITextView.h:223:12: note: 'UITextView' has been explicitly marked unavailable here
221 |
222 | UIKIT_EXTERN API_AVAILABLE(ios(2.0)) API_UNAVAILABLE(watchos) NS_SWIFT_UI_ACTOR
223 | @interface UITextView : UIScrollView <UITextInput, UIContentSizeCategoryAdjusting, UILetterformAwareAdjusting, NSTextViewportLayoutControllerDelegate>
    |            `- note: 'UITextView' has been explicitly marked unavailable here
224 |
225 | @property(nullable,nonatomic,weak) id<UITextViewDelegate> delegate;
/Users/admin/builder/spi-builder-workspace/Sources/HSSwiftUI/UIView/MultilineTextfield.swift:145:35: error: 'UITextView' is unavailable in watchOS
143 |         }
144 |
145 |         func textView(_ textView: UITextView, shouldChangeTextIn range: NSRange, replacementText text: String) -> Bool {
    |                                   `- error: 'UITextView' is unavailable in watchOS
146 |             if let onDone = self.onDone, text == "\n" {
147 |                 textView.resignFirstResponder()
/Applications/Xcode-27.0.0-Release.Candidate.app/Contents/Developer/Platforms/WatchOS.platform/Developer/SDKs/WatchOS27.0.sdk/System/Library/Frameworks/UIKit.framework/Headers/UITextView.h:223:12: note: 'UITextView' has been explicitly marked unavailable here
221 |
222 | UIKIT_EXTERN API_AVAILABLE(ios(2.0)) API_UNAVAILABLE(watchos) NS_SWIFT_UI_ACTOR
223 | @interface UITextView : UIScrollView <UITextInput, UIContentSizeCategoryAdjusting, UILetterformAwareAdjusting, NSTextViewportLayoutControllerDelegate>
    |            `- note: 'UITextView' has been explicitly marked unavailable here
224 |
225 | @property(nullable,nonatomic,weak) id<UITextViewDelegate> delegate;
/Users/admin/builder/spi-builder-workspace/Sources/HSSwiftUI/UIView/MultilineTextfield.swift:126:40: error: 'UITextViewDelegate' is unavailable in watchOS
124 |     }
125 |
126 |     final class Coordinator: NSObject, UITextViewDelegate {
    |                                        `- error: 'UITextViewDelegate' is unavailable in watchOS
127 |         var text: Binding<String>
128 |         var calculatedHeight: Binding<CGFloat>
/Applications/Xcode-27.0.0-Release.Candidate.app/Contents/Developer/Platforms/WatchOS.platform/Developer/SDKs/WatchOS27.0.sdk/System/Library/Frameworks/UIKit.framework/Headers/UITextView.h:36:11: note: 'UITextViewDelegate' has been explicitly marked unavailable here
 34 |
 35 | API_UNAVAILABLE(watchos) NS_SWIFT_UI_ACTOR
 36 | @protocol UITextViewDelegate <NSObject, UIScrollViewDelegate>
    |           `- note: 'UITextViewDelegate' has been explicitly marked unavailable here
 37 |
 38 | @optional
/Users/admin/builder/spi-builder-workspace/Sources/HSSwiftUI/UIView/MultilineTextfield.swift:72:35: error: cannot find type 'UIViewRepresentable' in scope
 70 | }
 71 |
 72 | private struct UITextViewWrapper: UIViewRepresentable {
    |                                   `- error: cannot find type 'UIViewRepresentable' in scope
 73 |     typealias UIViewType = UITextView
 74 |
/Users/admin/builder/spi-builder-workspace/Sources/HSSwiftUI/ViewController+SwiftUI.swift:23:57: error: cannot find type 'UIHostingController' in scope
21 |     /// - Returns: the UIHostingController of the swiftUIView
22 |     func insert<Content: View>(swiftUIView rootView: Content,
23 |                          inUIView container: UIView) -> UIHostingController<Content> {
   |                                                         `- error: cannot find type 'UIHostingController' in scope
24 |         let childVC = UIHostingController(rootView: rootView)
25 |
/Users/admin/builder/spi-builder-workspace/Sources/HSSwiftUI/ViewController+SwiftUI.swift:23:46: error: 'UIView' is unavailable in watchOS
21 |     /// - Returns: the UIHostingController of the swiftUIView
22 |     func insert<Content: View>(swiftUIView rootView: Content,
23 |                          inUIView container: UIView) -> UIHostingController<Content> {
   |                                              `- error: 'UIView' is unavailable in watchOS
24 |         let childVC = UIHostingController(rootView: rootView)
25 |
/Applications/Xcode-27.0.0-Release.Candidate.app/Contents/Developer/Platforms/WatchOS.platform/Developer/SDKs/WatchOS27.0.sdk/System/Library/Frameworks/UIKit.framework/Headers/UIView.h:152:12: note: 'UIView' has been explicitly marked unavailable here
150 |
151 | UIKIT_EXTERN API_AVAILABLE(ios(2.0)) API_UNAVAILABLE(watchos) NS_SWIFT_UI_ACTOR
152 | @interface UIView : UIResponder <NSCoding, UIAppearance, UIAppearanceContainer, UIDynamicItem, UITraitEnvironment, UICoordinateSpace, UIFocusItem, UIFocusItemContainer, CALayerDelegate>
    |            `- note: 'UIView' has been explicitly marked unavailable here
153 |
154 | @property(class, nonatomic, readonly) Class layerClass;                        // default is [CALayer class]. Used when creating the underlying layer for the view.
/Users/admin/builder/spi-builder-workspace/Sources/HSSwiftUI/ViewController+SwiftUI.swift:49:62: error: 'UIViewController' is unavailable in watchOS
47 |     /// - Returns: the UIViewController
48 |     @available(*, deprecated, message: "use the init with ViewBuilder methods instead")
49 |     static func with<Content: View>(swiftUIView: Content) -> UIViewController {
   |                                                              `- error: 'UIViewController' is unavailable in watchOS
50 |         let vc = UIViewController.init(nibName: nil, bundle: nil)
51 |         vc.insert(swiftUIView: swiftUIView, inUIView: vc.view)
/Applications/Xcode-27.0.0-Release.Candidate.app/Contents/Developer/Platforms/WatchOS.platform/Developer/SDKs/WatchOS27.0.sdk/System/Library/Frameworks/UIKit.framework/Headers/UIViewController.h:104:12: note: 'UIViewController' has been explicitly marked unavailable here
102 |
103 | UIKIT_EXTERN API_AVAILABLE(ios(2.0)) API_UNAVAILABLE(watchos) NS_SWIFT_UI_ACTOR
104 | @interface UIViewController : UIResponder <NSCoding, UIAppearanceContainer, UITraitEnvironment, UIContentContainer, UIFocusEnvironment>
    |            `- note: 'UIViewController' has been explicitly marked unavailable here
105 |
106 | /*
/Users/admin/builder/spi-builder-workspace/Sources/HSSwiftUI/ViewController+SwiftUI.swift:59:72: error: 'UIViewController' is unavailable in watchOS
57 |     /// This reference is useful for dismissal / presentation / etc
58 |     /// be careful not to strongly retain the viewcontroller reference!
59 |     convenience init<Content: View>(@ViewBuilder _ builder: @MainActor(UIViewController) -> Content) {
   |                                                                        `- error: 'UIViewController' is unavailable in watchOS
60 |         self.init(nibName: nil, bundle: nil)
61 |         let swiftUIView = builder(self)
/Applications/Xcode-27.0.0-Release.Candidate.app/Contents/Developer/Platforms/WatchOS.platform/Developer/SDKs/WatchOS27.0.sdk/System/Library/Frameworks/UIKit.framework/Headers/UIViewController.h:104:12: note: 'UIViewController' has been explicitly marked unavailable here
102 |
103 | UIKIT_EXTERN API_AVAILABLE(ios(2.0)) API_UNAVAILABLE(watchos) NS_SWIFT_UI_ACTOR
104 | @interface UIViewController : UIResponder <NSCoding, UIAppearanceContainer, UITraitEnvironment, UIContentContainer, UIFocusEnvironment>
    |            `- note: 'UIViewController' has been explicitly marked unavailable here
105 |
106 | /*
/Users/admin/builder/spi-builder-workspace/Sources/HSSwiftUI/ViewController+SwiftUI.swift:14:18: error: 'UIViewController' is unavailable in watchOS
12 | import UIKit
13 |
14 | public extension UIViewController {
   |                  `- error: 'UIViewController' is unavailable in watchOS
15 |
16 |     @discardableResult
/Applications/Xcode-27.0.0-Release.Candidate.app/Contents/Developer/Platforms/WatchOS.platform/Developer/SDKs/WatchOS27.0.sdk/System/Library/Frameworks/UIKit.framework/Headers/UIViewController.h:104:12: note: 'UIViewController' has been explicitly marked unavailable here
102 |
103 | UIKIT_EXTERN API_AVAILABLE(ios(2.0)) API_UNAVAILABLE(watchos) NS_SWIFT_UI_ACTOR
104 | @interface UIViewController : UIResponder <NSCoding, UIAppearanceContainer, UITraitEnvironment, UIContentContainer, UIFocusEnvironment>
    |            `- note: 'UIViewController' has been explicitly marked unavailable here
105 |
106 | /*
Failed frontend command:
/Applications/Xcode-27.0.0-Release.Candidate.app/Contents/Developer/Toolchains/XcodeDefault.xctoolchain/usr/bin/swift-frontend -frontend -emit-module -experimental-skip-non-inlinable-function-bodies-without-types /Users/admin/builder/spi-builder-workspace/Sources/HSSwiftUI/Angle+HS.swift /Users/admin/builder/spi-builder-workspace/Sources/HSSwiftUI/Button+Config.swift /Users/admin/builder/spi-builder-workspace/Sources/HSSwiftUI/Color-OSX+HS.swift /Users/admin/builder/spi-builder-workspace/Sources/HSSwiftUI/Color-iOS+HS.swift /Users/admin/builder/spi-builder-workspace/Sources/HSSwiftUI/ConfirmButton.swift /Users/admin/builder/spi-builder-workspace/Sources/HSSwiftUI/HSHostingController.swift /Users/admin/builder/spi-builder-workspace/Sources/HSSwiftUI/Helpers/Binding+HS.swift /Users/admin/builder/spi-builder-workspace/Sources/HSSwiftUI/Helpers/GeometryPreferenceReader.swift /Users/admin/builder/spi-builder-workspace/Sources/HSSwiftUI/Helpers/IsolatedObservable.swift /Users/admin/builder/spi-builder-workspace/Sources/HSSwiftUI/ObservableObject.swift /Users/admin/builder/spi-builder-workspace/Sources/HSSwiftUI/PreviewLayout+HS.swift /Users/admin/builder/spi-builder-workspace/Sources/HSSwiftUI/UIView/MultilineTextfield.swift /Users/admin/builder/spi-builder-workspace/Sources/HSSwiftUI/View/View+ClearTextButton.swift /Users/admin/builder/spi-builder-workspace/Sources/HSSwiftUI/View/View+Fade.swift /Users/admin/builder/spi-builder-workspace/Sources/HSSwiftUI/View/View+FullBackground.swift /Users/admin/builder/spi-builder-workspace/Sources/HSSwiftUI/View/View+HS.swift /Users/admin/builder/spi-builder-workspace/Sources/HSSwiftUI/View/View+KeyboardVisibility.swift /Users/admin/builder/spi-builder-workspace/Sources/HSSwiftUI/ViewController+SwiftUI.swift -target arm64-apple-watchos9.0 -module-can-import-version SwiftUI 8.0.84.1 8.0.84 -module-can-import-version UIKit 9127.0.84.1 9127.0.84 -disable-cross-import-overlay-search -load-resolved-plugin /Applications/Xcode-27.0.0-Release.Candidate.app/Contents/Developer/Platforms/WatchOS.platform/Developer/usr/lib/swift/host/plugins/libFoundationMacros.dylib\#/Applications/Xcode-27.0.0-Release.Candidate.app/Contents/Developer/Platforms/WatchOS.platform/Developer/usr/bin/swift-plugin-server\#FoundationMacros -load-resolved-plugin /Applications/Xcode-27.0.0-Release.Candidate.app/Contents/Developer/Platforms/WatchOS.platform/Developer/usr/lib/swift/host/plugins/libObservationMacros.dylib\#/Applications/Xcode-27.0.0-Release.Candidate.app/Contents/Developer/Platforms/WatchOS.platform/Developer/usr/bin/swift-plugin-server\#ObservationMacros -load-resolved-plugin /Applications/Xcode-27.0.0-Release.Candidate.app/Contents/Developer/Platforms/WatchOS.platform/Developer/usr/lib/swift/host/plugins/libPreviewsMacros.dylib\#/Applications/Xcode-27.0.0-Release.Candidate.app/Contents/Developer/Platforms/WatchOS.platform/Developer/usr/bin/swift-plugin-server\#PreviewsMacros -load-resolved-plugin /Applications/Xcode-27.0.0-Release.Candidate.app/Contents/Developer/Platforms/WatchOS.platform/Developer/usr/lib/swift/host/plugins/libSwiftMacros.dylib\#/Applications/Xcode-27.0.0-Release.Candidate.app/Contents/Developer/Platforms/WatchOS.platform/Developer/usr/bin/swift-plugin-server\#SwiftMacros -load-resolved-plugin /Applications/Xcode-27.0.0-Release.Candidate.app/Contents/Developer/Platforms/WatchOS.platform/Developer/usr/lib/swift/host/plugins/libSwiftUIMacros.dylib\#/Applications/Xcode-27.0.0-Release.Candidate.app/Contents/Developer/Platforms/WatchOS.platform/Developer/usr/bin/swift-plugin-server\#SwiftUIMacros -disable-implicit-swift-modules -Xcc -fno-implicit-modules -Xcc -fno-implicit-module-maps -explicit-swift-module-map-file /Users/admin/builder/spi-builder-workspace/.derivedData/Build/Intermediates.noindex/HSSwiftUI.build/Debug-watchos/HSSwiftUI-t.build/Objects-normal/arm64/HSSwiftUI-dependencies-2.json -Xllvm -aarch64-use-tbi -enable-objc-interop -stack-check -sdk /Applications/Xcode-27.0.0-Release.Candidate.app/Contents/Developer/Platforms/WatchOS.platform/Developer/SDKs/WatchOS27.0.sdk -I /Users/admin/builder/spi-builder-workspace/.derivedData/Build/Products/Debug-watchos -Isystem /Applications/Xcode-27.0.0-Release.Candidate.app/Contents/Developer/Platforms/WatchOS.platform/Developer/usr/lib -F /Users/admin/builder/spi-builder-workspace/.derivedData/Build/Products/Debug-watchos -F /Applications/Xcode-27.0.0-Release.Candidate.app/Contents/Developer/Platforms/WatchOS.platform/Developer/Library/Frameworks -F /Applications/Xcode-27.0.0-Release.Candidate.app/Contents/Developer/Platforms/WatchOS.platform/Developer/SDKs/WatchOS27.0.sdk/Developer/Library/Frameworks -module-cache-path /Users/admin/builder/spi-builder-workspace/.derivedData/Build/Intermediates.noindex/SwiftExplicitPrecompiledModules -no-color-diagnostics -Xcc -fno-color-diagnostics -enable-testing -g -debug-info-format\=dwarf -dwarf-version\=4 -swift-version 5 -Onone -D SWIFT_PACKAGE -D DEBUG -D SWIFT_MODULE_RESOURCE_BUNDLE_UNAVAILABLE -D Xcode -serialize-debugging-options -enable-experimental-feature DebugDescriptionMacro -empty-abi-descriptor -validate-clang-modules-once -clang-build-session-file /Users/admin/builder/spi-builder-workspace/.derivedData/ModuleCache.noindex/Session.modulevalidation -Xcc -working-directory -Xcc /Users/admin/builder/spi-builder-workspace/.swiftpm/xcode -enable-anonymous-context-mangled-names -file-compilation-dir /Users/admin/builder/spi-builder-workspace/.swiftpm/xcode -Xcc -D_LIBCPP_HARDENING_MODE\=_LIBCPP_HARDENING_MODE_DEBUG -Xcc -ivfsstatcache -Xcc /Users/admin/builder/spi-builder-workspace/.derivedData/SDKStatCaches.noindex/watchos27.0-24R360-e829b21a6f8c9b70876ba0858053c04477534ef55a1706bf4c1112bbb242f0a2.sdkstatcache -Xcc -fmodules-prune-interval\=86400 -Xcc -fmodules-prune-after\=345600 -Xcc -I/Users/admin/builder/spi-builder-workspace/.derivedData/Build/Products/Debug-watchos/include -Xcc -I/Users/admin/builder/spi-builder-workspace/.derivedData/Build/Intermediates.noindex/HSSwiftUI.build/Debug-watchos/HSSwiftUI-t.build/DerivedSources-normal/arm64 -Xcc -I/Users/admin/builder/spi-builder-workspace/.derivedData/Build/Intermediates.noindex/HSSwiftUI.build/Debug-watchos/HSSwiftUI-t.build/DerivedSources/arm64 -Xcc -I/Users/admin/builder/spi-builder-workspace/.derivedData/Build/Intermediates.noindex/HSSwiftUI.build/Debug-watchos/HSSwiftUI-t.build/DerivedSources -Xcc -DSWIFT_PACKAGE -Xcc -DDEBUG\=1 -no-auto-bridging-header-chaining -module-name HSSwiftUI -const-gather-protocols-file /Users/admin/builder/spi-builder-workspace/.derivedData/Build/Intermediates.noindex/HSSwiftUI.build/Debug-watchos/HSSwiftUI-t.build/Objects-normal/arm64/HSSwiftUI_const_extract_protocols.json -disable-clang-spi -clang-target arm64-apple-watchos27.0 -target-sdk-version 27.0 -target-sdk-name watchos27.0 -in-process-plugin-server-path /Applications/Xcode-27.0.0-Release.Candidate.app/Contents/Developer/Toolchains/XcodeDefault.xctoolchain/usr/lib/swift/host/libSwiftInProcPluginServer.dylib -emit-module-doc-path /Users/admin/builder/spi-builder-workspace/.derivedData/Build/Intermediates.noindex/HSSwiftUI.build/Debug-watchos/HSSwiftUI-t.build/Objects-normal/arm64/HSSwiftUI.swiftdoc -emit-module-source-info-path /Users/admin/builder/spi-builder-workspace/.derivedData/Build/Intermediates.noindex/HSSwiftUI.build/Debug-watchos/HSSwiftUI-t.build/Objects-normal/arm64/HSSwiftUI.swiftsourceinfo -emit-objc-header-path /Users/admin/builder/spi-builder-workspace/.derivedData/Build/Intermediates.noindex/HSSwiftUI.build/Debug-watchos/HSSwiftUI-t.build/Objects-normal/arm64/HSSwiftUI-Swift.h -serialize-diagnostics-path /Users/admin/builder/spi-builder-workspace/.derivedData/Build/Intermediates.noindex/HSSwiftUI.build/Debug-watchos/HSSwiftUI-t.build/Objects-normal/arm64/HSSwiftUI-primary-emit-module.dia -emit-dependencies-path /Users/admin/builder/spi-builder-workspace/.derivedData/Build/Intermediates.noindex/HSSwiftUI.build/Debug-watchos/HSSwiftUI-t.build/Objects-normal/arm64/HSSwiftUI-primary-emit-module.d -parse-as-library -o /Users/admin/builder/spi-builder-workspace/.derivedData/Build/Intermediates.noindex/HSSwiftUI.build/Debug-watchos/HSSwiftUI-t.build/Objects-normal/arm64/HSSwiftUI.swiftmodule -emit-abi-descriptor-path /Users/admin/builder/spi-builder-workspace/.derivedData/Build/Intermediates.noindex/HSSwiftUI.build/Debug-watchos/HSSwiftUI-t.build/Objects-normal/arm64/HSSwiftUI.abi.json
SwiftCompile normal arm64 (in target 'HSSwiftUI' from project 'HSSwiftUI')
    cd /Users/admin/builder/spi-builder-workspace/.swiftpm/xcode

SwiftCompile normal arm64 Compiling\ View+FullBackground.swift,\ View+HS.swift /Users/admin/builder/spi-builder-workspace/Sources/HSSwiftUI/View/View+FullBackground.swift /Users/admin/builder/spi-builder-workspace/Sources/HSSwiftUI/View/View+HS.swift (in target 'HSSwiftUI' from project 'HSSwiftUI')
SwiftCompile normal arm64 /Users/admin/builder/spi-builder-workspace/Sources/HSSwiftUI/View/View+FullBackground.swift (in target 'HSSwiftUI' from project 'HSSwiftUI')
    cd /Users/admin/builder/spi-builder-workspace/.swiftpm/xcode
    builtin-SwiftPerFileCompile View+FullBackground.swift
SwiftCompile normal arm64 /Users/admin/builder/spi-builder-workspace/Sources/HSSwiftUI/View/View+HS.swift (in target 'HSSwiftUI' from project 'HSSwiftUI')
    cd /Users/admin/builder/spi-builder-workspace/.swiftpm/xcode
    builtin-SwiftPerFileCompile View+HS.swift
SwiftCompile normal arm64 Compiling\ ConfirmButton.swift,\ HSHostingController.swift /Users/admin/builder/spi-builder-workspace/Sources/HSSwiftUI/ConfirmButton.swift /Users/admin/builder/spi-builder-workspace/Sources/HSSwiftUI/HSHostingController.swift (in target 'HSSwiftUI' from project 'HSSwiftUI')
/Users/admin/builder/spi-builder-workspace/Sources/HSSwiftUI/HSHostingController.swift:23:33: error: cannot find type 'ViewController' in scope
21 | @available(*, deprecated, message: "Used by HSHostingController which is deprecated")
22 | public class HSHostWrapper: ObservableObject {
23 |     public weak var controller: ViewController?
   |                                 `- error: cannot find type 'ViewController' in scope
24 | }
25 |
/Users/admin/builder/spi-builder-workspace/Sources/HSSwiftUI/HSHostingController.swift:36:44: error: cannot find type 'HostingController' in scope
34 |  */
35 | @available(*, deprecated, message: "Use the UIViewController init(@ViewBuilder _ builder:...) method instead")
36 | public class HSHostingController<Content>: HostingController<ModifiedContent<Content, SwiftUI._EnvironmentKeyWritingModifier<HSHostWrapper?>>> where Content: View {
   |                                            `- error: cannot find type 'HostingController' in scope
37 |
38 |     public init(rootView: Content) {
SwiftCompile normal arm64 /Users/admin/builder/spi-builder-workspace/Sources/HSSwiftUI/ConfirmButton.swift (in target 'HSSwiftUI' from project 'HSSwiftUI')
    cd /Users/admin/builder/spi-builder-workspace/.swiftpm/xcode
    builtin-SwiftPerFileCompile ConfirmButton.swift
SwiftCompile normal arm64 /Users/admin/builder/spi-builder-workspace/Sources/HSSwiftUI/HSHostingController.swift (in target 'HSSwiftUI' from project 'HSSwiftUI')
    cd /Users/admin/builder/spi-builder-workspace/.swiftpm/xcode
    builtin-SwiftPerFileCompile HSHostingController.swift
SwiftCompile normal arm64 Compiling\ PreviewLayout+HS.swift,\ MultilineTextfield.swift /Users/admin/builder/spi-builder-workspace/Sources/HSSwiftUI/PreviewLayout+HS.swift /Users/admin/builder/spi-builder-workspace/Sources/HSSwiftUI/UIView/MultilineTextfield.swift (in target 'HSSwiftUI' from project 'HSSwiftUI')
/Users/admin/builder/spi-builder-workspace/Sources/HSSwiftUI/UIView/MultilineTextfield.swift:23:30: error: 'UITextView' is unavailable in watchOS
 21 |     private var onDone: (() -> Void)?
 22 |     private var onChange: (() -> Void)?
 23 |     private var customise: ((UITextView) -> Void)?
    |                              `- error: 'UITextView' is unavailable in watchOS
 24 |
 25 |     @Binding private var text: String
/Applications/Xcode-27.0.0-Release.Candidate.app/Contents/Developer/Platforms/WatchOS.platform/Developer/SDKs/WatchOS27.0.sdk/System/Library/Frameworks/UIKit.framework/Headers/UITextView.h:223:12: note: 'UITextView' has been explicitly marked unavailable here
221 |
222 | UIKIT_EXTERN API_AVAILABLE(ios(2.0)) API_UNAVAILABLE(watchos) NS_SWIFT_UI_ACTOR
223 | @interface UITextView : UIScrollView <UITextInput, UIContentSizeCategoryAdjusting, UILetterformAwareAdjusting, NSTextViewportLayoutControllerDelegate>
    |            `- note: 'UITextView' has been explicitly marked unavailable here
224 |
225 | @property(nullable,nonatomic,weak) id<UITextViewDelegate> delegate;
/Users/admin/builder/spi-builder-workspace/Sources/HSSwiftUI/UIView/MultilineTextfield.swift:40:31: error: 'UITextView' is unavailable in watchOS
 38 |                  onDone: (() -> Void)? = nil,
 39 |                  onChange: (() -> Void)? = nil,
 40 |                  customise: ((UITextView) -> Void)? = nil
    |                               `- error: 'UITextView' is unavailable in watchOS
 41 |     ) {
 42 |         self.placeholder = placeholder
/Applications/Xcode-27.0.0-Release.Candidate.app/Contents/Developer/Platforms/WatchOS.platform/Developer/SDKs/WatchOS27.0.sdk/System/Library/Frameworks/UIKit.framework/Headers/UITextView.h:223:12: note: 'UITextView' has been explicitly marked unavailable here
221 |
222 | UIKIT_EXTERN API_AVAILABLE(ios(2.0)) API_UNAVAILABLE(watchos) NS_SWIFT_UI_ACTOR
223 | @interface UITextView : UIScrollView <UITextInput, UIContentSizeCategoryAdjusting, UILetterformAwareAdjusting, NSTextViewportLayoutControllerDelegate>
    |            `- note: 'UITextView' has been explicitly marked unavailable here
224 |
225 | @property(nullable,nonatomic,weak) id<UITextViewDelegate> delegate;
/Users/admin/builder/spi-builder-workspace/Sources/HSSwiftUI/UIView/MultilineTextfield.swift:73:28: error: 'UITextView' is unavailable in watchOS
 71 |
 72 | private struct UITextViewWrapper: UIViewRepresentable {
 73 |     typealias UIViewType = UITextView
    |                            `- error: 'UITextView' is unavailable in watchOS
 74 |
 75 |     @Binding var text: String
/Applications/Xcode-27.0.0-Release.Candidate.app/Contents/Developer/Platforms/WatchOS.platform/Developer/SDKs/WatchOS27.0.sdk/System/Library/Frameworks/UIKit.framework/Headers/UITextView.h:223:12: note: 'UITextView' has been explicitly marked unavailable here
221 |
222 | UIKIT_EXTERN API_AVAILABLE(ios(2.0)) API_UNAVAILABLE(watchos) NS_SWIFT_UI_ACTOR
223 | @interface UITextView : UIScrollView <UITextInput, UIContentSizeCategoryAdjusting, UILetterformAwareAdjusting, NSTextViewportLayoutControllerDelegate>
    |            `- note: 'UITextView' has been explicitly marked unavailable here
224 |
225 | @property(nullable,nonatomic,weak) id<UITextViewDelegate> delegate;
/Users/admin/builder/spi-builder-workspace/Sources/HSSwiftUI/UIView/MultilineTextfield.swift:79:22: error: 'UITextView' is unavailable in watchOS
 77 |     var onDone: (() -> Void)?
 78 |     var onChange: (() -> Void)?
 79 |     var customise: ((UITextView) -> Void)?
    |                      `- error: 'UITextView' is unavailable in watchOS
 80 |
 81 |     func makeUIView(context: UIViewRepresentableContext<UITextViewWrapper>) -> UITextView {
/Applications/Xcode-27.0.0-Release.Candidate.app/Contents/Developer/Platforms/WatchOS.platform/Developer/SDKs/WatchOS27.0.sdk/System/Library/Frameworks/UIKit.framework/Headers/UITextView.h:223:12: note: 'UITextView' has been explicitly marked unavailable here
221 |
222 | UIKIT_EXTERN API_AVAILABLE(ios(2.0)) API_UNAVAILABLE(watchos) NS_SWIFT_UI_ACTOR
223 | @interface UITextView : UIScrollView <UITextInput, UIContentSizeCategoryAdjusting, UILetterformAwareAdjusting, NSTextViewportLayoutControllerDelegate>
    |            `- note: 'UITextView' has been explicitly marked unavailable here
224 |
225 | @property(nullable,nonatomic,weak) id<UITextViewDelegate> delegate;
/Users/admin/builder/spi-builder-workspace/Sources/HSSwiftUI/UIView/MultilineTextfield.swift:81:30: error: cannot find type 'UIViewRepresentableContext' in scope
 79 |     var customise: ((UITextView) -> Void)?
 80 |
 81 |     func makeUIView(context: UIViewRepresentableContext<UITextViewWrapper>) -> UITextView {
    |                              `- error: cannot find type 'UIViewRepresentableContext' in scope
 82 |         let textField = UITextView()
 83 |         textField.delegate = context.coordinator
/Users/admin/builder/spi-builder-workspace/Sources/HSSwiftUI/UIView/MultilineTextfield.swift:81:80: error: 'UITextView' is unavailable in watchOS
 79 |     var customise: ((UITextView) -> Void)?
 80 |
 81 |     func makeUIView(context: UIViewRepresentableContext<UITextViewWrapper>) -> UITextView {
    |                                                                                `- error: 'UITextView' is unavailable in watchOS
 82 |         let textField = UITextView()
 83 |         textField.delegate = context.coordinator
/Applications/Xcode-27.0.0-Release.Candidate.app/Contents/Developer/Platforms/WatchOS.platform/Developer/SDKs/WatchOS27.0.sdk/System/Library/Frameworks/UIKit.framework/Headers/UITextView.h:223:12: note: 'UITextView' has been explicitly marked unavailable here
221 |
222 | UIKIT_EXTERN API_AVAILABLE(ios(2.0)) API_UNAVAILABLE(watchos) NS_SWIFT_UI_ACTOR
223 | @interface UITextView : UIScrollView <UITextInput, UIContentSizeCategoryAdjusting, UILetterformAwareAdjusting, NSTextViewportLayoutControllerDelegate>
    |            `- note: 'UITextView' has been explicitly marked unavailable here
224 |
225 | @property(nullable,nonatomic,weak) id<UITextViewDelegate> delegate;
/Users/admin/builder/spi-builder-workspace/Sources/HSSwiftUI/UIView/MultilineTextfield.swift:100:54: error: cannot find type 'UIViewRepresentableContext' in scope
 98 |     }
 99 |
100 |     func updateUIView(_ uiView: UITextView, context: UIViewRepresentableContext<UITextViewWrapper>) {
    |                                                      `- error: cannot find type 'UIViewRepresentableContext' in scope
101 |         if uiView.text != self.text {
102 |             uiView.text = self.text
/Users/admin/builder/spi-builder-workspace/Sources/HSSwiftUI/UIView/MultilineTextfield.swift:100:33: error: 'UITextView' is unavailable in watchOS
 98 |     }
 99 |
100 |     func updateUIView(_ uiView: UITextView, context: UIViewRepresentableContext<UITextViewWrapper>) {
    |                                 `- error: 'UITextView' is unavailable in watchOS
101 |         if uiView.text != self.text {
102 |             uiView.text = self.text
/Applications/Xcode-27.0.0-Release.Candidate.app/Contents/Developer/Platforms/WatchOS.platform/Developer/SDKs/WatchOS27.0.sdk/System/Library/Frameworks/UIKit.framework/Headers/UITextView.h:223:12: note: 'UITextView' has been explicitly marked unavailable here
221 |
222 | UIKIT_EXTERN API_AVAILABLE(ios(2.0)) API_UNAVAILABLE(watchos) NS_SWIFT_UI_ACTOR
223 | @interface UITextView : UIScrollView <UITextInput, UIContentSizeCategoryAdjusting, UILetterformAwareAdjusting, NSTextViewportLayoutControllerDelegate>
    |            `- note: 'UITextView' has been explicitly marked unavailable here
224 |
225 | @property(nullable,nonatomic,weak) id<UITextViewDelegate> delegate;
/Users/admin/builder/spi-builder-workspace/Sources/HSSwiftUI/UIView/MultilineTextfield.swift:113:53: error: 'UIView' is unavailable in watchOS
111 |     }
112 |
113 |     fileprivate static func recalculateHeight(view: UIView, result: Binding<CGFloat>) {
    |                                                     `- error: 'UIView' is unavailable in watchOS
114 |         let newSize = view.sizeThatFits(CGSize(width: view.frame.size.width, height: CGFloat.greatestFiniteMagnitude))
115 |         if result.wrappedValue != newSize.height {
/Applications/Xcode-27.0.0-Release.Candidate.app/Contents/Developer/Platforms/WatchOS.platform/Developer/SDKs/WatchOS27.0.sdk/System/Library/Frameworks/UIKit.framework/Headers/UIView.h:152:12: note: 'UIView' has been explicitly marked unavailable here
150 |
151 | UIKIT_EXTERN API_AVAILABLE(ios(2.0)) API_UNAVAILABLE(watchos) NS_SWIFT_UI_ACTOR
152 | @interface UIView : UIResponder <NSCoding, UIAppearance, UIAppearanceContainer, UIDynamicItem, UITraitEnvironment, UICoordinateSpace, UIFocusItem, UIFocusItemContainer, CALayerDelegate>
    |            `- note: 'UIView' has been explicitly marked unavailable here
153 |
154 | @property(class, nonatomic, readonly) Class layerClass;                        // default is [CALayer class]. Used when creating the underlying layer for the view.
/Users/admin/builder/spi-builder-workspace/Sources/HSSwiftUI/UIView/MultilineTextfield.swift:139:42: error: 'UITextView' is unavailable in watchOS
137 |         }
138 |
139 |         func textViewDidChange(_ uiView: UITextView) {
    |                                          `- error: 'UITextView' is unavailable in watchOS
140 |             text.wrappedValue = uiView.text
141 |             UITextViewWrapper.recalculateHeight(view: uiView, result: calculatedHeight)
/Applications/Xcode-27.0.0-Release.Candidate.app/Contents/Developer/Platforms/WatchOS.platform/Developer/SDKs/WatchOS27.0.sdk/System/Library/Frameworks/UIKit.framework/Headers/UITextView.h:223:12: note: 'UITextView' has been explicitly marked unavailable here
221 |
222 | UIKIT_EXTERN API_AVAILABLE(ios(2.0)) API_UNAVAILABLE(watchos) NS_SWIFT_UI_ACTOR
223 | @interface UITextView : UIScrollView <UITextInput, UIContentSizeCategoryAdjusting, UILetterformAwareAdjusting, NSTextViewportLayoutControllerDelegate>
    |            `- note: 'UITextView' has been explicitly marked unavailable here
224 |
225 | @property(nullable,nonatomic,weak) id<UITextViewDelegate> delegate;
/Users/admin/builder/spi-builder-workspace/Sources/HSSwiftUI/UIView/MultilineTextfield.swift:145:35: error: 'UITextView' is unavailable in watchOS
143 |         }
144 |
145 |         func textView(_ textView: UITextView, shouldChangeTextIn range: NSRange, replacementText text: String) -> Bool {
    |                                   `- error: 'UITextView' is unavailable in watchOS
146 |             if let onDone = self.onDone, text == "\n" {
147 |                 textView.resignFirstResponder()
/Applications/Xcode-27.0.0-Release.Candidate.app/Contents/Developer/Platforms/WatchOS.platform/Developer/SDKs/WatchOS27.0.sdk/System/Library/Frameworks/UIKit.framework/Headers/UITextView.h:223:12: note: 'UITextView' has been explicitly marked unavailable here
221 |
222 | UIKIT_EXTERN API_AVAILABLE(ios(2.0)) API_UNAVAILABLE(watchos) NS_SWIFT_UI_ACTOR
223 | @interface UITextView : UIScrollView <UITextInput, UIContentSizeCategoryAdjusting, UILetterformAwareAdjusting, NSTextViewportLayoutControllerDelegate>
    |            `- note: 'UITextView' has been explicitly marked unavailable here
224 |
225 | @property(nullable,nonatomic,weak) id<UITextViewDelegate> delegate;
/Users/admin/builder/spi-builder-workspace/Sources/HSSwiftUI/UIView/MultilineTextfield.swift:126:40: error: 'UITextViewDelegate' is unavailable in watchOS
124 |     }
125 |
126 |     final class Coordinator: NSObject, UITextViewDelegate {
    |                                        `- error: 'UITextViewDelegate' is unavailable in watchOS
127 |         var text: Binding<String>
128 |         var calculatedHeight: Binding<CGFloat>
/Applications/Xcode-27.0.0-Release.Candidate.app/Contents/Developer/Platforms/WatchOS.platform/Developer/SDKs/WatchOS27.0.sdk/System/Library/Frameworks/UIKit.framework/Headers/UITextView.h:36:11: note: 'UITextViewDelegate' has been explicitly marked unavailable here
 34 |
 35 | API_UNAVAILABLE(watchos) NS_SWIFT_UI_ACTOR
 36 | @protocol UITextViewDelegate <NSObject, UIScrollViewDelegate>
    |           `- note: 'UITextViewDelegate' has been explicitly marked unavailable here
 37 |
 38 | @optional
/Users/admin/builder/spi-builder-workspace/Sources/HSSwiftUI/UIView/MultilineTextfield.swift:72:35: error: cannot find type 'UIViewRepresentable' in scope
 70 | }
 71 |
 72 | private struct UITextViewWrapper: UIViewRepresentable {
    |                                   `- error: cannot find type 'UIViewRepresentable' in scope
 73 |     typealias UIViewType = UITextView
 74 |
SwiftCompile normal arm64 /Users/admin/builder/spi-builder-workspace/Sources/HSSwiftUI/PreviewLayout+HS.swift (in target 'HSSwiftUI' from project 'HSSwiftUI')
    cd /Users/admin/builder/spi-builder-workspace/.swiftpm/xcode
    builtin-SwiftPerFileCompile PreviewLayout+HS.swift
SwiftCompile normal arm64 /Users/admin/builder/spi-builder-workspace/Sources/HSSwiftUI/UIView/MultilineTextfield.swift (in target 'HSSwiftUI' from project 'HSSwiftUI')
    cd /Users/admin/builder/spi-builder-workspace/.swiftpm/xcode
    builtin-SwiftPerFileCompile MultilineTextfield.swift
SwiftCompile normal arm64 Compiling\ Binding+HS.swift,\ GeometryPreferenceReader.swift /Users/admin/builder/spi-builder-workspace/Sources/HSSwiftUI/Helpers/Binding+HS.swift /Users/admin/builder/spi-builder-workspace/Sources/HSSwiftUI/Helpers/GeometryPreferenceReader.swift (in target 'HSSwiftUI' from project 'HSSwiftUI')
SwiftCompile normal arm64 /Users/admin/builder/spi-builder-workspace/Sources/HSSwiftUI/Helpers/Binding+HS.swift (in target 'HSSwiftUI' from project 'HSSwiftUI')
    cd /Users/admin/builder/spi-builder-workspace/.swiftpm/xcode
    builtin-SwiftPerFileCompile Binding+HS.swift
SwiftCompile normal arm64 /Users/admin/builder/spi-builder-workspace/Sources/HSSwiftUI/Helpers/GeometryPreferenceReader.swift (in target 'HSSwiftUI' from project 'HSSwiftUI')
    cd /Users/admin/builder/spi-builder-workspace/.swiftpm/xcode
    builtin-SwiftPerFileCompile GeometryPreferenceReader.swift
SwiftCompile normal arm64 Compiling\ ViewController+SwiftUI.swift /Users/admin/builder/spi-builder-workspace/Sources/HSSwiftUI/ViewController+SwiftUI.swift (in target 'HSSwiftUI' from project 'HSSwiftUI')
/Users/admin/builder/spi-builder-workspace/Sources/HSSwiftUI/ViewController+SwiftUI.swift:23:57: error: cannot find type 'UIHostingController' in scope
21 |     /// - Returns: the UIHostingController of the swiftUIView
22 |     func insert<Content: View>(swiftUIView rootView: Content,
23 |                          inUIView container: UIView) -> UIHostingController<Content> {
   |                                                         `- error: cannot find type 'UIHostingController' in scope
24 |         let childVC = UIHostingController(rootView: rootView)
25 |
/Users/admin/builder/spi-builder-workspace/Sources/HSSwiftUI/ViewController+SwiftUI.swift:23:46: error: 'UIView' is unavailable in watchOS
21 |     /// - Returns: the UIHostingController of the swiftUIView
22 |     func insert<Content: View>(swiftUIView rootView: Content,
23 |                          inUIView container: UIView) -> UIHostingController<Content> {
   |                                              `- error: 'UIView' is unavailable in watchOS
24 |         let childVC = UIHostingController(rootView: rootView)
25 |
/Applications/Xcode-27.0.0-Release.Candidate.app/Contents/Developer/Platforms/WatchOS.platform/Developer/SDKs/WatchOS27.0.sdk/System/Library/Frameworks/UIKit.framework/Headers/UIView.h:152:12: note: 'UIView' has been explicitly marked unavailable here
150 |
151 | UIKIT_EXTERN API_AVAILABLE(ios(2.0)) API_UNAVAILABLE(watchos) NS_SWIFT_UI_ACTOR
152 | @interface UIView : UIResponder <NSCoding, UIAppearance, UIAppearanceContainer, UIDynamicItem, UITraitEnvironment, UICoordinateSpace, UIFocusItem, UIFocusItemContainer, CALayerDelegate>
    |            `- note: 'UIView' has been explicitly marked unavailable here
153 |
154 | @property(class, nonatomic, readonly) Class layerClass;                        // default is [CALayer class]. Used when creating the underlying layer for the view.
/Users/admin/builder/spi-builder-workspace/Sources/HSSwiftUI/ViewController+SwiftUI.swift:49:62: error: 'UIViewController' is unavailable in watchOS
47 |     /// - Returns: the UIViewController
48 |     @available(*, deprecated, message: "use the init with ViewBuilder methods instead")
49 |     static func with<Content: View>(swiftUIView: Content) -> UIViewController {
   |                                                              `- error: 'UIViewController' is unavailable in watchOS
50 |         let vc = UIViewController.init(nibName: nil, bundle: nil)
51 |         vc.insert(swiftUIView: swiftUIView, inUIView: vc.view)
/Applications/Xcode-27.0.0-Release.Candidate.app/Contents/Developer/Platforms/WatchOS.platform/Developer/SDKs/WatchOS27.0.sdk/System/Library/Frameworks/UIKit.framework/Headers/UIViewController.h:104:12: note: 'UIViewController' has been explicitly marked unavailable here
102 |
103 | UIKIT_EXTERN API_AVAILABLE(ios(2.0)) API_UNAVAILABLE(watchos) NS_SWIFT_UI_ACTOR
104 | @interface UIViewController : UIResponder <NSCoding, UIAppearanceContainer, UITraitEnvironment, UIContentContainer, UIFocusEnvironment>
    |            `- note: 'UIViewController' has been explicitly marked unavailable here
105 |
106 | /*
/Users/admin/builder/spi-builder-workspace/Sources/HSSwiftUI/ViewController+SwiftUI.swift:59:72: error: 'UIViewController' is unavailable in watchOS
57 |     /// This reference is useful for dismissal / presentation / etc
58 |     /// be careful not to strongly retain the viewcontroller reference!
59 |     convenience init<Content: View>(@ViewBuilder _ builder: @MainActor(UIViewController) -> Content) {
   |                                                                        `- error: 'UIViewController' is unavailable in watchOS
60 |         self.init(nibName: nil, bundle: nil)
61 |         let swiftUIView = builder(self)
/Applications/Xcode-27.0.0-Release.Candidate.app/Contents/Developer/Platforms/WatchOS.platform/Developer/SDKs/WatchOS27.0.sdk/System/Library/Frameworks/UIKit.framework/Headers/UIViewController.h:104:12: note: 'UIViewController' has been explicitly marked unavailable here
102 |
103 | UIKIT_EXTERN API_AVAILABLE(ios(2.0)) API_UNAVAILABLE(watchos) NS_SWIFT_UI_ACTOR
104 | @interface UIViewController : UIResponder <NSCoding, UIAppearanceContainer, UITraitEnvironment, UIContentContainer, UIFocusEnvironment>
    |            `- note: 'UIViewController' has been explicitly marked unavailable here
105 |
106 | /*
/Users/admin/builder/spi-builder-workspace/Sources/HSSwiftUI/ViewController+SwiftUI.swift:14:18: error: 'UIViewController' is unavailable in watchOS
12 | import UIKit
13 |
14 | public extension UIViewController {
   |                  `- error: 'UIViewController' is unavailable in watchOS
15 |
16 |     @discardableResult
/Applications/Xcode-27.0.0-Release.Candidate.app/Contents/Developer/Platforms/WatchOS.platform/Developer/SDKs/WatchOS27.0.sdk/System/Library/Frameworks/UIKit.framework/Headers/UIViewController.h:104:12: note: 'UIViewController' has been explicitly marked unavailable here
102 |
103 | UIKIT_EXTERN API_AVAILABLE(ios(2.0)) API_UNAVAILABLE(watchos) NS_SWIFT_UI_ACTOR
104 | @interface UIViewController : UIResponder <NSCoding, UIAppearanceContainer, UITraitEnvironment, UIContentContainer, UIFocusEnvironment>
    |            `- note: 'UIViewController' has been explicitly marked unavailable here
105 |
106 | /*
/Users/admin/builder/spi-builder-workspace/Sources/HSSwiftUI/ViewController+SwiftUI.swift:24:23: error: cannot find 'UIHostingController' in scope
22 |     func insert<Content: View>(swiftUIView rootView: Content,
23 |                          inUIView container: UIView) -> UIHostingController<Content> {
24 |         let childVC = UIHostingController(rootView: rootView)
   |                       `- error: cannot find 'UIHostingController' in scope
25 |
26 |         self.addChild(childVC)
/Users/admin/builder/spi-builder-workspace/Sources/HSSwiftUI/ViewController+SwiftUI.swift:50:18: error: 'UIViewController' is unavailable in watchOS
48 |     @available(*, deprecated, message: "use the init with ViewBuilder methods instead")
49 |     static func with<Content: View>(swiftUIView: Content) -> UIViewController {
50 |         let vc = UIViewController.init(nibName: nil, bundle: nil)
   |                  `- error: 'UIViewController' is unavailable in watchOS
51 |         vc.insert(swiftUIView: swiftUIView, inUIView: vc.view)
52 |         return vc
/Applications/Xcode-27.0.0-Release.Candidate.app/Contents/Developer/Platforms/WatchOS.platform/Developer/SDKs/WatchOS27.0.sdk/System/Library/Frameworks/UIKit.framework/Headers/UIViewController.h:104:12: note: 'UIViewController' has been explicitly marked unavailable here
102 |
103 | UIKIT_EXTERN API_AVAILABLE(ios(2.0)) API_UNAVAILABLE(watchos) NS_SWIFT_UI_ACTOR
104 | @interface UIViewController : UIResponder <NSCoding, UIAppearanceContainer, UITraitEnvironment, UIContentContainer, UIFocusEnvironment>
    |            `- note: 'UIViewController' has been explicitly marked unavailable here
105 |
106 | /*
/Users/admin/builder/spi-builder-workspace/Sources/HSSwiftUI/ViewController+SwiftUI.swift:51:12: error: failed to produce diagnostic for expression; please submit a bug report (https://swift.org/contributing/#reporting-bugs)
49 |     static func with<Content: View>(swiftUIView: Content) -> UIViewController {
50 |         let vc = UIViewController.init(nibName: nil, bundle: nil)
51 |         vc.insert(swiftUIView: swiftUIView, inUIView: vc.view)
   |            `- error: failed to produce diagnostic for expression; please submit a bug report (https://swift.org/contributing/#reporting-bugs)
52 |         return vc
53 |     }
/Users/admin/builder/spi-builder-workspace/Sources/HSSwiftUI/ViewController+SwiftUI.swift:62:14: error: failed to produce diagnostic for expression; please submit a bug report (https://swift.org/contributing/#reporting-bugs)
60 |         self.init(nibName: nil, bundle: nil)
61 |         let swiftUIView = builder(self)
62 |         self.insert(swiftUIView: swiftUIView, inUIView: self.view)
   |              `- error: failed to produce diagnostic for expression; please submit a bug report (https://swift.org/contributing/#reporting-bugs)
63 |     }
64 |
SwiftCompile normal arm64 /Users/admin/builder/spi-builder-workspace/Sources/HSSwiftUI/ViewController+SwiftUI.swift (in target 'HSSwiftUI' from project 'HSSwiftUI')
    cd /Users/admin/builder/spi-builder-workspace/.swiftpm/xcode
    builtin-SwiftPerFileCompile ViewController+SwiftUI.swift
SwiftCompile normal arm64 Compiling\ IsolatedObservable.swift,\ ObservableObject.swift /Users/admin/builder/spi-builder-workspace/Sources/HSSwiftUI/Helpers/IsolatedObservable.swift /Users/admin/builder/spi-builder-workspace/Sources/HSSwiftUI/ObservableObject.swift (in target 'HSSwiftUI' from project 'HSSwiftUI')
SwiftCompile normal arm64 /Users/admin/builder/spi-builder-workspace/Sources/HSSwiftUI/Helpers/IsolatedObservable.swift (in target 'HSSwiftUI' from project 'HSSwiftUI')
    cd /Users/admin/builder/spi-builder-workspace/.swiftpm/xcode
    builtin-SwiftPerFileCompile IsolatedObservable.swift
SwiftCompile normal arm64 /Users/admin/builder/spi-builder-workspace/Sources/HSSwiftUI/ObservableObject.swift (in target 'HSSwiftUI' from project 'HSSwiftUI')
    cd /Users/admin/builder/spi-builder-workspace/.swiftpm/xcode
    builtin-SwiftPerFileCompile ObservableObject.swift
SwiftCompile normal arm64 Compiling\ Angle+HS.swift,\ Button+Config.swift /Users/admin/builder/spi-builder-workspace/Sources/HSSwiftUI/Angle+HS.swift /Users/admin/builder/spi-builder-workspace/Sources/HSSwiftUI/Button+Config.swift (in target 'HSSwiftUI' from project 'HSSwiftUI')
SwiftCompile normal arm64 /Users/admin/builder/spi-builder-workspace/Sources/HSSwiftUI/Angle+HS.swift (in target 'HSSwiftUI' from project 'HSSwiftUI')
    cd /Users/admin/builder/spi-builder-workspace/.swiftpm/xcode
    builtin-SwiftPerFileCompile Angle+HS.swift
SwiftCompile normal arm64 /Users/admin/builder/spi-builder-workspace/Sources/HSSwiftUI/Button+Config.swift (in target 'HSSwiftUI' from project 'HSSwiftUI')
    cd /Users/admin/builder/spi-builder-workspace/.swiftpm/xcode
    builtin-SwiftPerFileCompile Button+Config.swift
PruneExplicitPrecompiledModules /Users/admin/builder/spi-builder-workspace/.derivedData/Build/Intermediates.noindex/SwiftExplicitPrecompiledModules
PruneExplicitPrecompiledModules /Users/admin/builder/spi-builder-workspace/.derivedData/SDKExplicitPrecompiledModules
PruneExplicitPrecompiledModules /Users/admin/builder/spi-builder-workspace/.derivedData/Build/Intermediates.noindex/ExplicitPrecompiledModules
2026-09-19 06:54:42.099 xcodebuild[624:3940] [MT] IDERunDestination: Supported platforms for the buildables in the current scheme is empty.
2026-09-19 06:54:42.360 xcodebuild[624:3940] [MT] IDERunDestination: Supported platforms for the buildables in the current scheme is empty.
** BUILD FAILED **
The following build commands failed:
	SwiftEmitModule normal arm64 Emitting\ module\ for\ HSSwiftUI (in target 'HSSwiftUI' from project 'HSSwiftUI')
	SwiftCompile normal arm64 (in target 'HSSwiftUI' from project 'HSSwiftUI')
	Building workspace HSSwiftUI with scheme HSSwiftUI
(3 failures)
Command line invocation:
    /Applications/Xcode-27.0.0-Release.Candidate.app/Contents/Developer/usr/bin/xcodebuild -IDEClonedSourcePackagesDirPathOverride=/Users/admin/builder/spi-builder-workspace/.dependencies -resolvePackageDependencies
Resolve Package Graph
Resolved source packages:
  HSSwiftUI: /Users/admin/builder/spi-builder-workspace
resolved source packages: HSSwiftUI
2026-09-19 06:54:49.846 xcodebuild[792:4677] [MT] IDERunDestination: Supported platforms for the buildables in the current scheme is empty.
{
  "dependencies" : [
  ],
  "manifest_display_name" : "HSSwiftUI",
  "name" : "HSSwiftUI",
  "path" : "/Users/admin/builder/spi-builder-workspace",
  "platforms" : [
    {
      "name" : "ios",
      "version" : "13.0"
    },
    {
      "name" : "macos",
      "version" : "10.15"
    }
  ],
  "products" : [
    {
      "name" : "HSSwiftUI",
      "targets" : [
        "HSSwiftUI"
      ],
      "type" : {
        "library" : [
          "automatic"
        ]
      }
    }
  ],
  "targets" : [
    {
      "c99name" : "HSSwiftUITests",
      "module_type" : "SwiftTarget",
      "name" : "HSSwiftUITests",
      "path" : "Tests/HSSwiftUITests",
      "sources" : [
        "HSSwiftUITests.swift",
        "OptionalBindingTests.swift",
        "XCTestManifests.swift"
      ],
      "target_dependencies" : [
        "HSSwiftUI"
      ],
      "type" : "test"
    },
    {
      "c99name" : "HSSwiftUI",
      "module_type" : "SwiftTarget",
      "name" : "HSSwiftUI",
      "path" : "Sources/HSSwiftUI",
      "product_memberships" : [
        "HSSwiftUI"
      ],
      "sources" : [
        "Angle+HS.swift",
        "Button+Config.swift",
        "Color-OSX+HS.swift",
        "Color-iOS+HS.swift",
        "ConfirmButton.swift",
        "HSHostingController.swift",
        "Helpers/Binding+HS.swift",
        "Helpers/GeometryPreferenceReader.swift",
        "Helpers/IsolatedObservable.swift",
        "ObservableObject.swift",
        "PreviewLayout+HS.swift",
        "UIView/MultilineTextfield.swift",
        "View/View+ClearTextButton.swift",
        "View/View+Fade.swift",
        "View/View+FullBackground.swift",
        "View/View+HS.swift",
        "View/View+KeyboardVisibility.swift",
        "ViewController+SwiftUI.swift"
      ],
      "type" : "library"
    }
  ],
  "tools_version" : "5.2"
}
{
  "workspace" : {
    "name" : "HSSwiftUI",
    "schemes" : [
      "HSSwiftUI"
    ]
  }
}
2026-09-19 06:54:51.089 xcodebuild[800:4751] [MT] IDERunDestination: Supported platforms for the buildables in the current scheme is empty.
Running build ...
env DEVELOPER_DIR=/Applications/Xcode-27.0.0-Release.Candidate.app xcrun xcodebuild -IDEClonedSourcePackagesDirPathOverride=$PWD/.dependencies -skipMacroValidation -skipPackagePluginValidation -derivedDataPath $PWD/.derivedData build -scheme HSSwiftUI -destination generic/platform=watchOS
Command line invocation:
    /Applications/Xcode-27.0.0-Release.Candidate.app/Contents/Developer/usr/bin/xcodebuild -IDEClonedSourcePackagesDirPathOverride=/Users/admin/builder/spi-builder-workspace/.dependencies -skipMacroValidation -skipPackagePluginValidation -derivedDataPath /Users/admin/builder/spi-builder-workspace/.derivedData build -scheme HSSwiftUI -destination generic/platform=watchOS
Resolve Package Graph
Resolved source packages:
  HSSwiftUI: /Users/admin/builder/spi-builder-workspace
ComputePackagePrebuildTargetDependencyGraph
Prepare packages
CreateBuildRequest
SendProjectDescription
CreateBuildOperation
ComputeTargetDependencyGraph
note: Building targets in dependency order
note: Target dependency graph (3 targets)
    Target 'HSSwiftUITests-product' in project 'HSSwiftUI'
        ➜ Explicit dependency on target 'HSSwiftUI' in project 'HSSwiftUI'
    Target 'HSSwiftUI-product' in project 'HSSwiftUI'
        ➜ Explicit dependency on target 'HSSwiftUI' in project 'HSSwiftUI'
    Target 'HSSwiftUI' in project 'HSSwiftUI' (no dependencies)
GatherProvisioningInputs
CreateBuildDescription
ClangStatCache /Applications/Xcode-27.0.0-Release.Candidate.app/Contents/Developer/Toolchains/XcodeDefault.xctoolchain/usr/bin/clang-stat-cache /Applications/Xcode-27.0.0-Release.Candidate.app/Contents/Developer/Platforms/WatchOS.platform/Developer/SDKs/WatchOS27.0.sdk /Users/admin/builder/spi-builder-workspace/.derivedData/SDKStatCaches.noindex/watchos27.0-24R360-e829b21a6f8c9b70876ba0858053c04477534ef55a1706bf4c1112bbb242f0a2.sdkstatcache
    cd /Users/admin/builder/spi-builder-workspace/.swiftpm/xcode
    /Applications/Xcode-27.0.0-Release.Candidate.app/Contents/Developer/Toolchains/XcodeDefault.xctoolchain/usr/bin/clang-stat-cache /Applications/Xcode-27.0.0-Release.Candidate.app/Contents/Developer/Platforms/WatchOS.platform/Developer/SDKs/WatchOS27.0.sdk -o /Users/admin/builder/spi-builder-workspace/.derivedData/SDKStatCaches.noindex/watchos27.0-24R360-e829b21a6f8c9b70876ba0858053c04477534ef55a1706bf4c1112bbb242f0a2.sdkstatcache
SwiftDriver HSSwiftUI normal arm64 com.apple.xcode.tools.swift.compiler (in target 'HSSwiftUI' from project 'HSSwiftUI')
    cd /Users/admin/builder/spi-builder-workspace/.swiftpm/xcode
    builtin-SwiftDriver -- /Applications/Xcode-27.0.0-Release.Candidate.app/Contents/Developer/Toolchains/XcodeDefault.xctoolchain/usr/bin/swiftc -parse-as-library -module-name HSSwiftUI -Onone @/Users/admin/builder/spi-builder-workspace/.derivedData/Build/Intermediates.noindex/HSSwiftUI.build/Debug-watchos/HSSwiftUI-t.build/Objects-normal/arm64/HSSwiftUI.SwiftFileList -DSWIFT_PACKAGE -DDEBUG -DSWIFT_MODULE_RESOURCE_BUNDLE_UNAVAILABLE -DXcode -plugin-path /Applications/Xcode-27.0.0-Release.Candidate.app/Contents/Developer/Toolchains/XcodeDefault.xctoolchain/usr/lib/swift/host/plugins/testing -enable-experimental-feature DebugDescriptionMacro -sdk /Applications/Xcode-27.0.0-Release.Candidate.app/Contents/Developer/Platforms/WatchOS.platform/Developer/SDKs/WatchOS27.0.sdk -target arm64-apple-watchos9.0 -g -module-cache-path /Users/admin/builder/spi-builder-workspace/.derivedData/ModuleCache.noindex -Xfrontend -serialize-debugging-options -enable-testing -index-store-path /Users/admin/builder/spi-builder-workspace/.derivedData/Index.noindex/DataStore -Xcc -D_LIBCPP_HARDENING_MODE\=_LIBCPP_HARDENING_MODE_DEBUG -swift-version 5 -I /Users/admin/builder/spi-builder-workspace/.derivedData/Build/Products/Debug-watchos -Isystem /Applications/Xcode-27.0.0-Release.Candidate.app/Contents/Developer/Platforms/WatchOS.platform/Developer/usr/lib -F /Users/admin/builder/spi-builder-workspace/.derivedData/Build/Products/Debug-watchos -F /Applications/Xcode-27.0.0-Release.Candidate.app/Contents/Developer/Platforms/WatchOS.platform/Developer/Library/Frameworks -F /Applications/Xcode-27.0.0-Release.Candidate.app/Contents/Developer/Platforms/WatchOS.platform/Developer/SDKs/WatchOS27.0.sdk/Developer/Library/Frameworks -c -j10 -enable-batch-mode -incremental -Xcc -ivfsstatcache -Xcc /Users/admin/builder/spi-builder-workspace/.derivedData/SDKStatCaches.noindex/watchos27.0-24R360-e829b21a6f8c9b70876ba0858053c04477534ef55a1706bf4c1112bbb242f0a2.sdkstatcache -output-file-map /Users/admin/builder/spi-builder-workspace/.derivedData/Build/Intermediates.noindex/HSSwiftUI.build/Debug-watchos/HSSwiftUI-t.build/Objects-normal/arm64/HSSwiftUI-OutputFileMap.json -save-temps -no-color-diagnostics -explicit-module-build -module-cache-path /Users/admin/builder/spi-builder-workspace/.derivedData/Build/Intermediates.noindex/SwiftExplicitPrecompiledModules -clang-scanner-module-cache-path /Users/admin/builder/spi-builder-workspace/.derivedData/ModuleCache.noindex -sdk-module-cache-path /Users/admin/builder/spi-builder-workspace/.derivedData/SDKExplicitPrecompiledModules -emit-dependencies -emit-module -emit-module-path /Users/admin/builder/spi-builder-workspace/.derivedData/Build/Intermediates.noindex/HSSwiftUI.build/Debug-watchos/HSSwiftUI-t.build/Objects-normal/arm64/HSSwiftUI.swiftmodule -serialize-diagnostics -dependency-scan-serialize-diagnostics-path /Users/admin/builder/spi-builder-workspace/.derivedData/Build/Intermediates.noindex/HSSwiftUI.build/Debug-watchos/HSSwiftUI-t.build/Objects-normal/arm64/HSSwiftUI-dependency-scan.dia -validate-clang-modules-once -clang-build-session-file /Users/admin/builder/spi-builder-workspace/.derivedData/ModuleCache.noindex/Session.modulevalidation -Xcc -fmodules-prune-interval\=86400 -Xcc -fmodules-prune-after\=345600 -emit-const-values -const-gather-protocols-list /Users/admin/builder/spi-builder-workspace/.derivedData/Build/Intermediates.noindex/HSSwiftUI.build/Debug-watchos/HSSwiftUI-t.build/Objects-normal/arm64/HSSwiftUI_const_extract_protocols.json -Xcc -I/Users/admin/builder/spi-builder-workspace/.derivedData/Build/Products/Debug-watchos/include -Xcc -I/Users/admin/builder/spi-builder-workspace/.derivedData/Build/Intermediates.noindex/HSSwiftUI.build/Debug-watchos/HSSwiftUI-t.build/DerivedSources-normal/arm64 -Xcc -I/Users/admin/builder/spi-builder-workspace/.derivedData/Build/Intermediates.noindex/HSSwiftUI.build/Debug-watchos/HSSwiftUI-t.build/DerivedSources/arm64 -Xcc -I/Users/admin/builder/spi-builder-workspace/.derivedData/Build/Intermediates.noindex/HSSwiftUI.build/Debug-watchos/HSSwiftUI-t.build/DerivedSources -Xcc -DSWIFT_PACKAGE -Xcc -DDEBUG\=1 -emit-objc-header -emit-objc-header-path /Users/admin/builder/spi-builder-workspace/.derivedData/Build/Intermediates.noindex/HSSwiftUI.build/Debug-watchos/HSSwiftUI-t.build/Objects-normal/arm64/HSSwiftUI-Swift.h -working-directory /Users/admin/builder/spi-builder-workspace/.swiftpm/xcode -experimental-emit-module-separately -disable-cmo
SwiftDriver HSSwiftUI normal arm64_32 com.apple.xcode.tools.swift.compiler (in target 'HSSwiftUI' from project 'HSSwiftUI')
    cd /Users/admin/builder/spi-builder-workspace/.swiftpm/xcode
    builtin-SwiftDriver -- /Applications/Xcode-27.0.0-Release.Candidate.app/Contents/Developer/Toolchains/XcodeDefault.xctoolchain/usr/bin/swiftc -parse-as-library -module-name HSSwiftUI -Onone @/Users/admin/builder/spi-builder-workspace/.derivedData/Build/Intermediates.noindex/HSSwiftUI.build/Debug-watchos/HSSwiftUI-t.build/Objects-normal/arm64_32/HSSwiftUI.SwiftFileList -DSWIFT_PACKAGE -DDEBUG -DSWIFT_MODULE_RESOURCE_BUNDLE_UNAVAILABLE -DXcode -plugin-path /Applications/Xcode-27.0.0-Release.Candidate.app/Contents/Developer/Toolchains/XcodeDefault.xctoolchain/usr/lib/swift/host/plugins/testing -enable-experimental-feature DebugDescriptionMacro -sdk /Applications/Xcode-27.0.0-Release.Candidate.app/Contents/Developer/Platforms/WatchOS.platform/Developer/SDKs/WatchOS27.0.sdk -target arm64_32-apple-watchos9.0 -g -module-cache-path /Users/admin/builder/spi-builder-workspace/.derivedData/ModuleCache.noindex -Xfrontend -serialize-debugging-options -enable-testing -index-store-path /Users/admin/builder/spi-builder-workspace/.derivedData/Index.noindex/DataStore -Xcc -D_LIBCPP_HARDENING_MODE\=_LIBCPP_HARDENING_MODE_DEBUG -swift-version 5 -I /Users/admin/builder/spi-builder-workspace/.derivedData/Build/Products/Debug-watchos -Isystem /Applications/Xcode-27.0.0-Release.Candidate.app/Contents/Developer/Platforms/WatchOS.platform/Developer/usr/lib -F /Users/admin/builder/spi-builder-workspace/.derivedData/Build/Products/Debug-watchos -F /Applications/Xcode-27.0.0-Release.Candidate.app/Contents/Developer/Platforms/WatchOS.platform/Developer/Library/Frameworks -F /Applications/Xcode-27.0.0-Release.Candidate.app/Contents/Developer/Platforms/WatchOS.platform/Developer/SDKs/WatchOS27.0.sdk/Developer/Library/Frameworks -c -j10 -enable-batch-mode -incremental -Xcc -ivfsstatcache -Xcc /Users/admin/builder/spi-builder-workspace/.derivedData/SDKStatCaches.noindex/watchos27.0-24R360-e829b21a6f8c9b70876ba0858053c04477534ef55a1706bf4c1112bbb242f0a2.sdkstatcache -output-file-map /Users/admin/builder/spi-builder-workspace/.derivedData/Build/Intermediates.noindex/HSSwiftUI.build/Debug-watchos/HSSwiftUI-t.build/Objects-normal/arm64_32/HSSwiftUI-OutputFileMap.json -save-temps -no-color-diagnostics -explicit-module-build -module-cache-path /Users/admin/builder/spi-builder-workspace/.derivedData/Build/Intermediates.noindex/SwiftExplicitPrecompiledModules -clang-scanner-module-cache-path /Users/admin/builder/spi-builder-workspace/.derivedData/ModuleCache.noindex -sdk-module-cache-path /Users/admin/builder/spi-builder-workspace/.derivedData/SDKExplicitPrecompiledModules -emit-dependencies -emit-module -emit-module-path /Users/admin/builder/spi-builder-workspace/.derivedData/Build/Intermediates.noindex/HSSwiftUI.build/Debug-watchos/HSSwiftUI-t.build/Objects-normal/arm64_32/HSSwiftUI.swiftmodule -serialize-diagnostics -dependency-scan-serialize-diagnostics-path /Users/admin/builder/spi-builder-workspace/.derivedData/Build/Intermediates.noindex/HSSwiftUI.build/Debug-watchos/HSSwiftUI-t.build/Objects-normal/arm64_32/HSSwiftUI-dependency-scan.dia -validate-clang-modules-once -clang-build-session-file /Users/admin/builder/spi-builder-workspace/.derivedData/ModuleCache.noindex/Session.modulevalidation -Xcc -fmodules-prune-interval\=86400 -Xcc -fmodules-prune-after\=345600 -emit-const-values -const-gather-protocols-list /Users/admin/builder/spi-builder-workspace/.derivedData/Build/Intermediates.noindex/HSSwiftUI.build/Debug-watchos/HSSwiftUI-t.build/Objects-normal/arm64_32/HSSwiftUI_const_extract_protocols.json -Xcc -I/Users/admin/builder/spi-builder-workspace/.derivedData/Build/Products/Debug-watchos/include -Xcc -I/Users/admin/builder/spi-builder-workspace/.derivedData/Build/Intermediates.noindex/HSSwiftUI.build/Debug-watchos/HSSwiftUI-t.build/DerivedSources-normal/arm64_32 -Xcc -I/Users/admin/builder/spi-builder-workspace/.derivedData/Build/Intermediates.noindex/HSSwiftUI.build/Debug-watchos/HSSwiftUI-t.build/DerivedSources/arm64_32 -Xcc -I/Users/admin/builder/spi-builder-workspace/.derivedData/Build/Intermediates.noindex/HSSwiftUI.build/Debug-watchos/HSSwiftUI-t.build/DerivedSources -Xcc -DSWIFT_PACKAGE -Xcc -DDEBUG\=1 -emit-objc-header -emit-objc-header-path /Users/admin/builder/spi-builder-workspace/.derivedData/Build/Intermediates.noindex/HSSwiftUI.build/Debug-watchos/HSSwiftUI-t.build/Objects-normal/arm64_32/HSSwiftUI-Swift.h -working-directory /Users/admin/builder/spi-builder-workspace/.swiftpm/xcode -experimental-emit-module-separately -disable-cmo
SwiftCompile normal arm64 Compiling\ Binding+HS.swift,\ GeometryPreferenceReader.swift /Users/admin/builder/spi-builder-workspace/Sources/HSSwiftUI/Helpers/Binding+HS.swift /Users/admin/builder/spi-builder-workspace/Sources/HSSwiftUI/Helpers/GeometryPreferenceReader.swift (in target 'HSSwiftUI' from project 'HSSwiftUI')
SwiftCompile normal arm64 /Users/admin/builder/spi-builder-workspace/Sources/HSSwiftUI/Helpers/Binding+HS.swift (in target 'HSSwiftUI' from project 'HSSwiftUI')
    cd /Users/admin/builder/spi-builder-workspace/.swiftpm/xcode
    builtin-SwiftPerFileCompile Binding+HS.swift
SwiftCompile normal arm64 /Users/admin/builder/spi-builder-workspace/Sources/HSSwiftUI/Helpers/GeometryPreferenceReader.swift (in target 'HSSwiftUI' from project 'HSSwiftUI')
    cd /Users/admin/builder/spi-builder-workspace/.swiftpm/xcode
    builtin-SwiftPerFileCompile GeometryPreferenceReader.swift
SwiftCompile normal arm64 Compiling\ Angle+HS.swift,\ Button+Config.swift /Users/admin/builder/spi-builder-workspace/Sources/HSSwiftUI/Angle+HS.swift /Users/admin/builder/spi-builder-workspace/Sources/HSSwiftUI/Button+Config.swift (in target 'HSSwiftUI' from project 'HSSwiftUI')
SwiftCompile normal arm64 /Users/admin/builder/spi-builder-workspace/Sources/HSSwiftUI/Angle+HS.swift (in target 'HSSwiftUI' from project 'HSSwiftUI')
    cd /Users/admin/builder/spi-builder-workspace/.swiftpm/xcode
    builtin-SwiftPerFileCompile Angle+HS.swift
SwiftCompile normal arm64 /Users/admin/builder/spi-builder-workspace/Sources/HSSwiftUI/Button+Config.swift (in target 'HSSwiftUI' from project 'HSSwiftUI')
    cd /Users/admin/builder/spi-builder-workspace/.swiftpm/xcode
    builtin-SwiftPerFileCompile Button+Config.swift
SwiftCompile normal arm64 Compiling\ ConfirmButton.swift,\ HSHostingController.swift /Users/admin/builder/spi-builder-workspace/Sources/HSSwiftUI/ConfirmButton.swift /Users/admin/builder/spi-builder-workspace/Sources/HSSwiftUI/HSHostingController.swift (in target 'HSSwiftUI' from project 'HSSwiftUI')
/Users/admin/builder/spi-builder-workspace/Sources/HSSwiftUI/HSHostingController.swift:23:33: error: cannot find type 'ViewController' in scope
21 | @available(*, deprecated, message: "Used by HSHostingController which is deprecated")
22 | public class HSHostWrapper: ObservableObject {
23 |     public weak var controller: ViewController?
   |                                 `- error: cannot find type 'ViewController' in scope
24 | }
25 |
/Users/admin/builder/spi-builder-workspace/Sources/HSSwiftUI/HSHostingController.swift:36:44: error: cannot find type 'HostingController' in scope
34 |  */
35 | @available(*, deprecated, message: "Use the UIViewController init(@ViewBuilder _ builder:...) method instead")
36 | public class HSHostingController<Content>: HostingController<ModifiedContent<Content, SwiftUI._EnvironmentKeyWritingModifier<HSHostWrapper?>>> where Content: View {
   |                                            `- error: cannot find type 'HostingController' in scope
37 |
38 |     public init(rootView: Content) {
SwiftCompile normal arm64 /Users/admin/builder/spi-builder-workspace/Sources/HSSwiftUI/ConfirmButton.swift (in target 'HSSwiftUI' from project 'HSSwiftUI')
    cd /Users/admin/builder/spi-builder-workspace/.swiftpm/xcode
    builtin-SwiftPerFileCompile ConfirmButton.swift
SwiftCompile normal arm64 /Users/admin/builder/spi-builder-workspace/Sources/HSSwiftUI/HSHostingController.swift (in target 'HSSwiftUI' from project 'HSSwiftUI')
    cd /Users/admin/builder/spi-builder-workspace/.swiftpm/xcode
    builtin-SwiftPerFileCompile HSHostingController.swift
SwiftCompile normal arm64 Compiling\ View+ClearTextButton.swift,\ View+Fade.swift /Users/admin/builder/spi-builder-workspace/Sources/HSSwiftUI/View/View+ClearTextButton.swift /Users/admin/builder/spi-builder-workspace/Sources/HSSwiftUI/View/View+Fade.swift (in target 'HSSwiftUI' from project 'HSSwiftUI')
SwiftCompile normal arm64 /Users/admin/builder/spi-builder-workspace/Sources/HSSwiftUI/View/View+ClearTextButton.swift (in target 'HSSwiftUI' from project 'HSSwiftUI')
    cd /Users/admin/builder/spi-builder-workspace/.swiftpm/xcode
    builtin-SwiftPerFileCompile View+ClearTextButton.swift
SwiftCompile normal arm64 /Users/admin/builder/spi-builder-workspace/Sources/HSSwiftUI/View/View+Fade.swift (in target 'HSSwiftUI' from project 'HSSwiftUI')
    cd /Users/admin/builder/spi-builder-workspace/.swiftpm/xcode
    builtin-SwiftPerFileCompile View+Fade.swift
SwiftCompile normal arm64 Compiling\ PreviewLayout+HS.swift,\ MultilineTextfield.swift /Users/admin/builder/spi-builder-workspace/Sources/HSSwiftUI/PreviewLayout+HS.swift /Users/admin/builder/spi-builder-workspace/Sources/HSSwiftUI/UIView/MultilineTextfield.swift (in target 'HSSwiftUI' from project 'HSSwiftUI')
/Users/admin/builder/spi-builder-workspace/Sources/HSSwiftUI/UIView/MultilineTextfield.swift:23:30: error: 'UITextView' is unavailable in watchOS
 21 |     private var onDone: (() -> Void)?
 22 |     private var onChange: (() -> Void)?
 23 |     private var customise: ((UITextView) -> Void)?
    |                              `- error: 'UITextView' is unavailable in watchOS
 24 |
 25 |     @Binding private var text: String
/Applications/Xcode-27.0.0-Release.Candidate.app/Contents/Developer/Platforms/WatchOS.platform/Developer/SDKs/WatchOS27.0.sdk/System/Library/Frameworks/UIKit.framework/Headers/UITextView.h:223:12: note: 'UITextView' has been explicitly marked unavailable here
221 |
222 | UIKIT_EXTERN API_AVAILABLE(ios(2.0)) API_UNAVAILABLE(watchos) NS_SWIFT_UI_ACTOR
223 | @interface UITextView : UIScrollView <UITextInput, UIContentSizeCategoryAdjusting, UILetterformAwareAdjusting, NSTextViewportLayoutControllerDelegate>
    |            `- note: 'UITextView' has been explicitly marked unavailable here
224 |
225 | @property(nullable,nonatomic,weak) id<UITextViewDelegate> delegate;
/Users/admin/builder/spi-builder-workspace/Sources/HSSwiftUI/UIView/MultilineTextfield.swift:40:31: error: 'UITextView' is unavailable in watchOS
 38 |                  onDone: (() -> Void)? = nil,
 39 |                  onChange: (() -> Void)? = nil,
 40 |                  customise: ((UITextView) -> Void)? = nil
    |                               `- error: 'UITextView' is unavailable in watchOS
 41 |     ) {
 42 |         self.placeholder = placeholder
/Applications/Xcode-27.0.0-Release.Candidate.app/Contents/Developer/Platforms/WatchOS.platform/Developer/SDKs/WatchOS27.0.sdk/System/Library/Frameworks/UIKit.framework/Headers/UITextView.h:223:12: note: 'UITextView' has been explicitly marked unavailable here
221 |
222 | UIKIT_EXTERN API_AVAILABLE(ios(2.0)) API_UNAVAILABLE(watchos) NS_SWIFT_UI_ACTOR
223 | @interface UITextView : UIScrollView <UITextInput, UIContentSizeCategoryAdjusting, UILetterformAwareAdjusting, NSTextViewportLayoutControllerDelegate>
    |            `- note: 'UITextView' has been explicitly marked unavailable here
224 |
225 | @property(nullable,nonatomic,weak) id<UITextViewDelegate> delegate;
/Users/admin/builder/spi-builder-workspace/Sources/HSSwiftUI/UIView/MultilineTextfield.swift:73:28: error: 'UITextView' is unavailable in watchOS
 71 |
 72 | private struct UITextViewWrapper: UIViewRepresentable {
 73 |     typealias UIViewType = UITextView
    |                            `- error: 'UITextView' is unavailable in watchOS
 74 |
 75 |     @Binding var text: String
/Applications/Xcode-27.0.0-Release.Candidate.app/Contents/Developer/Platforms/WatchOS.platform/Developer/SDKs/WatchOS27.0.sdk/System/Library/Frameworks/UIKit.framework/Headers/UITextView.h:223:12: note: 'UITextView' has been explicitly marked unavailable here
221 |
222 | UIKIT_EXTERN API_AVAILABLE(ios(2.0)) API_UNAVAILABLE(watchos) NS_SWIFT_UI_ACTOR
223 | @interface UITextView : UIScrollView <UITextInput, UIContentSizeCategoryAdjusting, UILetterformAwareAdjusting, NSTextViewportLayoutControllerDelegate>
    |            `- note: 'UITextView' has been explicitly marked unavailable here
224 |
225 | @property(nullable,nonatomic,weak) id<UITextViewDelegate> delegate;
/Users/admin/builder/spi-builder-workspace/Sources/HSSwiftUI/UIView/MultilineTextfield.swift:79:22: error: 'UITextView' is unavailable in watchOS
 77 |     var onDone: (() -> Void)?
 78 |     var onChange: (() -> Void)?
 79 |     var customise: ((UITextView) -> Void)?
    |                      `- error: 'UITextView' is unavailable in watchOS
 80 |
 81 |     func makeUIView(context: UIViewRepresentableContext<UITextViewWrapper>) -> UITextView {
/Applications/Xcode-27.0.0-Release.Candidate.app/Contents/Developer/Platforms/WatchOS.platform/Developer/SDKs/WatchOS27.0.sdk/System/Library/Frameworks/UIKit.framework/Headers/UITextView.h:223:12: note: 'UITextView' has been explicitly marked unavailable here
221 |
222 | UIKIT_EXTERN API_AVAILABLE(ios(2.0)) API_UNAVAILABLE(watchos) NS_SWIFT_UI_ACTOR
223 | @interface UITextView : UIScrollView <UITextInput, UIContentSizeCategoryAdjusting, UILetterformAwareAdjusting, NSTextViewportLayoutControllerDelegate>
    |            `- note: 'UITextView' has been explicitly marked unavailable here
224 |
225 | @property(nullable,nonatomic,weak) id<UITextViewDelegate> delegate;
/Users/admin/builder/spi-builder-workspace/Sources/HSSwiftUI/UIView/MultilineTextfield.swift:81:30: error: cannot find type 'UIViewRepresentableContext' in scope
 79 |     var customise: ((UITextView) -> Void)?
 80 |
 81 |     func makeUIView(context: UIViewRepresentableContext<UITextViewWrapper>) -> UITextView {
    |                              `- error: cannot find type 'UIViewRepresentableContext' in scope
 82 |         let textField = UITextView()
 83 |         textField.delegate = context.coordinator
/Users/admin/builder/spi-builder-workspace/Sources/HSSwiftUI/UIView/MultilineTextfield.swift:81:80: error: 'UITextView' is unavailable in watchOS
 79 |     var customise: ((UITextView) -> Void)?
 80 |
 81 |     func makeUIView(context: UIViewRepresentableContext<UITextViewWrapper>) -> UITextView {
    |                                                                                `- error: 'UITextView' is unavailable in watchOS
 82 |         let textField = UITextView()
 83 |         textField.delegate = context.coordinator
/Applications/Xcode-27.0.0-Release.Candidate.app/Contents/Developer/Platforms/WatchOS.platform/Developer/SDKs/WatchOS27.0.sdk/System/Library/Frameworks/UIKit.framework/Headers/UITextView.h:223:12: note: 'UITextView' has been explicitly marked unavailable here
221 |
222 | UIKIT_EXTERN API_AVAILABLE(ios(2.0)) API_UNAVAILABLE(watchos) NS_SWIFT_UI_ACTOR
223 | @interface UITextView : UIScrollView <UITextInput, UIContentSizeCategoryAdjusting, UILetterformAwareAdjusting, NSTextViewportLayoutControllerDelegate>
    |            `- note: 'UITextView' has been explicitly marked unavailable here
224 |
225 | @property(nullable,nonatomic,weak) id<UITextViewDelegate> delegate;
/Users/admin/builder/spi-builder-workspace/Sources/HSSwiftUI/UIView/MultilineTextfield.swift:100:54: error: cannot find type 'UIViewRepresentableContext' in scope
 98 |     }
 99 |
100 |     func updateUIView(_ uiView: UITextView, context: UIViewRepresentableContext<UITextViewWrapper>) {
    |                                                      `- error: cannot find type 'UIViewRepresentableContext' in scope
101 |         if uiView.text != self.text {
102 |             uiView.text = self.text
/Users/admin/builder/spi-builder-workspace/Sources/HSSwiftUI/UIView/MultilineTextfield.swift:100:33: error: 'UITextView' is unavailable in watchOS
 98 |     }
 99 |
100 |     func updateUIView(_ uiView: UITextView, context: UIViewRepresentableContext<UITextViewWrapper>) {
    |                                 `- error: 'UITextView' is unavailable in watchOS
101 |         if uiView.text != self.text {
102 |             uiView.text = self.text
/Applications/Xcode-27.0.0-Release.Candidate.app/Contents/Developer/Platforms/WatchOS.platform/Developer/SDKs/WatchOS27.0.sdk/System/Library/Frameworks/UIKit.framework/Headers/UITextView.h:223:12: note: 'UITextView' has been explicitly marked unavailable here
221 |
222 | UIKIT_EXTERN API_AVAILABLE(ios(2.0)) API_UNAVAILABLE(watchos) NS_SWIFT_UI_ACTOR
223 | @interface UITextView : UIScrollView <UITextInput, UIContentSizeCategoryAdjusting, UILetterformAwareAdjusting, NSTextViewportLayoutControllerDelegate>
    |            `- note: 'UITextView' has been explicitly marked unavailable here
224 |
225 | @property(nullable,nonatomic,weak) id<UITextViewDelegate> delegate;
/Users/admin/builder/spi-builder-workspace/Sources/HSSwiftUI/UIView/MultilineTextfield.swift:113:53: error: 'UIView' is unavailable in watchOS
111 |     }
112 |
113 |     fileprivate static func recalculateHeight(view: UIView, result: Binding<CGFloat>) {
    |                                                     `- error: 'UIView' is unavailable in watchOS
114 |         let newSize = view.sizeThatFits(CGSize(width: view.frame.size.width, height: CGFloat.greatestFiniteMagnitude))
115 |         if result.wrappedValue != newSize.height {
/Applications/Xcode-27.0.0-Release.Candidate.app/Contents/Developer/Platforms/WatchOS.platform/Developer/SDKs/WatchOS27.0.sdk/System/Library/Frameworks/UIKit.framework/Headers/UIView.h:152:12: note: 'UIView' has been explicitly marked unavailable here
150 |
151 | UIKIT_EXTERN API_AVAILABLE(ios(2.0)) API_UNAVAILABLE(watchos) NS_SWIFT_UI_ACTOR
152 | @interface UIView : UIResponder <NSCoding, UIAppearance, UIAppearanceContainer, UIDynamicItem, UITraitEnvironment, UICoordinateSpace, UIFocusItem, UIFocusItemContainer, CALayerDelegate>
    |            `- note: 'UIView' has been explicitly marked unavailable here
153 |
154 | @property(class, nonatomic, readonly) Class layerClass;                        // default is [CALayer class]. Used when creating the underlying layer for the view.
/Users/admin/builder/spi-builder-workspace/Sources/HSSwiftUI/UIView/MultilineTextfield.swift:139:42: error: 'UITextView' is unavailable in watchOS
137 |         }
138 |
139 |         func textViewDidChange(_ uiView: UITextView) {
    |                                          `- error: 'UITextView' is unavailable in watchOS
140 |             text.wrappedValue = uiView.text
141 |             UITextViewWrapper.recalculateHeight(view: uiView, result: calculatedHeight)
/Applications/Xcode-27.0.0-Release.Candidate.app/Contents/Developer/Platforms/WatchOS.platform/Developer/SDKs/WatchOS27.0.sdk/System/Library/Frameworks/UIKit.framework/Headers/UITextView.h:223:12: note: 'UITextView' has been explicitly marked unavailable here
221 |
222 | UIKIT_EXTERN API_AVAILABLE(ios(2.0)) API_UNAVAILABLE(watchos) NS_SWIFT_UI_ACTOR
223 | @interface UITextView : UIScrollView <UITextInput, UIContentSizeCategoryAdjusting, UILetterformAwareAdjusting, NSTextViewportLayoutControllerDelegate>
    |            `- note: 'UITextView' has been explicitly marked unavailable here
224 |
225 | @property(nullable,nonatomic,weak) id<UITextViewDelegate> delegate;
/Users/admin/builder/spi-builder-workspace/Sources/HSSwiftUI/UIView/MultilineTextfield.swift:145:35: error: 'UITextView' is unavailable in watchOS
143 |         }
144 |
145 |         func textView(_ textView: UITextView, shouldChangeTextIn range: NSRange, replacementText text: String) -> Bool {
    |                                   `- error: 'UITextView' is unavailable in watchOS
146 |             if let onDone = self.onDone, text == "\n" {
147 |                 textView.resignFirstResponder()
/Applications/Xcode-27.0.0-Release.Candidate.app/Contents/Developer/Platforms/WatchOS.platform/Developer/SDKs/WatchOS27.0.sdk/System/Library/Frameworks/UIKit.framework/Headers/UITextView.h:223:12: note: 'UITextView' has been explicitly marked unavailable here
221 |
222 | UIKIT_EXTERN API_AVAILABLE(ios(2.0)) API_UNAVAILABLE(watchos) NS_SWIFT_UI_ACTOR
223 | @interface UITextView : UIScrollView <UITextInput, UIContentSizeCategoryAdjusting, UILetterformAwareAdjusting, NSTextViewportLayoutControllerDelegate>
    |            `- note: 'UITextView' has been explicitly marked unavailable here
224 |
225 | @property(nullable,nonatomic,weak) id<UITextViewDelegate> delegate;
/Users/admin/builder/spi-builder-workspace/Sources/HSSwiftUI/UIView/MultilineTextfield.swift:126:40: error: 'UITextViewDelegate' is unavailable in watchOS
124 |     }
125 |
126 |     final class Coordinator: NSObject, UITextViewDelegate {
    |                                        `- error: 'UITextViewDelegate' is unavailable in watchOS
127 |         var text: Binding<String>
128 |         var calculatedHeight: Binding<CGFloat>
/Applications/Xcode-27.0.0-Release.Candidate.app/Contents/Developer/Platforms/WatchOS.platform/Developer/SDKs/WatchOS27.0.sdk/System/Library/Frameworks/UIKit.framework/Headers/UITextView.h:36:11: note: 'UITextViewDelegate' has been explicitly marked unavailable here
 34 |
 35 | API_UNAVAILABLE(watchos) NS_SWIFT_UI_ACTOR
 36 | @protocol UITextViewDelegate <NSObject, UIScrollViewDelegate>
    |           `- note: 'UITextViewDelegate' has been explicitly marked unavailable here
 37 |
 38 | @optional
/Users/admin/builder/spi-builder-workspace/Sources/HSSwiftUI/UIView/MultilineTextfield.swift:72:35: error: cannot find type 'UIViewRepresentable' in scope
 70 | }
 71 |
 72 | private struct UITextViewWrapper: UIViewRepresentable {
    |                                   `- error: cannot find type 'UIViewRepresentable' in scope
 73 |     typealias UIViewType = UITextView
 74 |
/Users/admin/builder/spi-builder-workspace/Sources/HSSwiftUI/UIView/MultilineTextfield.swift:57:14: error: value of type 'UITextViewWrapper' has no member 'frame'
 55 |                           customise: customise
 56 |         )
 57 |             .frame(minHeight: dynamicHeight, maxHeight: dynamicHeight)
    |              `- error: value of type 'UITextViewWrapper' has no member 'frame'
 58 |             .overlay(placeholderView, alignment: .topLeading)
 59 |     }
/Users/admin/builder/spi-builder-workspace/Sources/HSSwiftUI/UIView/MultilineTextfield.swift:82:25: error: 'UITextView' is unavailable in watchOS
 80 |
 81 |     func makeUIView(context: UIViewRepresentableContext<UITextViewWrapper>) -> UITextView {
 82 |         let textField = UITextView()
    |                         `- error: 'UITextView' is unavailable in watchOS
 83 |         textField.delegate = context.coordinator
 84 |         #if os(iOS)
/Applications/Xcode-27.0.0-Release.Candidate.app/Contents/Developer/Platforms/WatchOS.platform/Developer/SDKs/WatchOS27.0.sdk/System/Library/Frameworks/UIKit.framework/Headers/UITextView.h:223:12: note: 'UITextView' has been explicitly marked unavailable here
221 |
222 | UIKIT_EXTERN API_AVAILABLE(ios(2.0)) API_UNAVAILABLE(watchos) NS_SWIFT_UI_ACTOR
223 | @interface UITextView : UIScrollView <UITextInput, UIContentSizeCategoryAdjusting, UILetterformAwareAdjusting, NSTextViewportLayoutControllerDelegate>
    |            `- note: 'UITextView' has been explicitly marked unavailable here
224 |
225 | @property(nullable,nonatomic,weak) id<UITextViewDelegate> delegate;
SwiftCompile normal arm64 /Users/admin/builder/spi-builder-workspace/Sources/HSSwiftUI/PreviewLayout+HS.swift (in target 'HSSwiftUI' from project 'HSSwiftUI')
    cd /Users/admin/builder/spi-builder-workspace/.swiftpm/xcode
    builtin-SwiftPerFileCompile PreviewLayout+HS.swift
SwiftCompile normal arm64 /Users/admin/builder/spi-builder-workspace/Sources/HSSwiftUI/UIView/MultilineTextfield.swift (in target 'HSSwiftUI' from project 'HSSwiftUI')
    cd /Users/admin/builder/spi-builder-workspace/.swiftpm/xcode
    builtin-SwiftPerFileCompile MultilineTextfield.swift
SwiftCompile normal arm64 Compiling\ View+FullBackground.swift,\ View+HS.swift /Users/admin/builder/spi-builder-workspace/Sources/HSSwiftUI/View/View+FullBackground.swift /Users/admin/builder/spi-builder-workspace/Sources/HSSwiftUI/View/View+HS.swift (in target 'HSSwiftUI' from project 'HSSwiftUI')
SwiftCompile normal arm64 /Users/admin/builder/spi-builder-workspace/Sources/HSSwiftUI/View/View+FullBackground.swift (in target 'HSSwiftUI' from project 'HSSwiftUI')
    cd /Users/admin/builder/spi-builder-workspace/.swiftpm/xcode
    builtin-SwiftPerFileCompile View+FullBackground.swift
SwiftCompile normal arm64 /Users/admin/builder/spi-builder-workspace/Sources/HSSwiftUI/View/View+HS.swift (in target 'HSSwiftUI' from project 'HSSwiftUI')
    cd /Users/admin/builder/spi-builder-workspace/.swiftpm/xcode
    builtin-SwiftPerFileCompile View+HS.swift
SwiftCompile normal arm64 Compiling\ ViewController+SwiftUI.swift /Users/admin/builder/spi-builder-workspace/Sources/HSSwiftUI/ViewController+SwiftUI.swift (in target 'HSSwiftUI' from project 'HSSwiftUI')
/Users/admin/builder/spi-builder-workspace/Sources/HSSwiftUI/ViewController+SwiftUI.swift:23:57: error: cannot find type 'UIHostingController' in scope
21 |     /// - Returns: the UIHostingController of the swiftUIView
22 |     func insert<Content: View>(swiftUIView rootView: Content,
23 |                          inUIView container: UIView) -> UIHostingController<Content> {
   |                                                         `- error: cannot find type 'UIHostingController' in scope
24 |         let childVC = UIHostingController(rootView: rootView)
25 |
/Users/admin/builder/spi-builder-workspace/Sources/HSSwiftUI/ViewController+SwiftUI.swift:23:46: error: 'UIView' is unavailable in watchOS
21 |     /// - Returns: the UIHostingController of the swiftUIView
22 |     func insert<Content: View>(swiftUIView rootView: Content,
23 |                          inUIView container: UIView) -> UIHostingController<Content> {
   |                                              `- error: 'UIView' is unavailable in watchOS
24 |         let childVC = UIHostingController(rootView: rootView)
25 |
/Applications/Xcode-27.0.0-Release.Candidate.app/Contents/Developer/Platforms/WatchOS.platform/Developer/SDKs/WatchOS27.0.sdk/System/Library/Frameworks/UIKit.framework/Headers/UIView.h:152:12: note: 'UIView' has been explicitly marked unavailable here
150 |
151 | UIKIT_EXTERN API_AVAILABLE(ios(2.0)) API_UNAVAILABLE(watchos) NS_SWIFT_UI_ACTOR
152 | @interface UIView : UIResponder <NSCoding, UIAppearance, UIAppearanceContainer, UIDynamicItem, UITraitEnvironment, UICoordinateSpace, UIFocusItem, UIFocusItemContainer, CALayerDelegate>
    |            `- note: 'UIView' has been explicitly marked unavailable here
153 |
154 | @property(class, nonatomic, readonly) Class layerClass;                        // default is [CALayer class]. Used when creating the underlying layer for the view.
/Users/admin/builder/spi-builder-workspace/Sources/HSSwiftUI/ViewController+SwiftUI.swift:49:62: error: 'UIViewController' is unavailable in watchOS
47 |     /// - Returns: the UIViewController
48 |     @available(*, deprecated, message: "use the init with ViewBuilder methods instead")
49 |     static func with<Content: View>(swiftUIView: Content) -> UIViewController {
   |                                                              `- error: 'UIViewController' is unavailable in watchOS
50 |         let vc = UIViewController.init(nibName: nil, bundle: nil)
51 |         vc.insert(swiftUIView: swiftUIView, inUIView: vc.view)
/Applications/Xcode-27.0.0-Release.Candidate.app/Contents/Developer/Platforms/WatchOS.platform/Developer/SDKs/WatchOS27.0.sdk/System/Library/Frameworks/UIKit.framework/Headers/UIViewController.h:104:12: note: 'UIViewController' has been explicitly marked unavailable here
102 |
103 | UIKIT_EXTERN API_AVAILABLE(ios(2.0)) API_UNAVAILABLE(watchos) NS_SWIFT_UI_ACTOR
104 | @interface UIViewController : UIResponder <NSCoding, UIAppearanceContainer, UITraitEnvironment, UIContentContainer, UIFocusEnvironment>
    |            `- note: 'UIViewController' has been explicitly marked unavailable here
105 |
106 | /*
/Users/admin/builder/spi-builder-workspace/Sources/HSSwiftUI/ViewController+SwiftUI.swift:59:72: error: 'UIViewController' is unavailable in watchOS
57 |     /// This reference is useful for dismissal / presentation / etc
58 |     /// be careful not to strongly retain the viewcontroller reference!
59 |     convenience init<Content: View>(@ViewBuilder _ builder: @MainActor(UIViewController) -> Content) {
   |                                                                        `- error: 'UIViewController' is unavailable in watchOS
60 |         self.init(nibName: nil, bundle: nil)
61 |         let swiftUIView = builder(self)
/Applications/Xcode-27.0.0-Release.Candidate.app/Contents/Developer/Platforms/WatchOS.platform/Developer/SDKs/WatchOS27.0.sdk/System/Library/Frameworks/UIKit.framework/Headers/UIViewController.h:104:12: note: 'UIViewController' has been explicitly marked unavailable here
102 |
103 | UIKIT_EXTERN API_AVAILABLE(ios(2.0)) API_UNAVAILABLE(watchos) NS_SWIFT_UI_ACTOR
104 | @interface UIViewController : UIResponder <NSCoding, UIAppearanceContainer, UITraitEnvironment, UIContentContainer, UIFocusEnvironment>
    |            `- note: 'UIViewController' has been explicitly marked unavailable here
105 |
106 | /*
/Users/admin/builder/spi-builder-workspace/Sources/HSSwiftUI/ViewController+SwiftUI.swift:14:18: error: 'UIViewController' is unavailable in watchOS
12 | import UIKit
13 |
14 | public extension UIViewController {
   |                  `- error: 'UIViewController' is unavailable in watchOS
15 |
16 |     @discardableResult
/Applications/Xcode-27.0.0-Release.Candidate.app/Contents/Developer/Platforms/WatchOS.platform/Developer/SDKs/WatchOS27.0.sdk/System/Library/Frameworks/UIKit.framework/Headers/UIViewController.h:104:12: note: 'UIViewController' has been explicitly marked unavailable here
102 |
103 | UIKIT_EXTERN API_AVAILABLE(ios(2.0)) API_UNAVAILABLE(watchos) NS_SWIFT_UI_ACTOR
104 | @interface UIViewController : UIResponder <NSCoding, UIAppearanceContainer, UITraitEnvironment, UIContentContainer, UIFocusEnvironment>
    |            `- note: 'UIViewController' has been explicitly marked unavailable here
105 |
106 | /*
/Users/admin/builder/spi-builder-workspace/Sources/HSSwiftUI/ViewController+SwiftUI.swift:24:23: error: cannot find 'UIHostingController' in scope
22 |     func insert<Content: View>(swiftUIView rootView: Content,
23 |                          inUIView container: UIView) -> UIHostingController<Content> {
24 |         let childVC = UIHostingController(rootView: rootView)
   |                       `- error: cannot find 'UIHostingController' in scope
25 |
26 |         self.addChild(childVC)
/Users/admin/builder/spi-builder-workspace/Sources/HSSwiftUI/ViewController+SwiftUI.swift:50:18: error: 'UIViewController' is unavailable in watchOS
48 |     @available(*, deprecated, message: "use the init with ViewBuilder methods instead")
49 |     static func with<Content: View>(swiftUIView: Content) -> UIViewController {
50 |         let vc = UIViewController.init(nibName: nil, bundle: nil)
   |                  `- error: 'UIViewController' is unavailable in watchOS
51 |         vc.insert(swiftUIView: swiftUIView, inUIView: vc.view)
52 |         return vc
/Applications/Xcode-27.0.0-Release.Candidate.app/Contents/Developer/Platforms/WatchOS.platform/Developer/SDKs/WatchOS27.0.sdk/System/Library/Frameworks/UIKit.framework/Headers/UIViewController.h:104:12: note: 'UIViewController' has been explicitly marked unavailable here
102 |
103 | UIKIT_EXTERN API_AVAILABLE(ios(2.0)) API_UNAVAILABLE(watchos) NS_SWIFT_UI_ACTOR
104 | @interface UIViewController : UIResponder <NSCoding, UIAppearanceContainer, UITraitEnvironment, UIContentContainer, UIFocusEnvironment>
    |            `- note: 'UIViewController' has been explicitly marked unavailable here
105 |
106 | /*
/Users/admin/builder/spi-builder-workspace/Sources/HSSwiftUI/ViewController+SwiftUI.swift:51:12: error: failed to produce diagnostic for expression; please submit a bug report (https://swift.org/contributing/#reporting-bugs)
49 |     static func with<Content: View>(swiftUIView: Content) -> UIViewController {
50 |         let vc = UIViewController.init(nibName: nil, bundle: nil)
51 |         vc.insert(swiftUIView: swiftUIView, inUIView: vc.view)
   |            `- error: failed to produce diagnostic for expression; please submit a bug report (https://swift.org/contributing/#reporting-bugs)
52 |         return vc
53 |     }
/Users/admin/builder/spi-builder-workspace/Sources/HSSwiftUI/ViewController+SwiftUI.swift:62:14: error: failed to produce diagnostic for expression; please submit a bug report (https://swift.org/contributing/#reporting-bugs)
60 |         self.init(nibName: nil, bundle: nil)
61 |         let swiftUIView = builder(self)
62 |         self.insert(swiftUIView: swiftUIView, inUIView: self.view)
   |              `- error: failed to produce diagnostic for expression; please submit a bug report (https://swift.org/contributing/#reporting-bugs)
63 |     }
64 |
SwiftCompile normal arm64 /Users/admin/builder/spi-builder-workspace/Sources/HSSwiftUI/ViewController+SwiftUI.swift (in target 'HSSwiftUI' from project 'HSSwiftUI')
    cd /Users/admin/builder/spi-builder-workspace/.swiftpm/xcode
    builtin-SwiftPerFileCompile ViewController+SwiftUI.swift
SwiftCompile normal arm64 Compiling\ View+KeyboardVisibility.swift /Users/admin/builder/spi-builder-workspace/Sources/HSSwiftUI/View/View+KeyboardVisibility.swift (in target 'HSSwiftUI' from project 'HSSwiftUI')
/Users/admin/builder/spi-builder-workspace/Sources/HSSwiftUI/View/View+KeyboardVisibility.swift:53:37: error: 'UIResponder' is unavailable in watchOS
51 |                 NotificationCenter
52 |                     .default
53 |                     .publisher(for: UIResponder.keyboardWillShowNotification)
   |                                     `- error: 'UIResponder' is unavailable in watchOS
54 |                     .map { _ in true },
55 |                 NotificationCenter
/Applications/Xcode-27.0.0-Release.Candidate.app/Contents/Developer/Platforms/WatchOS.platform/Developer/SDKs/WatchOS27.0.sdk/System/Library/Frameworks/UIKit.framework/Headers/UIResponder.h:82:12: note: 'UIResponder' has been explicitly marked unavailable here
 80 |
 81 | UIKIT_EXTERN API_AVAILABLE(ios(2.0)) API_UNAVAILABLE(watchos) NS_SWIFT_UI_ACTOR
 82 | @interface UIResponder : NSObject <UIResponderStandardEditActions>
    |            `- note: 'UIResponder' has been explicitly marked unavailable here
 83 |
 84 | @property(nonatomic, readonly, nullable) UIResponder *nextResponder;
/Users/admin/builder/spi-builder-workspace/Sources/HSSwiftUI/View/View+KeyboardVisibility.swift:53:49: error: 'keyboardWillShowNotification' is unavailable in watchOS
51 |                 NotificationCenter
52 |                     .default
53 |                     .publisher(for: UIResponder.keyboardWillShowNotification)
   |                                                 `- error: 'keyboardWillShowNotification' is unavailable in watchOS
54 |                     .map { _ in true },
55 |                 NotificationCenter
/Applications/Xcode-27.0.0-Release.Candidate.app/Contents/Developer/Platforms/WatchOS.platform/Developer/SDKs/WatchOS27.0.sdk/System/Library/Frameworks/UIKit.framework/Headers/UIWindow.h:132:39: note: 'keyboardWillShowNotification' has been explicitly marked unavailable here
130 | // Use the various UICoordinateSpace convertRect facilities to get the frame in the desired coordinate system.
131 | // Animation key/value pairs are only available for the "will" family of notification.
132 | UIKIT_EXTERN NSNotificationName const UIKeyboardWillShowNotification API_UNAVAILABLE(tvos, watchos) NS_SWIFT_NONISOLATED;
    |                                       `- note: 'keyboardWillShowNotification' has been explicitly marked unavailable here
133 | UIKIT_EXTERN NSNotificationName const UIKeyboardDidShowNotification API_UNAVAILABLE(tvos, watchos) NS_SWIFT_NONISOLATED;
134 | UIKIT_EXTERN NSNotificationName const UIKeyboardWillHideNotification API_UNAVAILABLE(tvos, watchos) NS_SWIFT_NONISOLATED;
/Users/admin/builder/spi-builder-workspace/Sources/HSSwiftUI/View/View+KeyboardVisibility.swift:57:37: error: 'UIResponder' is unavailable in watchOS
55 |                 NotificationCenter
56 |                     .default
57 |                     .publisher(for: UIResponder.keyboardDidHideNotification)
   |                                     `- error: 'UIResponder' is unavailable in watchOS
58 |                     .map { _ in false })
59 |             .debounce(for: .seconds(0.1), scheduler: RunLoop.main)
/Applications/Xcode-27.0.0-Release.Candidate.app/Contents/Developer/Platforms/WatchOS.platform/Developer/SDKs/WatchOS27.0.sdk/System/Library/Frameworks/UIKit.framework/Headers/UIResponder.h:82:12: note: 'UIResponder' has been explicitly marked unavailable here
 80 |
 81 | UIKIT_EXTERN API_AVAILABLE(ios(2.0)) API_UNAVAILABLE(watchos) NS_SWIFT_UI_ACTOR
 82 | @interface UIResponder : NSObject <UIResponderStandardEditActions>
    |            `- note: 'UIResponder' has been explicitly marked unavailable here
 83 |
 84 | @property(nonatomic, readonly, nullable) UIResponder *nextResponder;
SwiftCompile normal arm64 /Users/admin/builder/spi-builder-workspace/Sources/HSSwiftUI/View/View+KeyboardVisibility.swift (in target 'HSSwiftUI' from project 'HSSwiftUI')
    cd /Users/admin/builder/spi-builder-workspace/.swiftpm/xcode
    builtin-SwiftPerFileCompile View+KeyboardVisibility.swift
SwiftCompile normal arm64 Compiling\ Color-OSX+HS.swift,\ Color-iOS+HS.swift /Users/admin/builder/spi-builder-workspace/Sources/HSSwiftUI/Color-OSX+HS.swift /Users/admin/builder/spi-builder-workspace/Sources/HSSwiftUI/Color-iOS+HS.swift (in target 'HSSwiftUI' from project 'HSSwiftUI')
/Users/admin/builder/spi-builder-workspace/Sources/HSSwiftUI/Color-iOS+HS.swift:24:50: error: 'systemGray' is unavailable in watchOS
 22 | public extension Color {
 23 |
 24 |     static var systemGray: Color { Color(UIColor.systemGray) }
    |                                                  `- error: 'systemGray' is unavailable in watchOS
 25 |
 26 |     /* The numbered variations, systemGray2 through systemGray6, are grays which increasingly
/Applications/Xcode-27.0.0-Release.Candidate.app/Contents/Developer/Platforms/WatchOS.platform/Developer/SDKs/WatchOS27.0.sdk/System/Library/Frameworks/UIKit.framework/Headers/UIInterface.h:136:49: note: 'systemGray' has been explicitly marked unavailable here
134 | /* Shades of gray. systemGray is the base gray color.
135 |  */
136 | @property (class, nonatomic, readonly) UIColor *systemGrayColor         API_AVAILABLE(ios(7.0), tvos(9.0)) API_UNAVAILABLE(watchos);
    |                                                 `- note: 'systemGray' has been explicitly marked unavailable here
137 |
138 | /* The numbered variations, systemGray2 through systemGray6, are grays which increasingly
/Users/admin/builder/spi-builder-workspace/Sources/HSSwiftUI/Color-iOS+HS.swift:36:51: error: 'systemGray2' is unavailable in watchOS
 34 |     @available(iOS 13.0, *)
 35 |     @available(tvOS, unavailable)
 36 |     static var systemGray2: Color { Color(UIColor.systemGray2) }
    |                                                   `- error: 'systemGray2' is unavailable in watchOS
 37 |
 38 |     @available(iOS 13.0, *)
/Applications/Xcode-27.0.0-Release.Candidate.app/Contents/Developer/Platforms/WatchOS.platform/Developer/SDKs/WatchOS27.0.sdk/System/Library/Frameworks/UIKit.framework/Headers/UIInterface.h:146:49: note: 'systemGray2' has been explicitly marked unavailable here
144 |  *                               systemGray3 is darker than that, and so on.
145 |  */
146 | @property (class, nonatomic, readonly) UIColor *systemGray2Color        API_AVAILABLE(ios(13.0)) API_UNAVAILABLE(tvos, watchos);
    |                                                 `- note: 'systemGray2' has been explicitly marked unavailable here
147 | @property (class, nonatomic, readonly) UIColor *systemGray3Color        API_AVAILABLE(ios(13.0)) API_UNAVAILABLE(tvos, watchos);
148 | @property (class, nonatomic, readonly) UIColor *systemGray4Color        API_AVAILABLE(ios(13.0)) API_UNAVAILABLE(tvos, watchos);
/Users/admin/builder/spi-builder-workspace/Sources/HSSwiftUI/Color-iOS+HS.swift:40:51: error: 'systemGray3' is unavailable in watchOS
 38 |     @available(iOS 13.0, *)
 39 |     @available(tvOS, unavailable)
 40 |     static var systemGray3: Color { Color(UIColor.systemGray3) }
    |                                                   `- error: 'systemGray3' is unavailable in watchOS
 41 |
 42 |     @available(iOS 13.0, *)
/Applications/Xcode-27.0.0-Release.Candidate.app/Contents/Developer/Platforms/WatchOS.platform/Developer/SDKs/WatchOS27.0.sdk/System/Library/Frameworks/UIKit.framework/Headers/UIInterface.h:147:49: note: 'systemGray3' has been explicitly marked unavailable here
145 |  */
146 | @property (class, nonatomic, readonly) UIColor *systemGray2Color        API_AVAILABLE(ios(13.0)) API_UNAVAILABLE(tvos, watchos);
147 | @property (class, nonatomic, readonly) UIColor *systemGray3Color        API_AVAILABLE(ios(13.0)) API_UNAVAILABLE(tvos, watchos);
    |                                                 `- note: 'systemGray3' has been explicitly marked unavailable here
148 | @property (class, nonatomic, readonly) UIColor *systemGray4Color        API_AVAILABLE(ios(13.0)) API_UNAVAILABLE(tvos, watchos);
149 | @property (class, nonatomic, readonly) UIColor *systemGray5Color        API_AVAILABLE(ios(13.0)) API_UNAVAILABLE(tvos, watchos);
/Users/admin/builder/spi-builder-workspace/Sources/HSSwiftUI/Color-iOS+HS.swift:44:51: error: 'systemGray4' is unavailable in watchOS
 42 |     @available(iOS 13.0, *)
 43 |     @available(tvOS, unavailable)
 44 |     static var systemGray4: Color { Color(UIColor.systemGray4) }
    |                                                   `- error: 'systemGray4' is unavailable in watchOS
 45 |
 46 |     @available(iOS 13.0, *)
/Applications/Xcode-27.0.0-Release.Candidate.app/Contents/Developer/Platforms/WatchOS.platform/Developer/SDKs/WatchOS27.0.sdk/System/Library/Frameworks/UIKit.framework/Headers/UIInterface.h:148:49: note: 'systemGray4' has been explicitly marked unavailable here
146 | @property (class, nonatomic, readonly) UIColor *systemGray2Color        API_AVAILABLE(ios(13.0)) API_UNAVAILABLE(tvos, watchos);
147 | @property (class, nonatomic, readonly) UIColor *systemGray3Color        API_AVAILABLE(ios(13.0)) API_UNAVAILABLE(tvos, watchos);
148 | @property (class, nonatomic, readonly) UIColor *systemGray4Color        API_AVAILABLE(ios(13.0)) API_UNAVAILABLE(tvos, watchos);
    |                                                 `- note: 'systemGray4' has been explicitly marked unavailable here
149 | @property (class, nonatomic, readonly) UIColor *systemGray5Color        API_AVAILABLE(ios(13.0)) API_UNAVAILABLE(tvos, watchos);
150 | @property (class, nonatomic, readonly) UIColor *systemGray6Color        API_AVAILABLE(ios(13.0)) API_UNAVAILABLE(tvos, watchos);
/Users/admin/builder/spi-builder-workspace/Sources/HSSwiftUI/Color-iOS+HS.swift:48:51: error: 'systemGray5' is unavailable in watchOS
 46 |     @available(iOS 13.0, *)
 47 |     @available(tvOS, unavailable)
 48 |     static var systemGray5: Color { Color(UIColor.systemGray5) }
    |                                                   `- error: 'systemGray5' is unavailable in watchOS
 49 |
 50 |     @available(iOS 13.0, *)
/Applications/Xcode-27.0.0-Release.Candidate.app/Contents/Developer/Platforms/WatchOS.platform/Developer/SDKs/WatchOS27.0.sdk/System/Library/Frameworks/UIKit.framework/Headers/UIInterface.h:149:49: note: 'systemGray5' has been explicitly marked unavailable here
147 | @property (class, nonatomic, readonly) UIColor *systemGray3Color        API_AVAILABLE(ios(13.0)) API_UNAVAILABLE(tvos, watchos);
148 | @property (class, nonatomic, readonly) UIColor *systemGray4Color        API_AVAILABLE(ios(13.0)) API_UNAVAILABLE(tvos, watchos);
149 | @property (class, nonatomic, readonly) UIColor *systemGray5Color        API_AVAILABLE(ios(13.0)) API_UNAVAILABLE(tvos, watchos);
    |                                                 `- note: 'systemGray5' has been explicitly marked unavailable here
150 | @property (class, nonatomic, readonly) UIColor *systemGray6Color        API_AVAILABLE(ios(13.0)) API_UNAVAILABLE(tvos, watchos);
151 |
/Users/admin/builder/spi-builder-workspace/Sources/HSSwiftUI/Color-iOS+HS.swift:52:51: error: 'systemGray6' is unavailable in watchOS
 50 |     @available(iOS 13.0, *)
 51 |     @available(tvOS, unavailable)
 52 |     static var systemGray6: Color { Color(UIColor.systemGray6) }
    |                                                   `- error: 'systemGray6' is unavailable in watchOS
 53 |
 54 |     /* Foreground colors for static text and related elements.
/Applications/Xcode-27.0.0-Release.Candidate.app/Contents/Developer/Platforms/WatchOS.platform/Developer/SDKs/WatchOS27.0.sdk/System/Library/Frameworks/UIKit.framework/Headers/UIInterface.h:150:49: note: 'systemGray6' has been explicitly marked unavailable here
148 | @property (class, nonatomic, readonly) UIColor *systemGray4Color        API_AVAILABLE(ios(13.0)) API_UNAVAILABLE(tvos, watchos);
149 | @property (class, nonatomic, readonly) UIColor *systemGray5Color        API_AVAILABLE(ios(13.0)) API_UNAVAILABLE(tvos, watchos);
150 | @property (class, nonatomic, readonly) UIColor *systemGray6Color        API_AVAILABLE(ios(13.0)) API_UNAVAILABLE(tvos, watchos);
    |                                                 `- note: 'systemGray6' has been explicitly marked unavailable here
151 |
152 | #pragma mark Tint color
/Users/admin/builder/spi-builder-workspace/Sources/HSSwiftUI/Color-iOS+HS.swift:57:45: error: 'label' is unavailable in watchOS
 55 |      */
 56 |     @available(iOS 13.0, *)
 57 |     static var label: Color { Color(UIColor.label) }
    |                                             `- error: 'label' is unavailable in watchOS
 58 |
 59 |     @available(iOS 13.0, *)
/Applications/Xcode-27.0.0-Release.Candidate.app/Contents/Developer/Platforms/WatchOS.platform/Developer/SDKs/WatchOS27.0.sdk/System/Library/Frameworks/UIKit.framework/Headers/UIInterface.h:171:49: note: 'label' has been explicitly marked unavailable here
169 | /* Foreground colors for static text and related elements.
170 |  */
171 | @property (class, nonatomic, readonly) UIColor *labelColor              API_AVAILABLE(ios(13.0), tvos(13.0)) API_UNAVAILABLE(watchos);
    |                                                 `- note: 'label' has been explicitly marked unavailable here
172 | @property (class, nonatomic, readonly) UIColor *secondaryLabelColor     API_AVAILABLE(ios(13.0), tvos(13.0)) API_UNAVAILABLE(watchos);
173 | @property (class, nonatomic, readonly) UIColor *tertiaryLabelColor      API_AVAILABLE(ios(13.0), tvos(13.0)) API_UNAVAILABLE(watchos);
/Users/admin/builder/spi-builder-workspace/Sources/HSSwiftUI/Color-iOS+HS.swift:60:54: error: 'secondaryLabel' is unavailable in watchOS
 58 |
 59 |     @available(iOS 13.0, *)
 60 |     static var secondaryLabel: Color { Color(UIColor.secondaryLabel) }
    |                                                      `- error: 'secondaryLabel' is unavailable in watchOS
 61 |
 62 |     @available(iOS 13.0, *)
/Applications/Xcode-27.0.0-Release.Candidate.app/Contents/Developer/Platforms/WatchOS.platform/Developer/SDKs/WatchOS27.0.sdk/System/Library/Frameworks/UIKit.framework/Headers/UIInterface.h:172:49: note: 'secondaryLabel' has been explicitly marked unavailable here
170 |  */
171 | @property (class, nonatomic, readonly) UIColor *labelColor              API_AVAILABLE(ios(13.0), tvos(13.0)) API_UNAVAILABLE(watchos);
172 | @property (class, nonatomic, readonly) UIColor *secondaryLabelColor     API_AVAILABLE(ios(13.0), tvos(13.0)) API_UNAVAILABLE(watchos);
    |                                                 `- note: 'secondaryLabel' has been explicitly marked unavailable here
173 | @property (class, nonatomic, readonly) UIColor *tertiaryLabelColor      API_AVAILABLE(ios(13.0), tvos(13.0)) API_UNAVAILABLE(watchos);
174 | @property (class, nonatomic, readonly) UIColor *quaternaryLabelColor    API_AVAILABLE(ios(13.0), tvos(13.0)) API_UNAVAILABLE(watchos);
/Users/admin/builder/spi-builder-workspace/Sources/HSSwiftUI/Color-iOS+HS.swift:63:53: error: 'tertiaryLabel' is unavailable in watchOS
 61 |
 62 |     @available(iOS 13.0, *)
 63 |     static var tertiaryLabel: Color { Color(UIColor.tertiaryLabel) }
    |                                                     `- error: 'tertiaryLabel' is unavailable in watchOS
 64 |
 65 |     @available(iOS 13.0, *)
/Applications/Xcode-27.0.0-Release.Candidate.app/Contents/Developer/Platforms/WatchOS.platform/Developer/SDKs/WatchOS27.0.sdk/System/Library/Frameworks/UIKit.framework/Headers/UIInterface.h:173:49: note: 'tertiaryLabel' has been explicitly marked unavailable here
171 | @property (class, nonatomic, readonly) UIColor *labelColor              API_AVAILABLE(ios(13.0), tvos(13.0)) API_UNAVAILABLE(watchos);
172 | @property (class, nonatomic, readonly) UIColor *secondaryLabelColor     API_AVAILABLE(ios(13.0), tvos(13.0)) API_UNAVAILABLE(watchos);
173 | @property (class, nonatomic, readonly) UIColor *tertiaryLabelColor      API_AVAILABLE(ios(13.0), tvos(13.0)) API_UNAVAILABLE(watchos);
    |                                                 `- note: 'tertiaryLabel' has been explicitly marked unavailable here
174 | @property (class, nonatomic, readonly) UIColor *quaternaryLabelColor    API_AVAILABLE(ios(13.0), tvos(13.0)) API_UNAVAILABLE(watchos);
175 |
/Users/admin/builder/spi-builder-workspace/Sources/HSSwiftUI/Color-iOS+HS.swift:66:55: error: 'quaternaryLabel' is unavailable in watchOS
 64 |
 65 |     @available(iOS 13.0, *)
 66 |     static var quaternaryLabel: Color { Color(UIColor.quaternaryLabel) }
    |                                                       `- error: 'quaternaryLabel' is unavailable in watchOS
 67 |
 68 |     /* Foreground color for standard system links.
/Applications/Xcode-27.0.0-Release.Candidate.app/Contents/Developer/Platforms/WatchOS.platform/Developer/SDKs/WatchOS27.0.sdk/System/Library/Frameworks/UIKit.framework/Headers/UIInterface.h:174:49: note: 'quaternaryLabel' has been explicitly marked unavailable here
172 | @property (class, nonatomic, readonly) UIColor *secondaryLabelColor     API_AVAILABLE(ios(13.0), tvos(13.0)) API_UNAVAILABLE(watchos);
173 | @property (class, nonatomic, readonly) UIColor *tertiaryLabelColor      API_AVAILABLE(ios(13.0), tvos(13.0)) API_UNAVAILABLE(watchos);
174 | @property (class, nonatomic, readonly) UIColor *quaternaryLabelColor    API_AVAILABLE(ios(13.0), tvos(13.0)) API_UNAVAILABLE(watchos);
    |                                                 `- note: 'quaternaryLabel' has been explicitly marked unavailable here
175 |
176 | /* Foreground color for standard system links.
/Users/admin/builder/spi-builder-workspace/Sources/HSSwiftUI/Color-iOS+HS.swift:71:44: error: 'link' is unavailable in watchOS
 69 |      */
 70 |     @available(iOS 13.0, *)
 71 |     static var link: Color { Color(UIColor.link) }
    |                                            `- error: 'link' is unavailable in watchOS
 72 |
 73 |     /* Foreground color for placeholder text in controls or text fields or text views.
/Applications/Xcode-27.0.0-Release.Candidate.app/Contents/Developer/Platforms/WatchOS.platform/Developer/SDKs/WatchOS27.0.sdk/System/Library/Frameworks/UIKit.framework/Headers/UIInterface.h:178:49: note: 'link' has been explicitly marked unavailable here
176 | /* Foreground color for standard system links.
177 |  */
178 | @property (class, nonatomic, readonly) UIColor *linkColor               API_AVAILABLE(ios(13.0), tvos(13.0)) API_UNAVAILABLE(watchos);
    |                                                 `- note: 'link' has been explicitly marked unavailable here
179 |
180 | /* Foreground color for placeholder text in controls or text fields or text views.
/Users/admin/builder/spi-builder-workspace/Sources/HSSwiftUI/Color-iOS+HS.swift:76:55: error: 'placeholderText' is unavailable in watchOS
 74 |      */
 75 |     @available(iOS 13.0, *)
 76 |     static var placeholderText: Color { Color(UIColor.placeholderText) }
    |                                                       `- error: 'placeholderText' is unavailable in watchOS
 77 |
 78 |     /* Foreground colors for separators (thin border or divider lines).
/Applications/Xcode-27.0.0-Release.Candidate.app/Contents/Developer/Platforms/WatchOS.platform/Developer/SDKs/WatchOS27.0.sdk/System/Library/Frameworks/UIKit.framework/Headers/UIInterface.h:182:49: note: 'placeholderText' has been explicitly marked unavailable here
180 | /* Foreground color for placeholder text in controls or text fields or text views.
181 |  */
182 | @property (class, nonatomic, readonly) UIColor *placeholderTextColor    API_AVAILABLE(ios(13.0), tvos(13.0)) API_UNAVAILABLE(watchos);
    |                                                 `- note: 'placeholderText' has been explicitly marked unavailable here
183 |
184 | /* Foreground colors for separators (thin border or divider lines).
/Users/admin/builder/spi-builder-workspace/Sources/HSSwiftUI/Color-iOS+HS.swift:84:49: error: 'separator' is unavailable in watchOS
 82 |      */
 83 |     @available(iOS 13.0, *)
 84 |     static var separator: Color { Color(UIColor.separator) }
    |                                                 `- error: 'separator' is unavailable in watchOS
 85 |
 86 |     @available(iOS 13.0, *)
/Applications/Xcode-27.0.0-Release.Candidate.app/Contents/Developer/Platforms/WatchOS.platform/Developer/SDKs/WatchOS27.0.sdk/System/Library/Frameworks/UIKit.framework/Headers/UIInterface.h:189:49: note: 'separator' has been explicitly marked unavailable here
187 |  * completely cover anything behind it. Depending on the situation, you may need one or the other.
188 |  */
189 | @property (class, nonatomic, readonly) UIColor *separatorColor          API_AVAILABLE(ios(13.0), tvos(13.0)) API_UNAVAILABLE(watchos);
    |                                                 `- note: 'separator' has been explicitly marked unavailable here
190 | @property (class, nonatomic, readonly) UIColor *opaqueSeparatorColor    API_AVAILABLE(ios(13.0), tvos(13.0)) API_UNAVAILABLE(watchos);
191 |
/Users/admin/builder/spi-builder-workspace/Sources/HSSwiftUI/Color-iOS+HS.swift:87:55: error: 'opaqueSeparator' is unavailable in watchOS
 85 |
 86 |     @available(iOS 13.0, *)
 87 |     static var opaqueSeparator: Color { Color(UIColor.opaqueSeparator) }
    |                                                       `- error: 'opaqueSeparator' is unavailable in watchOS
 88 |
 89 |     /* We provide two design systems (also known as "stacks") for structuring an iOS app's backgrounds.
/Applications/Xcode-27.0.0-Release.Candidate.app/Contents/Developer/Platforms/WatchOS.platform/Developer/SDKs/WatchOS27.0.sdk/System/Library/Frameworks/UIKit.framework/Headers/UIInterface.h:190:49: note: 'opaqueSeparator' has been explicitly marked unavailable here
188 |  */
189 | @property (class, nonatomic, readonly) UIColor *separatorColor          API_AVAILABLE(ios(13.0), tvos(13.0)) API_UNAVAILABLE(watchos);
190 | @property (class, nonatomic, readonly) UIColor *opaqueSeparatorColor    API_AVAILABLE(ios(13.0), tvos(13.0)) API_UNAVAILABLE(watchos);
    |                                                 `- note: 'opaqueSeparator' has been explicitly marked unavailable here
191 |
192 | #pragma mark Background colors
/Users/admin/builder/spi-builder-workspace/Sources/HSSwiftUI/Color-iOS+HS.swift:105:56: error: 'systemBackground' is unavailable in watchOS
103 |     @available(iOS 13.0, *)
104 |     @available(tvOS, unavailable)
105 |     static var systemBackground: Color { Color(UIColor.systemBackground) }
    |                                                        `- error: 'systemBackground' is unavailable in watchOS
106 |
107 |     @available(iOS 13.0, *)
/Applications/Xcode-27.0.0-Release.Candidate.app/Contents/Developer/Platforms/WatchOS.platform/Developer/SDKs/WatchOS27.0.sdk/System/Library/Frameworks/UIKit.framework/Headers/UIInterface.h:208:49: note: 'systemBackground' has been explicitly marked unavailable here
206 |  *    primary background in light mode.
207 |  */
208 | @property (class, nonatomic, readonly) UIColor *systemBackgroundColor                   API_AVAILABLE(ios(13.0)) API_UNAVAILABLE(tvos, watchos);
    |                                                 `- note: 'systemBackground' has been explicitly marked unavailable here
209 | @property (class, nonatomic, readonly) UIColor *secondarySystemBackgroundColor          API_AVAILABLE(ios(13.0)) API_UNAVAILABLE(tvos, watchos);
210 | @property (class, nonatomic, readonly) UIColor *tertiarySystemBackgroundColor           API_AVAILABLE(ios(13.0)) API_UNAVAILABLE(tvos, watchos);
/Users/admin/builder/spi-builder-workspace/Sources/HSSwiftUI/Color-iOS+HS.swift:109:65: error: 'secondarySystemBackground' is unavailable in watchOS
107 |     @available(iOS 13.0, *)
108 |     @available(tvOS, unavailable)
109 |     static var secondarySystemBackground: Color { Color(UIColor.secondarySystemBackground) }
    |                                                                 `- error: 'secondarySystemBackground' is unavailable in watchOS
110 |
111 |     @available(iOS 13.0, *)
/Applications/Xcode-27.0.0-Release.Candidate.app/Contents/Developer/Platforms/WatchOS.platform/Developer/SDKs/WatchOS27.0.sdk/System/Library/Frameworks/UIKit.framework/Headers/UIInterface.h:209:49: note: 'secondarySystemBackground' has been explicitly marked unavailable here
207 |  */
208 | @property (class, nonatomic, readonly) UIColor *systemBackgroundColor                   API_AVAILABLE(ios(13.0)) API_UNAVAILABLE(tvos, watchos);
209 | @property (class, nonatomic, readonly) UIColor *secondarySystemBackgroundColor          API_AVAILABLE(ios(13.0)) API_UNAVAILABLE(tvos, watchos);
    |                                                 `- note: 'secondarySystemBackground' has been explicitly marked unavailable here
210 | @property (class, nonatomic, readonly) UIColor *tertiarySystemBackgroundColor           API_AVAILABLE(ios(13.0)) API_UNAVAILABLE(tvos, watchos);
211 |
/Users/admin/builder/spi-builder-workspace/Sources/HSSwiftUI/Color-iOS+HS.swift:113:64: error: 'tertiarySystemBackground' is unavailable in watchOS
111 |     @available(iOS 13.0, *)
112 |     @available(tvOS, unavailable)
113 |     static var tertiarySystemBackground: Color { Color(UIColor.tertiarySystemBackground) }
    |                                                                `- error: 'tertiarySystemBackground' is unavailable in watchOS
114 |
115 |     /* 2. systemGroupedBackground
/Applications/Xcode-27.0.0-Release.Candidate.app/Contents/Developer/Platforms/WatchOS.platform/Developer/SDKs/WatchOS27.0.sdk/System/Library/Frameworks/UIKit.framework/Headers/UIInterface.h:210:49: note: 'tertiarySystemBackground' has been explicitly marked unavailable here
208 | @property (class, nonatomic, readonly) UIColor *systemBackgroundColor                   API_AVAILABLE(ios(13.0)) API_UNAVAILABLE(tvos, watchos);
209 | @property (class, nonatomic, readonly) UIColor *secondarySystemBackgroundColor          API_AVAILABLE(ios(13.0)) API_UNAVAILABLE(tvos, watchos);
210 | @property (class, nonatomic, readonly) UIColor *tertiarySystemBackgroundColor           API_AVAILABLE(ios(13.0)) API_UNAVAILABLE(tvos, watchos);
    |                                                 `- note: 'tertiarySystemBackground' has been explicitly marked unavailable here
211 |
212 | /* 2. systemGroupedBackground
/Users/admin/builder/spi-builder-workspace/Sources/HSSwiftUI/Color-iOS+HS.swift:122:63: error: 'systemGroupedBackground' is unavailable in watchOS
120 |     @available(iOS 13.0, *)
121 |     @available(tvOS, unavailable)
122 |     static var systemGroupedBackground: Color { Color(UIColor.systemGroupedBackground) }
    |                                                               `- error: 'systemGroupedBackground' is unavailable in watchOS
123 |
124 |     @available(iOS 13.0, *)
/Applications/Xcode-27.0.0-Release.Candidate.app/Contents/Developer/Platforms/WatchOS.platform/Developer/SDKs/WatchOS27.0.sdk/System/Library/Frameworks/UIKit.framework/Headers/UIInterface.h:217:49: note: 'systemGroupedBackground' has been explicitly marked unavailable here
215 |  *    colors in places where a table view wouldn't make sense.
216 |  */
217 | @property (class, nonatomic, readonly) UIColor *systemGroupedBackgroundColor            API_AVAILABLE(ios(13.0)) API_UNAVAILABLE(tvos, watchos);
    |                                                 `- note: 'systemGroupedBackground' has been explicitly marked unavailable here
218 | @property (class, nonatomic, readonly) UIColor *secondarySystemGroupedBackgroundColor   API_AVAILABLE(ios(13.0)) API_UNAVAILABLE(tvos, watchos);
219 | @property (class, nonatomic, readonly) UIColor *tertiarySystemGroupedBackgroundColor    API_AVAILABLE(ios(13.0)) API_UNAVAILABLE(tvos, watchos);
/Users/admin/builder/spi-builder-workspace/Sources/HSSwiftUI/Color-iOS+HS.swift:126:72: error: 'secondarySystemGroupedBackground' is unavailable in watchOS
124 |     @available(iOS 13.0, *)
125 |     @available(tvOS, unavailable)
126 |     static var secondarySystemGroupedBackground: Color { Color(UIColor.secondarySystemGroupedBackground) }
    |                                                                        `- error: 'secondarySystemGroupedBackground' is unavailable in watchOS
127 |
128 |     @available(iOS 13.0, *)
/Applications/Xcode-27.0.0-Release.Candidate.app/Contents/Developer/Platforms/WatchOS.platform/Developer/SDKs/WatchOS27.0.sdk/System/Library/Frameworks/UIKit.framework/Headers/UIInterface.h:218:49: note: 'secondarySystemGroupedBackground' has been explicitly marked unavailable here
216 |  */
217 | @property (class, nonatomic, readonly) UIColor *systemGroupedBackgroundColor            API_AVAILABLE(ios(13.0)) API_UNAVAILABLE(tvos, watchos);
218 | @property (class, nonatomic, readonly) UIColor *secondarySystemGroupedBackgroundColor   API_AVAILABLE(ios(13.0)) API_UNAVAILABLE(tvos, watchos);
    |                                                 `- note: 'secondarySystemGroupedBackground' has been explicitly marked unavailable here
219 | @property (class, nonatomic, readonly) UIColor *tertiarySystemGroupedBackgroundColor    API_AVAILABLE(ios(13.0)) API_UNAVAILABLE(tvos, watchos);
220 |
/Users/admin/builder/spi-builder-workspace/Sources/HSSwiftUI/Color-iOS+HS.swift:130:71: error: 'tertiarySystemGroupedBackground' is unavailable in watchOS
128 |     @available(iOS 13.0, *)
129 |     @available(tvOS, unavailable)
130 |     static var tertiarySystemGroupedBackground: Color { Color(UIColor.tertiarySystemGroupedBackground) }
    |                                                                       `- error: 'tertiarySystemGroupedBackground' is unavailable in watchOS
131 |
132 |     /* Fill colors for UI elements.
/Applications/Xcode-27.0.0-Release.Candidate.app/Contents/Developer/Platforms/WatchOS.platform/Developer/SDKs/WatchOS27.0.sdk/System/Library/Frameworks/UIKit.framework/Headers/UIInterface.h:219:49: note: 'tertiarySystemGroupedBackground' has been explicitly marked unavailable here
217 | @property (class, nonatomic, readonly) UIColor *systemGroupedBackgroundColor            API_AVAILABLE(ios(13.0)) API_UNAVAILABLE(tvos, watchos);
218 | @property (class, nonatomic, readonly) UIColor *secondarySystemGroupedBackgroundColor   API_AVAILABLE(ios(13.0)) API_UNAVAILABLE(tvos, watchos);
219 | @property (class, nonatomic, readonly) UIColor *tertiarySystemGroupedBackgroundColor    API_AVAILABLE(ios(13.0)) API_UNAVAILABLE(tvos, watchos);
    |                                                 `- note: 'tertiarySystemGroupedBackground' has been explicitly marked unavailable here
220 |
221 | #pragma mark Fill colors
SwiftCompile normal arm64 /Users/admin/builder/spi-builder-workspace/Sources/HSSwiftUI/Color-OSX+HS.swift (in target 'HSSwiftUI' from project 'HSSwiftUI')
    cd /Users/admin/builder/spi-builder-workspace/.swiftpm/xcode
    builtin-SwiftPerFileCompile Color-OSX+HS.swift
SwiftCompile normal arm64 /Users/admin/builder/spi-builder-workspace/Sources/HSSwiftUI/Color-iOS+HS.swift (in target 'HSSwiftUI' from project 'HSSwiftUI')
    cd /Users/admin/builder/spi-builder-workspace/.swiftpm/xcode
    builtin-SwiftPerFileCompile Color-iOS+HS.swift
/Users/admin/builder/spi-builder-workspace/Sources/HSSwiftUI/Color-iOS+HS.swift:140:50: error: 'systemFill' is unavailable in watchOS
138 |     @available(iOS 13.0, *)
139 |     @available(tvOS, unavailable)
140 |     static var systemFill: Color { Color(UIColor.systemFill) }
    |                                                  `- error: 'systemFill' is unavailable in watchOS
141 |
142 |     /* secondarySystemFillColor is appropriate for filling medium-size shapes.
/Applications/Xcode-27.0.0-Release.Candidate.app/Contents/Developer/Platforms/WatchOS.platform/Developer/SDKs/WatchOS27.0.sdk/System/Library/Frameworks/UIKit.framework/Headers/UIInterface.h:229:49: note: 'systemFill' has been explicitly marked unavailable here
227 |  * Example: The track of a slider.
228 |  */
229 | @property (class, nonatomic, readonly) UIColor *systemFillColor                         API_AVAILABLE(ios(13.0)) API_UNAVAILABLE(tvos, watchos);
    |                                                 `- note: 'systemFill' has been explicitly marked unavailable here
230 |
231 | /* secondarySystemFillColor is appropriate for filling medium-size shapes.
/Users/admin/builder/spi-builder-workspace/Sources/HSSwiftUI/Color-iOS+HS.swift:147:59: error: 'secondarySystemFill' is unavailable in watchOS
145 |     @available(iOS 13.0, *)
146 |     @available(tvOS, unavailable)
147 |     static var secondarySystemFill: Color { Color(UIColor.secondarySystemFill) }
    |                                                           `- error: 'secondarySystemFill' is unavailable in watchOS
148 |
149 |     /* tertiarySystemFillColor is appropriate for filling large shapes.
/Applications/Xcode-27.0.0-Release.Candidate.app/Contents/Developer/Platforms/WatchOS.platform/Developer/SDKs/WatchOS27.0.sdk/System/Library/Frameworks/UIKit.framework/Headers/UIInterface.h:234:49: note: 'secondarySystemFill' has been explicitly marked unavailable here
232 |  * Example: The background of a switch.
233 |  */
234 | @property (class, nonatomic, readonly) UIColor *secondarySystemFillColor                API_AVAILABLE(ios(13.0)) API_UNAVAILABLE(tvos, watchos);
    |                                                 `- note: 'secondarySystemFill' has been explicitly marked unavailable here
235 |
236 | /* tertiarySystemFillColor is appropriate for filling large shapes.
/Users/admin/builder/spi-builder-workspace/Sources/HSSwiftUI/Color-iOS+HS.swift:154:58: error: 'tertiarySystemFill' is unavailable in watchOS
152 |     @available(iOS 13.0, *)
153 |     @available(tvOS, unavailable)
154 |     static var tertiarySystemFill: Color { Color(UIColor.tertiarySystemFill) }
    |                                                          `- error: 'tertiarySystemFill' is unavailable in watchOS
155 |
156 |     /* quaternarySystemFillColor is appropriate for filling large areas containing complex content.
/Applications/Xcode-27.0.0-Release.Candidate.app/Contents/Developer/Platforms/WatchOS.platform/Developer/SDKs/WatchOS27.0.sdk/System/Library/Frameworks/UIKit.framework/Headers/UIInterface.h:239:49: note: 'tertiarySystemFill' has been explicitly marked unavailable here
237 |  * Examples: Input fields, search bars, buttons.
238 |  */
239 | @property (class, nonatomic, readonly) UIColor *tertiarySystemFillColor                 API_AVAILABLE(ios(13.0)) API_UNAVAILABLE(tvos, watchos);
    |                                                 `- note: 'tertiarySystemFill' has been explicitly marked unavailable here
240 |
241 | /* quaternarySystemFillColor is appropriate for filling large areas containing complex content.
SwiftEmitModule normal arm64 Emitting\ module\ for\ HSSwiftUI (in target 'HSSwiftUI' from project 'HSSwiftUI')
/Users/admin/builder/spi-builder-workspace/Sources/HSSwiftUI/HSHostingController.swift:23:33: error: cannot find type 'ViewController' in scope
21 | @available(*, deprecated, message: "Used by HSHostingController which is deprecated")
22 | public class HSHostWrapper: ObservableObject {
23 |     public weak var controller: ViewController?
   |                                 `- error: cannot find type 'ViewController' in scope
24 | }
25 |
/Users/admin/builder/spi-builder-workspace/Sources/HSSwiftUI/HSHostingController.swift:36:44: error: cannot find type 'HostingController' in scope
34 |  */
35 | @available(*, deprecated, message: "Use the UIViewController init(@ViewBuilder _ builder:...) method instead")
36 | public class HSHostingController<Content>: HostingController<ModifiedContent<Content, SwiftUI._EnvironmentKeyWritingModifier<HSHostWrapper?>>> where Content: View {
   |                                            `- error: cannot find type 'HostingController' in scope
37 |
38 |     public init(rootView: Content) {
/Users/admin/builder/spi-builder-workspace/Sources/HSSwiftUI/UIView/MultilineTextfield.swift:23:30: error: 'UITextView' is unavailable in watchOS
 21 |     private var onDone: (() -> Void)?
 22 |     private var onChange: (() -> Void)?
 23 |     private var customise: ((UITextView) -> Void)?
    |                              `- error: 'UITextView' is unavailable in watchOS
 24 |
 25 |     @Binding private var text: String
/Applications/Xcode-27.0.0-Release.Candidate.app/Contents/Developer/Platforms/WatchOS.platform/Developer/SDKs/WatchOS27.0.sdk/System/Library/Frameworks/UIKit.framework/Headers/UITextView.h:223:12: note: 'UITextView' has been explicitly marked unavailable here
221 |
222 | UIKIT_EXTERN API_AVAILABLE(ios(2.0)) API_UNAVAILABLE(watchos) NS_SWIFT_UI_ACTOR
223 | @interface UITextView : UIScrollView <UITextInput, UIContentSizeCategoryAdjusting, UILetterformAwareAdjusting, NSTextViewportLayoutControllerDelegate>
    |            `- note: 'UITextView' has been explicitly marked unavailable here
224 |
225 | @property(nullable,nonatomic,weak) id<UITextViewDelegate> delegate;
/Users/admin/builder/spi-builder-workspace/Sources/HSSwiftUI/UIView/MultilineTextfield.swift:40:31: error: 'UITextView' is unavailable in watchOS
 38 |                  onDone: (() -> Void)? = nil,
 39 |                  onChange: (() -> Void)? = nil,
 40 |                  customise: ((UITextView) -> Void)? = nil
    |                               `- error: 'UITextView' is unavailable in watchOS
 41 |     ) {
 42 |         self.placeholder = placeholder
/Applications/Xcode-27.0.0-Release.Candidate.app/Contents/Developer/Platforms/WatchOS.platform/Developer/SDKs/WatchOS27.0.sdk/System/Library/Frameworks/UIKit.framework/Headers/UITextView.h:223:12: note: 'UITextView' has been explicitly marked unavailable here
221 |
222 | UIKIT_EXTERN API_AVAILABLE(ios(2.0)) API_UNAVAILABLE(watchos) NS_SWIFT_UI_ACTOR
223 | @interface UITextView : UIScrollView <UITextInput, UIContentSizeCategoryAdjusting, UILetterformAwareAdjusting, NSTextViewportLayoutControllerDelegate>
    |            `- note: 'UITextView' has been explicitly marked unavailable here
224 |
225 | @property(nullable,nonatomic,weak) id<UITextViewDelegate> delegate;
/Users/admin/builder/spi-builder-workspace/Sources/HSSwiftUI/UIView/MultilineTextfield.swift:73:28: error: 'UITextView' is unavailable in watchOS
 71 |
 72 | private struct UITextViewWrapper: UIViewRepresentable {
 73 |     typealias UIViewType = UITextView
    |                            `- error: 'UITextView' is unavailable in watchOS
 74 |
 75 |     @Binding var text: String
/Applications/Xcode-27.0.0-Release.Candidate.app/Contents/Developer/Platforms/WatchOS.platform/Developer/SDKs/WatchOS27.0.sdk/System/Library/Frameworks/UIKit.framework/Headers/UITextView.h:223:12: note: 'UITextView' has been explicitly marked unavailable here
221 |
222 | UIKIT_EXTERN API_AVAILABLE(ios(2.0)) API_UNAVAILABLE(watchos) NS_SWIFT_UI_ACTOR
223 | @interface UITextView : UIScrollView <UITextInput, UIContentSizeCategoryAdjusting, UILetterformAwareAdjusting, NSTextViewportLayoutControllerDelegate>
    |            `- note: 'UITextView' has been explicitly marked unavailable here
224 |
225 | @property(nullable,nonatomic,weak) id<UITextViewDelegate> delegate;
/Users/admin/builder/spi-builder-workspace/Sources/HSSwiftUI/UIView/MultilineTextfield.swift:79:22: error: 'UITextView' is unavailable in watchOS
 77 |     var onDone: (() -> Void)?
 78 |     var onChange: (() -> Void)?
 79 |     var customise: ((UITextView) -> Void)?
    |                      `- error: 'UITextView' is unavailable in watchOS
 80 |
 81 |     func makeUIView(context: UIViewRepresentableContext<UITextViewWrapper>) -> UITextView {
/Applications/Xcode-27.0.0-Release.Candidate.app/Contents/Developer/Platforms/WatchOS.platform/Developer/SDKs/WatchOS27.0.sdk/System/Library/Frameworks/UIKit.framework/Headers/UITextView.h:223:12: note: 'UITextView' has been explicitly marked unavailable here
221 |
222 | UIKIT_EXTERN API_AVAILABLE(ios(2.0)) API_UNAVAILABLE(watchos) NS_SWIFT_UI_ACTOR
223 | @interface UITextView : UIScrollView <UITextInput, UIContentSizeCategoryAdjusting, UILetterformAwareAdjusting, NSTextViewportLayoutControllerDelegate>
    |            `- note: 'UITextView' has been explicitly marked unavailable here
224 |
225 | @property(nullable,nonatomic,weak) id<UITextViewDelegate> delegate;
/Users/admin/builder/spi-builder-workspace/Sources/HSSwiftUI/UIView/MultilineTextfield.swift:81:30: error: cannot find type 'UIViewRepresentableContext' in scope
 79 |     var customise: ((UITextView) -> Void)?
 80 |
 81 |     func makeUIView(context: UIViewRepresentableContext<UITextViewWrapper>) -> UITextView {
    |                              `- error: cannot find type 'UIViewRepresentableContext' in scope
 82 |         let textField = UITextView()
 83 |         textField.delegate = context.coordinator
/Users/admin/builder/spi-builder-workspace/Sources/HSSwiftUI/UIView/MultilineTextfield.swift:81:80: error: 'UITextView' is unavailable in watchOS
 79 |     var customise: ((UITextView) -> Void)?
 80 |
 81 |     func makeUIView(context: UIViewRepresentableContext<UITextViewWrapper>) -> UITextView {
    |                                                                                `- error: 'UITextView' is unavailable in watchOS
 82 |         let textField = UITextView()
 83 |         textField.delegate = context.coordinator
/Applications/Xcode-27.0.0-Release.Candidate.app/Contents/Developer/Platforms/WatchOS.platform/Developer/SDKs/WatchOS27.0.sdk/System/Library/Frameworks/UIKit.framework/Headers/UITextView.h:223:12: note: 'UITextView' has been explicitly marked unavailable here
221 |
222 | UIKIT_EXTERN API_AVAILABLE(ios(2.0)) API_UNAVAILABLE(watchos) NS_SWIFT_UI_ACTOR
223 | @interface UITextView : UIScrollView <UITextInput, UIContentSizeCategoryAdjusting, UILetterformAwareAdjusting, NSTextViewportLayoutControllerDelegate>
    |            `- note: 'UITextView' has been explicitly marked unavailable here
224 |
225 | @property(nullable,nonatomic,weak) id<UITextViewDelegate> delegate;
/Users/admin/builder/spi-builder-workspace/Sources/HSSwiftUI/UIView/MultilineTextfield.swift:100:54: error: cannot find type 'UIViewRepresentableContext' in scope
 98 |     }
 99 |
100 |     func updateUIView(_ uiView: UITextView, context: UIViewRepresentableContext<UITextViewWrapper>) {
    |                                                      `- error: cannot find type 'UIViewRepresentableContext' in scope
101 |         if uiView.text != self.text {
102 |             uiView.text = self.text
/Users/admin/builder/spi-builder-workspace/Sources/HSSwiftUI/UIView/MultilineTextfield.swift:100:33: error: 'UITextView' is unavailable in watchOS
 98 |     }
 99 |
100 |     func updateUIView(_ uiView: UITextView, context: UIViewRepresentableContext<UITextViewWrapper>) {
    |                                 `- error: 'UITextView' is unavailable in watchOS
101 |         if uiView.text != self.text {
102 |             uiView.text = self.text
/Applications/Xcode-27.0.0-Release.Candidate.app/Contents/Developer/Platforms/WatchOS.platform/Developer/SDKs/WatchOS27.0.sdk/System/Library/Frameworks/UIKit.framework/Headers/UITextView.h:223:12: note: 'UITextView' has been explicitly marked unavailable here
221 |
222 | UIKIT_EXTERN API_AVAILABLE(ios(2.0)) API_UNAVAILABLE(watchos) NS_SWIFT_UI_ACTOR
223 | @interface UITextView : UIScrollView <UITextInput, UIContentSizeCategoryAdjusting, UILetterformAwareAdjusting, NSTextViewportLayoutControllerDelegate>
    |            `- note: 'UITextView' has been explicitly marked unavailable here
224 |
225 | @property(nullable,nonatomic,weak) id<UITextViewDelegate> delegate;
/Users/admin/builder/spi-builder-workspace/Sources/HSSwiftUI/UIView/MultilineTextfield.swift:113:53: error: 'UIView' is unavailable in watchOS
111 |     }
112 |
113 |     fileprivate static func recalculateHeight(view: UIView, result: Binding<CGFloat>) {
    |                                                     `- error: 'UIView' is unavailable in watchOS
114 |         let newSize = view.sizeThatFits(CGSize(width: view.frame.size.width, height: CGFloat.greatestFiniteMagnitude))
115 |         if result.wrappedValue != newSize.height {
/Applications/Xcode-27.0.0-Release.Candidate.app/Contents/Developer/Platforms/WatchOS.platform/Developer/SDKs/WatchOS27.0.sdk/System/Library/Frameworks/UIKit.framework/Headers/UIView.h:152:12: note: 'UIView' has been explicitly marked unavailable here
150 |
151 | UIKIT_EXTERN API_AVAILABLE(ios(2.0)) API_UNAVAILABLE(watchos) NS_SWIFT_UI_ACTOR
152 | @interface UIView : UIResponder <NSCoding, UIAppearance, UIAppearanceContainer, UIDynamicItem, UITraitEnvironment, UICoordinateSpace, UIFocusItem, UIFocusItemContainer, CALayerDelegate>
    |            `- note: 'UIView' has been explicitly marked unavailable here
153 |
154 | @property(class, nonatomic, readonly) Class layerClass;                        // default is [CALayer class]. Used when creating the underlying layer for the view.
/Users/admin/builder/spi-builder-workspace/Sources/HSSwiftUI/UIView/MultilineTextfield.swift:139:42: error: 'UITextView' is unavailable in watchOS
137 |         }
138 |
139 |         func textViewDidChange(_ uiView: UITextView) {
    |                                          `- error: 'UITextView' is unavailable in watchOS
140 |             text.wrappedValue = uiView.text
141 |             UITextViewWrapper.recalculateHeight(view: uiView, result: calculatedHeight)
/Applications/Xcode-27.0.0-Release.Candidate.app/Contents/Developer/Platforms/WatchOS.platform/Developer/SDKs/WatchOS27.0.sdk/System/Library/Frameworks/UIKit.framework/Headers/UITextView.h:223:12: note: 'UITextView' has been explicitly marked unavailable here
221 |
222 | UIKIT_EXTERN API_AVAILABLE(ios(2.0)) API_UNAVAILABLE(watchos) NS_SWIFT_UI_ACTOR
223 | @interface UITextView : UIScrollView <UITextInput, UIContentSizeCategoryAdjusting, UILetterformAwareAdjusting, NSTextViewportLayoutControllerDelegate>
    |            `- note: 'UITextView' has been explicitly marked unavailable here
224 |
225 | @property(nullable,nonatomic,weak) id<UITextViewDelegate> delegate;
/Users/admin/builder/spi-builder-workspace/Sources/HSSwiftUI/UIView/MultilineTextfield.swift:145:35: error: 'UITextView' is unavailable in watchOS
143 |         }
144 |
145 |         func textView(_ textView: UITextView, shouldChangeTextIn range: NSRange, replacementText text: String) -> Bool {
    |                                   `- error: 'UITextView' is unavailable in watchOS
146 |             if let onDone = self.onDone, text == "\n" {
147 |                 textView.resignFirstResponder()
/Applications/Xcode-27.0.0-Release.Candidate.app/Contents/Developer/Platforms/WatchOS.platform/Developer/SDKs/WatchOS27.0.sdk/System/Library/Frameworks/UIKit.framework/Headers/UITextView.h:223:12: note: 'UITextView' has been explicitly marked unavailable here
221 |
222 | UIKIT_EXTERN API_AVAILABLE(ios(2.0)) API_UNAVAILABLE(watchos) NS_SWIFT_UI_ACTOR
223 | @interface UITextView : UIScrollView <UITextInput, UIContentSizeCategoryAdjusting, UILetterformAwareAdjusting, NSTextViewportLayoutControllerDelegate>
    |            `- note: 'UITextView' has been explicitly marked unavailable here
224 |
225 | @property(nullable,nonatomic,weak) id<UITextViewDelegate> delegate;
/Users/admin/builder/spi-builder-workspace/Sources/HSSwiftUI/UIView/MultilineTextfield.swift:126:40: error: 'UITextViewDelegate' is unavailable in watchOS
124 |     }
125 |
126 |     final class Coordinator: NSObject, UITextViewDelegate {
    |                                        `- error: 'UITextViewDelegate' is unavailable in watchOS
127 |         var text: Binding<String>
128 |         var calculatedHeight: Binding<CGFloat>
/Applications/Xcode-27.0.0-Release.Candidate.app/Contents/Developer/Platforms/WatchOS.platform/Developer/SDKs/WatchOS27.0.sdk/System/Library/Frameworks/UIKit.framework/Headers/UITextView.h:36:11: note: 'UITextViewDelegate' has been explicitly marked unavailable here
 34 |
 35 | API_UNAVAILABLE(watchos) NS_SWIFT_UI_ACTOR
 36 | @protocol UITextViewDelegate <NSObject, UIScrollViewDelegate>
    |           `- note: 'UITextViewDelegate' has been explicitly marked unavailable here
 37 |
 38 | @optional
/Users/admin/builder/spi-builder-workspace/Sources/HSSwiftUI/UIView/MultilineTextfield.swift:72:35: error: cannot find type 'UIViewRepresentable' in scope
 70 | }
 71 |
 72 | private struct UITextViewWrapper: UIViewRepresentable {
    |                                   `- error: cannot find type 'UIViewRepresentable' in scope
 73 |     typealias UIViewType = UITextView
 74 |
/Users/admin/builder/spi-builder-workspace/Sources/HSSwiftUI/ViewController+SwiftUI.swift:23:57: error: cannot find type 'UIHostingController' in scope
21 |     /// - Returns: the UIHostingController of the swiftUIView
22 |     func insert<Content: View>(swiftUIView rootView: Content,
23 |                          inUIView container: UIView) -> UIHostingController<Content> {
   |                                                         `- error: cannot find type 'UIHostingController' in scope
24 |         let childVC = UIHostingController(rootView: rootView)
25 |
/Users/admin/builder/spi-builder-workspace/Sources/HSSwiftUI/ViewController+SwiftUI.swift:23:46: error: 'UIView' is unavailable in watchOS
21 |     /// - Returns: the UIHostingController of the swiftUIView
22 |     func insert<Content: View>(swiftUIView rootView: Content,
23 |                          inUIView container: UIView) -> UIHostingController<Content> {
   |                                              `- error: 'UIView' is unavailable in watchOS
24 |         let childVC = UIHostingController(rootView: rootView)
25 |
/Applications/Xcode-27.0.0-Release.Candidate.app/Contents/Developer/Platforms/WatchOS.platform/Developer/SDKs/WatchOS27.0.sdk/System/Library/Frameworks/UIKit.framework/Headers/UIView.h:152:12: note: 'UIView' has been explicitly marked unavailable here
150 |
151 | UIKIT_EXTERN API_AVAILABLE(ios(2.0)) API_UNAVAILABLE(watchos) NS_SWIFT_UI_ACTOR
152 | @interface UIView : UIResponder <NSCoding, UIAppearance, UIAppearanceContainer, UIDynamicItem, UITraitEnvironment, UICoordinateSpace, UIFocusItem, UIFocusItemContainer, CALayerDelegate>
    |            `- note: 'UIView' has been explicitly marked unavailable here
153 |
154 | @property(class, nonatomic, readonly) Class layerClass;                        // default is [CALayer class]. Used when creating the underlying layer for the view.
/Users/admin/builder/spi-builder-workspace/Sources/HSSwiftUI/ViewController+SwiftUI.swift:49:62: error: 'UIViewController' is unavailable in watchOS
47 |     /// - Returns: the UIViewController
48 |     @available(*, deprecated, message: "use the init with ViewBuilder methods instead")
49 |     static func with<Content: View>(swiftUIView: Content) -> UIViewController {
   |                                                              `- error: 'UIViewController' is unavailable in watchOS
50 |         let vc = UIViewController.init(nibName: nil, bundle: nil)
51 |         vc.insert(swiftUIView: swiftUIView, inUIView: vc.view)
/Applications/Xcode-27.0.0-Release.Candidate.app/Contents/Developer/Platforms/WatchOS.platform/Developer/SDKs/WatchOS27.0.sdk/System/Library/Frameworks/UIKit.framework/Headers/UIViewController.h:104:12: note: 'UIViewController' has been explicitly marked unavailable here
102 |
103 | UIKIT_EXTERN API_AVAILABLE(ios(2.0)) API_UNAVAILABLE(watchos) NS_SWIFT_UI_ACTOR
104 | @interface UIViewController : UIResponder <NSCoding, UIAppearanceContainer, UITraitEnvironment, UIContentContainer, UIFocusEnvironment>
    |            `- note: 'UIViewController' has been explicitly marked unavailable here
105 |
106 | /*
/Users/admin/builder/spi-builder-workspace/Sources/HSSwiftUI/ViewController+SwiftUI.swift:59:72: error: 'UIViewController' is unavailable in watchOS
57 |     /// This reference is useful for dismissal / presentation / etc
58 |     /// be careful not to strongly retain the viewcontroller reference!
59 |     convenience init<Content: View>(@ViewBuilder _ builder: @MainActor(UIViewController) -> Content) {
   |                                                                        `- error: 'UIViewController' is unavailable in watchOS
60 |         self.init(nibName: nil, bundle: nil)
61 |         let swiftUIView = builder(self)
/Applications/Xcode-27.0.0-Release.Candidate.app/Contents/Developer/Platforms/WatchOS.platform/Developer/SDKs/WatchOS27.0.sdk/System/Library/Frameworks/UIKit.framework/Headers/UIViewController.h:104:12: note: 'UIViewController' has been explicitly marked unavailable here
102 |
103 | UIKIT_EXTERN API_AVAILABLE(ios(2.0)) API_UNAVAILABLE(watchos) NS_SWIFT_UI_ACTOR
104 | @interface UIViewController : UIResponder <NSCoding, UIAppearanceContainer, UITraitEnvironment, UIContentContainer, UIFocusEnvironment>
    |            `- note: 'UIViewController' has been explicitly marked unavailable here
105 |
106 | /*
/Users/admin/builder/spi-builder-workspace/Sources/HSSwiftUI/ViewController+SwiftUI.swift:14:18: error: 'UIViewController' is unavailable in watchOS
12 | import UIKit
13 |
14 | public extension UIViewController {
   |                  `- error: 'UIViewController' is unavailable in watchOS
15 |
16 |     @discardableResult
/Applications/Xcode-27.0.0-Release.Candidate.app/Contents/Developer/Platforms/WatchOS.platform/Developer/SDKs/WatchOS27.0.sdk/System/Library/Frameworks/UIKit.framework/Headers/UIViewController.h:104:12: note: 'UIViewController' has been explicitly marked unavailable here
102 |
103 | UIKIT_EXTERN API_AVAILABLE(ios(2.0)) API_UNAVAILABLE(watchos) NS_SWIFT_UI_ACTOR
104 | @interface UIViewController : UIResponder <NSCoding, UIAppearanceContainer, UITraitEnvironment, UIContentContainer, UIFocusEnvironment>
    |            `- note: 'UIViewController' has been explicitly marked unavailable here
105 |
106 | /*
Failed frontend command:
/Applications/Xcode-27.0.0-Release.Candidate.app/Contents/Developer/Toolchains/XcodeDefault.xctoolchain/usr/bin/swift-frontend -frontend -emit-module -experimental-skip-non-inlinable-function-bodies-without-types /Users/admin/builder/spi-builder-workspace/Sources/HSSwiftUI/Angle+HS.swift /Users/admin/builder/spi-builder-workspace/Sources/HSSwiftUI/Button+Config.swift /Users/admin/builder/spi-builder-workspace/Sources/HSSwiftUI/Color-OSX+HS.swift /Users/admin/builder/spi-builder-workspace/Sources/HSSwiftUI/Color-iOS+HS.swift /Users/admin/builder/spi-builder-workspace/Sources/HSSwiftUI/ConfirmButton.swift /Users/admin/builder/spi-builder-workspace/Sources/HSSwiftUI/HSHostingController.swift /Users/admin/builder/spi-builder-workspace/Sources/HSSwiftUI/Helpers/Binding+HS.swift /Users/admin/builder/spi-builder-workspace/Sources/HSSwiftUI/Helpers/GeometryPreferenceReader.swift /Users/admin/builder/spi-builder-workspace/Sources/HSSwiftUI/Helpers/IsolatedObservable.swift /Users/admin/builder/spi-builder-workspace/Sources/HSSwiftUI/ObservableObject.swift /Users/admin/builder/spi-builder-workspace/Sources/HSSwiftUI/PreviewLayout+HS.swift /Users/admin/builder/spi-builder-workspace/Sources/HSSwiftUI/UIView/MultilineTextfield.swift /Users/admin/builder/spi-builder-workspace/Sources/HSSwiftUI/View/View+ClearTextButton.swift /Users/admin/builder/spi-builder-workspace/Sources/HSSwiftUI/View/View+Fade.swift /Users/admin/builder/spi-builder-workspace/Sources/HSSwiftUI/View/View+FullBackground.swift /Users/admin/builder/spi-builder-workspace/Sources/HSSwiftUI/View/View+HS.swift /Users/admin/builder/spi-builder-workspace/Sources/HSSwiftUI/View/View+KeyboardVisibility.swift /Users/admin/builder/spi-builder-workspace/Sources/HSSwiftUI/ViewController+SwiftUI.swift -target arm64-apple-watchos9.0 -module-can-import-version SwiftUI 8.0.84.1 8.0.84 -module-can-import-version UIKit 9127.0.84.1 9127.0.84 -disable-cross-import-overlay-search -load-resolved-plugin /Applications/Xcode-27.0.0-Release.Candidate.app/Contents/Developer/Platforms/WatchOS.platform/Developer/usr/lib/swift/host/plugins/libFoundationMacros.dylib\#/Applications/Xcode-27.0.0-Release.Candidate.app/Contents/Developer/Platforms/WatchOS.platform/Developer/usr/bin/swift-plugin-server\#FoundationMacros -load-resolved-plugin /Applications/Xcode-27.0.0-Release.Candidate.app/Contents/Developer/Platforms/WatchOS.platform/Developer/usr/lib/swift/host/plugins/libObservationMacros.dylib\#/Applications/Xcode-27.0.0-Release.Candidate.app/Contents/Developer/Platforms/WatchOS.platform/Developer/usr/bin/swift-plugin-server\#ObservationMacros -load-resolved-plugin /Applications/Xcode-27.0.0-Release.Candidate.app/Contents/Developer/Platforms/WatchOS.platform/Developer/usr/lib/swift/host/plugins/libPreviewsMacros.dylib\#/Applications/Xcode-27.0.0-Release.Candidate.app/Contents/Developer/Platforms/WatchOS.platform/Developer/usr/bin/swift-plugin-server\#PreviewsMacros -load-resolved-plugin /Applications/Xcode-27.0.0-Release.Candidate.app/Contents/Developer/Platforms/WatchOS.platform/Developer/usr/lib/swift/host/plugins/libSwiftMacros.dylib\#/Applications/Xcode-27.0.0-Release.Candidate.app/Contents/Developer/Platforms/WatchOS.platform/Developer/usr/bin/swift-plugin-server\#SwiftMacros -load-resolved-plugin /Applications/Xcode-27.0.0-Release.Candidate.app/Contents/Developer/Platforms/WatchOS.platform/Developer/usr/lib/swift/host/plugins/libSwiftUIMacros.dylib\#/Applications/Xcode-27.0.0-Release.Candidate.app/Contents/Developer/Platforms/WatchOS.platform/Developer/usr/bin/swift-plugin-server\#SwiftUIMacros -disable-implicit-swift-modules -Xcc -fno-implicit-modules -Xcc -fno-implicit-module-maps -explicit-swift-module-map-file /Users/admin/builder/spi-builder-workspace/.derivedData/Build/Intermediates.noindex/HSSwiftUI.build/Debug-watchos/HSSwiftUI-t.build/Objects-normal/arm64/HSSwiftUI-dependencies-1.json -Xllvm -aarch64-use-tbi -enable-objc-interop -stack-check -sdk /Applications/Xcode-27.0.0-Release.Candidate.app/Contents/Developer/Platforms/WatchOS.platform/Developer/SDKs/WatchOS27.0.sdk -I /Users/admin/builder/spi-builder-workspace/.derivedData/Build/Products/Debug-watchos -Isystem /Applications/Xcode-27.0.0-Release.Candidate.app/Contents/Developer/Platforms/WatchOS.platform/Developer/usr/lib -F /Users/admin/builder/spi-builder-workspace/.derivedData/Build/Products/Debug-watchos -F /Applications/Xcode-27.0.0-Release.Candidate.app/Contents/Developer/Platforms/WatchOS.platform/Developer/Library/Frameworks -F /Applications/Xcode-27.0.0-Release.Candidate.app/Contents/Developer/Platforms/WatchOS.platform/Developer/SDKs/WatchOS27.0.sdk/Developer/Library/Frameworks -module-cache-path /Users/admin/builder/spi-builder-workspace/.derivedData/Build/Intermediates.noindex/SwiftExplicitPrecompiledModules -no-color-diagnostics -Xcc -fno-color-diagnostics -enable-testing -g -debug-info-format\=dwarf -dwarf-version\=4 -swift-version 5 -Onone -D SWIFT_PACKAGE -D DEBUG -D SWIFT_MODULE_RESOURCE_BUNDLE_UNAVAILABLE -D Xcode -serialize-debugging-options -enable-experimental-feature DebugDescriptionMacro -empty-abi-descriptor -validate-clang-modules-once -clang-build-session-file /Users/admin/builder/spi-builder-workspace/.derivedData/ModuleCache.noindex/Session.modulevalidation -Xcc -working-directory -Xcc /Users/admin/builder/spi-builder-workspace/.swiftpm/xcode -enable-anonymous-context-mangled-names -file-compilation-dir /Users/admin/builder/spi-builder-workspace/.swiftpm/xcode -Xcc -D_LIBCPP_HARDENING_MODE\=_LIBCPP_HARDENING_MODE_DEBUG -Xcc -ivfsstatcache -Xcc /Users/admin/builder/spi-builder-workspace/.derivedData/SDKStatCaches.noindex/watchos27.0-24R360-e829b21a6f8c9b70876ba0858053c04477534ef55a1706bf4c1112bbb242f0a2.sdkstatcache -Xcc -fmodules-prune-interval\=86400 -Xcc -fmodules-prune-after\=345600 -Xcc -I/Users/admin/builder/spi-builder-workspace/.derivedData/Build/Products/Debug-watchos/include -Xcc -I/Users/admin/builder/spi-builder-workspace/.derivedData/Build/Intermediates.noindex/HSSwiftUI.build/Debug-watchos/HSSwiftUI-t.build/DerivedSources-normal/arm64 -Xcc -I/Users/admin/builder/spi-builder-workspace/.derivedData/Build/Intermediates.noindex/HSSwiftUI.build/Debug-watchos/HSSwiftUI-t.build/DerivedSources/arm64 -Xcc -I/Users/admin/builder/spi-builder-workspace/.derivedData/Build/Intermediates.noindex/HSSwiftUI.build/Debug-watchos/HSSwiftUI-t.build/DerivedSources -Xcc -DSWIFT_PACKAGE -Xcc -DDEBUG\=1 -no-auto-bridging-header-chaining -module-name HSSwiftUI -const-gather-protocols-file /Users/admin/builder/spi-builder-workspace/.derivedData/Build/Intermediates.noindex/HSSwiftUI.build/Debug-watchos/HSSwiftUI-t.build/Objects-normal/arm64/HSSwiftUI_const_extract_protocols.json -disable-clang-spi -clang-target arm64-apple-watchos27.0 -target-sdk-version 27.0 -target-sdk-name watchos27.0 -in-process-plugin-server-path /Applications/Xcode-27.0.0-Release.Candidate.app/Contents/Developer/Toolchains/XcodeDefault.xctoolchain/usr/lib/swift/host/libSwiftInProcPluginServer.dylib -emit-module-doc-path /Users/admin/builder/spi-builder-workspace/.derivedData/Build/Intermediates.noindex/HSSwiftUI.build/Debug-watchos/HSSwiftUI-t.build/Objects-normal/arm64/HSSwiftUI.swiftdoc -emit-module-source-info-path /Users/admin/builder/spi-builder-workspace/.derivedData/Build/Intermediates.noindex/HSSwiftUI.build/Debug-watchos/HSSwiftUI-t.build/Objects-normal/arm64/HSSwiftUI.swiftsourceinfo -emit-objc-header-path /Users/admin/builder/spi-builder-workspace/.derivedData/Build/Intermediates.noindex/HSSwiftUI.build/Debug-watchos/HSSwiftUI-t.build/Objects-normal/arm64/HSSwiftUI-Swift.h -serialize-diagnostics-path /Users/admin/builder/spi-builder-workspace/.derivedData/Build/Intermediates.noindex/HSSwiftUI.build/Debug-watchos/HSSwiftUI-t.build/Objects-normal/arm64/HSSwiftUI-primary-emit-module.dia -emit-dependencies-path /Users/admin/builder/spi-builder-workspace/.derivedData/Build/Intermediates.noindex/HSSwiftUI.build/Debug-watchos/HSSwiftUI-t.build/Objects-normal/arm64/HSSwiftUI-primary-emit-module.d -parse-as-library -o /Users/admin/builder/spi-builder-workspace/.derivedData/Build/Intermediates.noindex/HSSwiftUI.build/Debug-watchos/HSSwiftUI-t.build/Objects-normal/arm64/HSSwiftUI.swiftmodule -emit-abi-descriptor-path /Users/admin/builder/spi-builder-workspace/.derivedData/Build/Intermediates.noindex/HSSwiftUI.build/Debug-watchos/HSSwiftUI-t.build/Objects-normal/arm64/HSSwiftUI.abi.json
SwiftCompile normal arm64 (in target 'HSSwiftUI' from project 'HSSwiftUI')
    cd /Users/admin/builder/spi-builder-workspace/.swiftpm/xcode

SwiftExplicitDependencyGeneratePcm arm64_32 /Users/admin/builder/spi-builder-workspace/.derivedData/SDKExplicitPrecompiledModules/SwiftUI-9AYG9OCT5VOJK7V4MX1WYR86T.pcm
PruneExplicitPrecompiledModules /Users/admin/builder/spi-builder-workspace/.derivedData/SDKExplicitPrecompiledModules
PruneExplicitPrecompiledModules /Users/admin/builder/spi-builder-workspace/.derivedData/Build/Intermediates.noindex/ExplicitPrecompiledModules
PruneExplicitPrecompiledModules /Users/admin/builder/spi-builder-workspace/.derivedData/Build/Intermediates.noindex/SwiftExplicitPrecompiledModules
2026-09-19 06:54:52.054 xcodebuild[801:4776] [MT] IDERunDestination: Supported platforms for the buildables in the current scheme is empty.
2026-09-19 06:54:52.196 xcodebuild[801:4776] [MT] IDERunDestination: Supported platforms for the buildables in the current scheme is empty.
** BUILD FAILED **
The following build commands failed:
	SwiftEmitModule normal arm64 Emitting\ module\ for\ HSSwiftUI (in target 'HSSwiftUI' from project 'HSSwiftUI')
	SwiftCompile normal arm64 (in target 'HSSwiftUI' from project 'HSSwiftUI')
	Building workspace HSSwiftUI with scheme HSSwiftUI
(3 failures)
BUILD FAILURE 6.4 watchOS