Build Information
Failed to build PeekDialog, reference v2.0.1-rc (05c69d), with Swift 6.4 for tvOS using Xcode 27.0 on 27 Sep 2026 21:14:15 UTC.
Build Command
env DEVELOPER_DIR=/Applications/Xcode-27.0.0-Release.Candidate.app xcrun xcodebuild -IDEClonedSourcePackagesDirPathOverride=$PWD/.dependencies -skipMacroValidation -skipPackagePluginValidation -derivedDataPath $PWD/.derivedData build -scheme PeekDialog -destination generic/platform=tvOSBuild Log
========================================
RunAll
========================================
Builder version: 5.1.0
Interrupt handler set up.
========================================
Checkout
========================================
Clone URL: https://github.com/cembaykara/PeekDialog.git
Reference: v2.0.1-rc
Initialized empty Git repository in /Users/admin/builder/spi-builder-workspace/.git/
From https://github.com/cembaykara/PeekDialog
* tag v2.0.1-rc -> FETCH_HEAD
HEAD is now at 05c69d5 Add .peekPlacementInset for extra distance from the placement edge.
Cloned https://github.com/cembaykara/PeekDialog.git
Revision (git rev-parse @):
05c69d5e1c52400f92ff1272bcca567843427aa3
SUCCESS checkout https://github.com/cembaykara/PeekDialog.git at v2.0.1-rc
========================================
Build
========================================
Selected platform: tvOS
Swift version: 6.4
Building package at path: $PWD
https://github.com/cembaykara/PeekDialog.git
Command line invocation:
/Applications/Xcode-27.0.0-Release.Candidate.app/Contents/Developer/usr/bin/xcodebuild -IDEClonedSourcePackagesDirPathOverride=/Users/admin/builder/spi-builder-workspace/.dependencies -resolvePackageDependencies
Resolve Package Graph
Resolve Package Graph
Resolved source packages:
PeekDialog: /Users/admin/builder/spi-builder-workspace
resolved source packages: PeekDialog
2026-09-27 17:13:32.637 xcodebuild[563:3099] [MT] IDERunDestination: Supported platforms for the buildables in the current scheme is empty.
{
"dependencies" : [
],
"manifest_display_name" : "PeekDialog",
"name" : "PeekDialog",
"path" : "/Users/admin/builder/spi-builder-workspace",
"platforms" : [
{
"name" : "ios",
"version" : "15.0"
},
{
"name" : "watchos",
"version" : "10.0"
},
{
"name" : "visionos",
"version" : "1.0"
}
],
"products" : [
{
"name" : "PeekDialog",
"targets" : [
"PeekDialog"
],
"type" : {
"library" : [
"automatic"
]
}
}
],
"targets" : [
{
"c99name" : "PeekDialogPreviews",
"module_type" : "SwiftTarget",
"name" : "PeekDialogPreviews",
"path" : "Previews",
"sources" : [
"Examples.swift"
],
"target_dependencies" : [
"PeekDialog"
],
"type" : "library"
},
{
"c99name" : "PeekDialog",
"module_type" : "SwiftTarget",
"name" : "PeekDialog",
"path" : "PeekDialog",
"product_memberships" : [
"PeekDialog"
],
"sources" : [
"Configuration/Configuration.swift",
"Model/PeekDialogState.swift",
"Model/PeekStackLayout.swift",
"Model/PeekStackingBehavior.swift",
"PeekDialog.swift",
"Presentation/PeekDialogBridge.swift",
"Presentation/PeekDialogHostView.swift",
"Presentation/PeekDialogItemView.swift",
"Presentation/PeekDialogPreferenceKeys.swift",
"Presentation/PeekPresenter.swift",
"Presentation/PeekWindow.swift",
"ViewExtension.swift"
],
"type" : "library"
}
],
"tools_version" : "5.9"
}
{
"workspace" : {
"name" : "PeekDialog",
"schemes" : [
"PeekDialog"
]
}
}
2026-09-27 17:14:01.211 xcodebuild[660:3905] [MT] IDERunDestination: Supported platforms for the buildables in the current scheme is empty.
Running build ...
env DEVELOPER_DIR=/Applications/Xcode-27.0.0-Release.Candidate.app xcrun xcodebuild -IDEClonedSourcePackagesDirPathOverride=$PWD/.dependencies -skipMacroValidation -skipPackagePluginValidation -derivedDataPath $PWD/.derivedData build -scheme PeekDialog -destination generic/platform=tvOS
Command line invocation:
/Applications/Xcode-27.0.0-Release.Candidate.app/Contents/Developer/usr/bin/xcodebuild -IDEClonedSourcePackagesDirPathOverride=/Users/admin/builder/spi-builder-workspace/.dependencies -skipMacroValidation -skipPackagePluginValidation -derivedDataPath /Users/admin/builder/spi-builder-workspace/.derivedData build -scheme PeekDialog -destination generic/platform=tvOS
Resolve Package Graph
Resolved source packages:
PeekDialog: /Users/admin/builder/spi-builder-workspace
ComputePackagePrebuildTargetDependencyGraph
Prepare packages
CreateBuildRequest
SendProjectDescription
CreateBuildOperation
ComputeTargetDependencyGraph
note: Building targets in dependency order
note: Target dependency graph (2 targets)
Target 'PeekDialog-product' in project 'PeekDialog'
➜ Explicit dependency on target 'PeekDialog' in project 'PeekDialog'
Target 'PeekDialog' in project 'PeekDialog' (no dependencies)
GatherProvisioningInputs
CreateBuildDescription
ExecuteExternalTool /Applications/Xcode-27.0.0-Release.Candidate.app/Contents/Developer/Toolchains/XcodeDefault.xctoolchain/usr/bin/clang -v -E -dM -isysroot /Applications/Xcode-27.0.0-Release.Candidate.app/Contents/Developer/Platforms/AppleTVOS.platform/Developer/SDKs/AppleTVOS27.0.sdk -x c -c /dev/null
ExecuteExternalTool /Applications/Xcode-27.0.0-Release.Candidate.app/Contents/Developer/Toolchains/XcodeDefault.xctoolchain/usr/bin/swiftc --version
ExecuteExternalTool /Applications/Xcode-27.0.0-Release.Candidate.app/Contents/Developer/Toolchains/XcodeDefault.xctoolchain/usr/bin/ld -version_details
Build description signature: 39e941899966bbe864927dadcddbbe64
Build description path: /Users/admin/builder/spi-builder-workspace/.derivedData/Build/Intermediates.noindex/XCBuildData/39e941899966bbe864927dadcddbbe64.xcbuilddata
CreateBuildDirectory /Users/admin/builder/spi-builder-workspace/.derivedData/SDKExplicitPrecompiledModules
cd /Users/admin/builder/spi-builder-workspace/.swiftpm/xcode
builtin-create-build-directory /Users/admin/builder/spi-builder-workspace/.derivedData/SDKExplicitPrecompiledModules
CreateBuildDirectory /Users/admin/builder/spi-builder-workspace/.derivedData/ModuleCache.noindex
cd /Users/admin/builder/spi-builder-workspace/.swiftpm/xcode
builtin-create-build-directory /Users/admin/builder/spi-builder-workspace/.derivedData/ModuleCache.noindex
CreateBuildDirectory /Users/admin/builder/spi-builder-workspace/.derivedData/CompilationCache.noindex
cd /Users/admin/builder/spi-builder-workspace/.swiftpm/xcode
builtin-create-build-directory /Users/admin/builder/spi-builder-workspace/.derivedData/CompilationCache.noindex
CreateBuildDirectory /Users/admin/builder/spi-builder-workspace/.derivedData/Build/Products
cd /Users/admin/builder/spi-builder-workspace/.swiftpm/xcode
builtin-create-build-directory /Users/admin/builder/spi-builder-workspace/.derivedData/Build/Products
CreateBuildDirectory /Users/admin/builder/spi-builder-workspace/.derivedData/Build/Intermediates.noindex
cd /Users/admin/builder/spi-builder-workspace/.swiftpm/xcode
builtin-create-build-directory /Users/admin/builder/spi-builder-workspace/.derivedData/Build/Intermediates.noindex
ClangStatCache /Applications/Xcode-27.0.0-Release.Candidate.app/Contents/Developer/Toolchains/XcodeDefault.xctoolchain/usr/bin/clang-stat-cache /Applications/Xcode-27.0.0-Release.Candidate.app/Contents/Developer/Platforms/AppleTVOS.platform/Developer/SDKs/AppleTVOS27.0.sdk /Users/admin/builder/spi-builder-workspace/.derivedData/SDKStatCaches.noindex/appletvos27.0-24J360-e829b21a6f8c9b70876ba0858053c044b32bfd8d43560033f8d89884cdb90028.sdkstatcache
cd /Users/admin/builder/spi-builder-workspace/.swiftpm/xcode
/Applications/Xcode-27.0.0-Release.Candidate.app/Contents/Developer/Toolchains/XcodeDefault.xctoolchain/usr/bin/clang-stat-cache /Applications/Xcode-27.0.0-Release.Candidate.app/Contents/Developer/Platforms/AppleTVOS.platform/Developer/SDKs/AppleTVOS27.0.sdk -o /Users/admin/builder/spi-builder-workspace/.derivedData/SDKStatCaches.noindex/appletvos27.0-24J360-e829b21a6f8c9b70876ba0858053c044b32bfd8d43560033f8d89884cdb90028.sdkstatcache
CreateBuildDirectory /Users/admin/builder/spi-builder-workspace/.derivedData/Build/Products/Debug-appletvos
cd /Users/admin/builder/spi-builder-workspace/.swiftpm/xcode
builtin-create-build-directory /Users/admin/builder/spi-builder-workspace/.derivedData/Build/Products/Debug-appletvos
CreateBuildDirectory /Users/admin/builder/spi-builder-workspace/.derivedData/Build/Intermediates.noindex/SwiftExplicitPrecompiledModules
cd /Users/admin/builder/spi-builder-workspace/.swiftpm/xcode
builtin-create-build-directory /Users/admin/builder/spi-builder-workspace/.derivedData/Build/Intermediates.noindex/SwiftExplicitPrecompiledModules
CreateBuildDirectory /Users/admin/builder/spi-builder-workspace/.derivedData/Build/Intermediates.noindex/PrecompiledHeaders
cd /Users/admin/builder/spi-builder-workspace/.swiftpm/xcode
builtin-create-build-directory /Users/admin/builder/spi-builder-workspace/.derivedData/Build/Intermediates.noindex/PrecompiledHeaders
CreateBuildDirectory /Users/admin/builder/spi-builder-workspace/.derivedData/Build/Intermediates.noindex/ExplicitPrecompiledModules
cd /Users/admin/builder/spi-builder-workspace/.swiftpm/xcode
builtin-create-build-directory /Users/admin/builder/spi-builder-workspace/.derivedData/Build/Intermediates.noindex/ExplicitPrecompiledModules
CreateBuildDirectory /Users/admin/builder/spi-builder-workspace/.derivedData/Build/Intermediates.noindex/EagerLinkingTBDs/Debug-appletvos
cd /Users/admin/builder/spi-builder-workspace/.swiftpm/xcode
builtin-create-build-directory /Users/admin/builder/spi-builder-workspace/.derivedData/Build/Intermediates.noindex/EagerLinkingTBDs/Debug-appletvos
CreateBuildDirectory /Users/admin/builder/spi-builder-workspace/.derivedData/Build/Products/Debug-appletvos/PackageFrameworks
cd /Users/admin/builder/spi-builder-workspace/.swiftpm/xcode
builtin-create-build-directory /Users/admin/builder/spi-builder-workspace/.derivedData/Build/Products/Debug-appletvos/PackageFrameworks
WriteAuxiliaryFile /Users/admin/builder/spi-builder-workspace/.derivedData/Build/Intermediates.noindex/PeekDialog.build/Debug-appletvos/PeekDialog-t.build/PeekDialog.DependencyStaticMetadataFileList (in target 'PeekDialog' from project 'PeekDialog')
cd /Users/admin/builder/spi-builder-workspace
write-file /Users/admin/builder/spi-builder-workspace/.derivedData/Build/Intermediates.noindex/PeekDialog.build/Debug-appletvos/PeekDialog-t.build/PeekDialog.DependencyStaticMetadataFileList
WriteAuxiliaryFile /Users/admin/builder/spi-builder-workspace/.derivedData/Build/Intermediates.noindex/PeekDialog.build/Debug-appletvos/PeekDialog-t.build/PeekDialog.DependencyMetadataFileList (in target 'PeekDialog' from project 'PeekDialog')
cd /Users/admin/builder/spi-builder-workspace
write-file /Users/admin/builder/spi-builder-workspace/.derivedData/Build/Intermediates.noindex/PeekDialog.build/Debug-appletvos/PeekDialog-t.build/PeekDialog.DependencyMetadataFileList
WriteAuxiliaryFile /Users/admin/builder/spi-builder-workspace/.derivedData/Build/Intermediates.noindex/PeekDialog.build/Debug-appletvos/PeekDialog-t.build/PeekDialog.modulemap (in target 'PeekDialog' from project 'PeekDialog')
cd /Users/admin/builder/spi-builder-workspace
write-file /Users/admin/builder/spi-builder-workspace/.derivedData/Build/Intermediates.noindex/PeekDialog.build/Debug-appletvos/PeekDialog-t.build/PeekDialog.modulemap
WriteAuxiliaryFile /Users/admin/builder/spi-builder-workspace/.derivedData/Build/Intermediates.noindex/PeekDialog.build/Debug-appletvos/PeekDialog-t.build/Objects-normal/arm64/PeekDialog_const_extract_protocols.json (in target 'PeekDialog' from project 'PeekDialog')
cd /Users/admin/builder/spi-builder-workspace
write-file /Users/admin/builder/spi-builder-workspace/.derivedData/Build/Intermediates.noindex/PeekDialog.build/Debug-appletvos/PeekDialog-t.build/Objects-normal/arm64/PeekDialog_const_extract_protocols.json
WriteAuxiliaryFile /Users/admin/builder/spi-builder-workspace/.derivedData/Build/Intermediates.noindex/PeekDialog.build/Debug-appletvos/PeekDialog-t.build/Objects-normal/arm64/PeekDialog-OutputFileMap.json (in target 'PeekDialog' from project 'PeekDialog')
cd /Users/admin/builder/spi-builder-workspace
write-file /Users/admin/builder/spi-builder-workspace/.derivedData/Build/Intermediates.noindex/PeekDialog.build/Debug-appletvos/PeekDialog-t.build/Objects-normal/arm64/PeekDialog-OutputFileMap.json
WriteAuxiliaryFile /Users/admin/builder/spi-builder-workspace/.derivedData/Build/Intermediates.noindex/PeekDialog.build/Debug-appletvos/PeekDialog-t.build/Objects-normal/arm64/PeekDialog.SwiftFileList (in target 'PeekDialog' from project 'PeekDialog')
cd /Users/admin/builder/spi-builder-workspace
write-file /Users/admin/builder/spi-builder-workspace/.derivedData/Build/Intermediates.noindex/PeekDialog.build/Debug-appletvos/PeekDialog-t.build/Objects-normal/arm64/PeekDialog.SwiftFileList
WriteAuxiliaryFile /Users/admin/builder/spi-builder-workspace/.derivedData/Build/Intermediates.noindex/PeekDialog.build/Debug-appletvos/PeekDialog-t.build/Objects-normal/arm64/PeekDialog.LinkFileList (in target 'PeekDialog' from project 'PeekDialog')
cd /Users/admin/builder/spi-builder-workspace
write-file /Users/admin/builder/spi-builder-workspace/.derivedData/Build/Intermediates.noindex/PeekDialog.build/Debug-appletvos/PeekDialog-t.build/Objects-normal/arm64/PeekDialog.LinkFileList
WriteAuxiliaryFile /Users/admin/builder/spi-builder-workspace/.derivedData/Build/Intermediates.noindex/PeekDialog.build/Debug-appletvos/PeekDialog-t.build/Objects-normal/arm64/PeekDialog.SwiftConstValuesFileList (in target 'PeekDialog' from project 'PeekDialog')
cd /Users/admin/builder/spi-builder-workspace
write-file /Users/admin/builder/spi-builder-workspace/.derivedData/Build/Intermediates.noindex/PeekDialog.build/Debug-appletvos/PeekDialog-t.build/Objects-normal/arm64/PeekDialog.SwiftConstValuesFileList
Copy /Users/admin/builder/spi-builder-workspace/.derivedData/Build/Intermediates.noindex/GeneratedModuleMaps-appletvos/PeekDialog.modulemap /Users/admin/builder/spi-builder-workspace/.derivedData/Build/Intermediates.noindex/PeekDialog.build/Debug-appletvos/PeekDialog-t.build/PeekDialog.modulemap (in target 'PeekDialog' from project 'PeekDialog')
cd /Users/admin/builder/spi-builder-workspace
builtin-copy -exclude .DS_Store -exclude CVS -exclude .svn -exclude .git -exclude .hg -resolve-src-symlinks /Users/admin/builder/spi-builder-workspace/.derivedData/Build/Intermediates.noindex/PeekDialog.build/Debug-appletvos/PeekDialog-t.build/PeekDialog.modulemap /Users/admin/builder/spi-builder-workspace/.derivedData/Build/Intermediates.noindex/GeneratedModuleMaps-appletvos
SwiftDriver PeekDialog normal arm64 com.apple.xcode.tools.swift.compiler (in target 'PeekDialog' from project 'PeekDialog')
cd /Users/admin/builder/spi-builder-workspace/.swiftpm/xcode
builtin-SwiftDriver -- /Applications/Xcode-27.0.0-Release.Candidate.app/Contents/Developer/Toolchains/XcodeDefault.xctoolchain/usr/bin/swiftc -parse-as-library -module-name PeekDialog -Onone @/Users/admin/builder/spi-builder-workspace/.derivedData/Build/Intermediates.noindex/PeekDialog.build/Debug-appletvos/PeekDialog-t.build/Objects-normal/arm64/PeekDialog.SwiftFileList -DSWIFT_PACKAGE -DDEBUG -DSWIFT_MODULE_RESOURCE_BUNDLE_UNAVAILABLE -DXcode -plugin-path /Applications/Xcode-27.0.0-Release.Candidate.app/Contents/Developer/Toolchains/XcodeDefault.xctoolchain/usr/lib/swift/host/plugins/testing -enable-experimental-feature DebugDescriptionMacro -sdk /Applications/Xcode-27.0.0-Release.Candidate.app/Contents/Developer/Platforms/AppleTVOS.platform/Developer/SDKs/AppleTVOS27.0.sdk -target arm64-apple-tvos15.0 -g -module-cache-path /Users/admin/builder/spi-builder-workspace/.derivedData/ModuleCache.noindex -Xfrontend -serialize-debugging-options -enable-testing -index-store-path /Users/admin/builder/spi-builder-workspace/.derivedData/Index.noindex/DataStore -Xcc -D_LIBCPP_HARDENING_MODE\=_LIBCPP_HARDENING_MODE_DEBUG -swift-version 5 -I /Users/admin/builder/spi-builder-workspace/.derivedData/Build/Products/Debug-appletvos -Isystem /Applications/Xcode-27.0.0-Release.Candidate.app/Contents/Developer/Platforms/AppleTVOS.platform/Developer/usr/lib -F /Users/admin/builder/spi-builder-workspace/.derivedData/Build/Products/Debug-appletvos -F /Applications/Xcode-27.0.0-Release.Candidate.app/Contents/Developer/Platforms/AppleTVOS.platform/Developer/Library/Frameworks -F /Applications/Xcode-27.0.0-Release.Candidate.app/Contents/Developer/Platforms/AppleTVOS.platform/Developer/SDKs/AppleTVOS27.0.sdk/Developer/Library/Frameworks -c -j10 -enable-batch-mode -incremental -Xcc -ivfsstatcache -Xcc /Users/admin/builder/spi-builder-workspace/.derivedData/SDKStatCaches.noindex/appletvos27.0-24J360-e829b21a6f8c9b70876ba0858053c044b32bfd8d43560033f8d89884cdb90028.sdkstatcache -output-file-map /Users/admin/builder/spi-builder-workspace/.derivedData/Build/Intermediates.noindex/PeekDialog.build/Debug-appletvos/PeekDialog-t.build/Objects-normal/arm64/PeekDialog-OutputFileMap.json -save-temps -no-color-diagnostics -explicit-module-build -module-cache-path /Users/admin/builder/spi-builder-workspace/.derivedData/Build/Intermediates.noindex/SwiftExplicitPrecompiledModules -clang-scanner-module-cache-path /Users/admin/builder/spi-builder-workspace/.derivedData/ModuleCache.noindex -sdk-module-cache-path /Users/admin/builder/spi-builder-workspace/.derivedData/SDKExplicitPrecompiledModules -emit-dependencies -emit-module -emit-module-path /Users/admin/builder/spi-builder-workspace/.derivedData/Build/Intermediates.noindex/PeekDialog.build/Debug-appletvos/PeekDialog-t.build/Objects-normal/arm64/PeekDialog.swiftmodule -serialize-diagnostics -dependency-scan-serialize-diagnostics-path /Users/admin/builder/spi-builder-workspace/.derivedData/Build/Intermediates.noindex/PeekDialog.build/Debug-appletvos/PeekDialog-t.build/Objects-normal/arm64/PeekDialog-dependency-scan.dia -validate-clang-modules-once -clang-build-session-file /Users/admin/builder/spi-builder-workspace/.derivedData/ModuleCache.noindex/Session.modulevalidation -Xcc -fmodules-prune-interval\=86400 -Xcc -fmodules-prune-after\=345600 -package-name spi_builder_workspace -emit-const-values -const-gather-protocols-list /Users/admin/builder/spi-builder-workspace/.derivedData/Build/Intermediates.noindex/PeekDialog.build/Debug-appletvos/PeekDialog-t.build/Objects-normal/arm64/PeekDialog_const_extract_protocols.json -Xcc -I/Users/admin/builder/spi-builder-workspace/.derivedData/Build/Products/Debug-appletvos/include -Xcc -I/Users/admin/builder/spi-builder-workspace/.derivedData/Build/Intermediates.noindex/PeekDialog.build/Debug-appletvos/PeekDialog-t.build/DerivedSources-normal/arm64 -Xcc -I/Users/admin/builder/spi-builder-workspace/.derivedData/Build/Intermediates.noindex/PeekDialog.build/Debug-appletvos/PeekDialog-t.build/DerivedSources/arm64 -Xcc -I/Users/admin/builder/spi-builder-workspace/.derivedData/Build/Intermediates.noindex/PeekDialog.build/Debug-appletvos/PeekDialog-t.build/DerivedSources -Xcc -DSWIFT_PACKAGE -Xcc -DDEBUG\=1 -emit-objc-header -emit-objc-header-path /Users/admin/builder/spi-builder-workspace/.derivedData/Build/Intermediates.noindex/PeekDialog.build/Debug-appletvos/PeekDialog-t.build/Objects-normal/arm64/PeekDialog-Swift.h -working-directory /Users/admin/builder/spi-builder-workspace/.swiftpm/xcode -experimental-emit-module-separately -disable-cmo
SwiftExplicitDependencyGeneratePcm arm64 /Users/admin/builder/spi-builder-workspace/.derivedData/SDKExplicitPrecompiledModules/DeveloperToolsSupport-B1X8RI63V48AJRTH2RK6JAARV.pcm
SwiftExplicitDependencyGeneratePcm arm64 /Users/admin/builder/spi-builder-workspace/.derivedData/SDKExplicitPrecompiledModules/SwiftShims-8N4EXJ4RUJTR8K9OO3CMOH1EP.pcm
SwiftExplicitDependencyGeneratePcm arm64 /Users/admin/builder/spi-builder-workspace/.derivedData/SDKExplicitPrecompiledModules/ptrauth-8X2KEPL7CTRPS40TUB9APHPK6.pcm
SwiftExplicitDependencyGeneratePcm arm64 /Users/admin/builder/spi-builder-workspace/.derivedData/SDKExplicitPrecompiledModules/_Builtin_stddef-9ZJZ6FDEZNKTZU8YLPMFT9RAQ.pcm
SwiftExplicitDependencyGeneratePcm arm64 /Users/admin/builder/spi-builder-workspace/.derivedData/SDKExplicitPrecompiledModules/_Builtin_stdbool-AHRDH5EKLY6D04C5E42F3VCQI.pcm
SwiftExplicitDependencyGeneratePcm arm64 /Users/admin/builder/spi-builder-workspace/.derivedData/SDKExplicitPrecompiledModules/ptrcheck-2AZ6B5IBYD3RRRTFWN2ONASY3.pcm
SwiftExplicitDependencyGeneratePcm arm64 /Users/admin/builder/spi-builder-workspace/.derivedData/SDKExplicitPrecompiledModules/_AvailabilityInternal-BV2EDDP0MI5QJDDPEEV4D9D3V.pcm
SwiftExplicitDependencyGeneratePcm arm64 /Users/admin/builder/spi-builder-workspace/.derivedData/SDKExplicitPrecompiledModules/_Builtin_stdarg-BO2OCAUYVAXDRVQWQ8ISKGNUQ.pcm
SwiftExplicitDependencyGeneratePcm arm64 /Users/admin/builder/spi-builder-workspace/.derivedData/SDKExplicitPrecompiledModules/_Builtin_float-8ZJAYZ85YBOAOP52Y9H6IUNP3.pcm
SwiftExplicitDependencyGeneratePcm arm64 /Users/admin/builder/spi-builder-workspace/.derivedData/SDKExplicitPrecompiledModules/_SwiftConcurrencyShims-BY5PD8KF1L5KF6F4Q69HE3TJ4.pcm
SwiftExplicitDependencyGeneratePcm arm64 /Users/admin/builder/spi-builder-workspace/.derivedData/SDKExplicitPrecompiledModules/_DarwinFoundation1-JOTYMOA1YZCIJ2NON6FQ848O.pcm
SwiftExplicitDependencyGeneratePcm arm64 /Users/admin/builder/spi-builder-workspace/.derivedData/SDKExplicitPrecompiledModules/_Builtin_limits-7JU2HP127LIT1X9E2V3D8WZ1.pcm
SwiftExplicitDependencyGeneratePcm arm64 /Users/admin/builder/spi-builder-workspace/.derivedData/SDKExplicitPrecompiledModules/_DarwinFoundation2-AOGAN1O02NKXRJN5V73AV3V3M.pcm
SwiftExplicitDependencyGeneratePcm arm64 /Users/admin/builder/spi-builder-workspace/.derivedData/SDKExplicitPrecompiledModules/string_h-6EVHP7A717OUS5DMC78F79HWO.pcm
SwiftExplicitDependencyGeneratePcm arm64 /Users/admin/builder/spi-builder-workspace/.derivedData/SDKExplicitPrecompiledModules/sys_types-8GCAV1YMG5UUGHUID3CA20TCH.pcm
SwiftExplicitDependencyGeneratePcm arm64 /Users/admin/builder/spi-builder-workspace/.derivedData/SDKExplicitPrecompiledModules/_Builtin_stdint-6NFTB6IBKS143IVPGT1EKB7HO.pcm
SwiftExplicitDependencyGeneratePcm arm64 /Users/admin/builder/spi-builder-workspace/.derivedData/SDKExplicitPrecompiledModules/_Builtin_tgmath-7ULT1EUHDHW4OZPSTT33H6QGE.pcm
SwiftExplicitDependencyGeneratePcm arm64 /Users/admin/builder/spi-builder-workspace/.derivedData/SDKExplicitPrecompiledModules/_Builtin_stdatomic-3YXHN678NGYM3NL9POJ2HVEIF.pcm
SwiftExplicitDependencyGeneratePcm arm64 /Users/admin/builder/spi-builder-workspace/.derivedData/SDKExplicitPrecompiledModules/_Builtin_intrinsics-437O2R2NID4WAQVENR63GR82C.pcm
SwiftExplicitDependencyGeneratePcm arm64 /Users/admin/builder/spi-builder-workspace/.derivedData/SDKExplicitPrecompiledModules/_DarwinFoundation3-8SR3855WDFHQPR6G9GHOI2C07.pcm
SwiftExplicitDependencyGeneratePcm arm64 /Users/admin/builder/spi-builder-workspace/.derivedData/SDKExplicitPrecompiledModules/_Builtin_inttypes-6X1IQ3QK9KEVKXOK9Y79EW7J3.pcm
SwiftExplicitDependencyGeneratePcm arm64 /Users/admin/builder/spi-builder-workspace/.derivedData/SDKExplicitPrecompiledModules/Darwin-DBSQAVBBPC3D2OMU5ZI2RXMST.pcm
SwiftExplicitDependencyGeneratePcm arm64 /Users/admin/builder/spi-builder-workspace/.derivedData/SDKExplicitPrecompiledModules/simd-117QUXEUT3Z7UQCUYWV2UA228.pcm
SwiftExplicitDependencyGeneratePcm arm64 /Users/admin/builder/spi-builder-workspace/.derivedData/SDKExplicitPrecompiledModules/MachO-EH3F5PJCIZG05NO51CEFSZYPW.pcm
SwiftExplicitDependencyGeneratePcm arm64 /Users/admin/builder/spi-builder-workspace/.derivedData/SDKExplicitPrecompiledModules/ObjectiveC-5250FDCE56N8508OR6XUYDKZM.pcm
SwiftExplicitDependencyGeneratePcm arm64 /Users/admin/builder/spi-builder-workspace/.derivedData/SDKExplicitPrecompiledModules/os_object-E2DGZ0SX0TULQHULZRPO6OKNW.pcm
SwiftExplicitDependencyGeneratePcm arm64 /Users/admin/builder/spi-builder-workspace/.derivedData/SDKExplicitPrecompiledModules/os_workgroup-DBUFF7811DKMX7VPBOJPGGF1U.pcm
SwiftExplicitDependencyGeneratePcm arm64 /Users/admin/builder/spi-builder-workspace/.derivedData/SDKExplicitPrecompiledModules/Spatial-7U8NLEFXSB8BR7PJQGVMF5A4Q.pcm
SwiftExplicitDependencyGeneratePcm arm64 /Users/admin/builder/spi-builder-workspace/.derivedData/SDKExplicitPrecompiledModules/Dispatch-1QL58A0V50C39KVAIC6C38SHL.pcm
SwiftExplicitDependencyGeneratePcm arm64 /Users/admin/builder/spi-builder-workspace/.derivedData/SDKExplicitPrecompiledModules/CoreFoundation-7TPJ7ENDC4L1A1ESHYI9TXS0D.pcm
SwiftExplicitDependencyGeneratePcm arm64 /Users/admin/builder/spi-builder-workspace/.derivedData/SDKExplicitPrecompiledModules/XPC-6O2DJFT3QUJ7QKTD3SNUB6PCR.pcm
SwiftExplicitDependencyGeneratePcm arm64 /Users/admin/builder/spi-builder-workspace/.derivedData/SDKExplicitPrecompiledModules/os-3GJI8H0BNAEZPQPQ1V0VVY3FY.pcm
SwiftExplicitDependencyGeneratePcm arm64 /Users/admin/builder/spi-builder-workspace/.derivedData/SDKExplicitPrecompiledModules/CoreGraphics-CWSP3J98S2658BYCVL6RP99T3.pcm
SwiftExplicitDependencyGeneratePcm arm64 /Users/admin/builder/spi-builder-workspace/.derivedData/SDKExplicitPrecompiledModules/CFNetwork-2CUR2VK9S3S3WPFXPNXNUWYGN.pcm
SwiftExplicitDependencyGeneratePcm arm64 /Users/admin/builder/spi-builder-workspace/.derivedData/SDKExplicitPrecompiledModules/Security-8VMXEKVDA3MHUH9AOTP905DID.pcm
SwiftExplicitDependencyGeneratePcm arm64 /Users/admin/builder/spi-builder-workspace/.derivedData/SDKExplicitPrecompiledModules/CoreAudioTypes-E7EH96HAL3G83QSWLT7VWYIP4.pcm
SwiftExplicitDependencyGeneratePcm arm64 /Users/admin/builder/spi-builder-workspace/.derivedData/SDKExplicitPrecompiledModules/CoreAudio-6IR1XRM0Q9YQZMFW89F3H4V3X.pcm
SwiftExplicitDependencyGeneratePcm arm64 /Users/admin/builder/spi-builder-workspace/.derivedData/SDKExplicitPrecompiledModules/Foundation-BSSIP64DIGUKMAYJOG1WPQ78X.pcm
SwiftExplicitDependencyGeneratePcm arm64 /Users/admin/builder/spi-builder-workspace/.derivedData/SDKExplicitPrecompiledModules/CoreText-59NY7PABM0I4V978161FOC04A.pcm
SwiftExplicitDependencyGeneratePcm arm64 /Users/admin/builder/spi-builder-workspace/.derivedData/SDKExplicitPrecompiledModules/ImageIO-88D4CLEBD4CLWQKT78PZ6H1O8.pcm
SwiftExplicitDependencyGeneratePcm arm64 /Users/admin/builder/spi-builder-workspace/.derivedData/SDKExplicitPrecompiledModules/IOSurface-38FJ1CKX9FV2RD97O64Z7QB17.pcm
SwiftExplicitDependencyGeneratePcm arm64 /Users/admin/builder/spi-builder-workspace/.derivedData/SDKExplicitPrecompiledModules/OSLog-7OT6HHTMY0ZFEQJ095LJZ6NLC.pcm
SwiftExplicitDependencyGeneratePcm arm64 /Users/admin/builder/spi-builder-workspace/.derivedData/SDKExplicitPrecompiledModules/Symbols-B5AU9VM9Y7NU79RLMH13Z4IFM.pcm
SwiftExplicitDependencyGeneratePcm arm64 /Users/admin/builder/spi-builder-workspace/.derivedData/SDKExplicitPrecompiledModules/CoreData-DYMPHH3PH8AX9I1FHA4VFJ675.pcm
SwiftExplicitDependencyGeneratePcm arm64 /Users/admin/builder/spi-builder-workspace/.derivedData/SDKExplicitPrecompiledModules/UserNotifications-E9ZW5TH066WIJWH9080RC5NG4.pcm
SwiftExplicitDependencyGeneratePcm arm64 /Users/admin/builder/spi-builder-workspace/.derivedData/SDKExplicitPrecompiledModules/Accessibility-B6BODGZ4MQQTY0PBC4SHRP009.pcm
SwiftExplicitDependencyGeneratePcm arm64 /Users/admin/builder/spi-builder-workspace/.derivedData/SDKExplicitPrecompiledModules/UIUtilities-6ZFJ1AK4H8IBGEBMYQBWGBYLK.pcm
SwiftExplicitDependencyGeneratePcm arm64 /Users/admin/builder/spi-builder-workspace/.derivedData/SDKExplicitPrecompiledModules/_LocationEssentials-ETSJ65FELPWR8WH8G49R1DF2E.pcm
SwiftExplicitDependencyGeneratePcm arm64 /Users/admin/builder/spi-builder-workspace/.derivedData/SDKExplicitPrecompiledModules/UniformTypeIdentifiers-95CC8U42ZA9STP5K6GP9ZVJS5.pcm
SwiftExplicitDependencyGeneratePcm arm64 /Users/admin/builder/spi-builder-workspace/.derivedData/SDKExplicitPrecompiledModules/DataDetection-37JIYZ2GWDA1L166PP1D9JKAF.pcm
SwiftExplicitDependencyGeneratePcm arm64 /Users/admin/builder/spi-builder-workspace/.derivedData/SDKExplicitPrecompiledModules/CoreTransferable-7V4O8DATEQ9F7SDNTCW8YWLG3.pcm
SwiftExplicitDependencyGeneratePcm arm64 /Users/admin/builder/spi-builder-workspace/.derivedData/SDKExplicitPrecompiledModules/CoreLocation-YVXXAOMVX0JH2KO1XTTKTY51.pcm
SwiftExplicitDependencyGeneratePcm arm64 /Users/admin/builder/spi-builder-workspace/.derivedData/SDKExplicitPrecompiledModules/Metal-2KYBS7IML1SD788M91YV7Q0CC.pcm
SwiftExplicitDependencyGeneratePcm arm64 /Users/admin/builder/spi-builder-workspace/.derivedData/SDKExplicitPrecompiledModules/OpenGLES-4NY99CNDU9WUNUYEIXSS1QFGE.pcm
SwiftExplicitDependencyGeneratePcm arm64 /Users/admin/builder/spi-builder-workspace/.derivedData/SDKExplicitPrecompiledModules/CoreVideo-DPU0PB5X0XLSVA2ETRGI6FJBM.pcm
SwiftExplicitDependencyGeneratePcm arm64 /Users/admin/builder/spi-builder-workspace/.derivedData/SDKExplicitPrecompiledModules/QuartzCore-DJSYAWKXFGVSAK5CQMOB3JSR.pcm
SwiftExplicitDependencyGeneratePcm arm64 /Users/admin/builder/spi-builder-workspace/.derivedData/SDKExplicitPrecompiledModules/CoreMedia-4OUKVT03LV547KZJDPPJRJ4F8.pcm
SwiftExplicitDependencyGeneratePcm arm64 /Users/admin/builder/spi-builder-workspace/.derivedData/SDKExplicitPrecompiledModules/CoreImage-7S2AFJ8EIY3DUFYLEAX1JR1QV.pcm
SwiftExplicitDependencyGeneratePcm arm64 /Users/admin/builder/spi-builder-workspace/.derivedData/SDKExplicitPrecompiledModules/SwiftUICore-543QU5V2NHKUFCYFJDKUJ7NYG.pcm
SwiftExplicitDependencyGeneratePcm arm64 /Users/admin/builder/spi-builder-workspace/.derivedData/SDKExplicitPrecompiledModules/UIKit-1TKWN7VC2X6N3ITMRVA2G0EB2.pcm
SwiftExplicitDependencyGeneratePcm arm64 /Users/admin/builder/spi-builder-workspace/.derivedData/SDKExplicitPrecompiledModules/SwiftUI-7BV1YDT6IZWW6B8OC6ENV0Y0F.pcm
SwiftEmitModule normal arm64 Emitting\ module\ for\ PeekDialog (in target 'PeekDialog' from project 'PeekDialog')
SwiftCompile normal arm64 (in target 'PeekDialog' from project 'PeekDialog')
cd /Users/admin/builder/spi-builder-workspace/.swiftpm/xcode
SwiftCompile normal arm64 Compiling\ PeekWindow.swift /Users/admin/builder/spi-builder-workspace/PeekDialog/Presentation/PeekWindow.swift (in target 'PeekDialog' from project 'PeekDialog')
SwiftCompile normal arm64 /Users/admin/builder/spi-builder-workspace/PeekDialog/Presentation/PeekWindow.swift (in target 'PeekDialog' from project 'PeekDialog')
cd /Users/admin/builder/spi-builder-workspace/.swiftpm/xcode
builtin-SwiftPerFileCompile PeekWindow.swift
SwiftCompile normal arm64 Compiling\ PeekDialogPreferenceKeys.swift /Users/admin/builder/spi-builder-workspace/PeekDialog/Presentation/PeekDialogPreferenceKeys.swift (in target 'PeekDialog' from project 'PeekDialog')
SwiftCompile normal arm64 /Users/admin/builder/spi-builder-workspace/PeekDialog/Presentation/PeekDialogPreferenceKeys.swift (in target 'PeekDialog' from project 'PeekDialog')
cd /Users/admin/builder/spi-builder-workspace/.swiftpm/xcode
builtin-SwiftPerFileCompile PeekDialogPreferenceKeys.swift
SwiftCompile normal arm64 Compiling\ PeekPresenter.swift /Users/admin/builder/spi-builder-workspace/PeekDialog/Presentation/PeekPresenter.swift (in target 'PeekDialog' from project 'PeekDialog')
SwiftCompile normal arm64 /Users/admin/builder/spi-builder-workspace/PeekDialog/Presentation/PeekPresenter.swift (in target 'PeekDialog' from project 'PeekDialog')
cd /Users/admin/builder/spi-builder-workspace/.swiftpm/xcode
builtin-SwiftPerFileCompile PeekPresenter.swift
SwiftCompile normal arm64 Compiling\ PeekDialogHostView.swift /Users/admin/builder/spi-builder-workspace/PeekDialog/Presentation/PeekDialogHostView.swift (in target 'PeekDialog' from project 'PeekDialog')
SwiftCompile normal arm64 /Users/admin/builder/spi-builder-workspace/PeekDialog/Presentation/PeekDialogHostView.swift (in target 'PeekDialog' from project 'PeekDialog')
cd /Users/admin/builder/spi-builder-workspace/.swiftpm/xcode
builtin-SwiftPerFileCompile PeekDialogHostView.swift
SwiftCompile normal arm64 Compiling\ PeekDialogBridge.swift /Users/admin/builder/spi-builder-workspace/PeekDialog/Presentation/PeekDialogBridge.swift (in target 'PeekDialog' from project 'PeekDialog')
SwiftCompile normal arm64 /Users/admin/builder/spi-builder-workspace/PeekDialog/Presentation/PeekDialogBridge.swift (in target 'PeekDialog' from project 'PeekDialog')
cd /Users/admin/builder/spi-builder-workspace/.swiftpm/xcode
builtin-SwiftPerFileCompile PeekDialogBridge.swift
SwiftCompile normal arm64 Compiling\ PeekDialogItemView.swift /Users/admin/builder/spi-builder-workspace/PeekDialog/Presentation/PeekDialogItemView.swift (in target 'PeekDialog' from project 'PeekDialog')
SwiftCompile normal arm64 /Users/admin/builder/spi-builder-workspace/PeekDialog/Presentation/PeekDialogItemView.swift (in target 'PeekDialog' from project 'PeekDialog')
cd /Users/admin/builder/spi-builder-workspace/.swiftpm/xcode
builtin-SwiftPerFileCompile PeekDialogItemView.swift
SwiftCompile normal arm64 Compiling\ ViewExtension.swift /Users/admin/builder/spi-builder-workspace/PeekDialog/ViewExtension.swift (in target 'PeekDialog' from project 'PeekDialog')
SwiftCompile normal arm64 /Users/admin/builder/spi-builder-workspace/PeekDialog/ViewExtension.swift (in target 'PeekDialog' from project 'PeekDialog')
cd /Users/admin/builder/spi-builder-workspace/.swiftpm/xcode
builtin-SwiftPerFileCompile ViewExtension.swift
SwiftCompile normal arm64 Compiling\ Configuration.swift,\ PeekDialogState.swift /Users/admin/builder/spi-builder-workspace/PeekDialog/Configuration/Configuration.swift /Users/admin/builder/spi-builder-workspace/PeekDialog/Model/PeekDialogState.swift (in target 'PeekDialog' from project 'PeekDialog')
SwiftCompile normal arm64 /Users/admin/builder/spi-builder-workspace/PeekDialog/Configuration/Configuration.swift (in target 'PeekDialog' from project 'PeekDialog')
cd /Users/admin/builder/spi-builder-workspace/.swiftpm/xcode
builtin-SwiftPerFileCompile Configuration.swift
SwiftCompile normal arm64 /Users/admin/builder/spi-builder-workspace/PeekDialog/Model/PeekDialogState.swift (in target 'PeekDialog' from project 'PeekDialog')
cd /Users/admin/builder/spi-builder-workspace/.swiftpm/xcode
builtin-SwiftPerFileCompile PeekDialogState.swift
SwiftCompile normal arm64 Compiling\ PeekDialog.swift /Users/admin/builder/spi-builder-workspace/PeekDialog/PeekDialog.swift (in target 'PeekDialog' from project 'PeekDialog')
/Users/admin/builder/spi-builder-workspace/PeekDialog/PeekDialog.swift:181:6: error: 'DragGesture' is unavailable in tvOS
179 | .transition(transition)
180 | .simultaneousGesture(
181 | DragGesture()
| `- error: 'DragGesture' is unavailable in tvOS
182 | .onChanged { gesture in
183 | timer?.invalidate()
SwiftUI.DragGesture:3:42: note: 'DragGesture' has been explicitly marked unavailable here
1 | @available(iOS 13.0, macOS 10.15, watchOS 6.0, *)
2 | @available(tvOS, unavailable)
3 | @MainActor @preconcurrency public struct DragGesture : Gesture, ~Sendable {
| `- note: 'DragGesture' has been explicitly marked unavailable here
4 | public struct Value : Equatable, Sendable {
5 | public var time: Date
/Users/admin/builder/spi-builder-workspace/PeekDialog/PeekDialog.swift:181:6: error: 'init(minimumDistance:coordinateSpace:)' is unavailable in tvOS
179 | .transition(transition)
180 | .simultaneousGesture(
181 | DragGesture()
| `- error: 'init(minimumDistance:coordinateSpace:)' is unavailable in tvOS
182 | .onChanged { gesture in
183 | timer?.invalidate()
SwiftUI.DragGesture.init:4:37: note: 'init(minimumDistance:coordinateSpace:)' has been explicitly marked unavailable here
2 | @available(iOS 17.0, macOS 14.0, watchOS 10.0, *)
3 | @available(tvOS, unavailable)
4 | @MainActor @preconcurrency public init(minimumDistance: CGFloat = 10, coordinateSpace: some CoordinateSpaceProtocol = .local)}
| `- note: 'init(minimumDistance:coordinateSpace:)' has been explicitly marked unavailable here
5 |
Failed frontend command:
/Applications/Xcode-27.0.0-Release.Candidate.app/Contents/Developer/Toolchains/XcodeDefault.xctoolchain/usr/bin/swift-frontend -frontend -c /Users/admin/builder/spi-builder-workspace/PeekDialog/Configuration/Configuration.swift /Users/admin/builder/spi-builder-workspace/PeekDialog/Model/PeekDialogState.swift /Users/admin/builder/spi-builder-workspace/PeekDialog/Model/PeekStackLayout.swift /Users/admin/builder/spi-builder-workspace/PeekDialog/Model/PeekStackingBehavior.swift -primary-file /Users/admin/builder/spi-builder-workspace/PeekDialog/PeekDialog.swift /Users/admin/builder/spi-builder-workspace/PeekDialog/Presentation/PeekDialogBridge.swift /Users/admin/builder/spi-builder-workspace/PeekDialog/Presentation/PeekDialogHostView.swift /Users/admin/builder/spi-builder-workspace/PeekDialog/Presentation/PeekDialogItemView.swift /Users/admin/builder/spi-builder-workspace/PeekDialog/Presentation/PeekDialogPreferenceKeys.swift /Users/admin/builder/spi-builder-workspace/PeekDialog/Presentation/PeekPresenter.swift /Users/admin/builder/spi-builder-workspace/PeekDialog/Presentation/PeekWindow.swift /Users/admin/builder/spi-builder-workspace/PeekDialog/ViewExtension.swift -emit-dependencies-path /Users/admin/builder/spi-builder-workspace/.derivedData/Build/Intermediates.noindex/PeekDialog.build/Debug-appletvos/PeekDialog-t.build/Objects-normal/arm64/PeekDialog.d -emit-const-values-path /Users/admin/builder/spi-builder-workspace/.derivedData/Build/Intermediates.noindex/PeekDialog.build/Debug-appletvos/PeekDialog-t.build/Objects-normal/arm64/PeekDialog.swiftconstvalues -emit-reference-dependencies-path /Users/admin/builder/spi-builder-workspace/.derivedData/Build/Intermediates.noindex/PeekDialog.build/Debug-appletvos/PeekDialog-t.build/Objects-normal/arm64/PeekDialog.swiftdeps -serialize-diagnostics-path /Users/admin/builder/spi-builder-workspace/.derivedData/Build/Intermediates.noindex/PeekDialog.build/Debug-appletvos/PeekDialog-t.build/Objects-normal/arm64/PeekDialog.dia -target arm64-apple-tvos15.0 -disable-cross-import-overlay-search -load-resolved-plugin /Applications/Xcode-27.0.0-Release.Candidate.app/Contents/Developer/Platforms/AppleTVOS.platform/Developer/usr/lib/swift/host/plugins/libFoundationMacros.dylib\#/Applications/Xcode-27.0.0-Release.Candidate.app/Contents/Developer/Platforms/AppleTVOS.platform/Developer/usr/bin/swift-plugin-server\#FoundationMacros -load-resolved-plugin /Applications/Xcode-27.0.0-Release.Candidate.app/Contents/Developer/Platforms/AppleTVOS.platform/Developer/usr/lib/swift/host/plugins/libObservationMacros.dylib\#/Applications/Xcode-27.0.0-Release.Candidate.app/Contents/Developer/Platforms/AppleTVOS.platform/Developer/usr/bin/swift-plugin-server\#ObservationMacros -load-resolved-plugin /Applications/Xcode-27.0.0-Release.Candidate.app/Contents/Developer/Platforms/AppleTVOS.platform/Developer/usr/lib/swift/host/plugins/libPreviewsMacros.dylib\#/Applications/Xcode-27.0.0-Release.Candidate.app/Contents/Developer/Platforms/AppleTVOS.platform/Developer/usr/bin/swift-plugin-server\#PreviewsMacros -load-resolved-plugin /Applications/Xcode-27.0.0-Release.Candidate.app/Contents/Developer/Platforms/AppleTVOS.platform/Developer/usr/lib/swift/host/plugins/libSwiftMacros.dylib\#/Applications/Xcode-27.0.0-Release.Candidate.app/Contents/Developer/Platforms/AppleTVOS.platform/Developer/usr/bin/swift-plugin-server\#SwiftMacros -load-resolved-plugin /Applications/Xcode-27.0.0-Release.Candidate.app/Contents/Developer/Platforms/AppleTVOS.platform/Developer/usr/lib/swift/host/plugins/libSwiftUIMacros.dylib\#/Applications/Xcode-27.0.0-Release.Candidate.app/Contents/Developer/Platforms/AppleTVOS.platform/Developer/usr/bin/swift-plugin-server\#SwiftUIMacros -disable-implicit-swift-modules -Xcc -fno-implicit-modules -Xcc -fno-implicit-module-maps -explicit-swift-module-map-file /Users/admin/builder/spi-builder-workspace/.derivedData/Build/Intermediates.noindex/PeekDialog.build/Debug-appletvos/PeekDialog-t.build/Objects-normal/arm64/PeekDialog-dependencies-1.json -Xllvm -aarch64-use-tbi -enable-objc-interop -stack-check -sdk /Applications/Xcode-27.0.0-Release.Candidate.app/Contents/Developer/Platforms/AppleTVOS.platform/Developer/SDKs/AppleTVOS27.0.sdk -I /Users/admin/builder/spi-builder-workspace/.derivedData/Build/Products/Debug-appletvos -Isystem /Applications/Xcode-27.0.0-Release.Candidate.app/Contents/Developer/Platforms/AppleTVOS.platform/Developer/usr/lib -F /Users/admin/builder/spi-builder-workspace/.derivedData/Build/Products/Debug-appletvos -F /Applications/Xcode-27.0.0-Release.Candidate.app/Contents/Developer/Platforms/AppleTVOS.platform/Developer/Library/Frameworks -F /Applications/Xcode-27.0.0-Release.Candidate.app/Contents/Developer/Platforms/AppleTVOS.platform/Developer/SDKs/AppleTVOS27.0.sdk/Developer/Library/Frameworks -module-cache-path /Users/admin/builder/spi-builder-workspace/.derivedData/Build/Intermediates.noindex/SwiftExplicitPrecompiledModules -no-color-diagnostics -Xcc -fno-color-diagnostics -enable-testing -g -debug-info-format\=dwarf -dwarf-version\=4 -swift-version 5 -Onone -D SWIFT_PACKAGE -D DEBUG -D SWIFT_MODULE_RESOURCE_BUNDLE_UNAVAILABLE -D Xcode -serialize-debugging-options -enable-experimental-feature DebugDescriptionMacro -empty-abi-descriptor -validate-clang-modules-once -clang-build-session-file /Users/admin/builder/spi-builder-workspace/.derivedData/ModuleCache.noindex/Session.modulevalidation -Xcc -working-directory -Xcc /Users/admin/builder/spi-builder-workspace/.swiftpm/xcode -enable-anonymous-context-mangled-names -file-compilation-dir /Users/admin/builder/spi-builder-workspace/.swiftpm/xcode -Xcc -D_LIBCPP_HARDENING_MODE\=_LIBCPP_HARDENING_MODE_DEBUG -Xcc -ivfsstatcache -Xcc /Users/admin/builder/spi-builder-workspace/.derivedData/SDKStatCaches.noindex/appletvos27.0-24J360-e829b21a6f8c9b70876ba0858053c044b32bfd8d43560033f8d89884cdb90028.sdkstatcache -Xcc -fmodules-prune-interval\=86400 -Xcc -fmodules-prune-after\=345600 -Xcc -I/Users/admin/builder/spi-builder-workspace/.derivedData/Build/Products/Debug-appletvos/include -Xcc -I/Users/admin/builder/spi-builder-workspace/.derivedData/Build/Intermediates.noindex/PeekDialog.build/Debug-appletvos/PeekDialog-t.build/DerivedSources-normal/arm64 -Xcc -I/Users/admin/builder/spi-builder-workspace/.derivedData/Build/Intermediates.noindex/PeekDialog.build/Debug-appletvos/PeekDialog-t.build/DerivedSources/arm64 -Xcc -I/Users/admin/builder/spi-builder-workspace/.derivedData/Build/Intermediates.noindex/PeekDialog.build/Debug-appletvos/PeekDialog-t.build/DerivedSources -Xcc -DSWIFT_PACKAGE -Xcc -DDEBUG\=1 -no-auto-bridging-header-chaining -module-name PeekDialog -package-name spi_builder_workspace -const-gather-protocols-file /Users/admin/builder/spi-builder-workspace/.derivedData/Build/Intermediates.noindex/PeekDialog.build/Debug-appletvos/PeekDialog-t.build/Objects-normal/arm64/PeekDialog_const_extract_protocols.json -disable-clang-spi -clang-target arm64-apple-tvos27.0 -target-sdk-version 27.0 -target-sdk-name appletvos27.0 -in-process-plugin-server-path /Applications/Xcode-27.0.0-Release.Candidate.app/Contents/Developer/Toolchains/XcodeDefault.xctoolchain/usr/lib/swift/host/libSwiftInProcPluginServer.dylib -parse-as-library -o /Users/admin/builder/spi-builder-workspace/.derivedData/Build/Intermediates.noindex/PeekDialog.build/Debug-appletvos/PeekDialog-t.build/Objects-normal/arm64/PeekDialog.o -debug-module-path /Users/admin/builder/spi-builder-workspace/.derivedData/Build/Intermediates.noindex/PeekDialog.build/Debug-appletvos/PeekDialog-t.build/Objects-normal/arm64/PeekDialog.swiftmodule -index-unit-output-path /PeekDialog.build/Debug-appletvos/PeekDialog-t.build/Objects-normal/arm64/PeekDialog.o -index-store-path /Users/admin/builder/spi-builder-workspace/.derivedData/Index.noindex/DataStore -index-system-modules
SwiftCompile normal arm64 /Users/admin/builder/spi-builder-workspace/PeekDialog/PeekDialog.swift (in target 'PeekDialog' from project 'PeekDialog')
cd /Users/admin/builder/spi-builder-workspace/.swiftpm/xcode
builtin-SwiftPerFileCompile PeekDialog.swift
SwiftCompile normal arm64 Compiling\ PeekStackLayout.swift,\ PeekStackingBehavior.swift /Users/admin/builder/spi-builder-workspace/PeekDialog/Model/PeekStackLayout.swift /Users/admin/builder/spi-builder-workspace/PeekDialog/Model/PeekStackingBehavior.swift (in target 'PeekDialog' from project 'PeekDialog')
SwiftCompile normal arm64 /Users/admin/builder/spi-builder-workspace/PeekDialog/Model/PeekStackLayout.swift (in target 'PeekDialog' from project 'PeekDialog')
cd /Users/admin/builder/spi-builder-workspace/.swiftpm/xcode
builtin-SwiftPerFileCompile PeekStackLayout.swift
SwiftCompile normal arm64 /Users/admin/builder/spi-builder-workspace/PeekDialog/Model/PeekStackingBehavior.swift (in target 'PeekDialog' from project 'PeekDialog')
cd /Users/admin/builder/spi-builder-workspace/.swiftpm/xcode
builtin-SwiftPerFileCompile PeekStackingBehavior.swift
SwiftDriverJobDiscovery normal arm64 Emitting module for PeekDialog (in target 'PeekDialog' from project 'PeekDialog')
SwiftDriver\ Compilation\ Requirements PeekDialog normal arm64 com.apple.xcode.tools.swift.compiler (in target 'PeekDialog' from project 'PeekDialog')
cd /Users/admin/builder/spi-builder-workspace/.swiftpm/xcode
builtin-Swift-Compilation-Requirements -- /Applications/Xcode-27.0.0-Release.Candidate.app/Contents/Developer/Toolchains/XcodeDefault.xctoolchain/usr/bin/swiftc -parse-as-library -module-name PeekDialog -Onone @/Users/admin/builder/spi-builder-workspace/.derivedData/Build/Intermediates.noindex/PeekDialog.build/Debug-appletvos/PeekDialog-t.build/Objects-normal/arm64/PeekDialog.SwiftFileList -DSWIFT_PACKAGE -DDEBUG -DSWIFT_MODULE_RESOURCE_BUNDLE_UNAVAILABLE -DXcode -plugin-path /Applications/Xcode-27.0.0-Release.Candidate.app/Contents/Developer/Toolchains/XcodeDefault.xctoolchain/usr/lib/swift/host/plugins/testing -enable-experimental-feature DebugDescriptionMacro -sdk /Applications/Xcode-27.0.0-Release.Candidate.app/Contents/Developer/Platforms/AppleTVOS.platform/Developer/SDKs/AppleTVOS27.0.sdk -target arm64-apple-tvos15.0 -g -module-cache-path /Users/admin/builder/spi-builder-workspace/.derivedData/ModuleCache.noindex -Xfrontend -serialize-debugging-options -enable-testing -index-store-path /Users/admin/builder/spi-builder-workspace/.derivedData/Index.noindex/DataStore -Xcc -D_LIBCPP_HARDENING_MODE\=_LIBCPP_HARDENING_MODE_DEBUG -swift-version 5 -I /Users/admin/builder/spi-builder-workspace/.derivedData/Build/Products/Debug-appletvos -Isystem /Applications/Xcode-27.0.0-Release.Candidate.app/Contents/Developer/Platforms/AppleTVOS.platform/Developer/usr/lib -F /Users/admin/builder/spi-builder-workspace/.derivedData/Build/Products/Debug-appletvos -F /Applications/Xcode-27.0.0-Release.Candidate.app/Contents/Developer/Platforms/AppleTVOS.platform/Developer/Library/Frameworks -F /Applications/Xcode-27.0.0-Release.Candidate.app/Contents/Developer/Platforms/AppleTVOS.platform/Developer/SDKs/AppleTVOS27.0.sdk/Developer/Library/Frameworks -c -j10 -enable-batch-mode -incremental -Xcc -ivfsstatcache -Xcc /Users/admin/builder/spi-builder-workspace/.derivedData/SDKStatCaches.noindex/appletvos27.0-24J360-e829b21a6f8c9b70876ba0858053c044b32bfd8d43560033f8d89884cdb90028.sdkstatcache -output-file-map /Users/admin/builder/spi-builder-workspace/.derivedData/Build/Intermediates.noindex/PeekDialog.build/Debug-appletvos/PeekDialog-t.build/Objects-normal/arm64/PeekDialog-OutputFileMap.json -save-temps -no-color-diagnostics -explicit-module-build -module-cache-path /Users/admin/builder/spi-builder-workspace/.derivedData/Build/Intermediates.noindex/SwiftExplicitPrecompiledModules -clang-scanner-module-cache-path /Users/admin/builder/spi-builder-workspace/.derivedData/ModuleCache.noindex -sdk-module-cache-path /Users/admin/builder/spi-builder-workspace/.derivedData/SDKExplicitPrecompiledModules -emit-dependencies -emit-module -emit-module-path /Users/admin/builder/spi-builder-workspace/.derivedData/Build/Intermediates.noindex/PeekDialog.build/Debug-appletvos/PeekDialog-t.build/Objects-normal/arm64/PeekDialog.swiftmodule -serialize-diagnostics -dependency-scan-serialize-diagnostics-path /Users/admin/builder/spi-builder-workspace/.derivedData/Build/Intermediates.noindex/PeekDialog.build/Debug-appletvos/PeekDialog-t.build/Objects-normal/arm64/PeekDialog-dependency-scan.dia -validate-clang-modules-once -clang-build-session-file /Users/admin/builder/spi-builder-workspace/.derivedData/ModuleCache.noindex/Session.modulevalidation -Xcc -fmodules-prune-interval\=86400 -Xcc -fmodules-prune-after\=345600 -package-name spi_builder_workspace -emit-const-values -const-gather-protocols-list /Users/admin/builder/spi-builder-workspace/.derivedData/Build/Intermediates.noindex/PeekDialog.build/Debug-appletvos/PeekDialog-t.build/Objects-normal/arm64/PeekDialog_const_extract_protocols.json -Xcc -I/Users/admin/builder/spi-builder-workspace/.derivedData/Build/Products/Debug-appletvos/include -Xcc -I/Users/admin/builder/spi-builder-workspace/.derivedData/Build/Intermediates.noindex/PeekDialog.build/Debug-appletvos/PeekDialog-t.build/DerivedSources-normal/arm64 -Xcc -I/Users/admin/builder/spi-builder-workspace/.derivedData/Build/Intermediates.noindex/PeekDialog.build/Debug-appletvos/PeekDialog-t.build/DerivedSources/arm64 -Xcc -I/Users/admin/builder/spi-builder-workspace/.derivedData/Build/Intermediates.noindex/PeekDialog.build/Debug-appletvos/PeekDialog-t.build/DerivedSources -Xcc -DSWIFT_PACKAGE -Xcc -DDEBUG\=1 -emit-objc-header -emit-objc-header-path /Users/admin/builder/spi-builder-workspace/.derivedData/Build/Intermediates.noindex/PeekDialog.build/Debug-appletvos/PeekDialog-t.build/Objects-normal/arm64/PeekDialog-Swift.h -working-directory /Users/admin/builder/spi-builder-workspace/.swiftpm/xcode -experimental-emit-module-separately -disable-cmo
SwiftDriverJobDiscovery normal arm64 Compiling PeekStackLayout.swift, PeekStackingBehavior.swift (in target 'PeekDialog' from project 'PeekDialog')
SwiftDriverJobDiscovery normal arm64 Compiling PeekDialogItemView.swift (in target 'PeekDialog' from project 'PeekDialog')
SwiftDriverJobDiscovery normal arm64 Compiling PeekDialogBridge.swift (in target 'PeekDialog' from project 'PeekDialog')
SwiftDriverJobDiscovery normal arm64 Compiling PeekWindow.swift (in target 'PeekDialog' from project 'PeekDialog')
SwiftDriverJobDiscovery normal arm64 Compiling PeekPresenter.swift (in target 'PeekDialog' from project 'PeekDialog')
SwiftDriverJobDiscovery normal arm64 Compiling PeekDialogHostView.swift (in target 'PeekDialog' from project 'PeekDialog')
SwiftMergeGeneratedHeaders /Users/admin/builder/spi-builder-workspace/.derivedData/Build/Intermediates.noindex/GeneratedModuleMaps-appletvos/PeekDialog-Swift.h /Users/admin/builder/spi-builder-workspace/.derivedData/Build/Intermediates.noindex/PeekDialog.build/Debug-appletvos/PeekDialog-t.build/Objects-normal/arm64/PeekDialog-Swift.h (in target 'PeekDialog' from project 'PeekDialog')
cd /Users/admin/builder/spi-builder-workspace
builtin-swiftHeaderTool -arch arm64 /Users/admin/builder/spi-builder-workspace/.derivedData/Build/Intermediates.noindex/PeekDialog.build/Debug-appletvos/PeekDialog-t.build/Objects-normal/arm64/PeekDialog-Swift.h -o /Users/admin/builder/spi-builder-workspace/.derivedData/Build/Intermediates.noindex/GeneratedModuleMaps-appletvos/PeekDialog-Swift.h
Copy /Users/admin/builder/spi-builder-workspace/.derivedData/Build/Products/Debug-appletvos/PeekDialog.swiftmodule/arm64-apple-tvos.swiftdoc /Users/admin/builder/spi-builder-workspace/.derivedData/Build/Intermediates.noindex/PeekDialog.build/Debug-appletvos/PeekDialog-t.build/Objects-normal/arm64/PeekDialog.swiftdoc (in target 'PeekDialog' from project 'PeekDialog')
cd /Users/admin/builder/spi-builder-workspace
builtin-copy -exclude .DS_Store -exclude CVS -exclude .svn -exclude .git -exclude .hg -resolve-src-symlinks -rename /Users/admin/builder/spi-builder-workspace/.derivedData/Build/Intermediates.noindex/PeekDialog.build/Debug-appletvos/PeekDialog-t.build/Objects-normal/arm64/PeekDialog.swiftdoc /Users/admin/builder/spi-builder-workspace/.derivedData/Build/Products/Debug-appletvos/PeekDialog.swiftmodule/arm64-apple-tvos.swiftdoc
Copy /Users/admin/builder/spi-builder-workspace/.derivedData/Build/Products/Debug-appletvos/PeekDialog.swiftmodule/arm64-apple-tvos.abi.json /Users/admin/builder/spi-builder-workspace/.derivedData/Build/Intermediates.noindex/PeekDialog.build/Debug-appletvos/PeekDialog-t.build/Objects-normal/arm64/PeekDialog.abi.json (in target 'PeekDialog' from project 'PeekDialog')
cd /Users/admin/builder/spi-builder-workspace
builtin-copy -exclude .DS_Store -exclude CVS -exclude .svn -exclude .git -exclude .hg -resolve-src-symlinks -rename /Users/admin/builder/spi-builder-workspace/.derivedData/Build/Intermediates.noindex/PeekDialog.build/Debug-appletvos/PeekDialog-t.build/Objects-normal/arm64/PeekDialog.abi.json /Users/admin/builder/spi-builder-workspace/.derivedData/Build/Products/Debug-appletvos/PeekDialog.swiftmodule/arm64-apple-tvos.abi.json
Copy /Users/admin/builder/spi-builder-workspace/.derivedData/Build/Products/Debug-appletvos/PeekDialog.swiftmodule/arm64-apple-tvos.swiftmodule /Users/admin/builder/spi-builder-workspace/.derivedData/Build/Intermediates.noindex/PeekDialog.build/Debug-appletvos/PeekDialog-t.build/Objects-normal/arm64/PeekDialog.swiftmodule (in target 'PeekDialog' from project 'PeekDialog')
cd /Users/admin/builder/spi-builder-workspace
builtin-copy -exclude .DS_Store -exclude CVS -exclude .svn -exclude .git -exclude .hg -resolve-src-symlinks -rename /Users/admin/builder/spi-builder-workspace/.derivedData/Build/Intermediates.noindex/PeekDialog.build/Debug-appletvos/PeekDialog-t.build/Objects-normal/arm64/PeekDialog.swiftmodule /Users/admin/builder/spi-builder-workspace/.derivedData/Build/Products/Debug-appletvos/PeekDialog.swiftmodule/arm64-apple-tvos.swiftmodule
Copy /Users/admin/builder/spi-builder-workspace/.derivedData/Build/Products/Debug-appletvos/PeekDialog.swiftmodule/Project/arm64-apple-tvos.swiftsourceinfo /Users/admin/builder/spi-builder-workspace/.derivedData/Build/Intermediates.noindex/PeekDialog.build/Debug-appletvos/PeekDialog-t.build/Objects-normal/arm64/PeekDialog.swiftsourceinfo (in target 'PeekDialog' from project 'PeekDialog')
cd /Users/admin/builder/spi-builder-workspace
builtin-copy -exclude .DS_Store -exclude CVS -exclude .svn -exclude .git -exclude .hg -resolve-src-symlinks -rename /Users/admin/builder/spi-builder-workspace/.derivedData/Build/Intermediates.noindex/PeekDialog.build/Debug-appletvos/PeekDialog-t.build/Objects-normal/arm64/PeekDialog.swiftsourceinfo /Users/admin/builder/spi-builder-workspace/.derivedData/Build/Products/Debug-appletvos/PeekDialog.swiftmodule/Project/arm64-apple-tvos.swiftsourceinfo
PruneExplicitPrecompiledModules /Users/admin/builder/spi-builder-workspace/.derivedData/Build/Intermediates.noindex/SwiftExplicitPrecompiledModules
PruneExplicitPrecompiledModules /Users/admin/builder/spi-builder-workspace/.derivedData/SDKExplicitPrecompiledModules
PruneExplicitPrecompiledModules /Users/admin/builder/spi-builder-workspace/.derivedData/Build/Intermediates.noindex/ExplicitPrecompiledModules
2026-09-27 17:14:02.825 xcodebuild[661:3948] [MT] IDERunDestination: Supported platforms for the buildables in the current scheme is empty.
** BUILD FAILED **
The following build commands failed:
SwiftCompile normal arm64 Compiling\ PeekDialog.swift /Users/admin/builder/spi-builder-workspace/PeekDialog/PeekDialog.swift (in target 'PeekDialog' from project 'PeekDialog')
SwiftCompile normal arm64 /Users/admin/builder/spi-builder-workspace/PeekDialog/PeekDialog.swift (in target 'PeekDialog' from project 'PeekDialog')
Building workspace PeekDialog with scheme PeekDialog
(3 failures)
Command line invocation:
/Applications/Xcode-27.0.0-Release.Candidate.app/Contents/Developer/usr/bin/xcodebuild -IDEClonedSourcePackagesDirPathOverride=/Users/admin/builder/spi-builder-workspace/.dependencies -resolvePackageDependencies
Resolve Package Graph
Resolved source packages:
PeekDialog: /Users/admin/builder/spi-builder-workspace
resolved source packages: PeekDialog
2026-09-27 17:14:12.212 xcodebuild[775:4529] [MT] IDERunDestination: Supported platforms for the buildables in the current scheme is empty.
{
"dependencies" : [
],
"manifest_display_name" : "PeekDialog",
"name" : "PeekDialog",
"path" : "/Users/admin/builder/spi-builder-workspace",
"platforms" : [
{
"name" : "ios",
"version" : "15.0"
},
{
"name" : "watchos",
"version" : "10.0"
},
{
"name" : "visionos",
"version" : "1.0"
}
],
"products" : [
{
"name" : "PeekDialog",
"targets" : [
"PeekDialog"
],
"type" : {
"library" : [
"automatic"
]
}
}
],
"targets" : [
{
"c99name" : "PeekDialogPreviews",
"module_type" : "SwiftTarget",
"name" : "PeekDialogPreviews",
"path" : "Previews",
"sources" : [
"Examples.swift"
],
"target_dependencies" : [
"PeekDialog"
],
"type" : "library"
},
{
"c99name" : "PeekDialog",
"module_type" : "SwiftTarget",
"name" : "PeekDialog",
"path" : "PeekDialog",
"product_memberships" : [
"PeekDialog"
],
"sources" : [
"Configuration/Configuration.swift",
"Model/PeekDialogState.swift",
"Model/PeekStackLayout.swift",
"Model/PeekStackingBehavior.swift",
"PeekDialog.swift",
"Presentation/PeekDialogBridge.swift",
"Presentation/PeekDialogHostView.swift",
"Presentation/PeekDialogItemView.swift",
"Presentation/PeekDialogPreferenceKeys.swift",
"Presentation/PeekPresenter.swift",
"Presentation/PeekWindow.swift",
"ViewExtension.swift"
],
"type" : "library"
}
],
"tools_version" : "5.9"
}
{
"workspace" : {
"name" : "PeekDialog",
"schemes" : [
"PeekDialog"
]
}
}
2026-09-27 17:14:13.436 xcodebuild[783:4594] [MT] IDERunDestination: Supported platforms for the buildables in the current scheme is empty.
Running build ...
env DEVELOPER_DIR=/Applications/Xcode-27.0.0-Release.Candidate.app xcrun xcodebuild -IDEClonedSourcePackagesDirPathOverride=$PWD/.dependencies -skipMacroValidation -skipPackagePluginValidation -derivedDataPath $PWD/.derivedData build -scheme PeekDialog -destination generic/platform=tvOS
Command line invocation:
/Applications/Xcode-27.0.0-Release.Candidate.app/Contents/Developer/usr/bin/xcodebuild -IDEClonedSourcePackagesDirPathOverride=/Users/admin/builder/spi-builder-workspace/.dependencies -skipMacroValidation -skipPackagePluginValidation -derivedDataPath /Users/admin/builder/spi-builder-workspace/.derivedData build -scheme PeekDialog -destination generic/platform=tvOS
Resolve Package Graph
Resolved source packages:
PeekDialog: /Users/admin/builder/spi-builder-workspace
ComputePackagePrebuildTargetDependencyGraph
Prepare packages
CreateBuildRequest
SendProjectDescription
CreateBuildOperation
ComputeTargetDependencyGraph
note: Building targets in dependency order
note: Target dependency graph (2 targets)
Target 'PeekDialog-product' in project 'PeekDialog'
➜ Explicit dependency on target 'PeekDialog' in project 'PeekDialog'
Target 'PeekDialog' in project 'PeekDialog' (no dependencies)
GatherProvisioningInputs
CreateBuildDescription
ClangStatCache /Applications/Xcode-27.0.0-Release.Candidate.app/Contents/Developer/Toolchains/XcodeDefault.xctoolchain/usr/bin/clang-stat-cache /Applications/Xcode-27.0.0-Release.Candidate.app/Contents/Developer/Platforms/AppleTVOS.platform/Developer/SDKs/AppleTVOS27.0.sdk /Users/admin/builder/spi-builder-workspace/.derivedData/SDKStatCaches.noindex/appletvos27.0-24J360-e829b21a6f8c9b70876ba0858053c044b32bfd8d43560033f8d89884cdb90028.sdkstatcache
cd /Users/admin/builder/spi-builder-workspace/.swiftpm/xcode
/Applications/Xcode-27.0.0-Release.Candidate.app/Contents/Developer/Toolchains/XcodeDefault.xctoolchain/usr/bin/clang-stat-cache /Applications/Xcode-27.0.0-Release.Candidate.app/Contents/Developer/Platforms/AppleTVOS.platform/Developer/SDKs/AppleTVOS27.0.sdk -o /Users/admin/builder/spi-builder-workspace/.derivedData/SDKStatCaches.noindex/appletvos27.0-24J360-e829b21a6f8c9b70876ba0858053c044b32bfd8d43560033f8d89884cdb90028.sdkstatcache
SwiftDriver PeekDialog normal arm64 com.apple.xcode.tools.swift.compiler (in target 'PeekDialog' from project 'PeekDialog')
cd /Users/admin/builder/spi-builder-workspace/.swiftpm/xcode
builtin-SwiftDriver -- /Applications/Xcode-27.0.0-Release.Candidate.app/Contents/Developer/Toolchains/XcodeDefault.xctoolchain/usr/bin/swiftc -parse-as-library -module-name PeekDialog -Onone @/Users/admin/builder/spi-builder-workspace/.derivedData/Build/Intermediates.noindex/PeekDialog.build/Debug-appletvos/PeekDialog-t.build/Objects-normal/arm64/PeekDialog.SwiftFileList -DSWIFT_PACKAGE -DDEBUG -DSWIFT_MODULE_RESOURCE_BUNDLE_UNAVAILABLE -DXcode -plugin-path /Applications/Xcode-27.0.0-Release.Candidate.app/Contents/Developer/Toolchains/XcodeDefault.xctoolchain/usr/lib/swift/host/plugins/testing -enable-experimental-feature DebugDescriptionMacro -sdk /Applications/Xcode-27.0.0-Release.Candidate.app/Contents/Developer/Platforms/AppleTVOS.platform/Developer/SDKs/AppleTVOS27.0.sdk -target arm64-apple-tvos15.0 -g -module-cache-path /Users/admin/builder/spi-builder-workspace/.derivedData/ModuleCache.noindex -Xfrontend -serialize-debugging-options -enable-testing -index-store-path /Users/admin/builder/spi-builder-workspace/.derivedData/Index.noindex/DataStore -Xcc -D_LIBCPP_HARDENING_MODE\=_LIBCPP_HARDENING_MODE_DEBUG -swift-version 5 -I /Users/admin/builder/spi-builder-workspace/.derivedData/Build/Products/Debug-appletvos -Isystem /Applications/Xcode-27.0.0-Release.Candidate.app/Contents/Developer/Platforms/AppleTVOS.platform/Developer/usr/lib -F /Users/admin/builder/spi-builder-workspace/.derivedData/Build/Products/Debug-appletvos -F /Applications/Xcode-27.0.0-Release.Candidate.app/Contents/Developer/Platforms/AppleTVOS.platform/Developer/Library/Frameworks -F /Applications/Xcode-27.0.0-Release.Candidate.app/Contents/Developer/Platforms/AppleTVOS.platform/Developer/SDKs/AppleTVOS27.0.sdk/Developer/Library/Frameworks -c -j10 -enable-batch-mode -incremental -Xcc -ivfsstatcache -Xcc /Users/admin/builder/spi-builder-workspace/.derivedData/SDKStatCaches.noindex/appletvos27.0-24J360-e829b21a6f8c9b70876ba0858053c044b32bfd8d43560033f8d89884cdb90028.sdkstatcache -output-file-map /Users/admin/builder/spi-builder-workspace/.derivedData/Build/Intermediates.noindex/PeekDialog.build/Debug-appletvos/PeekDialog-t.build/Objects-normal/arm64/PeekDialog-OutputFileMap.json -save-temps -no-color-diagnostics -explicit-module-build -module-cache-path /Users/admin/builder/spi-builder-workspace/.derivedData/Build/Intermediates.noindex/SwiftExplicitPrecompiledModules -clang-scanner-module-cache-path /Users/admin/builder/spi-builder-workspace/.derivedData/ModuleCache.noindex -sdk-module-cache-path /Users/admin/builder/spi-builder-workspace/.derivedData/SDKExplicitPrecompiledModules -emit-dependencies -emit-module -emit-module-path /Users/admin/builder/spi-builder-workspace/.derivedData/Build/Intermediates.noindex/PeekDialog.build/Debug-appletvos/PeekDialog-t.build/Objects-normal/arm64/PeekDialog.swiftmodule -serialize-diagnostics -dependency-scan-serialize-diagnostics-path /Users/admin/builder/spi-builder-workspace/.derivedData/Build/Intermediates.noindex/PeekDialog.build/Debug-appletvos/PeekDialog-t.build/Objects-normal/arm64/PeekDialog-dependency-scan.dia -validate-clang-modules-once -clang-build-session-file /Users/admin/builder/spi-builder-workspace/.derivedData/ModuleCache.noindex/Session.modulevalidation -Xcc -fmodules-prune-interval\=86400 -Xcc -fmodules-prune-after\=345600 -package-name spi_builder_workspace -emit-const-values -const-gather-protocols-list /Users/admin/builder/spi-builder-workspace/.derivedData/Build/Intermediates.noindex/PeekDialog.build/Debug-appletvos/PeekDialog-t.build/Objects-normal/arm64/PeekDialog_const_extract_protocols.json -Xcc -I/Users/admin/builder/spi-builder-workspace/.derivedData/Build/Products/Debug-appletvos/include -Xcc -I/Users/admin/builder/spi-builder-workspace/.derivedData/Build/Intermediates.noindex/PeekDialog.build/Debug-appletvos/PeekDialog-t.build/DerivedSources-normal/arm64 -Xcc -I/Users/admin/builder/spi-builder-workspace/.derivedData/Build/Intermediates.noindex/PeekDialog.build/Debug-appletvos/PeekDialog-t.build/DerivedSources/arm64 -Xcc -I/Users/admin/builder/spi-builder-workspace/.derivedData/Build/Intermediates.noindex/PeekDialog.build/Debug-appletvos/PeekDialog-t.build/DerivedSources -Xcc -DSWIFT_PACKAGE -Xcc -DDEBUG\=1 -emit-objc-header -emit-objc-header-path /Users/admin/builder/spi-builder-workspace/.derivedData/Build/Intermediates.noindex/PeekDialog.build/Debug-appletvos/PeekDialog-t.build/Objects-normal/arm64/PeekDialog-Swift.h -working-directory /Users/admin/builder/spi-builder-workspace/.swiftpm/xcode -experimental-emit-module-separately -disable-cmo
SwiftCompile normal arm64 Compiling\ Configuration.swift /Users/admin/builder/spi-builder-workspace/PeekDialog/Configuration/Configuration.swift (in target 'PeekDialog' from project 'PeekDialog')
SwiftCompile normal arm64 /Users/admin/builder/spi-builder-workspace/PeekDialog/Configuration/Configuration.swift (in target 'PeekDialog' from project 'PeekDialog')
cd /Users/admin/builder/spi-builder-workspace/.swiftpm/xcode
builtin-SwiftPerFileCompile Configuration.swift
SwiftCompile normal arm64 Compiling\ PeekDialogState.swift /Users/admin/builder/spi-builder-workspace/PeekDialog/Model/PeekDialogState.swift (in target 'PeekDialog' from project 'PeekDialog')
SwiftCompile normal arm64 /Users/admin/builder/spi-builder-workspace/PeekDialog/Model/PeekDialogState.swift (in target 'PeekDialog' from project 'PeekDialog')
cd /Users/admin/builder/spi-builder-workspace/.swiftpm/xcode
builtin-SwiftPerFileCompile PeekDialogState.swift
SwiftEmitModule normal arm64 Emitting\ module\ for\ PeekDialog (in target 'PeekDialog' from project 'PeekDialog')
SwiftCompile normal arm64 (in target 'PeekDialog' from project 'PeekDialog')
cd /Users/admin/builder/spi-builder-workspace/.swiftpm/xcode
SwiftCompile normal arm64 Compiling\ PeekDialogPreferenceKeys.swift /Users/admin/builder/spi-builder-workspace/PeekDialog/Presentation/PeekDialogPreferenceKeys.swift (in target 'PeekDialog' from project 'PeekDialog')
SwiftCompile normal arm64 /Users/admin/builder/spi-builder-workspace/PeekDialog/Presentation/PeekDialogPreferenceKeys.swift (in target 'PeekDialog' from project 'PeekDialog')
cd /Users/admin/builder/spi-builder-workspace/.swiftpm/xcode
builtin-SwiftPerFileCompile PeekDialogPreferenceKeys.swift
SwiftCompile normal arm64 Compiling\ PeekDialog.swift /Users/admin/builder/spi-builder-workspace/PeekDialog/PeekDialog.swift (in target 'PeekDialog' from project 'PeekDialog')
SwiftCompile normal arm64 /Users/admin/builder/spi-builder-workspace/PeekDialog/PeekDialog.swift (in target 'PeekDialog' from project 'PeekDialog')
cd /Users/admin/builder/spi-builder-workspace/.swiftpm/xcode
builtin-SwiftPerFileCompile PeekDialog.swift
/Users/admin/builder/spi-builder-workspace/PeekDialog/PeekDialog.swift:181:6: error: 'DragGesture' is unavailable in tvOS
179 | .transition(transition)
180 | .simultaneousGesture(
181 | DragGesture()
| `- error: 'DragGesture' is unavailable in tvOS
182 | .onChanged { gesture in
183 | timer?.invalidate()
SwiftUI.DragGesture:3:42: note: 'DragGesture' has been explicitly marked unavailable here
1 | @available(iOS 13.0, macOS 10.15, watchOS 6.0, *)
2 | @available(tvOS, unavailable)
3 | @MainActor @preconcurrency public struct DragGesture : Gesture, ~Sendable {
| `- note: 'DragGesture' has been explicitly marked unavailable here
4 | public struct Value : Equatable, Sendable {
5 | public var time: Date
/Users/admin/builder/spi-builder-workspace/PeekDialog/PeekDialog.swift:181:6: error: 'init(minimumDistance:coordinateSpace:)' is unavailable in tvOS
179 | .transition(transition)
180 | .simultaneousGesture(
181 | DragGesture()
| `- error: 'init(minimumDistance:coordinateSpace:)' is unavailable in tvOS
182 | .onChanged { gesture in
183 | timer?.invalidate()
SwiftUI.DragGesture.init:4:37: note: 'init(minimumDistance:coordinateSpace:)' has been explicitly marked unavailable here
2 | @available(iOS 17.0, macOS 14.0, watchOS 10.0, *)
3 | @available(tvOS, unavailable)
4 | @MainActor @preconcurrency public init(minimumDistance: CGFloat = 10, coordinateSpace: some CoordinateSpaceProtocol = .local)}
| `- note: 'init(minimumDistance:coordinateSpace:)' has been explicitly marked unavailable here
5 |
Failed frontend command:
/Applications/Xcode-27.0.0-Release.Candidate.app/Contents/Developer/Toolchains/XcodeDefault.xctoolchain/usr/bin/swift-frontend -frontend -c /Users/admin/builder/spi-builder-workspace/PeekDialog/Configuration/Configuration.swift /Users/admin/builder/spi-builder-workspace/PeekDialog/Model/PeekDialogState.swift /Users/admin/builder/spi-builder-workspace/PeekDialog/Model/PeekStackLayout.swift /Users/admin/builder/spi-builder-workspace/PeekDialog/Model/PeekStackingBehavior.swift -primary-file /Users/admin/builder/spi-builder-workspace/PeekDialog/PeekDialog.swift /Users/admin/builder/spi-builder-workspace/PeekDialog/Presentation/PeekDialogBridge.swift /Users/admin/builder/spi-builder-workspace/PeekDialog/Presentation/PeekDialogHostView.swift /Users/admin/builder/spi-builder-workspace/PeekDialog/Presentation/PeekDialogItemView.swift /Users/admin/builder/spi-builder-workspace/PeekDialog/Presentation/PeekDialogPreferenceKeys.swift /Users/admin/builder/spi-builder-workspace/PeekDialog/Presentation/PeekPresenter.swift /Users/admin/builder/spi-builder-workspace/PeekDialog/Presentation/PeekWindow.swift /Users/admin/builder/spi-builder-workspace/PeekDialog/ViewExtension.swift -emit-dependencies-path /Users/admin/builder/spi-builder-workspace/.derivedData/Build/Intermediates.noindex/PeekDialog.build/Debug-appletvos/PeekDialog-t.build/Objects-normal/arm64/PeekDialog.d -emit-const-values-path /Users/admin/builder/spi-builder-workspace/.derivedData/Build/Intermediates.noindex/PeekDialog.build/Debug-appletvos/PeekDialog-t.build/Objects-normal/arm64/PeekDialog.swiftconstvalues -emit-reference-dependencies-path /Users/admin/builder/spi-builder-workspace/.derivedData/Build/Intermediates.noindex/PeekDialog.build/Debug-appletvos/PeekDialog-t.build/Objects-normal/arm64/PeekDialog.swiftdeps -serialize-diagnostics-path /Users/admin/builder/spi-builder-workspace/.derivedData/Build/Intermediates.noindex/PeekDialog.build/Debug-appletvos/PeekDialog-t.build/Objects-normal/arm64/PeekDialog.dia -target arm64-apple-tvos15.0 -disable-cross-import-overlay-search -load-resolved-plugin /Applications/Xcode-27.0.0-Release.Candidate.app/Contents/Developer/Platforms/AppleTVOS.platform/Developer/usr/lib/swift/host/plugins/libFoundationMacros.dylib\#/Applications/Xcode-27.0.0-Release.Candidate.app/Contents/Developer/Platforms/AppleTVOS.platform/Developer/usr/bin/swift-plugin-server\#FoundationMacros -load-resolved-plugin /Applications/Xcode-27.0.0-Release.Candidate.app/Contents/Developer/Platforms/AppleTVOS.platform/Developer/usr/lib/swift/host/plugins/libObservationMacros.dylib\#/Applications/Xcode-27.0.0-Release.Candidate.app/Contents/Developer/Platforms/AppleTVOS.platform/Developer/usr/bin/swift-plugin-server\#ObservationMacros -load-resolved-plugin /Applications/Xcode-27.0.0-Release.Candidate.app/Contents/Developer/Platforms/AppleTVOS.platform/Developer/usr/lib/swift/host/plugins/libPreviewsMacros.dylib\#/Applications/Xcode-27.0.0-Release.Candidate.app/Contents/Developer/Platforms/AppleTVOS.platform/Developer/usr/bin/swift-plugin-server\#PreviewsMacros -load-resolved-plugin /Applications/Xcode-27.0.0-Release.Candidate.app/Contents/Developer/Platforms/AppleTVOS.platform/Developer/usr/lib/swift/host/plugins/libSwiftMacros.dylib\#/Applications/Xcode-27.0.0-Release.Candidate.app/Contents/Developer/Platforms/AppleTVOS.platform/Developer/usr/bin/swift-plugin-server\#SwiftMacros -load-resolved-plugin /Applications/Xcode-27.0.0-Release.Candidate.app/Contents/Developer/Platforms/AppleTVOS.platform/Developer/usr/lib/swift/host/plugins/libSwiftUIMacros.dylib\#/Applications/Xcode-27.0.0-Release.Candidate.app/Contents/Developer/Platforms/AppleTVOS.platform/Developer/usr/bin/swift-plugin-server\#SwiftUIMacros -disable-implicit-swift-modules -Xcc -fno-implicit-modules -Xcc -fno-implicit-module-maps -explicit-swift-module-map-file /Users/admin/builder/spi-builder-workspace/.derivedData/Build/Intermediates.noindex/PeekDialog.build/Debug-appletvos/PeekDialog-t.build/Objects-normal/arm64/PeekDialog-dependencies-1.json -Xllvm -aarch64-use-tbi -enable-objc-interop -stack-check -sdk /Applications/Xcode-27.0.0-Release.Candidate.app/Contents/Developer/Platforms/AppleTVOS.platform/Developer/SDKs/AppleTVOS27.0.sdk -I /Users/admin/builder/spi-builder-workspace/.derivedData/Build/Products/Debug-appletvos -Isystem /Applications/Xcode-27.0.0-Release.Candidate.app/Contents/Developer/Platforms/AppleTVOS.platform/Developer/usr/lib -F /Users/admin/builder/spi-builder-workspace/.derivedData/Build/Products/Debug-appletvos -F /Applications/Xcode-27.0.0-Release.Candidate.app/Contents/Developer/Platforms/AppleTVOS.platform/Developer/Library/Frameworks -F /Applications/Xcode-27.0.0-Release.Candidate.app/Contents/Developer/Platforms/AppleTVOS.platform/Developer/SDKs/AppleTVOS27.0.sdk/Developer/Library/Frameworks -module-cache-path /Users/admin/builder/spi-builder-workspace/.derivedData/Build/Intermediates.noindex/SwiftExplicitPrecompiledModules -no-color-diagnostics -Xcc -fno-color-diagnostics -enable-testing -g -debug-info-format\=dwarf -dwarf-version\=4 -swift-version 5 -Onone -D SWIFT_PACKAGE -D DEBUG -D SWIFT_MODULE_RESOURCE_BUNDLE_UNAVAILABLE -D Xcode -serialize-debugging-options -enable-experimental-feature DebugDescriptionMacro -empty-abi-descriptor -validate-clang-modules-once -clang-build-session-file /Users/admin/builder/spi-builder-workspace/.derivedData/ModuleCache.noindex/Session.modulevalidation -Xcc -working-directory -Xcc /Users/admin/builder/spi-builder-workspace/.swiftpm/xcode -enable-anonymous-context-mangled-names -file-compilation-dir /Users/admin/builder/spi-builder-workspace/.swiftpm/xcode -Xcc -D_LIBCPP_HARDENING_MODE\=_LIBCPP_HARDENING_MODE_DEBUG -Xcc -ivfsstatcache -Xcc /Users/admin/builder/spi-builder-workspace/.derivedData/SDKStatCaches.noindex/appletvos27.0-24J360-e829b21a6f8c9b70876ba0858053c044b32bfd8d43560033f8d89884cdb90028.sdkstatcache -Xcc -fmodules-prune-interval\=86400 -Xcc -fmodules-prune-after\=345600 -Xcc -I/Users/admin/builder/spi-builder-workspace/.derivedData/Build/Products/Debug-appletvos/include -Xcc -I/Users/admin/builder/spi-builder-workspace/.derivedData/Build/Intermediates.noindex/PeekDialog.build/Debug-appletvos/PeekDialog-t.build/DerivedSources-normal/arm64 -Xcc -I/Users/admin/builder/spi-builder-workspace/.derivedData/Build/Intermediates.noindex/PeekDialog.build/Debug-appletvos/PeekDialog-t.build/DerivedSources/arm64 -Xcc -I/Users/admin/builder/spi-builder-workspace/.derivedData/Build/Intermediates.noindex/PeekDialog.build/Debug-appletvos/PeekDialog-t.build/DerivedSources -Xcc -DSWIFT_PACKAGE -Xcc -DDEBUG\=1 -no-auto-bridging-header-chaining -module-name PeekDialog -package-name spi_builder_workspace -const-gather-protocols-file /Users/admin/builder/spi-builder-workspace/.derivedData/Build/Intermediates.noindex/PeekDialog.build/Debug-appletvos/PeekDialog-t.build/Objects-normal/arm64/PeekDialog_const_extract_protocols.json -disable-clang-spi -clang-target arm64-apple-tvos27.0 -target-sdk-version 27.0 -target-sdk-name appletvos27.0 -in-process-plugin-server-path /Applications/Xcode-27.0.0-Release.Candidate.app/Contents/Developer/Toolchains/XcodeDefault.xctoolchain/usr/lib/swift/host/libSwiftInProcPluginServer.dylib -parse-as-library -o /Users/admin/builder/spi-builder-workspace/.derivedData/Build/Intermediates.noindex/PeekDialog.build/Debug-appletvos/PeekDialog-t.build/Objects-normal/arm64/PeekDialog.o -debug-module-path /Users/admin/builder/spi-builder-workspace/.derivedData/Build/Intermediates.noindex/PeekDialog.build/Debug-appletvos/PeekDialog-t.build/Objects-normal/arm64/PeekDialog.swiftmodule -index-unit-output-path /PeekDialog.build/Debug-appletvos/PeekDialog-t.build/Objects-normal/arm64/PeekDialog.o -index-store-path /Users/admin/builder/spi-builder-workspace/.derivedData/Index.noindex/DataStore -index-system-modules
SwiftCompile normal arm64 Compiling\ ViewExtension.swift /Users/admin/builder/spi-builder-workspace/PeekDialog/ViewExtension.swift (in target 'PeekDialog' from project 'PeekDialog')
SwiftCompile normal arm64 /Users/admin/builder/spi-builder-workspace/PeekDialog/ViewExtension.swift (in target 'PeekDialog' from project 'PeekDialog')
cd /Users/admin/builder/spi-builder-workspace/.swiftpm/xcode
builtin-SwiftPerFileCompile ViewExtension.swift
SwiftDriverJobDiscovery normal arm64 Compiling PeekDialogState.swift (in target 'PeekDialog' from project 'PeekDialog')
SwiftDriverJobDiscovery normal arm64 Compiling PeekDialogPreferenceKeys.swift (in target 'PeekDialog' from project 'PeekDialog')
SwiftDriverJobDiscovery normal arm64 Compiling Configuration.swift (in target 'PeekDialog' from project 'PeekDialog')
SwiftDriverJobDiscovery normal arm64 Compiling ViewExtension.swift (in target 'PeekDialog' from project 'PeekDialog')
PruneExplicitPrecompiledModules /Users/admin/builder/spi-builder-workspace/.derivedData/Build/Intermediates.noindex/SwiftExplicitPrecompiledModules
PruneExplicitPrecompiledModules /Users/admin/builder/spi-builder-workspace/.derivedData/Build/Intermediates.noindex/ExplicitPrecompiledModules
PruneExplicitPrecompiledModules /Users/admin/builder/spi-builder-workspace/.derivedData/SDKExplicitPrecompiledModules
2026-09-27 17:14:14.409 xcodebuild[784:4629] [MT] IDERunDestination: Supported platforms for the buildables in the current scheme is empty.
** BUILD FAILED **
The following build commands failed:
SwiftCompile normal arm64 /Users/admin/builder/spi-builder-workspace/PeekDialog/PeekDialog.swift (in target 'PeekDialog' from project 'PeekDialog')
SwiftCompile normal arm64 Compiling\ PeekDialog.swift /Users/admin/builder/spi-builder-workspace/PeekDialog/PeekDialog.swift (in target 'PeekDialog' from project 'PeekDialog')
Building workspace PeekDialog with scheme PeekDialog
(3 failures)
BUILD FAILURE 6.4 tvOS