The Swift Package Index logo.Swift Package Index

Build Information

Failed to build u, reference master (143cd3), with Swift 6.4 for Android on 8 Oct 2026 23:55:43 UTC.

Build Command

bash -c docker run --pull=always --rm -v "checkouts-54344843-0":/host -w "$PWD" -e JAVA_HOME="/root/.sdkman/candidates/java/current" -e SPI_BUILD="1" -e SPI_PROCESSING="1" registry.gitlab.com/saguaro1/spi-images:android-6.4-latest swift build --swift-sdk aarch64-unknown-linux-android28 2>&1

Build Log

========================================
RunAll
========================================
Builder version: 5.1.1
Interrupt handler set up.
========================================
Checkout
========================================
Clone URL: https://github.com/rarestype/u.git
Reference: master
Initialized empty Git repository in /host/spi-builder-workspace/.git/
hint: Using 'master' as the name for the initial branch. This default branch name
hint: is subject to change. To configure the initial branch name to use in all
hint: of your new repositories, which will suppress this warning, call:
hint:
hint: 	git config --global init.defaultBranch <name>
hint:
hint: Names commonly chosen instead of 'master' are 'main', 'trunk' and
hint: 'development'. The just-created branch can be renamed via this command:
hint:
hint: 	git branch -m <name>
From https://github.com/rarestype/u
 * branch            master     -> FETCH_HEAD
 * [new branch]      master     -> origin/master
HEAD is now at 143cd32 [autosync]
Cloned https://github.com/rarestype/u.git
Revision (git rev-parse @):
143cd328536ad0263aa4dea7bf8a4b30a4056a33
SUCCESS checkout https://github.com/rarestype/u.git at master
========================================
Build
========================================
Selected platform:         android
Swift version:             6.4
Building package at path:  $PWD
https://github.com/rarestype/u.git
Running build ...
bash -c docker run --pull=always --rm -v "checkouts-54344843-0":/host -w "$PWD" -e JAVA_HOME="/root/.sdkman/candidates/java/current" -e SPI_BUILD="1" -e SPI_PROCESSING="1" registry.gitlab.com/saguaro1/spi-images:android-6.4-latest swift build --swift-sdk aarch64-unknown-linux-android28 2>&1
android-6.4-latest: Pulling from saguaro1/spi-images
Digest: sha256:34a00a57f57797b403a98b861c3ce940f20735b4cb78ef45654f0d4f3b0c0295
Status: Image is up to date for registry.gitlab.com/saguaro1/spi-images:android-6.4-latest
Fetching https://github.com/ordo-one/dollup
[1/47] Fetching dollup
Fetched https://github.com/ordo-one/dollup (0.31s)
Computing version for https://github.com/ordo-one/dollup
Computed https://github.com/ordo-one/dollup at 1.1.0 (0.45s)
Creating working copy for https://github.com/ordo-one/dollup
Working copy of https://github.com/ordo-one/dollup resolved at 1.1.0
Downloading binary artifact https://get.rarestype.com/dollup/1.1.0/Linux-x86_64/dollup.artifactbundle.zip
[0/100] Downloading https://get.rarestype.com/dollup/1.1.0/Linux-x86_64/dollup.artifactbundle.zip (1 KB / 13.1 MB)
[0/100] Downloading https://get.rarestype.com/dollup/1.1.0/Linux-x86_64/dollup.artifactbundle.zip (70 KB / 13.1 MB)
[0/100] Downloading https://get.rarestype.com/dollup/1.1.0/Linux-x86_64/dollup.artifactbundle.zip (74 KB / 13.1 MB)
[0/100] Downloading https://get.rarestype.com/dollup/1.1.0/Linux-x86_64/dollup.artifactbundle.zip (78 KB / 13.1 MB)
[0/100] Downloading https://get.rarestype.com/dollup/1.1.0/Linux-x86_64/dollup.artifactbundle.zip (91 KB / 13.1 MB)
[0/100] Downloading https://get.rarestype.com/dollup/1.1.0/Linux-x86_64/dollup.artifactbundle.zip (104 KB / 13.1 MB)
[0/100] Downloading https://get.rarestype.com/dollup/1.1.0/Linux-x86_64/dollup.artifactbundle.zip (108 KB / 13.1 MB)
[0/100] Downloading https://get.rarestype.com/dollup/1.1.0/Linux-x86_64/dollup.artifactbundle.zip (112 KB / 13.1 MB)
[1/100] Downloading https://get.rarestype.com/dollup/1.1.0/Linux-x86_64/dollup.artifactbundle.zip (142 KB / 13.1 MB)
[1/100] Downloading https://get.rarestype.com/dollup/1.1.0/Linux-x86_64/dollup.artifactbundle.zip (154 KB / 13.1 MB)
[1/100] Downloading https://get.rarestype.com/dollup/1.1.0/Linux-x86_64/dollup.artifactbundle.zip (167 KB / 13.1 MB)
[1/100] Downloading https://get.rarestype.com/dollup/1.1.0/Linux-x86_64/dollup.artifactbundle.zip (171 KB / 13.1 MB)
[1/100] Downloading https://get.rarestype.com/dollup/1.1.0/Linux-x86_64/dollup.artifactbundle.zip (188 KB / 13.1 MB)
[1/100] Downloading https://get.rarestype.com/dollup/1.1.0/Linux-x86_64/dollup.artifactbundle.zip (204 KB / 13.1 MB)
[1/100] Downloading https://get.rarestype.com/dollup/1.1.0/Linux-x86_64/dollup.artifactbundle.zip (213 KB / 13.1 MB)
[1/100] Downloading https://get.rarestype.com/dollup/1.1.0/Linux-x86_64/dollup.artifactbundle.zip (230 KB / 13.1 MB)
[1/100] Downloading https://get.rarestype.com/dollup/1.1.0/Linux-x86_64/dollup.artifactbundle.zip (263 KB / 13.1 MB)
[2/100] Downloading https://get.rarestype.com/dollup/1.1.0/Linux-x86_64/dollup.artifactbundle.zip (279 KB / 13.1 MB)
[2/100] Downloading https://get.rarestype.com/dollup/1.1.0/Linux-x86_64/dollup.artifactbundle.zip (295 KB / 13.1 MB)
[2/100] Downloading https://get.rarestype.com/dollup/1.1.0/Linux-x86_64/dollup.artifactbundle.zip (312 KB / 13.1 MB)
[2/100] Downloading https://get.rarestype.com/dollup/1.1.0/Linux-x86_64/dollup.artifactbundle.zip (344 KB / 13.1 MB)
[2/100] Downloading https://get.rarestype.com/dollup/1.1.0/Linux-x86_64/dollup.artifactbundle.zip (360 KB / 13.1 MB)
[2/100] Downloading https://get.rarestype.com/dollup/1.1.0/Linux-x86_64/dollup.artifactbundle.zip (393 KB / 13.1 MB)
[3/100] Downloading https://get.rarestype.com/dollup/1.1.0/Linux-x86_64/dollup.artifactbundle.zip (410 KB / 13.1 MB)
[3/100] Downloading https://get.rarestype.com/dollup/1.1.0/Linux-x86_64/dollup.artifactbundle.zip (426 KB / 13.1 MB)
[3/100] Downloading https://get.rarestype.com/dollup/1.1.0/Linux-x86_64/dollup.artifactbundle.zip (442 KB / 13.1 MB)
[3/100] Downloading https://get.rarestype.com/dollup/1.1.0/Linux-x86_64/dollup.artifactbundle.zip (475 KB / 13.1 MB)
[3/100] Downloading https://get.rarestype.com/dollup/1.1.0/Linux-x86_64/dollup.artifactbundle.zip (524 KB / 13.1 MB)
[4/100] Downloading https://get.rarestype.com/dollup/1.1.0/Linux-x86_64/dollup.artifactbundle.zip (541 KB / 13.1 MB)
[4/100] Downloading https://get.rarestype.com/dollup/1.1.0/Linux-x86_64/dollup.artifactbundle.zip (590 KB / 13.1 MB)
[4/100] Downloading https://get.rarestype.com/dollup/1.1.0/Linux-x86_64/dollup.artifactbundle.zip (606 KB / 13.1 MB)
[4/100] Downloading https://get.rarestype.com/dollup/1.1.0/Linux-x86_64/dollup.artifactbundle.zip (623 KB / 13.1 MB)
[4/100] Downloading https://get.rarestype.com/dollup/1.1.0/Linux-x86_64/dollup.artifactbundle.zip (639 KB / 13.1 MB)
[5/100] Downloading https://get.rarestype.com/dollup/1.1.0/Linux-x86_64/dollup.artifactbundle.zip (672 KB / 13.1 MB)
[5/100] Downloading https://get.rarestype.com/dollup/1.1.0/Linux-x86_64/dollup.artifactbundle.zip (688 KB / 13.1 MB)
[5/100] Downloading https://get.rarestype.com/dollup/1.1.0/Linux-x86_64/dollup.artifactbundle.zip (704 KB / 13.1 MB)
[5/100] Downloading https://get.rarestype.com/dollup/1.1.0/Linux-x86_64/dollup.artifactbundle.zip (721 KB / 13.1 MB)
[5/100] Downloading https://get.rarestype.com/dollup/1.1.0/Linux-x86_64/dollup.artifactbundle.zip (770 KB / 13.1 MB)
[5/100] Downloading https://get.rarestype.com/dollup/1.1.0/Linux-x86_64/dollup.artifactbundle.zip (786 KB / 13.1 MB)
[6/100] Downloading https://get.rarestype.com/dollup/1.1.0/Linux-x86_64/dollup.artifactbundle.zip (852 KB / 13.1 MB)
[6/100] Downloading https://get.rarestype.com/dollup/1.1.0/Linux-x86_64/dollup.artifactbundle.zip (885 KB / 13.1 MB)
[6/100] Downloading https://get.rarestype.com/dollup/1.1.0/Linux-x86_64/dollup.artifactbundle.zip (901 KB / 13.1 MB)
[7/100] Downloading https://get.rarestype.com/dollup/1.1.0/Linux-x86_64/dollup.artifactbundle.zip (934 KB / 13.1 MB)
[7/100] Downloading https://get.rarestype.com/dollup/1.1.0/Linux-x86_64/dollup.artifactbundle.zip (983 KB / 13.1 MB)
[7/100] Downloading https://get.rarestype.com/dollup/1.1.0/Linux-x86_64/dollup.artifactbundle.zip (999 KB / 13.1 MB)
[7/100] Downloading https://get.rarestype.com/dollup/1.1.0/Linux-x86_64/dollup.artifactbundle.zip (1 MB / 13.1 MB)
[8/100] Downloading https://get.rarestype.com/dollup/1.1.0/Linux-x86_64/dollup.artifactbundle.zip (1.1 MB / 13.1 MB)
[8/100] Downloading https://get.rarestype.com/dollup/1.1.0/Linux-x86_64/dollup.artifactbundle.zip (1.2 MB / 13.1 MB)
[9/100] Downloading https://get.rarestype.com/dollup/1.1.0/Linux-x86_64/dollup.artifactbundle.zip (1.3 MB / 13.1 MB)
[10/100] Downloading https://get.rarestype.com/dollup/1.1.0/Linux-x86_64/dollup.artifactbundle.zip (1.4 MB / 13.1 MB)
[11/100] Downloading https://get.rarestype.com/dollup/1.1.0/Linux-x86_64/dollup.artifactbundle.zip (1.5 MB / 13.1 MB)
[12/100] Downloading https://get.rarestype.com/dollup/1.1.0/Linux-x86_64/dollup.artifactbundle.zip (1.6 MB / 13.1 MB)
[12/100] Downloading https://get.rarestype.com/dollup/1.1.0/Linux-x86_64/dollup.artifactbundle.zip (1.7 MB / 13.1 MB)
[13/100] Downloading https://get.rarestype.com/dollup/1.1.0/Linux-x86_64/dollup.artifactbundle.zip (1.8 MB / 13.1 MB)
[14/100] Downloading https://get.rarestype.com/dollup/1.1.0/Linux-x86_64/dollup.artifactbundle.zip (1.9 MB / 13.1 MB)
[14/100] Downloading https://get.rarestype.com/dollup/1.1.0/Linux-x86_64/dollup.artifactbundle.zip (2 MB / 13.1 MB)
[15/100] Downloading https://get.rarestype.com/dollup/1.1.0/Linux-x86_64/dollup.artifactbundle.zip (2.1 MB / 13.1 MB)
[16/100] Downloading https://get.rarestype.com/dollup/1.1.0/Linux-x86_64/dollup.artifactbundle.zip (2.2 MB / 13.1 MB)
[17/100] Downloading https://get.rarestype.com/dollup/1.1.0/Linux-x86_64/dollup.artifactbundle.zip (2.3 MB / 13.1 MB)
[18/100] Downloading https://get.rarestype.com/dollup/1.1.0/Linux-x86_64/dollup.artifactbundle.zip (2.4 MB / 13.1 MB)
[18/100] Downloading https://get.rarestype.com/dollup/1.1.0/Linux-x86_64/dollup.artifactbundle.zip (2.5 MB / 13.1 MB)
[19/100] Downloading https://get.rarestype.com/dollup/1.1.0/Linux-x86_64/dollup.artifactbundle.zip (2.6 MB / 13.1 MB)
[20/100] Downloading https://get.rarestype.com/dollup/1.1.0/Linux-x86_64/dollup.artifactbundle.zip (2.7 MB / 13.1 MB)
[20/100] Downloading https://get.rarestype.com/dollup/1.1.0/Linux-x86_64/dollup.artifactbundle.zip (2.8 MB / 13.1 MB)
[21/100] Downloading https://get.rarestype.com/dollup/1.1.0/Linux-x86_64/dollup.artifactbundle.zip (2.9 MB / 13.1 MB)
[22/100] Downloading https://get.rarestype.com/dollup/1.1.0/Linux-x86_64/dollup.artifactbundle.zip (3 MB / 13.1 MB)
[23/100] Downloading https://get.rarestype.com/dollup/1.1.0/Linux-x86_64/dollup.artifactbundle.zip (3.1 MB / 13.1 MB)
[24/100] Downloading https://get.rarestype.com/dollup/1.1.0/Linux-x86_64/dollup.artifactbundle.zip (3.2 MB / 13.1 MB)
[24/100] Downloading https://get.rarestype.com/dollup/1.1.0/Linux-x86_64/dollup.artifactbundle.zip (3.3 MB / 13.1 MB)
[25/100] Downloading https://get.rarestype.com/dollup/1.1.0/Linux-x86_64/dollup.artifactbundle.zip (3.4 MB / 13.1 MB)
[26/100] Downloading https://get.rarestype.com/dollup/1.1.0/Linux-x86_64/dollup.artifactbundle.zip (3.5 MB / 13.1 MB)
[27/100] Downloading https://get.rarestype.com/dollup/1.1.0/Linux-x86_64/dollup.artifactbundle.zip (3.6 MB / 13.1 MB)
[28/100] Downloading https://get.rarestype.com/dollup/1.1.0/Linux-x86_64/dollup.artifactbundle.zip (3.7 MB / 13.1 MB)
[28/100] Downloading https://get.rarestype.com/dollup/1.1.0/Linux-x86_64/dollup.artifactbundle.zip (3.8 MB / 13.1 MB)
[29/100] Downloading https://get.rarestype.com/dollup/1.1.0/Linux-x86_64/dollup.artifactbundle.zip (3.9 MB / 13.1 MB)
[30/100] Downloading https://get.rarestype.com/dollup/1.1.0/Linux-x86_64/dollup.artifactbundle.zip (4 MB / 13.1 MB)
[30/100] Downloading https://get.rarestype.com/dollup/1.1.0/Linux-x86_64/dollup.artifactbundle.zip (4.1 MB / 13.1 MB)
[32/100] Downloading https://get.rarestype.com/dollup/1.1.0/Linux-x86_64/dollup.artifactbundle.zip (4.2 MB / 13.1 MB)
[32/100] Downloading https://get.rarestype.com/dollup/1.1.0/Linux-x86_64/dollup.artifactbundle.zip (4.3 MB / 13.1 MB)
[33/100] Downloading https://get.rarestype.com/dollup/1.1.0/Linux-x86_64/dollup.artifactbundle.zip (4.4 MB / 13.1 MB)
[34/100] Downloading https://get.rarestype.com/dollup/1.1.0/Linux-x86_64/dollup.artifactbundle.zip (4.5 MB / 13.1 MB)
[35/100] Downloading https://get.rarestype.com/dollup/1.1.0/Linux-x86_64/dollup.artifactbundle.zip (4.6 MB / 13.1 MB)
[35/100] Downloading https://get.rarestype.com/dollup/1.1.0/Linux-x86_64/dollup.artifactbundle.zip (4.7 MB / 13.1 MB)
[36/100] Downloading https://get.rarestype.com/dollup/1.1.0/Linux-x86_64/dollup.artifactbundle.zip (4.8 MB / 13.1 MB)
[37/100] Downloading https://get.rarestype.com/dollup/1.1.0/Linux-x86_64/dollup.artifactbundle.zip (4.9 MB / 13.1 MB)
[37/100] Downloading https://get.rarestype.com/dollup/1.1.0/Linux-x86_64/dollup.artifactbundle.zip (5 MB / 13.1 MB)
[38/100] Downloading https://get.rarestype.com/dollup/1.1.0/Linux-x86_64/dollup.artifactbundle.zip (5.1 MB / 13.1 MB)
[39/100] Downloading https://get.rarestype.com/dollup/1.1.0/Linux-x86_64/dollup.artifactbundle.zip (5.2 MB / 13.1 MB)
[40/100] Downloading https://get.rarestype.com/dollup/1.1.0/Linux-x86_64/dollup.artifactbundle.zip (5.3 MB / 13.1 MB)
[41/100] Downloading https://get.rarestype.com/dollup/1.1.0/Linux-x86_64/dollup.artifactbundle.zip (5.4 MB / 13.1 MB)
[41/100] Downloading https://get.rarestype.com/dollup/1.1.0/Linux-x86_64/dollup.artifactbundle.zip (5.5 MB / 13.1 MB)
[42/100] Downloading https://get.rarestype.com/dollup/1.1.0/Linux-x86_64/dollup.artifactbundle.zip (5.6 MB / 13.1 MB)
[43/100] Downloading https://get.rarestype.com/dollup/1.1.0/Linux-x86_64/dollup.artifactbundle.zip (5.7 MB / 13.1 MB)
[44/100] Downloading https://get.rarestype.com/dollup/1.1.0/Linux-x86_64/dollup.artifactbundle.zip (5.8 MB / 13.1 MB)
[44/100] Downloading https://get.rarestype.com/dollup/1.1.0/Linux-x86_64/dollup.artifactbundle.zip (5.9 MB / 13.1 MB)
[45/100] Downloading https://get.rarestype.com/dollup/1.1.0/Linux-x86_64/dollup.artifactbundle.zip (6 MB / 13.1 MB)
[46/100] Downloading https://get.rarestype.com/dollup/1.1.0/Linux-x86_64/dollup.artifactbundle.zip (6.1 MB / 13.1 MB)
[47/100] Downloading https://get.rarestype.com/dollup/1.1.0/Linux-x86_64/dollup.artifactbundle.zip (6.3 MB / 13.1 MB)
[48/100] Downloading https://get.rarestype.com/dollup/1.1.0/Linux-x86_64/dollup.artifactbundle.zip (6.4 MB / 13.1 MB)
[49/100] Downloading https://get.rarestype.com/dollup/1.1.0/Linux-x86_64/dollup.artifactbundle.zip (6.5 MB / 13.1 MB)
[50/100] Downloading https://get.rarestype.com/dollup/1.1.0/Linux-x86_64/dollup.artifactbundle.zip (6.6 MB / 13.1 MB)
[51/100] Downloading https://get.rarestype.com/dollup/1.1.0/Linux-x86_64/dollup.artifactbundle.zip (6.7 MB / 13.1 MB)
[52/100] Downloading https://get.rarestype.com/dollup/1.1.0/Linux-x86_64/dollup.artifactbundle.zip (6.8 MB / 13.1 MB)
[52/100] Downloading https://get.rarestype.com/dollup/1.1.0/Linux-x86_64/dollup.artifactbundle.zip (7 MB / 13.1 MB)
[53/100] Downloading https://get.rarestype.com/dollup/1.1.0/Linux-x86_64/dollup.artifactbundle.zip (7.1 MB / 13.1 MB)
[54/100] Downloading https://get.rarestype.com/dollup/1.1.0/Linux-x86_64/dollup.artifactbundle.zip (7.2 MB / 13.1 MB)
[55/100] Downloading https://get.rarestype.com/dollup/1.1.0/Linux-x86_64/dollup.artifactbundle.zip (7.3 MB / 13.1 MB)
[56/100] Downloading https://get.rarestype.com/dollup/1.1.0/Linux-x86_64/dollup.artifactbundle.zip (7.4 MB / 13.1 MB)
[57/100] Downloading https://get.rarestype.com/dollup/1.1.0/Linux-x86_64/dollup.artifactbundle.zip (7.6 MB / 13.1 MB)
[58/100] Downloading https://get.rarestype.com/dollup/1.1.0/Linux-x86_64/dollup.artifactbundle.zip (7.7 MB / 13.1 MB)
[59/100] Downloading https://get.rarestype.com/dollup/1.1.0/Linux-x86_64/dollup.artifactbundle.zip (7.8 MB / 13.1 MB)
[60/100] Downloading https://get.rarestype.com/dollup/1.1.0/Linux-x86_64/dollup.artifactbundle.zip (7.9 MB / 13.1 MB)
[60/100] Downloading https://get.rarestype.com/dollup/1.1.0/Linux-x86_64/dollup.artifactbundle.zip (8 MB / 13.1 MB)
[61/100] Downloading https://get.rarestype.com/dollup/1.1.0/Linux-x86_64/dollup.artifactbundle.zip (8.1 MB / 13.1 MB)
[62/100] Downloading https://get.rarestype.com/dollup/1.1.0/Linux-x86_64/dollup.artifactbundle.zip (8.2 MB / 13.1 MB)
[63/100] Downloading https://get.rarestype.com/dollup/1.1.0/Linux-x86_64/dollup.artifactbundle.zip (8.3 MB / 13.1 MB)
[63/100] Downloading https://get.rarestype.com/dollup/1.1.0/Linux-x86_64/dollup.artifactbundle.zip (8.4 MB / 13.1 MB)
[64/100] Downloading https://get.rarestype.com/dollup/1.1.0/Linux-x86_64/dollup.artifactbundle.zip (8.5 MB / 13.1 MB)
[65/100] Downloading https://get.rarestype.com/dollup/1.1.0/Linux-x86_64/dollup.artifactbundle.zip (8.6 MB / 13.1 MB)
[65/100] Downloading https://get.rarestype.com/dollup/1.1.0/Linux-x86_64/dollup.artifactbundle.zip (8.7 MB / 13.1 MB)
[66/100] Downloading https://get.rarestype.com/dollup/1.1.0/Linux-x86_64/dollup.artifactbundle.zip (8.8 MB / 13.1 MB)
[67/100] Downloading https://get.rarestype.com/dollup/1.1.0/Linux-x86_64/dollup.artifactbundle.zip (8.9 MB / 13.1 MB)
[68/100] Downloading https://get.rarestype.com/dollup/1.1.0/Linux-x86_64/dollup.artifactbundle.zip (9 MB / 13.1 MB)
[69/100] Downloading https://get.rarestype.com/dollup/1.1.0/Linux-x86_64/dollup.artifactbundle.zip (9.2 MB / 13.1 MB)
[70/100] Downloading https://get.rarestype.com/dollup/1.1.0/Linux-x86_64/dollup.artifactbundle.zip (9.3 MB / 13.1 MB)
[71/100] Downloading https://get.rarestype.com/dollup/1.1.0/Linux-x86_64/dollup.artifactbundle.zip (9.4 MB / 13.1 MB)
[71/100] Downloading https://get.rarestype.com/dollup/1.1.0/Linux-x86_64/dollup.artifactbundle.zip (9.5 MB / 13.1 MB)
[73/100] Downloading https://get.rarestype.com/dollup/1.1.0/Linux-x86_64/dollup.artifactbundle.zip (9.6 MB / 13.1 MB)
[74/100] Downloading https://get.rarestype.com/dollup/1.1.0/Linux-x86_64/dollup.artifactbundle.zip (9.7 MB / 13.1 MB)
[75/100] Downloading https://get.rarestype.com/dollup/1.1.0/Linux-x86_64/dollup.artifactbundle.zip (9.9 MB / 13.1 MB)
[75/100] Downloading https://get.rarestype.com/dollup/1.1.0/Linux-x86_64/dollup.artifactbundle.zip (10 MB / 13.1 MB)
[76/100] Downloading https://get.rarestype.com/dollup/1.1.0/Linux-x86_64/dollup.artifactbundle.zip (10.1 MB / 13.1 MB)
[77/100] Downloading https://get.rarestype.com/dollup/1.1.0/Linux-x86_64/dollup.artifactbundle.zip (10.2 MB / 13.1 MB)
[78/100] Downloading https://get.rarestype.com/dollup/1.1.0/Linux-x86_64/dollup.artifactbundle.zip (10.3 MB / 13.1 MB)
[79/100] Downloading https://get.rarestype.com/dollup/1.1.0/Linux-x86_64/dollup.artifactbundle.zip (10.5 MB / 13.1 MB)
[80/100] Downloading https://get.rarestype.com/dollup/1.1.0/Linux-x86_64/dollup.artifactbundle.zip (10.6 MB / 13.1 MB)
[81/100] Downloading https://get.rarestype.com/dollup/1.1.0/Linux-x86_64/dollup.artifactbundle.zip (10.7 MB / 13.1 MB)
[82/100] Downloading https://get.rarestype.com/dollup/1.1.0/Linux-x86_64/dollup.artifactbundle.zip (10.8 MB / 13.1 MB)
[83/100] Downloading https://get.rarestype.com/dollup/1.1.0/Linux-x86_64/dollup.artifactbundle.zip (10.9 MB / 13.1 MB)
[84/100] Downloading https://get.rarestype.com/dollup/1.1.0/Linux-x86_64/dollup.artifactbundle.zip (11.1 MB / 13.1 MB)
[85/100] Downloading https://get.rarestype.com/dollup/1.1.0/Linux-x86_64/dollup.artifactbundle.zip (11.2 MB / 13.1 MB)
[86/100] Downloading https://get.rarestype.com/dollup/1.1.0/Linux-x86_64/dollup.artifactbundle.zip (11.3 MB / 13.1 MB)
[87/100] Downloading https://get.rarestype.com/dollup/1.1.0/Linux-x86_64/dollup.artifactbundle.zip (11.5 MB / 13.1 MB)
[87/100] Downloading https://get.rarestype.com/dollup/1.1.0/Linux-x86_64/dollup.artifactbundle.zip (11.6 MB / 13.1 MB)
[89/100] Downloading https://get.rarestype.com/dollup/1.1.0/Linux-x86_64/dollup.artifactbundle.zip (11.7 MB / 13.1 MB)
[89/100] Downloading https://get.rarestype.com/dollup/1.1.0/Linux-x86_64/dollup.artifactbundle.zip (11.8 MB / 13.1 MB)
[90/100] Downloading https://get.rarestype.com/dollup/1.1.0/Linux-x86_64/dollup.artifactbundle.zip (11.9 MB / 13.1 MB)
[91/100] Downloading https://get.rarestype.com/dollup/1.1.0/Linux-x86_64/dollup.artifactbundle.zip (12.1 MB / 13.1 MB)
[92/100] Downloading https://get.rarestype.com/dollup/1.1.0/Linux-x86_64/dollup.artifactbundle.zip (12.2 MB / 13.1 MB)
[93/100] Downloading https://get.rarestype.com/dollup/1.1.0/Linux-x86_64/dollup.artifactbundle.zip (12.3 MB / 13.1 MB)
[94/100] Downloading https://get.rarestype.com/dollup/1.1.0/Linux-x86_64/dollup.artifactbundle.zip (12.4 MB / 13.1 MB)
[95/100] Downloading https://get.rarestype.com/dollup/1.1.0/Linux-x86_64/dollup.artifactbundle.zip (12.6 MB / 13.1 MB)
[96/100] Downloading https://get.rarestype.com/dollup/1.1.0/Linux-x86_64/dollup.artifactbundle.zip (12.7 MB / 13.1 MB)
[97/100] Downloading https://get.rarestype.com/dollup/1.1.0/Linux-x86_64/dollup.artifactbundle.zip (12.8 MB / 13.1 MB)
[98/100] Downloading https://get.rarestype.com/dollup/1.1.0/Linux-x86_64/dollup.artifactbundle.zip (12.9 MB / 13.1 MB)
[98/100] Downloading https://get.rarestype.com/dollup/1.1.0/Linux-x86_64/dollup.artifactbundle.zip (13 MB / 13.1 MB)
[99/100] Downloading https://get.rarestype.com/dollup/1.1.0/Linux-x86_64/dollup.artifactbundle.zip (13.1 MB / 13.1 MB)
Downloaded https://get.rarestype.com/dollup/1.1.0/Linux-x86_64/dollup.artifactbundle.zip (0.91s)
Building for debugging...
[Pre-planning 1 / 240]
[Starting]
[50 / 85] UnixTime
[61 / 85] UnixTime-product
[62 / 85] UnixTime-product
[64 / 86]
[67 / 92] ISO
[68 / 92] ISO
error: SwiftCompile normal aarch64 failed with a nonzero exit code. Command line:     cd /host

/host/spi-builder-workspace/Sources/UnixCalendar/Timestamp.swift:15:8: error: Platform doesn’t support 'gmtime_r'
13 |
14 | #else
15 | #error("Platform doesn’t support 'gmtime_r'")
   |        `- error: Platform doesn’t support 'gmtime_r'
16 | #endif
17 |
/host/spi-builder-workspace/Sources/UnixCalendar/UnixAttosecond (ext).swift:21:8: error: Platform doesn’t support 'clock_gettime'
19 | public import func Darwin.timegm
20 | #else
21 | #error("Platform doesn’t support 'clock_gettime'")
   |        `- error: Platform doesn’t support 'clock_gettime'
22 | #endif
23 |
/host/spi-builder-workspace/Sources/UnixCalendar/UnixAttosecond (ext).swift:53:19: error: cannot find type 'tm' in scope
51 |         }
52 |
53 |         var time: tm = .init(
   |                   `- error: cannot find type 'tm' in scope
54 |             tm_sec: timestamp.time.second,
55 |             tm_min: timestamp.time.minute,
/host/spi-builder-workspace/Sources/UnixCalendar/UnixAttosecond (ext).swift:68:52: error: cannot find 'timegm' in scope
66 |         )
67 |
68 |         switch withUnsafeMutablePointer(to: &time, timegm) {
   |                                                    `- error: cannot find 'timegm' in scope
69 |         case -1:            return nil
70 |         case let second:    self = .second(Int64.init(second))
/host/spi-builder-workspace/Sources/UnixCalendar/UnixAttosecond (ext).swift:68:16: error: generic parameter 'E' could not be inferred
66 |         )
67 |
68 |         switch withUnsafeMutablePointer(to: &time, timegm) {
   |                `- error: generic parameter 'E' could not be inferred
69 |         case -1:            return nil
70 |         case let second:    self = .second(Int64.init(second))
/host/spi-builder-workspace/Sources/UnixCalendar/UnixAttosecond (ext).swift:68:16: error: generic parameter 'Result' could not be inferred
66 |         )
67 |
68 |         switch withUnsafeMutablePointer(to: &time, timegm) {
   |                `- error: generic parameter 'Result' could not be inferred
69 |         case -1:            return nil
70 |         case let second:    self = .second(Int64.init(second))
Swift.withUnsafeMutablePointer:1:13: note: in call to function 'withUnsafeMutablePointer(to:_:)'
1 | public func withUnsafeMutablePointer<T, E, Result>(to value: inout T, _ body: (UnsafeMutablePointer<T>) throws(E) -> Result) throws(E) -> Result where E : Error, T : ~Copyable, Result : ~Copyable
  |             `- note: in call to function 'withUnsafeMutablePointer(to:_:)'
Failed frontend command:
/root/.local/share/swiftly/toolchains/6.4.0/usr/bin/swift-frontend -frontend -emit-module -experimental-skip-non-inlinable-function-bodies-without-types /host/spi-builder-workspace/Sources/UnixCalendar/Range\ \(ext\).swift /host/spi-builder-workspace/Sources/UnixCalendar/Timestamp.Components.swift /host/spi-builder-workspace/Sources/UnixCalendar/Timestamp.Date.swift /host/spi-builder-workspace/Sources/UnixCalendar/Timestamp.Month.swift /host/spi-builder-workspace/Sources/UnixCalendar/Timestamp.Sanity.swift /host/spi-builder-workspace/Sources/UnixCalendar/Timestamp.Time.swift /host/spi-builder-workspace/Sources/UnixCalendar/Timestamp.Weekday.swift /host/spi-builder-workspace/Sources/UnixCalendar/Timestamp.Year.swift /host/spi-builder-workspace/Sources/UnixCalendar/Timestamp.swift /host/spi-builder-workspace/Sources/UnixCalendar/UnixAttosecond\ \(ext\).swift /host/spi-builder-workspace/Sources/UnixCalendar/UnixDate\ \(ext\).swift /host/spi-builder-workspace/Sources/UnixCalendar/UnixMillisecond\ \(ext\).swift -target aarch64-unknown-linux-android28 -Xllvm -aarch64-use-tbi -disable-objc-interop -sdk /android-ndk/android-ndk-r30/toolchains/llvm/prebuilt/linux-x86_64/sysroot -sysroot /android-ndk/android-ndk-r30/toolchains/llvm/prebuilt/linux-x86_64/sysroot -I /host/spi-builder-workspace/.build/out/Products/Debug-android-aarch64 -module-cache-path /host/spi-builder-workspace/.build/out/ModuleCache.noindex -color-diagnostics -Xcc -fcolor-diagnostics -enable-testing -g -debug-info-format\=dwarf -dwarf-version\=4 -swift-version 6 -Onone -D SWIFT_PACKAGE -D DEBUG -D SWIFT_MODULE_RESOURCE_BUNDLE_UNAVAILABLE -D Xcode -serialize-debugging-options -enable-upcoming-feature InternalImportsByDefault -enable-upcoming-feature ExistentialAny -enable-experimental-feature DebugDescriptionMacro -empty-abi-descriptor -external-plugin-path /root/.local/share/swiftly/toolchains/6.4.0/usr/lib/swift/host/plugins/testing\#/root/.local/share/swiftly/toolchains/6.4.0/usr/bin/swift-plugin-server -validate-clang-modules-once -clang-build-session-file /host/spi-builder-workspace/.build/out/ModuleCache.noindex/Session.modulevalidation -Xcc -working-directory -Xcc /host -resource-dir /root/.swiftpm/swift-sdks/swift-6.4.0-RELEASE_android.artifactbundle/swift-android/swift-resources/usr/lib/swift-aarch64 -enable-anonymous-context-mangled-names -file-compilation-dir /host -Xcc -resource-dir -Xcc /android-ndk/android-ndk-r30/toolchains/llvm/prebuilt/linux-x86_64/lib/clang/21 -Xcc -fno-omit-frame-pointer -Xcc -D_LIBCPP_HARDENING_MODE\=_LIBCPP_HARDENING_MODE_DEBUG -Xcc -fmodules-prune-interval\=86400 -Xcc -fmodules-prune-after\=345600 -Xcc -I/host/spi-builder-workspace/.build/out/Products/Debug-android-aarch64/include -Xcc -I/host/spi-builder-workspace/.build/out/Intermediates.noindex/u.build/Debug-android-aarch64/UnixCalendar-t.build/DerivedSources-normal/aarch64 -Xcc -I/host/spi-builder-workspace/.build/out/Intermediates.noindex/u.build/Debug-android-aarch64/UnixCalendar-t.build/DerivedSources/aarch64 -Xcc -I/host/spi-builder-workspace/.build/out/Intermediates.noindex/u.build/Debug-android-aarch64/UnixCalendar-t.build/DerivedSources -Xcc -DSWIFT_PACKAGE -Xcc -DDEBUG\=1 -no-auto-bridging-header-chaining -module-name UnixCalendar -package-name spi_builder_workspace -const-gather-protocols-file /host/spi-builder-workspace/.build/out/Intermediates.noindex/u.build/Debug-android-aarch64/UnixCalendar-t.build/Objects-normal/aarch64/UnixCalendar_const_extract_protocols.json -in-process-plugin-server-path /root/.local/share/swiftly/toolchains/6.4.0/usr/lib/swift/host/libSwiftInProcPluginServer.so -plugin-path /root/.local/share/swiftly/toolchains/6.4.0/usr/lib/swift/host/plugins -plugin-path /root/.local/share/swiftly/toolchains/6.4.0/usr/local/lib/swift/host/plugins -emit-module-doc-path /host/spi-builder-workspace/.build/out/Intermediates.noindex/u.build/Debug-android-aarch64/UnixCalendar-t.build/Objects-normal/aarch64/Modules/UnixCalendar.swiftdoc -emit-module-source-info-path /host/spi-builder-workspace/.build/out/Intermediates.noindex/u.build/Debug-android-aarch64/UnixCalendar-t.build/Objects-normal/aarch64/Modules/UnixCalendar.swiftsourceinfo -emit-objc-header-path /host/spi-builder-workspace/.build/out/Intermediates.noindex/u.build/Debug-android-aarch64/UnixCalendar-t.build/Objects-normal/aarch64/UnixCalendar-Swift.h -serialize-diagnostics-path /host/spi-builder-workspace/.build/out/Intermediates.noindex/u.build/Debug-android-aarch64/UnixCalendar-t.build/Objects-normal/aarch64/UnixCalendar-primary-emit-module.dia -emit-dependencies-path /host/spi-builder-workspace/.build/out/Intermediates.noindex/u.build/Debug-android-aarch64/UnixCalendar-t.build/Objects-normal/aarch64/UnixCalendar-primary-emit-module.d -parse-as-library -o /host/spi-builder-workspace/.build/out/Intermediates.noindex/u.build/Debug-android-aarch64/UnixCalendar-t.build/Objects-normal/aarch64/Modules/UnixCalendar.swiftmodule
error: Build failed
BUILD FAILURE 6.4 android