The Swift Package Index logo.Swift Package Index

Build Information

Failed to build StatiumSwift, reference v0.6.0 (da66b7), with Swift 6.3 for Wasm on 29 Sep 2026 01:05:49 UTC.

Build Command

bash -c docker run --pull=always --rm -v "checkouts-53886770-1":/host -w "$PWD" -e JAVA_HOME="/root/.sdkman/candidates/java/current" -e SPI_BUILD="1" -e SPI_PROCESSING="1" registry.gitlab.com/saguaro1/spi-images:wasm-6.3-latest swift build --swift-sdk swift-6.3.2-RELEASE_wasm 2>&1

Build Log

========================================
RunAll
========================================
Builder version: 5.1.0
Interrupt handler set up.
========================================
Checkout
========================================
Clone URL: https://github.com/eu-digital-identity-wallet/eudi-lib-ios-statium-swift.git
Reference: v0.6.0
Initialized empty Git repository in /host/spi-builder-workspace/.git/
hint: Using 'master' as the name for the initial branch. This default branch name
hint: is subject to change. To configure the initial branch name to use in all
hint: of your new repositories, which will suppress this warning, call:
hint:
hint: 	git config --global init.defaultBranch <name>
hint:
hint: Names commonly chosen instead of 'master' are 'main', 'trunk' and
hint: 'development'. The just-created branch can be renamed via this command:
hint:
hint: 	git branch -m <name>
From https://github.com/eu-digital-identity-wallet/eudi-lib-ios-statium-swift
 * tag               v0.6.0     -> FETCH_HEAD
HEAD is now at da66b71 Release/0.6.0
Cloned https://github.com/eu-digital-identity-wallet/eudi-lib-ios-statium-swift.git
Revision (git rev-parse @):
da66b71423a5b8a27799d105449d3c0e154230dc
SUCCESS checkout https://github.com/eu-digital-identity-wallet/eudi-lib-ios-statium-swift.git at v0.6.0
========================================
Build
========================================
Selected platform:         wasm
Swift version:             6.3
Building package at path:  $PWD
https://github.com/eu-digital-identity-wallet/eudi-lib-ios-statium-swift.git
Running build ...
bash -c docker run --pull=always --rm -v "checkouts-53886770-1":/host -w "$PWD" -e JAVA_HOME="/root/.sdkman/candidates/java/current" -e SPI_BUILD="1" -e SPI_PROCESSING="1" registry.gitlab.com/saguaro1/spi-images:wasm-6.3-latest swift build --swift-sdk swift-6.3.2-RELEASE_wasm 2>&1
wasm-6.3-latest: Pulling from saguaro1/spi-images
Digest: sha256:253aad7f5b11d25cf9eaef34120b94cd8a325782929c57fb304a7711494a3f9a
Status: Image is up to date for registry.gitlab.com/saguaro1/spi-images:wasm-6.3-latest
Fetching https://github.com/niscy-eudiw/SwiftCBOR.git
Fetching https://github.com/apple/swift-collections.git
[1/1212] Fetching swiftcbor
Fetched https://github.com/niscy-eudiw/SwiftCBOR.git from cache (0.51s)
[1/27779] Fetching swift-collections
Fetched https://github.com/apple/swift-collections.git from cache (1.25s)
Computing version for https://github.com/apple/swift-collections.git
Computed https://github.com/apple/swift-collections.git at 1.6.0 (1.50s)
Computing version for https://github.com/niscy-eudiw/SwiftCBOR.git
Computed https://github.com/niscy-eudiw/SwiftCBOR.git at 0.6.5 (0.14s)
Creating working copy for https://github.com/niscy-eudiw/SwiftCBOR.git
Working copy of https://github.com/niscy-eudiw/SwiftCBOR.git resolved at 0.6.5
Creating working copy for https://github.com/apple/swift-collections.git
Working copy of https://github.com/apple/swift-collections.git resolved at 1.6.0
Building for debugging...
[0/12] Write sources
[11/12] Write swift-version-24593BA9C3E375BF.txt
[13/30] Emitting module InternalCollectionsUtilities
[14/30] Compiling InternalCollectionsUtilities UnsafeBufferPointer+Extras.swift
[15/30] Compiling InternalCollectionsUtilities UnsafeMutableBufferPointer+Extras.swift
[16/30] Compiling InternalCollectionsUtilities String+Padding.swift
[17/30] Compiling InternalCollectionsUtilities _UnsafeBitSet+Index.swift
[18/32] Compiling InternalCollectionsUtilities _SortedCollection.swift
[19/32] Compiling InternalCollectionsUtilities _UniqueCollection.swift
[20/32] Compiling InternalCollectionsUtilities LifetimeOverride.swift
[21/32] Compiling InternalCollectionsUtilities RandomAccessCollection+Offsets.swift
[22/32] Compiling InternalCollectionsUtilities Span+Extras.swift
[23/32] Compiling InternalCollectionsUtilities UnsafeMutableRawBufferPointer+Extras.swift
[24/32] Compiling InternalCollectionsUtilities UnsafeRawBufferPointer+Extras.swift
[25/32] Compiling InternalCollectionsUtilities Integer rank.swift
[26/32] Compiling InternalCollectionsUtilities UInt+first and last set bit.swift
[27/32] Compiling InternalCollectionsUtilities UInt+reversed.swift
[28/32] Compiling InternalCollectionsUtilities _UnsafeBitSet+_Word.swift
[29/32] Compiling InternalCollectionsUtilities _UnsafeBitSet.swift
[30/32] Compiling InternalCollectionsUtilities Debugging.swift
[31/32] Compiling InternalCollectionsUtilities Descriptions.swift
[32/32] Compiling InternalCollectionsUtilities FixedWidthInteger+roundUpToPowerOfTwo.swift
[34/285] Compiling HeapModule Heap+ExpressibleByArrayLiteral.swift
[35/302] Compiling OrderedCollections OrderedDictionary+Partial MutableCollection.swift
[36/302] Compiling OrderedCollections OrderedDictionary+Partial RangeReplaceableCollection.swift
[37/302] Compiling OrderedCollections OrderedDictionary+Sendable.swift
[38/302] Compiling OrderedCollections OrderedDictionary+Sequence.swift
[39/302] Compiling OrderedCollections OrderedDictionary+Values.swift
[40/323] Compiling OrderedCollections OrderedDictionary+Deprecations.swift
[41/323] Compiling OrderedCollections OrderedDictionary+Descriptions.swift
[42/323] Compiling OrderedCollections OrderedDictionary+Elements.SubSequence.swift
[43/323] Compiling OrderedCollections OrderedDictionary+Elements.swift
[44/323] Compiling OrderedCollections OrderedDictionary+Equatable.swift
[45/335] Compiling OrderedCollections _HashTable+Bucket.swift
[46/335] Compiling OrderedCollections _HashTable+BucketIterator.swift
[47/335] Compiling OrderedCollections _HashTable+Constants.swift
[48/335] Compiling OrderedCollections _HashTable+CustomStringConvertible.swift
[49/335] Compiling OrderedCollections _HashTable+Testing.swift
[50/337] Compiling OrderedCollections OrderedSet+Equatable.swift
[51/337] Compiling OrderedCollections OrderedSet+ExpressibleByArrayLiteral.swift
[52/337] Compiling OrderedCollections OrderedSet+Hashable.swift
[53/337] Compiling OrderedCollections OrderedSet+Initializers.swift
[54/337] Compiling OrderedCollections OrderedSet+Insertions.swift
[55/337] Compiling OrderedCollections OrderedDictionary.swift
[56/337] Compiling OrderedCollections OrderedSet+Codable.swift
[57/337] Compiling OrderedCollections OrderedSet+CustomReflectable.swift
[58/337] Compiling OrderedCollections OrderedSet+Descriptions.swift
[59/337] Compiling OrderedCollections OrderedSet+Diffing.swift
[60/337] Compiling HeapModule Heap+Descriptions.swift
[61/337] Emitting module ContainersPreview
[62/337] Compiling HeapModule _HeapNode.swift
[63/337] Compiling OrderedCollections OrderedSet+Invariants.swift
[64/337] Compiling OrderedCollections OrderedSet+Move.swift
[65/337] Compiling OrderedCollections OrderedSet+Partial MutableCollection.swift
[66/337] Compiling OrderedCollections OrderedSet+Partial RangeReplaceableCollection.swift
[67/337] Compiling HeapModule Heap.swift
[68/337] Compiling OrderedCollections _HashTable+UnsafeHandle.swift
[69/337] Compiling OrderedCollections _HashTable.swift
[70/337] Compiling OrderedCollections _Hashtable+Header.swift
[71/337] Compiling OrderedCollections OrderedDictionary+Codable.swift
[72/337] Compiling OrderedCollections OrderedDictionary+CustomReflectable.swift
[73/337] Compiling OrderedCollections OrderedDictionary+ExpressibleByDictionaryLiteral.swift
[74/337] Compiling OrderedCollections OrderedDictionary+Hashable.swift
[75/337] Compiling OrderedCollections OrderedDictionary+Initializers.swift
[76/337] Compiling OrderedCollections OrderedDictionary+Invariants.swift
[77/337] Compiling OrderedCollections OrderedDictionary+Move.swift
[79/338] Compiling HeapModule Heap+UnsafeHandle.swift
[80/338] Compiling HeapModule Heap+Invariants.swift
[81/338] Emitting module HeapModule
[83/380] Compiling DequeModule RigidDeque+Removals.swift
[84/380] Compiling DequeModule RigidDeque+Replacements.swift
[85/380] Compiling DequeModule RigidDeque+Testing.swift
[86/380] Compiling DequeModule RigidDeque.swift
[87/380] Compiling DequeModule UniqueDeque+Append.swift
[88/380] Compiling DequeModule UniqueDeque+Consumption.swift
[89/380] Compiling DequeModule UniqueDeque+Container.swift
[90/387] Compiling OrderedCollections OrderedSet+Partial SetAlgebra formSymmetricDifference.swift
[91/387] Compiling OrderedCollections OrderedSet+Partial SetAlgebra formUnion.swift
[92/387] Compiling OrderedCollections OrderedSet+Partial SetAlgebra intersection.swift
[93/387] Compiling OrderedCollections OrderedSet+Partial SetAlgebra isDisjoint.swift
[94/387] Compiling OrderedCollections OrderedSet+Partial SetAlgebra isEqualSet.swift
[95/387] Compiling OrderedCollections OrderedSet+Partial SetAlgebra isStrictSubset.swift
[96/387] Compiling OrderedCollections OrderedSet+Partial SetAlgebra isStrictSuperset.swift
[97/387] Compiling OrderedCollections OrderedSet+Partial SetAlgebra isSubset.swift
[98/394] Emitting module BitCollections
[99/394] Compiling OrderedCollections OrderedSet+Partial SetAlgebra isSuperset.swift
[100/394] Compiling OrderedCollections OrderedSet+Partial SetAlgebra subtract.swift
[101/394] Compiling OrderedCollections OrderedSet+Partial SetAlgebra subtracting.swift
[102/394] Compiling OrderedCollections OrderedSet+Partial SetAlgebra symmetricDifference.swift
[103/394] Compiling OrderedCollections OrderedSet+Partial SetAlgebra union.swift
[104/394] Compiling BitCollections BitSet.Index.swift
[105/394] Compiling BitCollections BitSet._UnsafeHandle.swift
[106/394] Compiling BitCollections BitSet.swift
[108/394] Compiling DequeModule UniqueDeque+Deprecated.swift
[109/394] Compiling DequeModule UniqueDeque+Descriptions.swift
[110/394] Compiling DequeModule UniqueDeque+Equatable.swift
[111/394] Compiling DequeModule UniqueDeque+Experimental.swift
[116/399] Compiling DequeModule UniqueDeque+Hashable.swift
[117/399] Compiling DequeModule UniqueDeque+Initializers.swift
[118/399] Compiling DequeModule UniqueDeque+Insertions.swift
[119/399] Compiling DequeModule UniqueDeque+Prepend.swift
[120/399] Compiling DequeModule Deque._UnsafeHandle.swift
[121/399] Compiling DequeModule Deque.swift
[122/399] Compiling DequeModule RigidDeque+Equatable.swift
[123/399] Compiling DequeModule RigidDeque+Experimental.swift
[124/399] Compiling DequeModule RigidDeque+Hashable.swift
[125/399] Compiling DequeModule RigidDeque+Initializers.swift
[126/399] Compiling DequeModule RigidDeque+Insertions.swift
[127/399] Compiling DequeModule RigidDeque+Prepend.swift
[128/399] Compiling DequeModule Deque+CustomReflectable.swift
[129/399] Compiling DequeModule Deque+Descriptions.swift
[130/399] Compiling DequeModule Deque+Equatable.swift
[131/399] Compiling DequeModule Deque+ExpressibleByArrayLiteral.swift
[132/399] Compiling DequeModule Deque+Extras.swift
[133/399] Compiling DequeModule Deque+Hashable.swift
[134/399] Compiling DequeModule Deque+Testing.swift
[135/399] Compiling DequeModule Deque._Storage.swift
[136/399] Compiling _RopeModule BigSubstring.swift
[137/399] Compiling _RopeModule Rope+Builder.swift
[138/399] Compiling _RopeModule Rope+Debugging.swift
[139/399] Compiling _RopeModule Rope+Invariants.swift
[140/399] Compiling HashTreeCollections TreeSet+Debugging.swift
[141/399] Compiling HashTreeCollections TreeSet+Descriptions.swift
[142/399] Compiling HashTreeCollections TreeSet+Equatable.swift
[143/399] Compiling HashTreeCollections TreeSet+ExpressibleByArrayLiteral.swift
[144/399] Compiling HashTreeCollections TreeSet+Extras.swift
[145/399] Compiling HashTreeCollections TreeSet+Filter.swift
[148/399] Compiling OrderedCollections OrderedSet+Sendable.swift
[149/399] Compiling OrderedCollections OrderedSet+SubSequence.swift
[150/399] Compiling OrderedCollections OrderedSet+Testing.swift
[151/399] Compiling OrderedCollections OrderedSet+UnorderedView.swift
[152/399] Compiling OrderedCollections OrderedSet+UnstableInternals.swift
[153/399] Compiling OrderedCollections OrderedSet.swift
[154/399] Compiling OrderedCollections _UnsafeBitset.swift
[155/399] Compiling _RopeModule BigSubstring+UTF8View.swift
[156/399] Compiling _RopeModule BigSubstring+UnicodeScalarView.swift
[157/399] Compiling DequeModule _UnsafeDequeSegments.swift
[171/399] Compiling DequeModule UniqueDeque+Removals.swift
[173/409] Compiling DequeModule UniqueDeque+Replacements.swift
[174/409] Compiling DequeModule UniqueDeque.swift
[175/409] Compiling DequeModule _DequeSlot.swift
[176/409] Compiling DequeModule _UnsafeDequeHandle.swift
[186/409] Compiling DequeModule _DequeBuffer.swift
[187/409] Compiling DequeModule _DequeBufferHeader.swift
[188/409] Compiling DequeModule RigidDeque+Append.swift
[189/409] Compiling DequeModule RigidDeque+Consumption.swift
[190/409] Compiling DequeModule RigidDeque+Container.swift
[191/409] Compiling DequeModule RigidDeque+Descriptions.swift
[210/409] Compiling DequeModule Deque+Codable.swift
[211/409] Compiling DequeModule Deque+Collection.swift
[277/418] Compiling _RopeModule String Utilities.swift
[278/418] Compiling _RopeModule String.Index+ABI.swift
[279/418] Compiling _RopeModule _CharacterRecognizer.swift
[280/418] Compiling HashTreeCollections TreeSet+SetAlgebra isSubset.swift
[281/418] Compiling HashTreeCollections TreeSet+SetAlgebra isSuperset.swift
[282/418] Compiling HashTreeCollections TreeSet+SetAlgebra subtract.swift
[283/418] Compiling HashTreeCollections TreeSet+SetAlgebra subtracting.swift
[284/418] Compiling HashTreeCollections TreeSet+SetAlgebra symmetricDifference.swift
[285/418] Compiling HashTreeCollections TreeSet+SetAlgebra union.swift
[286/418] Compiling HashTreeCollections TreeSet.swift
[328/419] Emitting module _RopeModule
[329/419] Emitting module OrderedCollections
[385/420] Emitting module HashTreeCollections
[386/421] Compiling _RopeModule Rope+Join.swift
[387/421] Compiling _RopeModule Rope+MutatingForEach.swift
[388/421] Compiling _RopeModule Rope+Remove.swift
[389/421] Compiling _RopeModule Rope+RemoveSubrange.swift
[390/421] Compiling _RopeModule Rope+Split.swift
[391/421] Compiling _RopeModule Optional Utilities.swift
[417/422] Emitting module DequeModule
[424/429] Compiling Collections HeapModule reexports.swift
[425/429] Compiling Collections DequeModule reexports.swift
[426/429] Compiling Collections OrderedCollections reexports.swift
[427/429] Compiling Collections HashTreeCollections reexports.swift
[428/429] Emitting module Collections
[429/429] Compiling Collections BitCollections reexports.swift
[431/446] Emitting module SwiftCBOR
[432/448] Compiling SwiftCBOR FixedWidthInteger+Bytes.swift
[433/448] Compiling SwiftCBOR Util.swift
[434/448] Compiling SwiftCBOR CodableCBORDecoder.swift
[435/448] Compiling SwiftCBOR KeyedDecodingContainer.swift
[436/448] Compiling SwiftCBOR SingleValueEncodingContainer.swift
[437/448] Compiling SwiftCBOR UnkeyedEncodingContainer.swift
[438/448] Compiling SwiftCBOR SingleValueDecodingContainer.swift
[439/448] Compiling SwiftCBOR UnkeyedDecodingContainer.swift
[440/448] Compiling SwiftCBOR CodableCBOREncoder.swift
[441/448] Compiling SwiftCBOR KeyedEncodingContainer.swift
[442/448] Compiling SwiftCBOR CBORInputStream.swift
[443/448] Compiling SwiftCBOR CBOROptions.swift
[444/448] Compiling SwiftCBOR CBOREncodable.swift
[445/448] Compiling SwiftCBOR CBOREncoder.swift
[446/448] Compiling SwiftCBOR AnyCodingKey.swift
[447/448] Compiling SwiftCBOR CBOR.swift
[448/448] Compiling SwiftCBOR CBORDecoder.swift
[450/471] Compiling StatiumSwift StatusReference.swift
/host/spi-builder-workspace/Sources/Extensions/Data+Extenstions.swift:17:8: error: no such module 'Compression'
 15 |  */
 16 | import Foundation
 17 | import Compression
    |        `- error: no such module 'Compression'
 18 |
 19 | public extension Data {
[451/471] Compiling StatiumSwift TimeIntervalUnit.swift
/host/spi-builder-workspace/Sources/Extensions/Data+Extenstions.swift:17:8: error: no such module 'Compression'
 15 |  */
 16 | import Foundation
 17 | import Compression
    |        `- error: no such module 'Compression'
 18 |
 19 | public extension Data {
[452/471] Compiling StatiumSwift VerifyStatusListTokenSignature.swift
/host/spi-builder-workspace/Sources/Extensions/Data+Extenstions.swift:17:8: error: no such module 'Compression'
 15 |  */
 16 | import Foundation
 17 | import Compression
    |        `- error: no such module 'Compression'
 18 |
 19 | public extension Data {
[453/471] Compiling StatiumSwift StatusList.swift
/host/spi-builder-workspace/Sources/Extensions/Data+Extenstions.swift:17:8: error: no such module 'Compression'
 15 |  */
 16 | import Foundation
 17 | import Compression
    |        `- error: no such module 'Compression'
 18 |
 19 | public extension Data {
[454/471] Compiling StatiumSwift StatusListTokenClaims.swift
/host/spi-builder-workspace/Sources/Extensions/Data+Extenstions.swift:17:8: error: no such module 'Compression'
 15 |  */
 16 | import Foundation
 17 | import Compression
    |        `- error: no such module 'Compression'
 18 |
 19 | public extension Data {
[455/471] Compiling StatiumSwift StatusListTokenFormat.swift
/host/spi-builder-workspace/Sources/Extensions/Data+Extenstions.swift:17:8: error: no such module 'Compression'
 15 |  */
 16 | import Foundation
 17 | import Compression
    |        `- error: no such module 'Compression'
 18 |
 19 | public extension Data {
[456/474] Compiling StatiumSwift ReadStatus.swift
/host/spi-builder-workspace/Sources/Extensions/Data+Extenstions.swift:17:8: error: no such module 'Compression'
 15 |  */
 16 | import Foundation
 17 | import Compression
    |        `- error: no such module 'Compression'
 18 |
 19 | public extension Data {
[457/474] Compiling StatiumSwift StatusListTokenFetcher.swift
/host/spi-builder-workspace/Sources/Extensions/Data+Extenstions.swift:17:8: error: no such module 'Compression'
 15 |  */
 16 | import Foundation
 17 | import Compression
    |        `- error: no such module 'Compression'
 18 |
 19 | public extension Data {
[458/474] Compiling StatiumSwift BitsPerStatus.swift
/host/spi-builder-workspace/Sources/Extensions/Data+Extenstions.swift:17:8: error: no such module 'Compression'
 15 |  */
 16 | import Foundation
 17 | import Compression
    |        `- error: no such module 'Compression'
 18 |
 19 | public extension Data {
error: emit-module command failed with exit code 1 (use -v to see invocation)
[459/474] Emitting module StatiumSwift
/host/spi-builder-workspace/Sources/Extensions/Data+Extenstions.swift:17:8: error: no such module 'Compression'
 15 |  */
 16 | import Foundation
 17 | import Compression
    |        `- error: no such module 'Compression'
 18 |
 19 | public extension Data {
[460/474] Compiling StatiumSwift SSRFValidator.swift
/host/spi-builder-workspace/Sources/Extensions/Data+Extenstions.swift:17:8: error: no such module 'Compression'
 15 |  */
 16 | import Foundation
 17 | import Compression
    |        `- error: no such module 'Compression'
 18 |
 19 | public extension Data {
[461/474] Compiling StatiumSwift TokenStatusListSpec.swift
/host/spi-builder-workspace/Sources/Extensions/Data+Extenstions.swift:17:8: error: no such module 'Compression'
 15 |  */
 16 | import Foundation
 17 | import Compression
    |        `- error: no such module 'Compression'
 18 |
 19 | public extension Data {
[462/474] Compiling StatiumSwift GetStatus.swift
/host/spi-builder-workspace/Sources/Extensions/Data+Extenstions.swift:17:8: error: no such module 'Compression'
 15 |  */
 16 | import Foundation
 17 | import Compression
    |        `- error: no such module 'Compression'
 18 |
 19 | public extension Data {
[463/474] Compiling StatiumSwift Array+Extensions.swift
/host/spi-builder-workspace/Sources/Extensions/Data+Extenstions.swift:17:8: error: no such module 'Compression'
 15 |  */
 16 | import Foundation
 17 | import Compression
    |        `- error: no such module 'Compression'
 18 |
 19 | public extension Data {
[464/474] Compiling StatiumSwift CBOR+Extensions.swift
/host/spi-builder-workspace/Sources/Extensions/Data+Extenstions.swift:17:8: error: no such module 'Compression'
 15 |  */
 16 | import Foundation
 17 | import Compression
    |        `- error: no such module 'Compression'
 18 |
 19 | public extension Data {
[465/474] Compiling StatiumSwift Data+Extenstions.swift
/host/spi-builder-workspace/Sources/Extensions/Data+Extenstions.swift:17:8: error: no such module 'Compression'
 15 |  */
 16 | import Foundation
 17 | import Compression
    |        `- error: no such module 'Compression'
 18 |
 19 | public extension Data {
[466/474] Compiling StatiumSwift Byte.swift
/host/spi-builder-workspace/Sources/Extensions/Data+Extenstions.swift:17:8: error: no such module 'Compression'
 15 |  */
 16 | import Foundation
 17 | import Compression
    |        `- error: no such module 'Compression'
 18 |
 19 | public extension Data {
[467/474] Compiling StatiumSwift CredentialStatus.swift
/host/spi-builder-workspace/Sources/Extensions/Data+Extenstions.swift:17:8: error: no such module 'Compression'
 15 |  */
 16 | import Foundation
 17 | import Compression
    |        `- error: no such module 'Compression'
 18 |
 19 | public extension Data {
[468/474] Compiling StatiumSwift Errors.swift
/host/spi-builder-workspace/Sources/Extensions/Data+Extenstions.swift:17:8: error: no such module 'Compression'
 15 |  */
 16 | import Foundation
 17 | import Compression
    |        `- error: no such module 'Compression'
 18 |
 19 | public extension Data {
[469/474] Compiling StatiumSwift DNSResolver.swift
/host/spi-builder-workspace/Sources/Extensions/Data+Extenstions.swift:17:8: error: no such module 'Compression'
 15 |  */
 16 | import Foundation
 17 | import Compression
    |        `- error: no such module 'Compression'
 18 |
 19 | public extension Data {
[470/474] Compiling StatiumSwift IPAddressValidator.swift
/host/spi-builder-workspace/Sources/Extensions/Data+Extenstions.swift:17:8: error: no such module 'Compression'
 15 |  */
 16 | import Foundation
 17 | import Compression
    |        `- error: no such module 'Compression'
 18 |
 19 | public extension Data {
[471/474] Compiling StatiumSwift NetworkingService.swift
/host/spi-builder-workspace/Sources/Extensions/Data+Extenstions.swift:17:8: error: no such module 'Compression'
 15 |  */
 16 | import Foundation
 17 | import Compression
    |        `- error: no such module 'Compression'
 18 |
 19 | public extension Data {
[472/474] Compiling StatiumSwift CWT.swift
/host/spi-builder-workspace/Sources/Extensions/Data+Extenstions.swift:17:8: error: no such module 'Compression'
 15 |  */
 16 | import Foundation
 17 | import Compression
    |        `- error: no such module 'Compression'
 18 |
 19 | public extension Data {
[473/474] Compiling StatiumSwift Decompress.swift
/host/spi-builder-workspace/Sources/Extensions/Data+Extenstions.swift:17:8: error: no such module 'Compression'
 15 |  */
 16 | import Foundation
 17 | import Compression
    |        `- error: no such module 'Compression'
 18 |
 19 | public extension Data {
[474/474] Compiling StatiumSwift JWT.swift
/host/spi-builder-workspace/Sources/Extensions/Data+Extenstions.swift:17:8: error: no such module 'Compression'
 15 |  */
 16 | import Foundation
 17 | import Compression
    |        `- error: no such module 'Compression'
 18 |
 19 | public extension Data {
BUILD FAILURE 6.3 wasm