Build Information
Failed to build ContainedDocument, reference 1.0.0 (ce89c7), with Swift 6.4 for watchOS using Xcode 27.0 on 19 Sep 2026 11:36:17 UTC.
Build Command
env DEVELOPER_DIR=/Applications/Xcode-27.0.0-Release.Candidate.app xcrun xcodebuild -IDEClonedSourcePackagesDirPathOverride=$PWD/.dependencies -skipMacroValidation -skipPackagePluginValidation -derivedDataPath $PWD/.derivedData build -scheme ContainedDocument -destination generic/platform=watchOSBuild Log
========================================
RunAll
========================================
Builder version: 5.1.0
Interrupt handler set up.
========================================
Checkout
========================================
Clone URL: https://github.com/ChimeHQ/ContainedDocument.git
Reference: 1.0.0
Initialized empty Git repository in /Users/admin/builder/spi-builder-workspace/.git/
From https://github.com/ChimeHQ/ContainedDocument
* tag 1.0.0 -> FETCH_HEAD
HEAD is now at ce89c75 Doc improvments
Cloned https://github.com/ChimeHQ/ContainedDocument.git
Revision (git rev-parse @):
ce89c75facd32f7b2ed77266b14dfbeb340953dd
SUCCESS checkout https://github.com/ChimeHQ/ContainedDocument.git at 1.0.0
========================================
Build
========================================
Selected platform: watchOS
Swift version: 6.4
Building package at path: $PWD
https://github.com/ChimeHQ/ContainedDocument.git
Command line invocation:
/Applications/Xcode-27.0.0-Release.Candidate.app/Contents/Developer/usr/bin/xcodebuild -IDEClonedSourcePackagesDirPathOverride=/Users/admin/builder/spi-builder-workspace/.dependencies -resolvePackageDependencies
Resolve Package Graph
Resolve Package Graph
Resolved source packages:
ContainedDocument: /Users/admin/builder/spi-builder-workspace
resolved source packages: ContainedDocument
2026-09-19 07:35:29.490 xcodebuild[529:3036] [MT] IDERunDestination: Supported platforms for the buildables in the current scheme is empty.
{
"dependencies" : [
],
"manifest_display_name" : "ContainedDocument",
"name" : "ContainedDocument",
"path" : "/Users/admin/builder/spi-builder-workspace",
"platforms" : [
{
"name" : "macos",
"version" : "10.13"
}
],
"products" : [
{
"name" : "ContainedDocument",
"targets" : [
"ContainedDocument"
],
"type" : {
"library" : [
"automatic"
]
}
}
],
"targets" : [
{
"c99name" : "ContainedDocumentTests",
"module_type" : "SwiftTarget",
"name" : "ContainedDocumentTests",
"path" : "Tests/ContainedDocumentTests",
"sources" : [
"ContainedDocumentTests.swift"
],
"target_dependencies" : [
"ContainedDocument"
],
"type" : "test"
},
{
"c99name" : "ContainedDocument",
"module_type" : "SwiftTarget",
"name" : "ContainedDocument",
"path" : "Sources/ContainedDocument",
"product_memberships" : [
"ContainedDocument"
],
"sources" : [
"BaseDocumentController.swift",
"ContainedDocument.swift",
"ContainedDocumentController.swift"
],
"type" : "library"
}
],
"tools_version" : "5.5"
}
{
"workspace" : {
"name" : "ContainedDocument",
"schemes" : [
"ContainedDocument"
]
}
}
2026-09-19 07:36:11.089 xcodebuild[647:4159] [MT] IDERunDestination: Supported platforms for the buildables in the current scheme is empty.
Running build ...
env DEVELOPER_DIR=/Applications/Xcode-27.0.0-Release.Candidate.app xcrun xcodebuild -IDEClonedSourcePackagesDirPathOverride=$PWD/.dependencies -skipMacroValidation -skipPackagePluginValidation -derivedDataPath $PWD/.derivedData build -scheme ContainedDocument -destination generic/platform=watchOS
Command line invocation:
/Applications/Xcode-27.0.0-Release.Candidate.app/Contents/Developer/usr/bin/xcodebuild -IDEClonedSourcePackagesDirPathOverride=/Users/admin/builder/spi-builder-workspace/.dependencies -skipMacroValidation -skipPackagePluginValidation -derivedDataPath /Users/admin/builder/spi-builder-workspace/.derivedData build -scheme ContainedDocument -destination generic/platform=watchOS
Resolve Package Graph
Resolved source packages:
ContainedDocument: /Users/admin/builder/spi-builder-workspace
ComputePackagePrebuildTargetDependencyGraph
Prepare packages
CreateBuildRequest
SendProjectDescription
CreateBuildOperation
ComputeTargetDependencyGraph
note: Building targets in dependency order
note: Target dependency graph (2 targets)
Target 'ContainedDocument-product' in project 'ContainedDocument'
➜ Explicit dependency on target 'ContainedDocument' in project 'ContainedDocument'
Target 'ContainedDocument' in project 'ContainedDocument' (no dependencies)
GatherProvisioningInputs
CreateBuildDescription
ExecuteExternalTool /Applications/Xcode-27.0.0-Release.Candidate.app/Contents/Developer/Toolchains/XcodeDefault.xctoolchain/usr/bin/clang -v -E -dM -isysroot /Applications/Xcode-27.0.0-Release.Candidate.app/Contents/Developer/Platforms/WatchOS.platform/Developer/SDKs/WatchOS27.0.sdk -x c -c /dev/null
ExecuteExternalTool /Applications/Xcode-27.0.0-Release.Candidate.app/Contents/Developer/Toolchains/XcodeDefault.xctoolchain/usr/bin/swiftc --version
ExecuteExternalTool /Applications/Xcode-27.0.0-Release.Candidate.app/Contents/Developer/Toolchains/XcodeDefault.xctoolchain/usr/bin/ld -version_details
Build description signature: c10c2573a9d252f6855d499d450b02f4
Build description path: /Users/admin/builder/spi-builder-workspace/.derivedData/Build/Intermediates.noindex/XCBuildData/c10c2573a9d252f6855d499d450b02f4.xcbuilddata
CreateBuildDirectory /Users/admin/builder/spi-builder-workspace/.derivedData/SDKExplicitPrecompiledModules
cd /Users/admin/builder/spi-builder-workspace/.swiftpm/xcode
builtin-create-build-directory /Users/admin/builder/spi-builder-workspace/.derivedData/SDKExplicitPrecompiledModules
CreateBuildDirectory /Users/admin/builder/spi-builder-workspace/.derivedData/ModuleCache.noindex
cd /Users/admin/builder/spi-builder-workspace/.swiftpm/xcode
builtin-create-build-directory /Users/admin/builder/spi-builder-workspace/.derivedData/ModuleCache.noindex
CreateBuildDirectory /Users/admin/builder/spi-builder-workspace/.derivedData/CompilationCache.noindex
cd /Users/admin/builder/spi-builder-workspace/.swiftpm/xcode
builtin-create-build-directory /Users/admin/builder/spi-builder-workspace/.derivedData/CompilationCache.noindex
CreateBuildDirectory /Users/admin/builder/spi-builder-workspace/.derivedData/Build/Intermediates.noindex
cd /Users/admin/builder/spi-builder-workspace/.swiftpm/xcode
builtin-create-build-directory /Users/admin/builder/spi-builder-workspace/.derivedData/Build/Intermediates.noindex
ClangStatCache /Applications/Xcode-27.0.0-Release.Candidate.app/Contents/Developer/Toolchains/XcodeDefault.xctoolchain/usr/bin/clang-stat-cache /Applications/Xcode-27.0.0-Release.Candidate.app/Contents/Developer/Platforms/WatchOS.platform/Developer/SDKs/WatchOS27.0.sdk /Users/admin/builder/spi-builder-workspace/.derivedData/SDKStatCaches.noindex/watchos27.0-24R360-e829b21a6f8c9b70876ba0858053c04477534ef55a1706bf4c1112bbb242f0a2.sdkstatcache
cd /Users/admin/builder/spi-builder-workspace/.swiftpm/xcode
/Applications/Xcode-27.0.0-Release.Candidate.app/Contents/Developer/Toolchains/XcodeDefault.xctoolchain/usr/bin/clang-stat-cache /Applications/Xcode-27.0.0-Release.Candidate.app/Contents/Developer/Platforms/WatchOS.platform/Developer/SDKs/WatchOS27.0.sdk -o /Users/admin/builder/spi-builder-workspace/.derivedData/SDKStatCaches.noindex/watchos27.0-24R360-e829b21a6f8c9b70876ba0858053c04477534ef55a1706bf4c1112bbb242f0a2.sdkstatcache
CreateBuildDirectory /Users/admin/builder/spi-builder-workspace/.derivedData/Build/Products
cd /Users/admin/builder/spi-builder-workspace/.swiftpm/xcode
builtin-create-build-directory /Users/admin/builder/spi-builder-workspace/.derivedData/Build/Products
CreateBuildDirectory /Users/admin/builder/spi-builder-workspace/.derivedData/Build/Intermediates.noindex/SwiftExplicitPrecompiledModules
cd /Users/admin/builder/spi-builder-workspace/.swiftpm/xcode
builtin-create-build-directory /Users/admin/builder/spi-builder-workspace/.derivedData/Build/Intermediates.noindex/SwiftExplicitPrecompiledModules
CreateBuildDirectory /Users/admin/builder/spi-builder-workspace/.derivedData/Build/Intermediates.noindex/PrecompiledHeaders
cd /Users/admin/builder/spi-builder-workspace/.swiftpm/xcode
builtin-create-build-directory /Users/admin/builder/spi-builder-workspace/.derivedData/Build/Intermediates.noindex/PrecompiledHeaders
CreateBuildDirectory /Users/admin/builder/spi-builder-workspace/.derivedData/Build/Intermediates.noindex/ExplicitPrecompiledModules
cd /Users/admin/builder/spi-builder-workspace/.swiftpm/xcode
builtin-create-build-directory /Users/admin/builder/spi-builder-workspace/.derivedData/Build/Intermediates.noindex/ExplicitPrecompiledModules
CreateBuildDirectory /Users/admin/builder/spi-builder-workspace/.derivedData/Build/Intermediates.noindex/EagerLinkingTBDs/Debug-watchos
cd /Users/admin/builder/spi-builder-workspace/.swiftpm/xcode
builtin-create-build-directory /Users/admin/builder/spi-builder-workspace/.derivedData/Build/Intermediates.noindex/EagerLinkingTBDs/Debug-watchos
CreateBuildDirectory /Users/admin/builder/spi-builder-workspace/.derivedData/Build/Products/Debug-watchos
cd /Users/admin/builder/spi-builder-workspace/.swiftpm/xcode
builtin-create-build-directory /Users/admin/builder/spi-builder-workspace/.derivedData/Build/Products/Debug-watchos
CreateBuildDirectory /Users/admin/builder/spi-builder-workspace/.derivedData/Build/Products/Debug-watchos/PackageFrameworks
cd /Users/admin/builder/spi-builder-workspace/.swiftpm/xcode
builtin-create-build-directory /Users/admin/builder/spi-builder-workspace/.derivedData/Build/Products/Debug-watchos/PackageFrameworks
WriteAuxiliaryFile /Users/admin/builder/spi-builder-workspace/.derivedData/Build/Intermediates.noindex/ContainedDocument.build/Debug-watchos/ContainedDocument-t.build/Objects-normal/arm64_32/ContainedDocument.SwiftConstValuesFileList (in target 'ContainedDocument' from project 'ContainedDocument')
cd /Users/admin/builder/spi-builder-workspace
write-file /Users/admin/builder/spi-builder-workspace/.derivedData/Build/Intermediates.noindex/ContainedDocument.build/Debug-watchos/ContainedDocument-t.build/Objects-normal/arm64_32/ContainedDocument.SwiftConstValuesFileList
WriteAuxiliaryFile /Users/admin/builder/spi-builder-workspace/.derivedData/Build/Intermediates.noindex/ContainedDocument.build/Debug-watchos/ContainedDocument-t.build/Objects-normal/arm64_32/ContainedDocument-OutputFileMap.json (in target 'ContainedDocument' from project 'ContainedDocument')
cd /Users/admin/builder/spi-builder-workspace
write-file /Users/admin/builder/spi-builder-workspace/.derivedData/Build/Intermediates.noindex/ContainedDocument.build/Debug-watchos/ContainedDocument-t.build/Objects-normal/arm64_32/ContainedDocument-OutputFileMap.json
WriteAuxiliaryFile /Users/admin/builder/spi-builder-workspace/.derivedData/Build/Intermediates.noindex/ContainedDocument.build/Debug-watchos/ContainedDocument-t.build/Objects-normal/arm64_32/ContainedDocument.SwiftFileList (in target 'ContainedDocument' from project 'ContainedDocument')
cd /Users/admin/builder/spi-builder-workspace
write-file /Users/admin/builder/spi-builder-workspace/.derivedData/Build/Intermediates.noindex/ContainedDocument.build/Debug-watchos/ContainedDocument-t.build/Objects-normal/arm64_32/ContainedDocument.SwiftFileList
WriteAuxiliaryFile /Users/admin/builder/spi-builder-workspace/.derivedData/Build/Intermediates.noindex/ContainedDocument.build/Debug-watchos/ContainedDocument-t.build/Objects-normal/arm64_32/ContainedDocument_const_extract_protocols.json (in target 'ContainedDocument' from project 'ContainedDocument')
cd /Users/admin/builder/spi-builder-workspace
write-file /Users/admin/builder/spi-builder-workspace/.derivedData/Build/Intermediates.noindex/ContainedDocument.build/Debug-watchos/ContainedDocument-t.build/Objects-normal/arm64_32/ContainedDocument_const_extract_protocols.json
WriteAuxiliaryFile /Users/admin/builder/spi-builder-workspace/.derivedData/Build/Intermediates.noindex/ContainedDocument.build/Debug-watchos/ContainedDocument-t.build/Objects-normal/arm64/ContainedDocument_const_extract_protocols.json (in target 'ContainedDocument' from project 'ContainedDocument')
cd /Users/admin/builder/spi-builder-workspace
write-file /Users/admin/builder/spi-builder-workspace/.derivedData/Build/Intermediates.noindex/ContainedDocument.build/Debug-watchos/ContainedDocument-t.build/Objects-normal/arm64/ContainedDocument_const_extract_protocols.json
WriteAuxiliaryFile /Users/admin/builder/spi-builder-workspace/.derivedData/Build/Intermediates.noindex/ContainedDocument.build/Debug-watchos/ContainedDocument-t.build/Objects-normal/arm64/ContainedDocument.LinkFileList (in target 'ContainedDocument' from project 'ContainedDocument')
cd /Users/admin/builder/spi-builder-workspace
write-file /Users/admin/builder/spi-builder-workspace/.derivedData/Build/Intermediates.noindex/ContainedDocument.build/Debug-watchos/ContainedDocument-t.build/Objects-normal/arm64/ContainedDocument.LinkFileList
WriteAuxiliaryFile /Users/admin/builder/spi-builder-workspace/.derivedData/Build/Intermediates.noindex/ContainedDocument.build/Debug-watchos/ContainedDocument-t.build/Objects-normal/arm64/ContainedDocument.SwiftFileList (in target 'ContainedDocument' from project 'ContainedDocument')
cd /Users/admin/builder/spi-builder-workspace
write-file /Users/admin/builder/spi-builder-workspace/.derivedData/Build/Intermediates.noindex/ContainedDocument.build/Debug-watchos/ContainedDocument-t.build/Objects-normal/arm64/ContainedDocument.SwiftFileList
WriteAuxiliaryFile /Users/admin/builder/spi-builder-workspace/.derivedData/Build/Intermediates.noindex/ContainedDocument.build/Debug-watchos/ContainedDocument-t.build/Objects-normal/arm64/ContainedDocument.SwiftConstValuesFileList (in target 'ContainedDocument' from project 'ContainedDocument')
cd /Users/admin/builder/spi-builder-workspace
write-file /Users/admin/builder/spi-builder-workspace/.derivedData/Build/Intermediates.noindex/ContainedDocument.build/Debug-watchos/ContainedDocument-t.build/Objects-normal/arm64/ContainedDocument.SwiftConstValuesFileList
WriteAuxiliaryFile /Users/admin/builder/spi-builder-workspace/.derivedData/Build/Intermediates.noindex/ContainedDocument.build/Debug-watchos/ContainedDocument-t.build/Objects-normal/arm64_32/ContainedDocument.LinkFileList (in target 'ContainedDocument' from project 'ContainedDocument')
cd /Users/admin/builder/spi-builder-workspace
write-file /Users/admin/builder/spi-builder-workspace/.derivedData/Build/Intermediates.noindex/ContainedDocument.build/Debug-watchos/ContainedDocument-t.build/Objects-normal/arm64_32/ContainedDocument.LinkFileList
WriteAuxiliaryFile /Users/admin/builder/spi-builder-workspace/.derivedData/Build/Intermediates.noindex/ContainedDocument.build/Debug-watchos/ContainedDocument-t.build/Objects-normal/arm64/ContainedDocument-OutputFileMap.json (in target 'ContainedDocument' from project 'ContainedDocument')
cd /Users/admin/builder/spi-builder-workspace
write-file /Users/admin/builder/spi-builder-workspace/.derivedData/Build/Intermediates.noindex/ContainedDocument.build/Debug-watchos/ContainedDocument-t.build/Objects-normal/arm64/ContainedDocument-OutputFileMap.json
WriteAuxiliaryFile /Users/admin/builder/spi-builder-workspace/.derivedData/Build/Intermediates.noindex/ContainedDocument.build/Debug-watchos/ContainedDocument-t.build/ContainedDocument.modulemap (in target 'ContainedDocument' from project 'ContainedDocument')
cd /Users/admin/builder/spi-builder-workspace
write-file /Users/admin/builder/spi-builder-workspace/.derivedData/Build/Intermediates.noindex/ContainedDocument.build/Debug-watchos/ContainedDocument-t.build/ContainedDocument.modulemap
WriteAuxiliaryFile /Users/admin/builder/spi-builder-workspace/.derivedData/Build/Intermediates.noindex/ContainedDocument.build/Debug-watchos/ContainedDocument-t.build/ContainedDocument.DependencyStaticMetadataFileList (in target 'ContainedDocument' from project 'ContainedDocument')
cd /Users/admin/builder/spi-builder-workspace
write-file /Users/admin/builder/spi-builder-workspace/.derivedData/Build/Intermediates.noindex/ContainedDocument.build/Debug-watchos/ContainedDocument-t.build/ContainedDocument.DependencyStaticMetadataFileList
WriteAuxiliaryFile /Users/admin/builder/spi-builder-workspace/.derivedData/Build/Intermediates.noindex/ContainedDocument.build/Debug-watchos/ContainedDocument-t.build/ContainedDocument.DependencyMetadataFileList (in target 'ContainedDocument' from project 'ContainedDocument')
cd /Users/admin/builder/spi-builder-workspace
write-file /Users/admin/builder/spi-builder-workspace/.derivedData/Build/Intermediates.noindex/ContainedDocument.build/Debug-watchos/ContainedDocument-t.build/ContainedDocument.DependencyMetadataFileList
Copy /Users/admin/builder/spi-builder-workspace/.derivedData/Build/Intermediates.noindex/GeneratedModuleMaps-watchos/ContainedDocument.modulemap /Users/admin/builder/spi-builder-workspace/.derivedData/Build/Intermediates.noindex/ContainedDocument.build/Debug-watchos/ContainedDocument-t.build/ContainedDocument.modulemap (in target 'ContainedDocument' from project 'ContainedDocument')
cd /Users/admin/builder/spi-builder-workspace
builtin-copy -exclude .DS_Store -exclude CVS -exclude .svn -exclude .git -exclude .hg -resolve-src-symlinks /Users/admin/builder/spi-builder-workspace/.derivedData/Build/Intermediates.noindex/ContainedDocument.build/Debug-watchos/ContainedDocument-t.build/ContainedDocument.modulemap /Users/admin/builder/spi-builder-workspace/.derivedData/Build/Intermediates.noindex/GeneratedModuleMaps-watchos
SwiftDriver ContainedDocument normal arm64_32 com.apple.xcode.tools.swift.compiler (in target 'ContainedDocument' from project 'ContainedDocument')
cd /Users/admin/builder/spi-builder-workspace/.swiftpm/xcode
builtin-SwiftDriver -- /Applications/Xcode-27.0.0-Release.Candidate.app/Contents/Developer/Toolchains/XcodeDefault.xctoolchain/usr/bin/swiftc -parse-as-library -module-name ContainedDocument -Onone @/Users/admin/builder/spi-builder-workspace/.derivedData/Build/Intermediates.noindex/ContainedDocument.build/Debug-watchos/ContainedDocument-t.build/Objects-normal/arm64_32/ContainedDocument.SwiftFileList -DSWIFT_PACKAGE -DDEBUG -DSWIFT_MODULE_RESOURCE_BUNDLE_UNAVAILABLE -DXcode -plugin-path /Applications/Xcode-27.0.0-Release.Candidate.app/Contents/Developer/Toolchains/XcodeDefault.xctoolchain/usr/lib/swift/host/plugins/testing -enable-experimental-feature DebugDescriptionMacro -sdk /Applications/Xcode-27.0.0-Release.Candidate.app/Contents/Developer/Platforms/WatchOS.platform/Developer/SDKs/WatchOS27.0.sdk -target arm64_32-apple-watchos9.0 -g -module-cache-path /Users/admin/builder/spi-builder-workspace/.derivedData/ModuleCache.noindex -Xfrontend -serialize-debugging-options -profile-coverage-mapping -profile-generate -enable-testing -index-store-path /Users/admin/builder/spi-builder-workspace/.derivedData/Index.noindex/DataStore -Xcc -D_LIBCPP_HARDENING_MODE\=_LIBCPP_HARDENING_MODE_DEBUG -swift-version 5 -I /Users/admin/builder/spi-builder-workspace/.derivedData/Build/Products/Debug-watchos -Isystem /Applications/Xcode-27.0.0-Release.Candidate.app/Contents/Developer/Platforms/WatchOS.platform/Developer/usr/lib -F /Users/admin/builder/spi-builder-workspace/.derivedData/Build/Products/Debug-watchos -F /Applications/Xcode-27.0.0-Release.Candidate.app/Contents/Developer/Platforms/WatchOS.platform/Developer/Library/Frameworks -F /Applications/Xcode-27.0.0-Release.Candidate.app/Contents/Developer/Platforms/WatchOS.platform/Developer/SDKs/WatchOS27.0.sdk/Developer/Library/Frameworks -c -j10 -enable-batch-mode -incremental -Xcc -ivfsstatcache -Xcc /Users/admin/builder/spi-builder-workspace/.derivedData/SDKStatCaches.noindex/watchos27.0-24R360-e829b21a6f8c9b70876ba0858053c04477534ef55a1706bf4c1112bbb242f0a2.sdkstatcache -output-file-map /Users/admin/builder/spi-builder-workspace/.derivedData/Build/Intermediates.noindex/ContainedDocument.build/Debug-watchos/ContainedDocument-t.build/Objects-normal/arm64_32/ContainedDocument-OutputFileMap.json -save-temps -no-color-diagnostics -explicit-module-build -module-cache-path /Users/admin/builder/spi-builder-workspace/.derivedData/Build/Intermediates.noindex/SwiftExplicitPrecompiledModules -clang-scanner-module-cache-path /Users/admin/builder/spi-builder-workspace/.derivedData/ModuleCache.noindex -sdk-module-cache-path /Users/admin/builder/spi-builder-workspace/.derivedData/SDKExplicitPrecompiledModules -emit-dependencies -emit-module -emit-module-path /Users/admin/builder/spi-builder-workspace/.derivedData/Build/Intermediates.noindex/ContainedDocument.build/Debug-watchos/ContainedDocument-t.build/Objects-normal/arm64_32/ContainedDocument.swiftmodule -serialize-diagnostics -dependency-scan-serialize-diagnostics-path /Users/admin/builder/spi-builder-workspace/.derivedData/Build/Intermediates.noindex/ContainedDocument.build/Debug-watchos/ContainedDocument-t.build/Objects-normal/arm64_32/ContainedDocument-dependency-scan.dia -validate-clang-modules-once -clang-build-session-file /Users/admin/builder/spi-builder-workspace/.derivedData/ModuleCache.noindex/Session.modulevalidation -Xcc -fmodules-prune-interval\=86400 -Xcc -fmodules-prune-after\=345600 -emit-const-values -const-gather-protocols-list /Users/admin/builder/spi-builder-workspace/.derivedData/Build/Intermediates.noindex/ContainedDocument.build/Debug-watchos/ContainedDocument-t.build/Objects-normal/arm64_32/ContainedDocument_const_extract_protocols.json -Xcc -I/Users/admin/builder/spi-builder-workspace/.derivedData/Build/Products/Debug-watchos/include -Xcc -I/Users/admin/builder/spi-builder-workspace/.derivedData/Build/Intermediates.noindex/ContainedDocument.build/Debug-watchos/ContainedDocument-t.build/DerivedSources-normal/arm64_32 -Xcc -I/Users/admin/builder/spi-builder-workspace/.derivedData/Build/Intermediates.noindex/ContainedDocument.build/Debug-watchos/ContainedDocument-t.build/DerivedSources/arm64_32 -Xcc -I/Users/admin/builder/spi-builder-workspace/.derivedData/Build/Intermediates.noindex/ContainedDocument.build/Debug-watchos/ContainedDocument-t.build/DerivedSources -Xcc -DSWIFT_PACKAGE -Xcc -DDEBUG\=1 -emit-objc-header -emit-objc-header-path /Users/admin/builder/spi-builder-workspace/.derivedData/Build/Intermediates.noindex/ContainedDocument.build/Debug-watchos/ContainedDocument-t.build/Objects-normal/arm64_32/ContainedDocument-Swift.h -working-directory /Users/admin/builder/spi-builder-workspace/.swiftpm/xcode -experimental-emit-module-separately -disable-cmo
/Users/admin/builder/spi-builder-workspace/Sources/ContainedDocument/BaseDocumentController.swift:8:8: error: Unable to resolve module dependency: 'Cocoa' (in target 'ContainedDocument' from project 'ContainedDocument')
note: A dependency of main module 'ContainedDocument'
/Users/admin/builder/spi-builder-workspace/Sources/ContainedDocument/ContainedDocument.swift:1:8: note: Also imported here
/Users/admin/builder/spi-builder-workspace/Sources/ContainedDocument/ContainedDocumentController.swift:1:8: error: Unable to resolve module dependency: 'AppKit' (in target 'ContainedDocument' from project 'ContainedDocument')
note: A dependency of main module 'ContainedDocument'
/Users/admin/builder/spi-builder-workspace/Sources/ContainedDocument/BaseDocumentController.swift:8:8: note: A dependency of main module 'ContainedDocument'
import Cocoa
^ (in target 'ContainedDocument' from project 'ContainedDocument')
/Users/admin/builder/spi-builder-workspace/Sources/ContainedDocument/ContainedDocument.swift:1:8: note: Also imported here
import Cocoa
^ (in target 'ContainedDocument' from project 'ContainedDocument')
/Users/admin/builder/spi-builder-workspace/Sources/ContainedDocument/ContainedDocumentController.swift:1:8: note: A dependency of main module 'ContainedDocument'
import AppKit
^ (in target 'ContainedDocument' from project 'ContainedDocument')
SwiftDriver ContainedDocument normal arm64 com.apple.xcode.tools.swift.compiler (in target 'ContainedDocument' from project 'ContainedDocument')
cd /Users/admin/builder/spi-builder-workspace/.swiftpm/xcode
builtin-SwiftDriver -- /Applications/Xcode-27.0.0-Release.Candidate.app/Contents/Developer/Toolchains/XcodeDefault.xctoolchain/usr/bin/swiftc -parse-as-library -module-name ContainedDocument -Onone @/Users/admin/builder/spi-builder-workspace/.derivedData/Build/Intermediates.noindex/ContainedDocument.build/Debug-watchos/ContainedDocument-t.build/Objects-normal/arm64/ContainedDocument.SwiftFileList -DSWIFT_PACKAGE -DDEBUG -DSWIFT_MODULE_RESOURCE_BUNDLE_UNAVAILABLE -DXcode -plugin-path /Applications/Xcode-27.0.0-Release.Candidate.app/Contents/Developer/Toolchains/XcodeDefault.xctoolchain/usr/lib/swift/host/plugins/testing -enable-experimental-feature DebugDescriptionMacro -sdk /Applications/Xcode-27.0.0-Release.Candidate.app/Contents/Developer/Platforms/WatchOS.platform/Developer/SDKs/WatchOS27.0.sdk -target arm64-apple-watchos9.0 -g -module-cache-path /Users/admin/builder/spi-builder-workspace/.derivedData/ModuleCache.noindex -Xfrontend -serialize-debugging-options -profile-coverage-mapping -profile-generate -enable-testing -index-store-path /Users/admin/builder/spi-builder-workspace/.derivedData/Index.noindex/DataStore -Xcc -D_LIBCPP_HARDENING_MODE\=_LIBCPP_HARDENING_MODE_DEBUG -swift-version 5 -I /Users/admin/builder/spi-builder-workspace/.derivedData/Build/Products/Debug-watchos -Isystem /Applications/Xcode-27.0.0-Release.Candidate.app/Contents/Developer/Platforms/WatchOS.platform/Developer/usr/lib -F /Users/admin/builder/spi-builder-workspace/.derivedData/Build/Products/Debug-watchos -F /Applications/Xcode-27.0.0-Release.Candidate.app/Contents/Developer/Platforms/WatchOS.platform/Developer/Library/Frameworks -F /Applications/Xcode-27.0.0-Release.Candidate.app/Contents/Developer/Platforms/WatchOS.platform/Developer/SDKs/WatchOS27.0.sdk/Developer/Library/Frameworks -c -j10 -enable-batch-mode -incremental -Xcc -ivfsstatcache -Xcc /Users/admin/builder/spi-builder-workspace/.derivedData/SDKStatCaches.noindex/watchos27.0-24R360-e829b21a6f8c9b70876ba0858053c04477534ef55a1706bf4c1112bbb242f0a2.sdkstatcache -output-file-map /Users/admin/builder/spi-builder-workspace/.derivedData/Build/Intermediates.noindex/ContainedDocument.build/Debug-watchos/ContainedDocument-t.build/Objects-normal/arm64/ContainedDocument-OutputFileMap.json -save-temps -no-color-diagnostics -explicit-module-build -module-cache-path /Users/admin/builder/spi-builder-workspace/.derivedData/Build/Intermediates.noindex/SwiftExplicitPrecompiledModules -clang-scanner-module-cache-path /Users/admin/builder/spi-builder-workspace/.derivedData/ModuleCache.noindex -sdk-module-cache-path /Users/admin/builder/spi-builder-workspace/.derivedData/SDKExplicitPrecompiledModules -emit-dependencies -emit-module -emit-module-path /Users/admin/builder/spi-builder-workspace/.derivedData/Build/Intermediates.noindex/ContainedDocument.build/Debug-watchos/ContainedDocument-t.build/Objects-normal/arm64/ContainedDocument.swiftmodule -serialize-diagnostics -dependency-scan-serialize-diagnostics-path /Users/admin/builder/spi-builder-workspace/.derivedData/Build/Intermediates.noindex/ContainedDocument.build/Debug-watchos/ContainedDocument-t.build/Objects-normal/arm64/ContainedDocument-dependency-scan.dia -validate-clang-modules-once -clang-build-session-file /Users/admin/builder/spi-builder-workspace/.derivedData/ModuleCache.noindex/Session.modulevalidation -Xcc -fmodules-prune-interval\=86400 -Xcc -fmodules-prune-after\=345600 -emit-const-values -const-gather-protocols-list /Users/admin/builder/spi-builder-workspace/.derivedData/Build/Intermediates.noindex/ContainedDocument.build/Debug-watchos/ContainedDocument-t.build/Objects-normal/arm64/ContainedDocument_const_extract_protocols.json -Xcc -I/Users/admin/builder/spi-builder-workspace/.derivedData/Build/Products/Debug-watchos/include -Xcc -I/Users/admin/builder/spi-builder-workspace/.derivedData/Build/Intermediates.noindex/ContainedDocument.build/Debug-watchos/ContainedDocument-t.build/DerivedSources-normal/arm64 -Xcc -I/Users/admin/builder/spi-builder-workspace/.derivedData/Build/Intermediates.noindex/ContainedDocument.build/Debug-watchos/ContainedDocument-t.build/DerivedSources/arm64 -Xcc -I/Users/admin/builder/spi-builder-workspace/.derivedData/Build/Intermediates.noindex/ContainedDocument.build/Debug-watchos/ContainedDocument-t.build/DerivedSources -Xcc -DSWIFT_PACKAGE -Xcc -DDEBUG\=1 -emit-objc-header -emit-objc-header-path /Users/admin/builder/spi-builder-workspace/.derivedData/Build/Intermediates.noindex/ContainedDocument.build/Debug-watchos/ContainedDocument-t.build/Objects-normal/arm64/ContainedDocument-Swift.h -working-directory /Users/admin/builder/spi-builder-workspace/.swiftpm/xcode -experimental-emit-module-separately -disable-cmo
/Users/admin/builder/spi-builder-workspace/Sources/ContainedDocument/BaseDocumentController.swift:8:8: error: Unable to resolve module dependency: 'Cocoa' (in target 'ContainedDocument' from project 'ContainedDocument')
note: A dependency of main module 'ContainedDocument'
/Users/admin/builder/spi-builder-workspace/Sources/ContainedDocument/ContainedDocument.swift:1:8: note: Also imported here
/Users/admin/builder/spi-builder-workspace/Sources/ContainedDocument/ContainedDocumentController.swift:1:8: error: Unable to resolve module dependency: 'AppKit' (in target 'ContainedDocument' from project 'ContainedDocument')
note: A dependency of main module 'ContainedDocument'
/Users/admin/builder/spi-builder-workspace/Sources/ContainedDocument/BaseDocumentController.swift:8:8: note: A dependency of main module 'ContainedDocument'
import Cocoa
^ (in target 'ContainedDocument' from project 'ContainedDocument')
/Users/admin/builder/spi-builder-workspace/Sources/ContainedDocument/ContainedDocument.swift:1:8: note: Also imported here
import Cocoa
^ (in target 'ContainedDocument' from project 'ContainedDocument')
/Users/admin/builder/spi-builder-workspace/Sources/ContainedDocument/ContainedDocumentController.swift:1:8: note: A dependency of main module 'ContainedDocument'
import AppKit
^ (in target 'ContainedDocument' from project 'ContainedDocument')
PruneExplicitPrecompiledModules /Users/admin/builder/spi-builder-workspace/.derivedData/SDKExplicitPrecompiledModules
PruneExplicitPrecompiledModules /Users/admin/builder/spi-builder-workspace/.derivedData/Build/Intermediates.noindex/SwiftExplicitPrecompiledModules
PruneExplicitPrecompiledModules /Users/admin/builder/spi-builder-workspace/.derivedData/Build/Intermediates.noindex/ExplicitPrecompiledModules
2026-09-19 07:36:12.609 xcodebuild[648:4204] [MT] IDERunDestination: Supported platforms for the buildables in the current scheme is empty.
** BUILD FAILED **
The following build commands failed:
SwiftDriver ContainedDocument normal arm64_32 com.apple.xcode.tools.swift.compiler (in target 'ContainedDocument' from project 'ContainedDocument')
SwiftDriver ContainedDocument normal arm64 com.apple.xcode.tools.swift.compiler (in target 'ContainedDocument' from project 'ContainedDocument')
Building workspace ContainedDocument with scheme ContainedDocument
(3 failures)
Command line invocation:
/Applications/Xcode-27.0.0-Release.Candidate.app/Contents/Developer/usr/bin/xcodebuild -IDEClonedSourcePackagesDirPathOverride=/Users/admin/builder/spi-builder-workspace/.dependencies -resolvePackageDependencies
Resolve Package Graph
Resolved source packages:
ContainedDocument: /Users/admin/builder/spi-builder-workspace
resolved source packages: ContainedDocument
2026-09-19 07:36:15.114 xcodebuild[663:4338] [MT] IDERunDestination: Supported platforms for the buildables in the current scheme is empty.
{
"dependencies" : [
],
"manifest_display_name" : "ContainedDocument",
"name" : "ContainedDocument",
"path" : "/Users/admin/builder/spi-builder-workspace",
"platforms" : [
{
"name" : "macos",
"version" : "10.13"
}
],
"products" : [
{
"name" : "ContainedDocument",
"targets" : [
"ContainedDocument"
],
"type" : {
"library" : [
"automatic"
]
}
}
],
"targets" : [
{
"c99name" : "ContainedDocumentTests",
"module_type" : "SwiftTarget",
"name" : "ContainedDocumentTests",
"path" : "Tests/ContainedDocumentTests",
"sources" : [
"ContainedDocumentTests.swift"
],
"target_dependencies" : [
"ContainedDocument"
],
"type" : "test"
},
{
"c99name" : "ContainedDocument",
"module_type" : "SwiftTarget",
"name" : "ContainedDocument",
"path" : "Sources/ContainedDocument",
"product_memberships" : [
"ContainedDocument"
],
"sources" : [
"BaseDocumentController.swift",
"ContainedDocument.swift",
"ContainedDocumentController.swift"
],
"type" : "library"
}
],
"tools_version" : "5.5"
}
{
"workspace" : {
"name" : "ContainedDocument",
"schemes" : [
"ContainedDocument"
]
}
}
2026-09-19 07:36:16.314 xcodebuild[671:4402] [MT] IDERunDestination: Supported platforms for the buildables in the current scheme is empty.
Running build ...
env DEVELOPER_DIR=/Applications/Xcode-27.0.0-Release.Candidate.app xcrun xcodebuild -IDEClonedSourcePackagesDirPathOverride=$PWD/.dependencies -skipMacroValidation -skipPackagePluginValidation -derivedDataPath $PWD/.derivedData build -scheme ContainedDocument -destination generic/platform=watchOS
Command line invocation:
/Applications/Xcode-27.0.0-Release.Candidate.app/Contents/Developer/usr/bin/xcodebuild -IDEClonedSourcePackagesDirPathOverride=/Users/admin/builder/spi-builder-workspace/.dependencies -skipMacroValidation -skipPackagePluginValidation -derivedDataPath /Users/admin/builder/spi-builder-workspace/.derivedData build -scheme ContainedDocument -destination generic/platform=watchOS
Resolve Package Graph
Resolved source packages:
ContainedDocument: /Users/admin/builder/spi-builder-workspace
ComputePackagePrebuildTargetDependencyGraph
Prepare packages
CreateBuildRequest
SendProjectDescription
CreateBuildOperation
ComputeTargetDependencyGraph
note: Building targets in dependency order
note: Target dependency graph (2 targets)
Target 'ContainedDocument-product' in project 'ContainedDocument'
➜ Explicit dependency on target 'ContainedDocument' in project 'ContainedDocument'
Target 'ContainedDocument' in project 'ContainedDocument' (no dependencies)
GatherProvisioningInputs
CreateBuildDescription
ClangStatCache /Applications/Xcode-27.0.0-Release.Candidate.app/Contents/Developer/Toolchains/XcodeDefault.xctoolchain/usr/bin/clang-stat-cache /Applications/Xcode-27.0.0-Release.Candidate.app/Contents/Developer/Platforms/WatchOS.platform/Developer/SDKs/WatchOS27.0.sdk /Users/admin/builder/spi-builder-workspace/.derivedData/SDKStatCaches.noindex/watchos27.0-24R360-e829b21a6f8c9b70876ba0858053c04477534ef55a1706bf4c1112bbb242f0a2.sdkstatcache
cd /Users/admin/builder/spi-builder-workspace/.swiftpm/xcode
/Applications/Xcode-27.0.0-Release.Candidate.app/Contents/Developer/Toolchains/XcodeDefault.xctoolchain/usr/bin/clang-stat-cache /Applications/Xcode-27.0.0-Release.Candidate.app/Contents/Developer/Platforms/WatchOS.platform/Developer/SDKs/WatchOS27.0.sdk -o /Users/admin/builder/spi-builder-workspace/.derivedData/SDKStatCaches.noindex/watchos27.0-24R360-e829b21a6f8c9b70876ba0858053c04477534ef55a1706bf4c1112bbb242f0a2.sdkstatcache
SwiftDriver ContainedDocument normal arm64_32 com.apple.xcode.tools.swift.compiler (in target 'ContainedDocument' from project 'ContainedDocument')
cd /Users/admin/builder/spi-builder-workspace/.swiftpm/xcode
builtin-SwiftDriver -- /Applications/Xcode-27.0.0-Release.Candidate.app/Contents/Developer/Toolchains/XcodeDefault.xctoolchain/usr/bin/swiftc -parse-as-library -module-name ContainedDocument -Onone @/Users/admin/builder/spi-builder-workspace/.derivedData/Build/Intermediates.noindex/ContainedDocument.build/Debug-watchos/ContainedDocument-t.build/Objects-normal/arm64_32/ContainedDocument.SwiftFileList -DSWIFT_PACKAGE -DDEBUG -DSWIFT_MODULE_RESOURCE_BUNDLE_UNAVAILABLE -DXcode -plugin-path /Applications/Xcode-27.0.0-Release.Candidate.app/Contents/Developer/Toolchains/XcodeDefault.xctoolchain/usr/lib/swift/host/plugins/testing -enable-experimental-feature DebugDescriptionMacro -sdk /Applications/Xcode-27.0.0-Release.Candidate.app/Contents/Developer/Platforms/WatchOS.platform/Developer/SDKs/WatchOS27.0.sdk -target arm64_32-apple-watchos9.0 -g -module-cache-path /Users/admin/builder/spi-builder-workspace/.derivedData/ModuleCache.noindex -Xfrontend -serialize-debugging-options -profile-coverage-mapping -profile-generate -enable-testing -index-store-path /Users/admin/builder/spi-builder-workspace/.derivedData/Index.noindex/DataStore -Xcc -D_LIBCPP_HARDENING_MODE\=_LIBCPP_HARDENING_MODE_DEBUG -swift-version 5 -I /Users/admin/builder/spi-builder-workspace/.derivedData/Build/Products/Debug-watchos -Isystem /Applications/Xcode-27.0.0-Release.Candidate.app/Contents/Developer/Platforms/WatchOS.platform/Developer/usr/lib -F /Users/admin/builder/spi-builder-workspace/.derivedData/Build/Products/Debug-watchos -F /Applications/Xcode-27.0.0-Release.Candidate.app/Contents/Developer/Platforms/WatchOS.platform/Developer/Library/Frameworks -F /Applications/Xcode-27.0.0-Release.Candidate.app/Contents/Developer/Platforms/WatchOS.platform/Developer/SDKs/WatchOS27.0.sdk/Developer/Library/Frameworks -c -j10 -enable-batch-mode -incremental -Xcc -ivfsstatcache -Xcc /Users/admin/builder/spi-builder-workspace/.derivedData/SDKStatCaches.noindex/watchos27.0-24R360-e829b21a6f8c9b70876ba0858053c04477534ef55a1706bf4c1112bbb242f0a2.sdkstatcache -output-file-map /Users/admin/builder/spi-builder-workspace/.derivedData/Build/Intermediates.noindex/ContainedDocument.build/Debug-watchos/ContainedDocument-t.build/Objects-normal/arm64_32/ContainedDocument-OutputFileMap.json -save-temps -no-color-diagnostics -explicit-module-build -module-cache-path /Users/admin/builder/spi-builder-workspace/.derivedData/Build/Intermediates.noindex/SwiftExplicitPrecompiledModules -clang-scanner-module-cache-path /Users/admin/builder/spi-builder-workspace/.derivedData/ModuleCache.noindex -sdk-module-cache-path /Users/admin/builder/spi-builder-workspace/.derivedData/SDKExplicitPrecompiledModules -emit-dependencies -emit-module -emit-module-path /Users/admin/builder/spi-builder-workspace/.derivedData/Build/Intermediates.noindex/ContainedDocument.build/Debug-watchos/ContainedDocument-t.build/Objects-normal/arm64_32/ContainedDocument.swiftmodule -serialize-diagnostics -dependency-scan-serialize-diagnostics-path /Users/admin/builder/spi-builder-workspace/.derivedData/Build/Intermediates.noindex/ContainedDocument.build/Debug-watchos/ContainedDocument-t.build/Objects-normal/arm64_32/ContainedDocument-dependency-scan.dia -validate-clang-modules-once -clang-build-session-file /Users/admin/builder/spi-builder-workspace/.derivedData/ModuleCache.noindex/Session.modulevalidation -Xcc -fmodules-prune-interval\=86400 -Xcc -fmodules-prune-after\=345600 -emit-const-values -const-gather-protocols-list /Users/admin/builder/spi-builder-workspace/.derivedData/Build/Intermediates.noindex/ContainedDocument.build/Debug-watchos/ContainedDocument-t.build/Objects-normal/arm64_32/ContainedDocument_const_extract_protocols.json -Xcc -I/Users/admin/builder/spi-builder-workspace/.derivedData/Build/Products/Debug-watchos/include -Xcc -I/Users/admin/builder/spi-builder-workspace/.derivedData/Build/Intermediates.noindex/ContainedDocument.build/Debug-watchos/ContainedDocument-t.build/DerivedSources-normal/arm64_32 -Xcc -I/Users/admin/builder/spi-builder-workspace/.derivedData/Build/Intermediates.noindex/ContainedDocument.build/Debug-watchos/ContainedDocument-t.build/DerivedSources/arm64_32 -Xcc -I/Users/admin/builder/spi-builder-workspace/.derivedData/Build/Intermediates.noindex/ContainedDocument.build/Debug-watchos/ContainedDocument-t.build/DerivedSources -Xcc -DSWIFT_PACKAGE -Xcc -DDEBUG\=1 -emit-objc-header -emit-objc-header-path /Users/admin/builder/spi-builder-workspace/.derivedData/Build/Intermediates.noindex/ContainedDocument.build/Debug-watchos/ContainedDocument-t.build/Objects-normal/arm64_32/ContainedDocument-Swift.h -working-directory /Users/admin/builder/spi-builder-workspace/.swiftpm/xcode -experimental-emit-module-separately -disable-cmo
/Users/admin/builder/spi-builder-workspace/Sources/ContainedDocument/BaseDocumentController.swift:8:8: error: Unable to resolve module dependency: 'Cocoa' (in target 'ContainedDocument' from project 'ContainedDocument')
note: A dependency of main module 'ContainedDocument'
/Users/admin/builder/spi-builder-workspace/Sources/ContainedDocument/ContainedDocument.swift:1:8: note: Also imported here
/Users/admin/builder/spi-builder-workspace/Sources/ContainedDocument/ContainedDocumentController.swift:1:8: error: Unable to resolve module dependency: 'AppKit' (in target 'ContainedDocument' from project 'ContainedDocument')
note: A dependency of main module 'ContainedDocument'
/Users/admin/builder/spi-builder-workspace/Sources/ContainedDocument/BaseDocumentController.swift:8:8: note: A dependency of main module 'ContainedDocument'
import Cocoa
^ (in target 'ContainedDocument' from project 'ContainedDocument')
/Users/admin/builder/spi-builder-workspace/Sources/ContainedDocument/ContainedDocument.swift:1:8: note: Also imported here
import Cocoa
^ (in target 'ContainedDocument' from project 'ContainedDocument')
/Users/admin/builder/spi-builder-workspace/Sources/ContainedDocument/ContainedDocumentController.swift:1:8: note: A dependency of main module 'ContainedDocument'
import AppKit
^ (in target 'ContainedDocument' from project 'ContainedDocument')
SwiftDriver ContainedDocument normal arm64 com.apple.xcode.tools.swift.compiler (in target 'ContainedDocument' from project 'ContainedDocument')
cd /Users/admin/builder/spi-builder-workspace/.swiftpm/xcode
builtin-SwiftDriver -- /Applications/Xcode-27.0.0-Release.Candidate.app/Contents/Developer/Toolchains/XcodeDefault.xctoolchain/usr/bin/swiftc -parse-as-library -module-name ContainedDocument -Onone @/Users/admin/builder/spi-builder-workspace/.derivedData/Build/Intermediates.noindex/ContainedDocument.build/Debug-watchos/ContainedDocument-t.build/Objects-normal/arm64/ContainedDocument.SwiftFileList -DSWIFT_PACKAGE -DDEBUG -DSWIFT_MODULE_RESOURCE_BUNDLE_UNAVAILABLE -DXcode -plugin-path /Applications/Xcode-27.0.0-Release.Candidate.app/Contents/Developer/Toolchains/XcodeDefault.xctoolchain/usr/lib/swift/host/plugins/testing -enable-experimental-feature DebugDescriptionMacro -sdk /Applications/Xcode-27.0.0-Release.Candidate.app/Contents/Developer/Platforms/WatchOS.platform/Developer/SDKs/WatchOS27.0.sdk -target arm64-apple-watchos9.0 -g -module-cache-path /Users/admin/builder/spi-builder-workspace/.derivedData/ModuleCache.noindex -Xfrontend -serialize-debugging-options -profile-coverage-mapping -profile-generate -enable-testing -index-store-path /Users/admin/builder/spi-builder-workspace/.derivedData/Index.noindex/DataStore -Xcc -D_LIBCPP_HARDENING_MODE\=_LIBCPP_HARDENING_MODE_DEBUG -swift-version 5 -I /Users/admin/builder/spi-builder-workspace/.derivedData/Build/Products/Debug-watchos -Isystem /Applications/Xcode-27.0.0-Release.Candidate.app/Contents/Developer/Platforms/WatchOS.platform/Developer/usr/lib -F /Users/admin/builder/spi-builder-workspace/.derivedData/Build/Products/Debug-watchos -F /Applications/Xcode-27.0.0-Release.Candidate.app/Contents/Developer/Platforms/WatchOS.platform/Developer/Library/Frameworks -F /Applications/Xcode-27.0.0-Release.Candidate.app/Contents/Developer/Platforms/WatchOS.platform/Developer/SDKs/WatchOS27.0.sdk/Developer/Library/Frameworks -c -j10 -enable-batch-mode -incremental -Xcc -ivfsstatcache -Xcc /Users/admin/builder/spi-builder-workspace/.derivedData/SDKStatCaches.noindex/watchos27.0-24R360-e829b21a6f8c9b70876ba0858053c04477534ef55a1706bf4c1112bbb242f0a2.sdkstatcache -output-file-map /Users/admin/builder/spi-builder-workspace/.derivedData/Build/Intermediates.noindex/ContainedDocument.build/Debug-watchos/ContainedDocument-t.build/Objects-normal/arm64/ContainedDocument-OutputFileMap.json -save-temps -no-color-diagnostics -explicit-module-build -module-cache-path /Users/admin/builder/spi-builder-workspace/.derivedData/Build/Intermediates.noindex/SwiftExplicitPrecompiledModules -clang-scanner-module-cache-path /Users/admin/builder/spi-builder-workspace/.derivedData/ModuleCache.noindex -sdk-module-cache-path /Users/admin/builder/spi-builder-workspace/.derivedData/SDKExplicitPrecompiledModules -emit-dependencies -emit-module -emit-module-path /Users/admin/builder/spi-builder-workspace/.derivedData/Build/Intermediates.noindex/ContainedDocument.build/Debug-watchos/ContainedDocument-t.build/Objects-normal/arm64/ContainedDocument.swiftmodule -serialize-diagnostics -dependency-scan-serialize-diagnostics-path /Users/admin/builder/spi-builder-workspace/.derivedData/Build/Intermediates.noindex/ContainedDocument.build/Debug-watchos/ContainedDocument-t.build/Objects-normal/arm64/ContainedDocument-dependency-scan.dia -validate-clang-modules-once -clang-build-session-file /Users/admin/builder/spi-builder-workspace/.derivedData/ModuleCache.noindex/Session.modulevalidation -Xcc -fmodules-prune-interval\=86400 -Xcc -fmodules-prune-after\=345600 -emit-const-values -const-gather-protocols-list /Users/admin/builder/spi-builder-workspace/.derivedData/Build/Intermediates.noindex/ContainedDocument.build/Debug-watchos/ContainedDocument-t.build/Objects-normal/arm64/ContainedDocument_const_extract_protocols.json -Xcc -I/Users/admin/builder/spi-builder-workspace/.derivedData/Build/Products/Debug-watchos/include -Xcc -I/Users/admin/builder/spi-builder-workspace/.derivedData/Build/Intermediates.noindex/ContainedDocument.build/Debug-watchos/ContainedDocument-t.build/DerivedSources-normal/arm64 -Xcc -I/Users/admin/builder/spi-builder-workspace/.derivedData/Build/Intermediates.noindex/ContainedDocument.build/Debug-watchos/ContainedDocument-t.build/DerivedSources/arm64 -Xcc -I/Users/admin/builder/spi-builder-workspace/.derivedData/Build/Intermediates.noindex/ContainedDocument.build/Debug-watchos/ContainedDocument-t.build/DerivedSources -Xcc -DSWIFT_PACKAGE -Xcc -DDEBUG\=1 -emit-objc-header -emit-objc-header-path /Users/admin/builder/spi-builder-workspace/.derivedData/Build/Intermediates.noindex/ContainedDocument.build/Debug-watchos/ContainedDocument-t.build/Objects-normal/arm64/ContainedDocument-Swift.h -working-directory /Users/admin/builder/spi-builder-workspace/.swiftpm/xcode -experimental-emit-module-separately -disable-cmo
/Users/admin/builder/spi-builder-workspace/Sources/ContainedDocument/BaseDocumentController.swift:8:8: error: Unable to resolve module dependency: 'Cocoa' (in target 'ContainedDocument' from project 'ContainedDocument')
note: A dependency of main module 'ContainedDocument'
/Users/admin/builder/spi-builder-workspace/Sources/ContainedDocument/ContainedDocument.swift:1:8: note: Also imported here
/Users/admin/builder/spi-builder-workspace/Sources/ContainedDocument/ContainedDocumentController.swift:1:8: error: Unable to resolve module dependency: 'AppKit' (in target 'ContainedDocument' from project 'ContainedDocument')
note: A dependency of main module 'ContainedDocument'
/Users/admin/builder/spi-builder-workspace/Sources/ContainedDocument/BaseDocumentController.swift:8:8: note: A dependency of main module 'ContainedDocument'
import Cocoa
^ (in target 'ContainedDocument' from project 'ContainedDocument')
/Users/admin/builder/spi-builder-workspace/Sources/ContainedDocument/ContainedDocument.swift:1:8: note: Also imported here
import Cocoa
^ (in target 'ContainedDocument' from project 'ContainedDocument')
/Users/admin/builder/spi-builder-workspace/Sources/ContainedDocument/ContainedDocumentController.swift:1:8: note: A dependency of main module 'ContainedDocument'
import AppKit
^ (in target 'ContainedDocument' from project 'ContainedDocument')
PruneExplicitPrecompiledModules /Users/admin/builder/spi-builder-workspace/.derivedData/SDKExplicitPrecompiledModules
PruneExplicitPrecompiledModules /Users/admin/builder/spi-builder-workspace/.derivedData/Build/Intermediates.noindex/ExplicitPrecompiledModules
PruneExplicitPrecompiledModules /Users/admin/builder/spi-builder-workspace/.derivedData/Build/Intermediates.noindex/SwiftExplicitPrecompiledModules
2026-09-19 07:36:17.266 xcodebuild[672:4431] [MT] IDERunDestination: Supported platforms for the buildables in the current scheme is empty.
** BUILD FAILED **
The following build commands failed:
SwiftDriver ContainedDocument normal arm64_32 com.apple.xcode.tools.swift.compiler (in target 'ContainedDocument' from project 'ContainedDocument')
SwiftDriver ContainedDocument normal arm64 com.apple.xcode.tools.swift.compiler (in target 'ContainedDocument' from project 'ContainedDocument')
Building workspace ContainedDocument with scheme ContainedDocument
(3 failures)
BUILD FAILURE 6.4 watchOS