Build Information
Failed to build SnapAuth, reference 0.2.0 (0b3b92), with Swift 6.4 for watchOS using Xcode 27.0 on 21 Sep 2026 01:10:43 UTC.
Build Command
env DEVELOPER_DIR=/Applications/Xcode-27.0.0-Release.Candidate.app xcrun xcodebuild -IDEClonedSourcePackagesDirPathOverride=$PWD/.dependencies -skipMacroValidation -skipPackagePluginValidation -derivedDataPath $PWD/.derivedData build -scheme SnapAuth -destination generic/platform=watchOSBuild Log
========================================
RunAll
========================================
Builder version: 5.1.0
Interrupt handler set up.
========================================
Checkout
========================================
Clone URL: https://github.com/snapauthapp/sdk-swift.git
Reference: 0.2.0
Initialized empty Git repository in /Users/admin/builder/spi-builder-workspace/.git/
From https://github.com/snapauthapp/sdk-swift
* tag 0.2.0 -> FETCH_HEAD
HEAD is now at 0b3b920 Remove erroneous assertion (#34)
Cloned https://github.com/snapauthapp/sdk-swift.git
Revision (git rev-parse @):
0b3b920cc4f822e0cca96ab4c8da1e7bce0eea3e
SUCCESS checkout https://github.com/snapauthapp/sdk-swift.git at 0.2.0
========================================
Build
========================================
Selected platform: watchOS
Swift version: 6.4
Building package at path: $PWD
https://github.com/snapauthapp/sdk-swift.git
Command line invocation:
/Applications/Xcode-27.0.0-Release.Candidate.app/Contents/Developer/usr/bin/xcodebuild -IDEClonedSourcePackagesDirPathOverride=/Users/admin/builder/spi-builder-workspace/.dependencies -resolvePackageDependencies
Resolve Package Graph
Resolve Package Graph
Resolved source packages:
SnapAuth: /Users/admin/builder/spi-builder-workspace
resolved source packages: SnapAuth
2026-09-20 21:09:59.291 xcodebuild[529:3022] [MT] IDERunDestination: Supported platforms for the buildables in the current scheme is empty.
{
"dependencies" : [
],
"manifest_display_name" : "SnapAuth",
"name" : "SnapAuth",
"path" : "/Users/admin/builder/spi-builder-workspace",
"platforms" : [
{
"name" : "macos",
"version" : "12.0"
},
{
"name" : "ios",
"version" : "15.0"
},
{
"name" : "tvos",
"version" : "16.0"
},
{
"name" : "visionos",
"version" : "1.0"
}
],
"products" : [
{
"name" : "SnapAuth",
"targets" : [
"SnapAuth"
],
"type" : {
"library" : [
"automatic"
]
}
}
],
"targets" : [
{
"c99name" : "SnapAuthTests",
"module_type" : "SwiftTarget",
"name" : "SnapAuthTests",
"path" : "Tests/SnapAuthTests",
"sources" : [
"Base64URLTests.swift"
],
"target_dependencies" : [
"SnapAuth"
],
"type" : "test"
},
{
"c99name" : "SnapAuth",
"module_type" : "SwiftTarget",
"name" : "SnapAuth",
"path" : "Sources/SnapAuth",
"product_memberships" : [
"SnapAuth"
],
"sources" : [
"API.swift",
"ApiClient.swift",
"Base64URL.swift",
"Errors.swift",
"PresentationAnchor.swift",
"SnapAuth+ASACD.swift",
"SnapAuth+ASACPCP.swift",
"SnapAuth+AutoFill.swift",
"SnapAuth+BuildRequests.swift",
"SnapAuth.swift",
"SnapAuthDelegate.swift"
],
"type" : "library"
}
],
"tools_version" : "5.10"
}
{
"workspace" : {
"name" : "SnapAuth",
"schemes" : [
"SnapAuth"
]
}
}
2026-09-20 21:10:31.589 xcodebuild[626:3841] [MT] IDERunDestination: Supported platforms for the buildables in the current scheme is empty.
Running build ...
env DEVELOPER_DIR=/Applications/Xcode-27.0.0-Release.Candidate.app xcrun xcodebuild -IDEClonedSourcePackagesDirPathOverride=$PWD/.dependencies -skipMacroValidation -skipPackagePluginValidation -derivedDataPath $PWD/.derivedData build -scheme SnapAuth -destination generic/platform=watchOS
Command line invocation:
/Applications/Xcode-27.0.0-Release.Candidate.app/Contents/Developer/usr/bin/xcodebuild -IDEClonedSourcePackagesDirPathOverride=/Users/admin/builder/spi-builder-workspace/.dependencies -skipMacroValidation -skipPackagePluginValidation -derivedDataPath /Users/admin/builder/spi-builder-workspace/.derivedData build -scheme SnapAuth -destination generic/platform=watchOS
Resolve Package Graph
Resolved source packages:
SnapAuth: /Users/admin/builder/spi-builder-workspace
ComputePackagePrebuildTargetDependencyGraph
Prepare packages
CreateBuildRequest
SendProjectDescription
CreateBuildOperation
ComputeTargetDependencyGraph
note: Building targets in dependency order
note: Target dependency graph (2 targets)
Target 'SnapAuth-product' in project 'SnapAuth'
➜ Explicit dependency on target 'SnapAuth' in project 'SnapAuth'
Target 'SnapAuth' in project 'SnapAuth' (no dependencies)
GatherProvisioningInputs
CreateBuildDescription
ExecuteExternalTool /Applications/Xcode-27.0.0-Release.Candidate.app/Contents/Developer/Toolchains/XcodeDefault.xctoolchain/usr/bin/clang -v -E -dM -isysroot /Applications/Xcode-27.0.0-Release.Candidate.app/Contents/Developer/Platforms/WatchOS.platform/Developer/SDKs/WatchOS27.0.sdk -x c -c /dev/null
ExecuteExternalTool /Applications/Xcode-27.0.0-Release.Candidate.app/Contents/Developer/Toolchains/XcodeDefault.xctoolchain/usr/bin/swiftc --version
ExecuteExternalTool /Applications/Xcode-27.0.0-Release.Candidate.app/Contents/Developer/Toolchains/XcodeDefault.xctoolchain/usr/bin/ld -version_details
Build description signature: 61b2c3dc92909cf77ab3c3f144d39a3d
Build description path: /Users/admin/builder/spi-builder-workspace/.derivedData/Build/Intermediates.noindex/XCBuildData/61b2c3dc92909cf77ab3c3f144d39a3d.xcbuilddata
CreateBuildDirectory /Users/admin/builder/spi-builder-workspace/.derivedData/ModuleCache.noindex
cd /Users/admin/builder/spi-builder-workspace/.swiftpm/xcode
builtin-create-build-directory /Users/admin/builder/spi-builder-workspace/.derivedData/ModuleCache.noindex
CreateBuildDirectory /Users/admin/builder/spi-builder-workspace/.derivedData/SDKExplicitPrecompiledModules
cd /Users/admin/builder/spi-builder-workspace/.swiftpm/xcode
builtin-create-build-directory /Users/admin/builder/spi-builder-workspace/.derivedData/SDKExplicitPrecompiledModules
CreateBuildDirectory /Users/admin/builder/spi-builder-workspace/.derivedData/CompilationCache.noindex
cd /Users/admin/builder/spi-builder-workspace/.swiftpm/xcode
builtin-create-build-directory /Users/admin/builder/spi-builder-workspace/.derivedData/CompilationCache.noindex
CreateBuildDirectory /Users/admin/builder/spi-builder-workspace/.derivedData/Build/Products
cd /Users/admin/builder/spi-builder-workspace/.swiftpm/xcode
builtin-create-build-directory /Users/admin/builder/spi-builder-workspace/.derivedData/Build/Products
CreateBuildDirectory /Users/admin/builder/spi-builder-workspace/.derivedData/Build/Intermediates.noindex
cd /Users/admin/builder/spi-builder-workspace/.swiftpm/xcode
builtin-create-build-directory /Users/admin/builder/spi-builder-workspace/.derivedData/Build/Intermediates.noindex
ClangStatCache /Applications/Xcode-27.0.0-Release.Candidate.app/Contents/Developer/Toolchains/XcodeDefault.xctoolchain/usr/bin/clang-stat-cache /Applications/Xcode-27.0.0-Release.Candidate.app/Contents/Developer/Platforms/WatchOS.platform/Developer/SDKs/WatchOS27.0.sdk /Users/admin/builder/spi-builder-workspace/.derivedData/SDKStatCaches.noindex/watchos27.0-24R360-e829b21a6f8c9b70876ba0858053c04477534ef55a1706bf4c1112bbb242f0a2.sdkstatcache
cd /Users/admin/builder/spi-builder-workspace/.swiftpm/xcode
/Applications/Xcode-27.0.0-Release.Candidate.app/Contents/Developer/Toolchains/XcodeDefault.xctoolchain/usr/bin/clang-stat-cache /Applications/Xcode-27.0.0-Release.Candidate.app/Contents/Developer/Platforms/WatchOS.platform/Developer/SDKs/WatchOS27.0.sdk -o /Users/admin/builder/spi-builder-workspace/.derivedData/SDKStatCaches.noindex/watchos27.0-24R360-e829b21a6f8c9b70876ba0858053c04477534ef55a1706bf4c1112bbb242f0a2.sdkstatcache
CreateBuildDirectory /Users/admin/builder/spi-builder-workspace/.derivedData/Build/Intermediates.noindex/SwiftExplicitPrecompiledModules
cd /Users/admin/builder/spi-builder-workspace/.swiftpm/xcode
builtin-create-build-directory /Users/admin/builder/spi-builder-workspace/.derivedData/Build/Intermediates.noindex/SwiftExplicitPrecompiledModules
CreateBuildDirectory /Users/admin/builder/spi-builder-workspace/.derivedData/Build/Intermediates.noindex/PrecompiledHeaders
cd /Users/admin/builder/spi-builder-workspace/.swiftpm/xcode
builtin-create-build-directory /Users/admin/builder/spi-builder-workspace/.derivedData/Build/Intermediates.noindex/PrecompiledHeaders
CreateBuildDirectory /Users/admin/builder/spi-builder-workspace/.derivedData/Build/Intermediates.noindex/ExplicitPrecompiledModules
cd /Users/admin/builder/spi-builder-workspace/.swiftpm/xcode
builtin-create-build-directory /Users/admin/builder/spi-builder-workspace/.derivedData/Build/Intermediates.noindex/ExplicitPrecompiledModules
CreateBuildDirectory /Users/admin/builder/spi-builder-workspace/.derivedData/Build/Intermediates.noindex/EagerLinkingTBDs/Debug-watchos
cd /Users/admin/builder/spi-builder-workspace/.swiftpm/xcode
builtin-create-build-directory /Users/admin/builder/spi-builder-workspace/.derivedData/Build/Intermediates.noindex/EagerLinkingTBDs/Debug-watchos
CreateBuildDirectory /Users/admin/builder/spi-builder-workspace/.derivedData/Build/Products/Debug-watchos
cd /Users/admin/builder/spi-builder-workspace/.swiftpm/xcode
builtin-create-build-directory /Users/admin/builder/spi-builder-workspace/.derivedData/Build/Products/Debug-watchos
CreateBuildDirectory /Users/admin/builder/spi-builder-workspace/.derivedData/Build/Products/Debug-watchos/PackageFrameworks
cd /Users/admin/builder/spi-builder-workspace/.swiftpm/xcode
builtin-create-build-directory /Users/admin/builder/spi-builder-workspace/.derivedData/Build/Products/Debug-watchos/PackageFrameworks
WriteAuxiliaryFile /Users/admin/builder/spi-builder-workspace/.derivedData/Build/Intermediates.noindex/SnapAuth.build/Debug-watchos/SnapAuth-t.build/SnapAuth.modulemap (in target 'SnapAuth' from project 'SnapAuth')
cd /Users/admin/builder/spi-builder-workspace
write-file /Users/admin/builder/spi-builder-workspace/.derivedData/Build/Intermediates.noindex/SnapAuth.build/Debug-watchos/SnapAuth-t.build/SnapAuth.modulemap
WriteAuxiliaryFile /Users/admin/builder/spi-builder-workspace/.derivedData/Build/Intermediates.noindex/SnapAuth.build/Debug-watchos/SnapAuth-t.build/SnapAuth.DependencyStaticMetadataFileList (in target 'SnapAuth' from project 'SnapAuth')
cd /Users/admin/builder/spi-builder-workspace
write-file /Users/admin/builder/spi-builder-workspace/.derivedData/Build/Intermediates.noindex/SnapAuth.build/Debug-watchos/SnapAuth-t.build/SnapAuth.DependencyStaticMetadataFileList
WriteAuxiliaryFile /Users/admin/builder/spi-builder-workspace/.derivedData/Build/Intermediates.noindex/SnapAuth.build/Debug-watchos/SnapAuth-t.build/SnapAuth.DependencyMetadataFileList (in target 'SnapAuth' from project 'SnapAuth')
cd /Users/admin/builder/spi-builder-workspace
write-file /Users/admin/builder/spi-builder-workspace/.derivedData/Build/Intermediates.noindex/SnapAuth.build/Debug-watchos/SnapAuth-t.build/SnapAuth.DependencyMetadataFileList
WriteAuxiliaryFile /Users/admin/builder/spi-builder-workspace/.derivedData/Build/Intermediates.noindex/SnapAuth.build/Debug-watchos/SnapAuth-t.build/Objects-normal/arm64_32/SnapAuth.SwiftFileList (in target 'SnapAuth' from project 'SnapAuth')
cd /Users/admin/builder/spi-builder-workspace
write-file /Users/admin/builder/spi-builder-workspace/.derivedData/Build/Intermediates.noindex/SnapAuth.build/Debug-watchos/SnapAuth-t.build/Objects-normal/arm64_32/SnapAuth.SwiftFileList
WriteAuxiliaryFile /Users/admin/builder/spi-builder-workspace/.derivedData/Build/Intermediates.noindex/SnapAuth.build/Debug-watchos/SnapAuth-t.build/Objects-normal/arm64_32/SnapAuth.SwiftConstValuesFileList (in target 'SnapAuth' from project 'SnapAuth')
cd /Users/admin/builder/spi-builder-workspace
write-file /Users/admin/builder/spi-builder-workspace/.derivedData/Build/Intermediates.noindex/SnapAuth.build/Debug-watchos/SnapAuth-t.build/Objects-normal/arm64_32/SnapAuth.SwiftConstValuesFileList
WriteAuxiliaryFile /Users/admin/builder/spi-builder-workspace/.derivedData/Build/Intermediates.noindex/SnapAuth.build/Debug-watchos/SnapAuth-t.build/Objects-normal/arm64_32/SnapAuth-OutputFileMap.json (in target 'SnapAuth' from project 'SnapAuth')
cd /Users/admin/builder/spi-builder-workspace
write-file /Users/admin/builder/spi-builder-workspace/.derivedData/Build/Intermediates.noindex/SnapAuth.build/Debug-watchos/SnapAuth-t.build/Objects-normal/arm64_32/SnapAuth-OutputFileMap.json
WriteAuxiliaryFile /Users/admin/builder/spi-builder-workspace/.derivedData/Build/Intermediates.noindex/SnapAuth.build/Debug-watchos/SnapAuth-t.build/Objects-normal/arm64_32/SnapAuth_const_extract_protocols.json (in target 'SnapAuth' from project 'SnapAuth')
cd /Users/admin/builder/spi-builder-workspace
write-file /Users/admin/builder/spi-builder-workspace/.derivedData/Build/Intermediates.noindex/SnapAuth.build/Debug-watchos/SnapAuth-t.build/Objects-normal/arm64_32/SnapAuth_const_extract_protocols.json
WriteAuxiliaryFile /Users/admin/builder/spi-builder-workspace/.derivedData/Build/Intermediates.noindex/SnapAuth.build/Debug-watchos/SnapAuth-t.build/Objects-normal/arm64_32/SnapAuth.LinkFileList (in target 'SnapAuth' from project 'SnapAuth')
cd /Users/admin/builder/spi-builder-workspace
write-file /Users/admin/builder/spi-builder-workspace/.derivedData/Build/Intermediates.noindex/SnapAuth.build/Debug-watchos/SnapAuth-t.build/Objects-normal/arm64_32/SnapAuth.LinkFileList
WriteAuxiliaryFile /Users/admin/builder/spi-builder-workspace/.derivedData/Build/Intermediates.noindex/SnapAuth.build/Debug-watchos/SnapAuth-t.build/Objects-normal/arm64/SnapAuth_const_extract_protocols.json (in target 'SnapAuth' from project 'SnapAuth')
cd /Users/admin/builder/spi-builder-workspace
write-file /Users/admin/builder/spi-builder-workspace/.derivedData/Build/Intermediates.noindex/SnapAuth.build/Debug-watchos/SnapAuth-t.build/Objects-normal/arm64/SnapAuth_const_extract_protocols.json
WriteAuxiliaryFile /Users/admin/builder/spi-builder-workspace/.derivedData/Build/Intermediates.noindex/SnapAuth.build/Debug-watchos/SnapAuth-t.build/Objects-normal/arm64/SnapAuth.SwiftFileList (in target 'SnapAuth' from project 'SnapAuth')
cd /Users/admin/builder/spi-builder-workspace
write-file /Users/admin/builder/spi-builder-workspace/.derivedData/Build/Intermediates.noindex/SnapAuth.build/Debug-watchos/SnapAuth-t.build/Objects-normal/arm64/SnapAuth.SwiftFileList
WriteAuxiliaryFile /Users/admin/builder/spi-builder-workspace/.derivedData/Build/Intermediates.noindex/SnapAuth.build/Debug-watchos/SnapAuth-t.build/Objects-normal/arm64/SnapAuth.SwiftConstValuesFileList (in target 'SnapAuth' from project 'SnapAuth')
cd /Users/admin/builder/spi-builder-workspace
write-file /Users/admin/builder/spi-builder-workspace/.derivedData/Build/Intermediates.noindex/SnapAuth.build/Debug-watchos/SnapAuth-t.build/Objects-normal/arm64/SnapAuth.SwiftConstValuesFileList
WriteAuxiliaryFile /Users/admin/builder/spi-builder-workspace/.derivedData/Build/Intermediates.noindex/SnapAuth.build/Debug-watchos/SnapAuth-t.build/Objects-normal/arm64/SnapAuth.LinkFileList (in target 'SnapAuth' from project 'SnapAuth')
cd /Users/admin/builder/spi-builder-workspace
write-file /Users/admin/builder/spi-builder-workspace/.derivedData/Build/Intermediates.noindex/SnapAuth.build/Debug-watchos/SnapAuth-t.build/Objects-normal/arm64/SnapAuth.LinkFileList
WriteAuxiliaryFile /Users/admin/builder/spi-builder-workspace/.derivedData/Build/Intermediates.noindex/SnapAuth.build/Debug-watchos/SnapAuth-t.build/Objects-normal/arm64/SnapAuth-OutputFileMap.json (in target 'SnapAuth' from project 'SnapAuth')
cd /Users/admin/builder/spi-builder-workspace
write-file /Users/admin/builder/spi-builder-workspace/.derivedData/Build/Intermediates.noindex/SnapAuth.build/Debug-watchos/SnapAuth-t.build/Objects-normal/arm64/SnapAuth-OutputFileMap.json
Copy /Users/admin/builder/spi-builder-workspace/.derivedData/Build/Intermediates.noindex/GeneratedModuleMaps-watchos/SnapAuth.modulemap /Users/admin/builder/spi-builder-workspace/.derivedData/Build/Intermediates.noindex/SnapAuth.build/Debug-watchos/SnapAuth-t.build/SnapAuth.modulemap (in target 'SnapAuth' from project 'SnapAuth')
cd /Users/admin/builder/spi-builder-workspace
builtin-copy -exclude .DS_Store -exclude CVS -exclude .svn -exclude .git -exclude .hg -resolve-src-symlinks /Users/admin/builder/spi-builder-workspace/.derivedData/Build/Intermediates.noindex/SnapAuth.build/Debug-watchos/SnapAuth-t.build/SnapAuth.modulemap /Users/admin/builder/spi-builder-workspace/.derivedData/Build/Intermediates.noindex/GeneratedModuleMaps-watchos
SwiftDriver SnapAuth normal arm64 com.apple.xcode.tools.swift.compiler (in target 'SnapAuth' from project 'SnapAuth')
cd /Users/admin/builder/spi-builder-workspace/.swiftpm/xcode
builtin-SwiftDriver -- /Applications/Xcode-27.0.0-Release.Candidate.app/Contents/Developer/Toolchains/XcodeDefault.xctoolchain/usr/bin/swiftc -parse-as-library -module-name SnapAuth -Onone @/Users/admin/builder/spi-builder-workspace/.derivedData/Build/Intermediates.noindex/SnapAuth.build/Debug-watchos/SnapAuth-t.build/Objects-normal/arm64/SnapAuth.SwiftFileList -DSWIFT_PACKAGE -DDEBUG -DSWIFT_MODULE_RESOURCE_BUNDLE_UNAVAILABLE -DXcode -plugin-path /Applications/Xcode-27.0.0-Release.Candidate.app/Contents/Developer/Toolchains/XcodeDefault.xctoolchain/usr/lib/swift/host/plugins/testing -enable-experimental-feature DebugDescriptionMacro -sdk /Applications/Xcode-27.0.0-Release.Candidate.app/Contents/Developer/Platforms/WatchOS.platform/Developer/SDKs/WatchOS27.0.sdk -target arm64-apple-watchos9.0 -g -module-cache-path /Users/admin/builder/spi-builder-workspace/.derivedData/ModuleCache.noindex -Xfrontend -serialize-debugging-options -profile-coverage-mapping -profile-generate -enable-testing -index-store-path /Users/admin/builder/spi-builder-workspace/.derivedData/Index.noindex/DataStore -Xcc -D_LIBCPP_HARDENING_MODE\=_LIBCPP_HARDENING_MODE_DEBUG -swift-version 5 -I /Users/admin/builder/spi-builder-workspace/.derivedData/Build/Products/Debug-watchos -Isystem /Applications/Xcode-27.0.0-Release.Candidate.app/Contents/Developer/Platforms/WatchOS.platform/Developer/usr/lib -F /Users/admin/builder/spi-builder-workspace/.derivedData/Build/Products/Debug-watchos -F /Applications/Xcode-27.0.0-Release.Candidate.app/Contents/Developer/Platforms/WatchOS.platform/Developer/Library/Frameworks -F /Applications/Xcode-27.0.0-Release.Candidate.app/Contents/Developer/Platforms/WatchOS.platform/Developer/SDKs/WatchOS27.0.sdk/Developer/Library/Frameworks -c -j10 -enable-batch-mode -incremental -Xcc -ivfsstatcache -Xcc /Users/admin/builder/spi-builder-workspace/.derivedData/SDKStatCaches.noindex/watchos27.0-24R360-e829b21a6f8c9b70876ba0858053c04477534ef55a1706bf4c1112bbb242f0a2.sdkstatcache -output-file-map /Users/admin/builder/spi-builder-workspace/.derivedData/Build/Intermediates.noindex/SnapAuth.build/Debug-watchos/SnapAuth-t.build/Objects-normal/arm64/SnapAuth-OutputFileMap.json -save-temps -no-color-diagnostics -explicit-module-build -module-cache-path /Users/admin/builder/spi-builder-workspace/.derivedData/Build/Intermediates.noindex/SwiftExplicitPrecompiledModules -clang-scanner-module-cache-path /Users/admin/builder/spi-builder-workspace/.derivedData/ModuleCache.noindex -sdk-module-cache-path /Users/admin/builder/spi-builder-workspace/.derivedData/SDKExplicitPrecompiledModules -emit-dependencies -emit-module -emit-module-path /Users/admin/builder/spi-builder-workspace/.derivedData/Build/Intermediates.noindex/SnapAuth.build/Debug-watchos/SnapAuth-t.build/Objects-normal/arm64/SnapAuth.swiftmodule -serialize-diagnostics -dependency-scan-serialize-diagnostics-path /Users/admin/builder/spi-builder-workspace/.derivedData/Build/Intermediates.noindex/SnapAuth.build/Debug-watchos/SnapAuth-t.build/Objects-normal/arm64/SnapAuth-dependency-scan.dia -validate-clang-modules-once -clang-build-session-file /Users/admin/builder/spi-builder-workspace/.derivedData/ModuleCache.noindex/Session.modulevalidation -Xcc -fmodules-prune-interval\=86400 -Xcc -fmodules-prune-after\=345600 -package-name spi_builder_workspace -emit-const-values -const-gather-protocols-list /Users/admin/builder/spi-builder-workspace/.derivedData/Build/Intermediates.noindex/SnapAuth.build/Debug-watchos/SnapAuth-t.build/Objects-normal/arm64/SnapAuth_const_extract_protocols.json -Xcc -I/Users/admin/builder/spi-builder-workspace/.derivedData/Build/Products/Debug-watchos/include -Xcc -I/Users/admin/builder/spi-builder-workspace/.derivedData/Build/Intermediates.noindex/SnapAuth.build/Debug-watchos/SnapAuth-t.build/DerivedSources-normal/arm64 -Xcc -I/Users/admin/builder/spi-builder-workspace/.derivedData/Build/Intermediates.noindex/SnapAuth.build/Debug-watchos/SnapAuth-t.build/DerivedSources/arm64 -Xcc -I/Users/admin/builder/spi-builder-workspace/.derivedData/Build/Intermediates.noindex/SnapAuth.build/Debug-watchos/SnapAuth-t.build/DerivedSources -Xcc -DSWIFT_PACKAGE -Xcc -DDEBUG\=1 -emit-objc-header -emit-objc-header-path /Users/admin/builder/spi-builder-workspace/.derivedData/Build/Intermediates.noindex/SnapAuth.build/Debug-watchos/SnapAuth-t.build/Objects-normal/arm64/SnapAuth-Swift.h -working-directory /Users/admin/builder/spi-builder-workspace/.swiftpm/xcode -experimental-emit-module-separately -disable-cmo
SwiftDriver SnapAuth normal arm64_32 com.apple.xcode.tools.swift.compiler (in target 'SnapAuth' from project 'SnapAuth')
cd /Users/admin/builder/spi-builder-workspace/.swiftpm/xcode
builtin-SwiftDriver -- /Applications/Xcode-27.0.0-Release.Candidate.app/Contents/Developer/Toolchains/XcodeDefault.xctoolchain/usr/bin/swiftc -parse-as-library -module-name SnapAuth -Onone @/Users/admin/builder/spi-builder-workspace/.derivedData/Build/Intermediates.noindex/SnapAuth.build/Debug-watchos/SnapAuth-t.build/Objects-normal/arm64_32/SnapAuth.SwiftFileList -DSWIFT_PACKAGE -DDEBUG -DSWIFT_MODULE_RESOURCE_BUNDLE_UNAVAILABLE -DXcode -plugin-path /Applications/Xcode-27.0.0-Release.Candidate.app/Contents/Developer/Toolchains/XcodeDefault.xctoolchain/usr/lib/swift/host/plugins/testing -enable-experimental-feature DebugDescriptionMacro -sdk /Applications/Xcode-27.0.0-Release.Candidate.app/Contents/Developer/Platforms/WatchOS.platform/Developer/SDKs/WatchOS27.0.sdk -target arm64_32-apple-watchos9.0 -g -module-cache-path /Users/admin/builder/spi-builder-workspace/.derivedData/ModuleCache.noindex -Xfrontend -serialize-debugging-options -profile-coverage-mapping -profile-generate -enable-testing -index-store-path /Users/admin/builder/spi-builder-workspace/.derivedData/Index.noindex/DataStore -Xcc -D_LIBCPP_HARDENING_MODE\=_LIBCPP_HARDENING_MODE_DEBUG -swift-version 5 -I /Users/admin/builder/spi-builder-workspace/.derivedData/Build/Products/Debug-watchos -Isystem /Applications/Xcode-27.0.0-Release.Candidate.app/Contents/Developer/Platforms/WatchOS.platform/Developer/usr/lib -F /Users/admin/builder/spi-builder-workspace/.derivedData/Build/Products/Debug-watchos -F /Applications/Xcode-27.0.0-Release.Candidate.app/Contents/Developer/Platforms/WatchOS.platform/Developer/Library/Frameworks -F /Applications/Xcode-27.0.0-Release.Candidate.app/Contents/Developer/Platforms/WatchOS.platform/Developer/SDKs/WatchOS27.0.sdk/Developer/Library/Frameworks -c -j10 -enable-batch-mode -incremental -Xcc -ivfsstatcache -Xcc /Users/admin/builder/spi-builder-workspace/.derivedData/SDKStatCaches.noindex/watchos27.0-24R360-e829b21a6f8c9b70876ba0858053c04477534ef55a1706bf4c1112bbb242f0a2.sdkstatcache -output-file-map /Users/admin/builder/spi-builder-workspace/.derivedData/Build/Intermediates.noindex/SnapAuth.build/Debug-watchos/SnapAuth-t.build/Objects-normal/arm64_32/SnapAuth-OutputFileMap.json -save-temps -no-color-diagnostics -explicit-module-build -module-cache-path /Users/admin/builder/spi-builder-workspace/.derivedData/Build/Intermediates.noindex/SwiftExplicitPrecompiledModules -clang-scanner-module-cache-path /Users/admin/builder/spi-builder-workspace/.derivedData/ModuleCache.noindex -sdk-module-cache-path /Users/admin/builder/spi-builder-workspace/.derivedData/SDKExplicitPrecompiledModules -emit-dependencies -emit-module -emit-module-path /Users/admin/builder/spi-builder-workspace/.derivedData/Build/Intermediates.noindex/SnapAuth.build/Debug-watchos/SnapAuth-t.build/Objects-normal/arm64_32/SnapAuth.swiftmodule -serialize-diagnostics -dependency-scan-serialize-diagnostics-path /Users/admin/builder/spi-builder-workspace/.derivedData/Build/Intermediates.noindex/SnapAuth.build/Debug-watchos/SnapAuth-t.build/Objects-normal/arm64_32/SnapAuth-dependency-scan.dia -validate-clang-modules-once -clang-build-session-file /Users/admin/builder/spi-builder-workspace/.derivedData/ModuleCache.noindex/Session.modulevalidation -Xcc -fmodules-prune-interval\=86400 -Xcc -fmodules-prune-after\=345600 -package-name spi_builder_workspace -emit-const-values -const-gather-protocols-list /Users/admin/builder/spi-builder-workspace/.derivedData/Build/Intermediates.noindex/SnapAuth.build/Debug-watchos/SnapAuth-t.build/Objects-normal/arm64_32/SnapAuth_const_extract_protocols.json -Xcc -I/Users/admin/builder/spi-builder-workspace/.derivedData/Build/Products/Debug-watchos/include -Xcc -I/Users/admin/builder/spi-builder-workspace/.derivedData/Build/Intermediates.noindex/SnapAuth.build/Debug-watchos/SnapAuth-t.build/DerivedSources-normal/arm64_32 -Xcc -I/Users/admin/builder/spi-builder-workspace/.derivedData/Build/Intermediates.noindex/SnapAuth.build/Debug-watchos/SnapAuth-t.build/DerivedSources/arm64_32 -Xcc -I/Users/admin/builder/spi-builder-workspace/.derivedData/Build/Intermediates.noindex/SnapAuth.build/Debug-watchos/SnapAuth-t.build/DerivedSources -Xcc -DSWIFT_PACKAGE -Xcc -DDEBUG\=1 -emit-objc-header -emit-objc-header-path /Users/admin/builder/spi-builder-workspace/.derivedData/Build/Intermediates.noindex/SnapAuth.build/Debug-watchos/SnapAuth-t.build/Objects-normal/arm64_32/SnapAuth-Swift.h -working-directory /Users/admin/builder/spi-builder-workspace/.swiftpm/xcode -experimental-emit-module-separately -disable-cmo
SwiftExplicitDependencyGeneratePcm arm64 /Users/admin/builder/spi-builder-workspace/.derivedData/SDKExplicitPrecompiledModules/_Builtin_stdarg-A7UU8LE6MP85SM26YO7PBZNUQ.pcm
SwiftExplicitDependencyGeneratePcm arm64 /Users/admin/builder/spi-builder-workspace/.derivedData/SDKExplicitPrecompiledModules/ptrauth-3TZ9WJCGLYD25HQPWH4968ONX.pcm
SwiftExplicitDependencyGeneratePcm arm64 /Users/admin/builder/spi-builder-workspace/.derivedData/SDKExplicitPrecompiledModules/DeveloperToolsSupport-E7CNISCB36UE8XQ9IOHK9XDX1.pcm
SwiftExplicitDependencyGeneratePcm arm64 /Users/admin/builder/spi-builder-workspace/.derivedData/SDKExplicitPrecompiledModules/_AvailabilityInternal-BUNV3UXM65NT37THI4W1AM0SF.pcm
SwiftExplicitDependencyGeneratePcm arm64_32 /Users/admin/builder/spi-builder-workspace/.derivedData/SDKExplicitPrecompiledModules/_AvailabilityInternal-244WAN3Z1QBT7PIA64EZEFY1R.pcm
SwiftExplicitDependencyGeneratePcm arm64_32 /Users/admin/builder/spi-builder-workspace/.derivedData/SDKExplicitPrecompiledModules/DeveloperToolsSupport-DZU5G1OCMNWU0AQRULIFHUJ1Z.pcm
SwiftExplicitDependencyGeneratePcm arm64_32 /Users/admin/builder/spi-builder-workspace/.derivedData/SDKExplicitPrecompiledModules/ptrauth-BFXF358ME5AK535N5A9Z766WU.pcm
SwiftExplicitDependencyGeneratePcm arm64_32 /Users/admin/builder/spi-builder-workspace/.derivedData/SDKExplicitPrecompiledModules/_Builtin_stddef-H44EFHQX6XSS5MZ7QP6YJZ76.pcm
SwiftExplicitDependencyGeneratePcm arm64_32 /Users/admin/builder/spi-builder-workspace/.derivedData/SDKExplicitPrecompiledModules/_SwiftConcurrencyShims-6RTBPQ03V7BM9SPRK8SUE055H.pcm
SwiftExplicitDependencyGeneratePcm arm64_32 /Users/admin/builder/spi-builder-workspace/.derivedData/SDKExplicitPrecompiledModules/_Builtin_float-6KO8O3PEWRCA4WC6PPLOYO6WJ.pcm
SwiftExplicitDependencyGeneratePcm arm64 /Users/admin/builder/spi-builder-workspace/.derivedData/SDKExplicitPrecompiledModules/_Builtin_stdbool-83J96QSOFE9VX04AAS6310UAE.pcm
SwiftExplicitDependencyGeneratePcm arm64 /Users/admin/builder/spi-builder-workspace/.derivedData/SDKExplicitPrecompiledModules/SwiftShims-4MXFZPV6FEB0XBYXCGPWAMQGL.pcm
SwiftExplicitDependencyGeneratePcm arm64 /Users/admin/builder/spi-builder-workspace/.derivedData/SDKExplicitPrecompiledModules/_SwiftConcurrencyShims-659N52XSKR5F0QSB880BH2FJR.pcm
SwiftExplicitDependencyGeneratePcm arm64_32 /Users/admin/builder/spi-builder-workspace/.derivedData/SDKExplicitPrecompiledModules/_Builtin_stdarg-D305JG44A2WPI6CJY37X3QJE8.pcm
SwiftExplicitDependencyGeneratePcm arm64_32 /Users/admin/builder/spi-builder-workspace/.derivedData/SDKExplicitPrecompiledModules/SwiftShims-9CQQGWTSNTN9EB5NSHDWUJICH.pcm
SwiftExplicitDependencyGeneratePcm arm64 /Users/admin/builder/spi-builder-workspace/.derivedData/SDKExplicitPrecompiledModules/_Builtin_float-C0CW5Q4HGBQYKE77TC42IAFB5.pcm
SwiftExplicitDependencyGeneratePcm arm64_32 /Users/admin/builder/spi-builder-workspace/.derivedData/SDKExplicitPrecompiledModules/_Builtin_stdbool-A967K8W8YUYEC9SN52KJ7OO88.pcm
SwiftExplicitDependencyGeneratePcm arm64_32 /Users/admin/builder/spi-builder-workspace/.derivedData/SDKExplicitPrecompiledModules/ptrcheck-7ELIH9BTIGVKX3UBITM9N72WD.pcm
SwiftExplicitDependencyGeneratePcm arm64 /Users/admin/builder/spi-builder-workspace/.derivedData/SDKExplicitPrecompiledModules/ptrcheck-AIF0NDOYZ8ORBNHQAQR5NNB8M.pcm
SwiftExplicitDependencyGeneratePcm arm64 /Users/admin/builder/spi-builder-workspace/.derivedData/SDKExplicitPrecompiledModules/_Builtin_stddef-1FU30Y8SWFB7OUUHMJQH5J6FM.pcm
SwiftExplicitDependencyGeneratePcm arm64_32 /Users/admin/builder/spi-builder-workspace/.derivedData/SDKExplicitPrecompiledModules/_DarwinFoundation1-2GWF9RFMPLQW4PDHS3NARVI3G.pcm
SwiftExplicitDependencyGeneratePcm arm64 /Users/admin/builder/spi-builder-workspace/.derivedData/SDKExplicitPrecompiledModules/_DarwinFoundation1-7SPX3MD0HMP55E4OLNCPNDQ53.pcm
SwiftExplicitDependencyGeneratePcm arm64_32 /Users/admin/builder/spi-builder-workspace/.derivedData/SDKExplicitPrecompiledModules/_DarwinFoundation2-9MY8GOSYRO0M9MKNXF6D3MBNK.pcm
SwiftExplicitDependencyGeneratePcm arm64_32 /Users/admin/builder/spi-builder-workspace/.derivedData/SDKExplicitPrecompiledModules/_Builtin_limits-3VKBU2AFTD65PAJZ5CJ3LHFM2.pcm
SwiftExplicitDependencyGeneratePcm arm64 /Users/admin/builder/spi-builder-workspace/.derivedData/SDKExplicitPrecompiledModules/_Builtin_limits-9GWPA2B0H20DYUNYHYCWKABJG.pcm
SwiftExplicitDependencyGeneratePcm arm64 /Users/admin/builder/spi-builder-workspace/.derivedData/SDKExplicitPrecompiledModules/_DarwinFoundation2-D0XAPJU49S5E9XMKYOFGSTB1Q.pcm
SwiftExplicitDependencyGeneratePcm arm64_32 /Users/admin/builder/spi-builder-workspace/.derivedData/SDKExplicitPrecompiledModules/string_h-BFVLUQUSBZWYMLCU9QI7VZALW.pcm
SwiftExplicitDependencyGeneratePcm arm64_32 /Users/admin/builder/spi-builder-workspace/.derivedData/SDKExplicitPrecompiledModules/sys_types-8TLLMW08ZJWDGIIPKOYFGHHZW.pcm
SwiftExplicitDependencyGeneratePcm arm64_32 /Users/admin/builder/spi-builder-workspace/.derivedData/SDKExplicitPrecompiledModules/_Builtin_tgmath-23PGCKURCQILXMK0MYZRYDCOU.pcm
SwiftExplicitDependencyGeneratePcm arm64_32 /Users/admin/builder/spi-builder-workspace/.derivedData/SDKExplicitPrecompiledModules/_Builtin_stdint-1HMXWI3V0V4TXHRWZOMZGZ80Y.pcm
SwiftExplicitDependencyGeneratePcm arm64 /Users/admin/builder/spi-builder-workspace/.derivedData/SDKExplicitPrecompiledModules/sys_types-2KXQLI78OUCDP779AE68GZJ2.pcm
SwiftExplicitDependencyGeneratePcm arm64 /Users/admin/builder/spi-builder-workspace/.derivedData/SDKExplicitPrecompiledModules/_Builtin_tgmath-8NQ96OZ0YHXEC24JI95P01UF8.pcm
SwiftExplicitDependencyGeneratePcm arm64 /Users/admin/builder/spi-builder-workspace/.derivedData/SDKExplicitPrecompiledModules/string_h-E6PRXK75PHIPCZFWOFCQ3QBMK.pcm
SwiftExplicitDependencyGeneratePcm arm64 /Users/admin/builder/spi-builder-workspace/.derivedData/SDKExplicitPrecompiledModules/_Builtin_stdint-8XMILLJZEGRN2XG7XZUXZ5RLX.pcm
SwiftExplicitDependencyGeneratePcm arm64_32 /Users/admin/builder/spi-builder-workspace/.derivedData/SDKExplicitPrecompiledModules/_Builtin_stdatomic-1TY035TURL76BF2U98PZPPZRX.pcm
SwiftExplicitDependencyGeneratePcm arm64_32 /Users/admin/builder/spi-builder-workspace/.derivedData/SDKExplicitPrecompiledModules/_Builtin_intrinsics-196IIAKDQVU42DLOZP9OQCV76.pcm
SwiftExplicitDependencyGeneratePcm arm64_32 /Users/admin/builder/spi-builder-workspace/.derivedData/SDKExplicitPrecompiledModules/_DarwinFoundation3-3DUTYQDQSD9HUAAVY947NMWOI.pcm
SwiftExplicitDependencyGeneratePcm arm64 /Users/admin/builder/spi-builder-workspace/.derivedData/SDKExplicitPrecompiledModules/_Builtin_intrinsics-75960HIPCIYA06IUW8FIIPQT.pcm
SwiftExplicitDependencyGeneratePcm arm64 /Users/admin/builder/spi-builder-workspace/.derivedData/SDKExplicitPrecompiledModules/_Builtin_stdatomic-7JEFA3KBJJJN6TKJWY3OG1VG5.pcm
SwiftExplicitDependencyGeneratePcm arm64 /Users/admin/builder/spi-builder-workspace/.derivedData/SDKExplicitPrecompiledModules/_DarwinFoundation3-B97LRG0E9GON2NUE65TVG81HU.pcm
SwiftExplicitDependencyGeneratePcm arm64_32 /Users/admin/builder/spi-builder-workspace/.derivedData/SDKExplicitPrecompiledModules/_Builtin_inttypes-D2KPCR4PEX9AQA33NGLUT5SBR.pcm
SwiftExplicitDependencyGeneratePcm arm64 /Users/admin/builder/spi-builder-workspace/.derivedData/SDKExplicitPrecompiledModules/_Builtin_inttypes-3UQSCM7WNM9EK4HZML8TY5J3D.pcm
SwiftExplicitDependencyGeneratePcm arm64_32 /Users/admin/builder/spi-builder-workspace/.derivedData/SDKExplicitPrecompiledModules/Darwin-3FVT1SKLN2ZQ5RVOABMTQBB34.pcm
SwiftExplicitDependencyGeneratePcm arm64 /Users/admin/builder/spi-builder-workspace/.derivedData/SDKExplicitPrecompiledModules/Darwin-3984OXKFNSPE77NT743WK8SEX.pcm
SwiftExplicitDependencyGeneratePcm arm64_32 /Users/admin/builder/spi-builder-workspace/.derivedData/SDKExplicitPrecompiledModules/simd-21UNWYOBUZI1LVSQ99S1XBLMO.pcm
SwiftExplicitDependencyGeneratePcm arm64 /Users/admin/builder/spi-builder-workspace/.derivedData/SDKExplicitPrecompiledModules/simd-EH08NODU6574T74ZKU61VP9BW.pcm
SwiftExplicitDependencyGeneratePcm arm64 /Users/admin/builder/spi-builder-workspace/.derivedData/SDKExplicitPrecompiledModules/ObjectiveC-72IVD3VS2RS8Q28D9PIMY0KQP.pcm
SwiftExplicitDependencyGeneratePcm arm64 /Users/admin/builder/spi-builder-workspace/.derivedData/SDKExplicitPrecompiledModules/MachO-2U90NNSAQILBNBPS1SA4F8TYP.pcm
SwiftExplicitDependencyGeneratePcm arm64_32 /Users/admin/builder/spi-builder-workspace/.derivedData/SDKExplicitPrecompiledModules/MachO-56838ZJ0NC1EBAJ0O6O8QMPDX.pcm
SwiftExplicitDependencyGeneratePcm arm64_32 /Users/admin/builder/spi-builder-workspace/.derivedData/SDKExplicitPrecompiledModules/ObjectiveC-6IJNELR2E80E7LUKESVCP2KET.pcm
SwiftExplicitDependencyGeneratePcm arm64 /Users/admin/builder/spi-builder-workspace/.derivedData/SDKExplicitPrecompiledModules/os_object-3SDKD7F87FTZ26OON37DRYT6O.pcm
SwiftExplicitDependencyGeneratePcm arm64_32 /Users/admin/builder/spi-builder-workspace/.derivedData/SDKExplicitPrecompiledModules/os_object-5YWTC6L4756IWSTPGXS5NM0D0.pcm
SwiftExplicitDependencyGeneratePcm arm64 /Users/admin/builder/spi-builder-workspace/.derivedData/SDKExplicitPrecompiledModules/os_workgroup-89GG5G7YC2D0ZTK6AZXXQ20DH.pcm
SwiftExplicitDependencyGeneratePcm arm64_32 /Users/admin/builder/spi-builder-workspace/.derivedData/SDKExplicitPrecompiledModules/os_workgroup-5JHTPDMNBUNHLJI8LPHKQK1JK.pcm
SwiftExplicitDependencyGeneratePcm arm64_32 /Users/admin/builder/spi-builder-workspace/.derivedData/SDKExplicitPrecompiledModules/Spatial-CWVWNML3T0NXVHZDKVLD3X1YZ.pcm
SwiftExplicitDependencyGeneratePcm arm64 /Users/admin/builder/spi-builder-workspace/.derivedData/SDKExplicitPrecompiledModules/Spatial-44FJGYXFAT2AQAW9Z6T7YS02U.pcm
SwiftExplicitDependencyGeneratePcm arm64 /Users/admin/builder/spi-builder-workspace/.derivedData/SDKExplicitPrecompiledModules/Dispatch-1NLJOVAK60XP0DUB05XA59EIM.pcm
SwiftExplicitDependencyGeneratePcm arm64_32 /Users/admin/builder/spi-builder-workspace/.derivedData/SDKExplicitPrecompiledModules/Dispatch-2P62F1T4XV63S4P99TUDTOK2Q.pcm
SwiftExplicitDependencyGeneratePcm arm64 /Users/admin/builder/spi-builder-workspace/.derivedData/SDKExplicitPrecompiledModules/CoreFoundation-8T2L24YC5NU7WO6WQJWRY7W08.pcm
SwiftExplicitDependencyGeneratePcm arm64 /Users/admin/builder/spi-builder-workspace/.derivedData/SDKExplicitPrecompiledModules/XPC-40DR0X1DHKGCV4J1IOLFS8MOU.pcm
SwiftExplicitDependencyGeneratePcm arm64_32 /Users/admin/builder/spi-builder-workspace/.derivedData/SDKExplicitPrecompiledModules/XPC-81Y45QFY96XYYFCW2GT6FY8S4.pcm
SwiftExplicitDependencyGeneratePcm arm64_32 /Users/admin/builder/spi-builder-workspace/.derivedData/SDKExplicitPrecompiledModules/CoreFoundation-8E6Y4BA3EXYKUGJ24GT9LGV3N.pcm
SwiftExplicitDependencyGeneratePcm arm64 /Users/admin/builder/spi-builder-workspace/.derivedData/SDKExplicitPrecompiledModules/os-5DIL6Z9LFIGLMZAHM7X2T5435.pcm
SwiftExplicitDependencyGeneratePcm arm64_32 /Users/admin/builder/spi-builder-workspace/.derivedData/SDKExplicitPrecompiledModules/os-E5IGB442IA6SBB25TTCOLK2OC.pcm
SwiftExplicitDependencyGeneratePcm arm64 /Users/admin/builder/spi-builder-workspace/.derivedData/SDKExplicitPrecompiledModules/CoreGraphics-DWNZ73GEH98SBJXZ7DEXB420K.pcm
SwiftExplicitDependencyGeneratePcm arm64 /Users/admin/builder/spi-builder-workspace/.derivedData/SDKExplicitPrecompiledModules/Security-6RZ6YBRU8WCUHRFFRVUK5WKMM.pcm
SwiftExplicitDependencyGeneratePcm arm64_32 /Users/admin/builder/spi-builder-workspace/.derivedData/SDKExplicitPrecompiledModules/Security-D7TOWF88VWF67TB9HAFP5UWB1.pcm
SwiftExplicitDependencyGeneratePcm arm64_32 /Users/admin/builder/spi-builder-workspace/.derivedData/SDKExplicitPrecompiledModules/CoreGraphics-9FDXYX6BKBUT6TJ2VF819E7T5.pcm
SwiftExplicitDependencyGeneratePcm arm64 /Users/admin/builder/spi-builder-workspace/.derivedData/SDKExplicitPrecompiledModules/Foundation-DLBKUSGXN8QHAT8W0OARR9S8A.pcm
SwiftExplicitDependencyGeneratePcm arm64_32 /Users/admin/builder/spi-builder-workspace/.derivedData/SDKExplicitPrecompiledModules/Foundation-BJ2VQGI3OGR34500MEQ1VKHPH.pcm
SwiftExplicitDependencyGeneratePcm arm64 /Users/admin/builder/spi-builder-workspace/.derivedData/SDKExplicitPrecompiledModules/CoreText-970YJN6NIYGK1316L35Z0O8QT.pcm
SwiftExplicitDependencyGeneratePcm arm64 /Users/admin/builder/spi-builder-workspace/.derivedData/SDKExplicitPrecompiledModules/CoreVideo-8MRR5MNWUOAW2DBPGUQ8FKK4.pcm
SwiftExplicitDependencyGeneratePcm arm64_32 /Users/admin/builder/spi-builder-workspace/.derivedData/SDKExplicitPrecompiledModules/CoreText-C9X2REPZN2V5BSU4G80FCETDR.pcm
SwiftExplicitDependencyGeneratePcm arm64_32 /Users/admin/builder/spi-builder-workspace/.derivedData/SDKExplicitPrecompiledModules/CoreVideo-2P8HI0403J99LBDPKNFJ5D4DL.pcm
SwiftExplicitDependencyGeneratePcm arm64 /Users/admin/builder/spi-builder-workspace/.derivedData/SDKExplicitPrecompiledModules/_LocationEssentials-5ZZDGDXB6HLQUC72SJW7YJ7MK.pcm
SwiftExplicitDependencyGeneratePcm arm64 /Users/admin/builder/spi-builder-workspace/.derivedData/SDKExplicitPrecompiledModules/UniformTypeIdentifiers-8L08Q8DQJV8C4AW84YVGFGTRN.pcm
SwiftExplicitDependencyGeneratePcm arm64 /Users/admin/builder/spi-builder-workspace/.derivedData/SDKExplicitPrecompiledModules/CoreTransferable-9PPG3SLJ55T4LITIFYX2M0NOZ.pcm
SwiftExplicitDependencyGeneratePcm arm64 /Users/admin/builder/spi-builder-workspace/.derivedData/SDKExplicitPrecompiledModules/LocalAuthentication-E2VERNNN1K2IWY24TR43TU59K.pcm
SwiftExplicitDependencyGeneratePcm arm64 /Users/admin/builder/spi-builder-workspace/.derivedData/SDKExplicitPrecompiledModules/Accessibility-27QMG6ZQ1NKYTNBYFPM1XKNFC.pcm
SwiftExplicitDependencyGeneratePcm arm64 /Users/admin/builder/spi-builder-workspace/.derivedData/SDKExplicitPrecompiledModules/Symbols-3EFABTJ9L5PQDJ7RQCYQWEJMM.pcm
SwiftExplicitDependencyGeneratePcm arm64 /Users/admin/builder/spi-builder-workspace/.derivedData/SDKExplicitPrecompiledModules/UIUtilities-IR7RNW23VAUKYI9MLCS9NL9A.pcm
SwiftExplicitDependencyGeneratePcm arm64 /Users/admin/builder/spi-builder-workspace/.derivedData/SDKExplicitPrecompiledModules/OSLog-B7VGO357Y3GJG35TST7DKDSI3.pcm
SwiftExplicitDependencyGeneratePcm arm64 /Users/admin/builder/spi-builder-workspace/.derivedData/SDKExplicitPrecompiledModules/QuartzCore-94KFMWNOU7ZLUZNB4T5DLZC9D.pcm
SwiftExplicitDependencyGeneratePcm arm64 /Users/admin/builder/spi-builder-workspace/.derivedData/SDKExplicitPrecompiledModules/UserNotifications-ARAH8MEQ0C2L0FBO39HITJMAO.pcm
SwiftExplicitDependencyGeneratePcm arm64_32 /Users/admin/builder/spi-builder-workspace/.derivedData/SDKExplicitPrecompiledModules/UserNotifications-6TBN8TEAKO014N1T2QD926XED.pcm
SwiftExplicitDependencyGeneratePcm arm64_32 /Users/admin/builder/spi-builder-workspace/.derivedData/SDKExplicitPrecompiledModules/Accessibility-F385OMZ5GYBUY5O4QAJB4NRII.pcm
SwiftExplicitDependencyGeneratePcm arm64_32 /Users/admin/builder/spi-builder-workspace/.derivedData/SDKExplicitPrecompiledModules/Symbols-1H97WMG76HU94F5VGJR19PXFY.pcm
SwiftExplicitDependencyGeneratePcm arm64_32 /Users/admin/builder/spi-builder-workspace/.derivedData/SDKExplicitPrecompiledModules/CoreTransferable-5D4IR6X37682FPHJ5CBPTKQV6.pcm
SwiftExplicitDependencyGeneratePcm arm64_32 /Users/admin/builder/spi-builder-workspace/.derivedData/SDKExplicitPrecompiledModules/QuartzCore-6375NPYACK5NYVHPMC1QQ8MC2.pcm
SwiftExplicitDependencyGeneratePcm arm64_32 /Users/admin/builder/spi-builder-workspace/.derivedData/SDKExplicitPrecompiledModules/DataDetection-U9BF7WHFVA6BZGFXXXP272PS.pcm
SwiftExplicitDependencyGeneratePcm arm64_32 /Users/admin/builder/spi-builder-workspace/.derivedData/SDKExplicitPrecompiledModules/UIUtilities-9YFVNIMRC5HRVOIARNWHP1E3H.pcm
SwiftExplicitDependencyGeneratePcm arm64 /Users/admin/builder/spi-builder-workspace/.derivedData/SDKExplicitPrecompiledModules/CoreLocation-ACKJ9K7ABI14F97Y46Y6SRR17.pcm
SwiftExplicitDependencyGeneratePcm arm64_32 /Users/admin/builder/spi-builder-workspace/.derivedData/SDKExplicitPrecompiledModules/OSLog-D9AVFY0KWO7RVBIQ73CBIJVCN.pcm
SwiftExplicitDependencyGeneratePcm arm64_32 /Users/admin/builder/spi-builder-workspace/.derivedData/SDKExplicitPrecompiledModules/UniformTypeIdentifiers-CJZ3NTHPSBH4XWX5EVOG56UZS.pcm
SwiftExplicitDependencyGeneratePcm arm64 /Users/admin/builder/spi-builder-workspace/.derivedData/SDKExplicitPrecompiledModules/SwiftUICore-C1DST1IX2Z0PTH5SJJZ1IULRB.pcm
SwiftExplicitDependencyGeneratePcm arm64_32 /Users/admin/builder/spi-builder-workspace/.derivedData/SDKExplicitPrecompiledModules/LocalAuthentication-ATD947DC6Q0HA129OWBMG6HNP.pcm
SwiftExplicitDependencyGeneratePcm arm64_32 /Users/admin/builder/spi-builder-workspace/.derivedData/SDKExplicitPrecompiledModules/_LocationEssentials-AQ1OL9QKC3LQLY5CNSRM1HB53.pcm
SwiftExplicitDependencyGeneratePcm arm64 /Users/admin/builder/spi-builder-workspace/.derivedData/SDKExplicitPrecompiledModules/DataDetection-7BNVI1SZW5ISQL5SX4WL2X7I5.pcm
SwiftExplicitDependencyGeneratePcm arm64 /Users/admin/builder/spi-builder-workspace/.derivedData/SDKExplicitPrecompiledModules/CoreMotion-6RD5K48QT1F4L9CATNFD2O7YB.pcm
SwiftExplicitDependencyGeneratePcm arm64_32 /Users/admin/builder/spi-builder-workspace/.derivedData/SDKExplicitPrecompiledModules/SwiftUICore-3Q7WLRD8MR9R3NGIPUBQCP6F6.pcm
SwiftExplicitDependencyGeneratePcm arm64_32 /Users/admin/builder/spi-builder-workspace/.derivedData/SDKExplicitPrecompiledModules/CoreLocation-8XU5YMYM4P11RQMYCQAG65ITK.pcm
SwiftExplicitDependencyGeneratePcm arm64 /Users/admin/builder/spi-builder-workspace/.derivedData/SDKExplicitPrecompiledModules/UIKit-27R3P1YMV4C6JLDT661G3MRIA.pcm
SwiftExplicitDependencyGeneratePcm arm64_32 /Users/admin/builder/spi-builder-workspace/.derivedData/SDKExplicitPrecompiledModules/CoreMotion-1XGTVTE5PP32UHME8AC63TL6.pcm
SwiftExplicitDependencyGeneratePcm arm64_32 /Users/admin/builder/spi-builder-workspace/.derivedData/SDKExplicitPrecompiledModules/UIKit-6PPV7YPZ89CZPHYAP072QH8B6.pcm
SwiftExplicitDependencyGeneratePcm arm64 /Users/admin/builder/spi-builder-workspace/.derivedData/SDKExplicitPrecompiledModules/AuthenticationServices-CRT9U3VZ0PIZDSKOUKI4X74QT.pcm
SwiftEmitModule normal arm64 Emitting\ module\ for\ SnapAuth (in target 'SnapAuth' from project 'SnapAuth')
/Users/admin/builder/spi-builder-workspace/Sources/SnapAuth/PresentationAnchor.swift:8:44: error: 'ASPresentationAnchor' is unavailable in watchOS
6 | fileprivate let defaultPresentationAnchor: ASPresentationAnchor = NSApplication.shared.mainWindow ?? ASPresentationAnchor()
7 | #else
8 | fileprivate let defaultPresentationAnchor: ASPresentationAnchor = (UIApplication.shared.connectedScenes.first as? UIWindowScene)?.windows.first?.rootViewController?.view.window ?? ASPresentationAnchor()
| `- error: 'ASPresentationAnchor' is unavailable in watchOS
9 | #endif
10 |
/Applications/Xcode-27.0.0-Release.Candidate.app/Contents/Developer/Platforms/WatchOS.platform/Developer/SDKs/WatchOS27.0.sdk/System/Library/Frameworks/AuthenticationServices.framework/Headers/ASFoundation.h:39:20: note: 'ASPresentationAnchor' has been explicitly marked unavailable here
37 | #import <UIKit/UIKit.h>
38 | #if __has_include(<UIKit/UIWindow.h>)
39 | typedef UIWindow * ASPresentationAnchor API_UNAVAILABLE(watchos);
| `- note: 'ASPresentationAnchor' has been explicitly marked unavailable here
40 | #endif
41 | #if __has_include(<UIKit/UIViewController.h>) && !defined(ASViewController)
/Users/admin/builder/spi-builder-workspace/Sources/SnapAuth/PresentationAnchor.swift:8:115: error: 'UIWindowScene' is unavailable in watchOS
6 | fileprivate let defaultPresentationAnchor: ASPresentationAnchor = NSApplication.shared.mainWindow ?? ASPresentationAnchor()
7 | #else
8 | fileprivate let defaultPresentationAnchor: ASPresentationAnchor = (UIApplication.shared.connectedScenes.first as? UIWindowScene)?.windows.first?.rootViewController?.view.window ?? ASPresentationAnchor()
| `- error: 'UIWindowScene' is unavailable in watchOS
9 | #endif
10 |
/Applications/Xcode-27.0.0-Release.Candidate.app/Contents/Developer/Platforms/WatchOS.platform/Developer/SDKs/WatchOS27.0.sdk/System/Library/Frameworks/UIKit.framework/Headers/UIWindowScene.h:22:12: note: 'UIWindowScene' has been explicitly marked unavailable here
20 |
21 | UIKIT_EXTERN API_AVAILABLE(ios(13.0)) API_UNAVAILABLE(watchos) NS_SWIFT_UI_ACTOR
22 | @interface UIWindowScene : UIScene
| `- note: 'UIWindowScene' has been explicitly marked unavailable here
23 |
24 | #pragma mark Geometry
/Users/admin/builder/spi-builder-workspace/Sources/SnapAuth/PresentationAnchor.swift:8:68: error: 'UIApplication' is unavailable in watchOS
6 | fileprivate let defaultPresentationAnchor: ASPresentationAnchor = NSApplication.shared.mainWindow ?? ASPresentationAnchor()
7 | #else
8 | fileprivate let defaultPresentationAnchor: ASPresentationAnchor = (UIApplication.shared.connectedScenes.first as? UIWindowScene)?.windows.first?.rootViewController?.view.window ?? ASPresentationAnchor()
| `- error: 'UIApplication' is unavailable in watchOS
9 | #endif
10 |
/Applications/Xcode-27.0.0-Release.Candidate.app/Contents/Developer/Platforms/WatchOS.platform/Developer/SDKs/WatchOS27.0.sdk/System/Library/Frameworks/UIKit.framework/Headers/UIApplication.h:85:12: note: 'UIApplication' has been explicitly marked unavailable here
83 |
84 | UIKIT_EXTERN API_AVAILABLE(ios(2.0)) API_UNAVAILABLE(watchos) NS_SWIFT_UI_ACTOR
85 | @interface UIApplication : UIResponder
| `- note: 'UIApplication' has been explicitly marked unavailable here
86 |
87 | @property(class, nonatomic, readonly) UIApplication *sharedApplication NS_EXTENSION_UNAVAILABLE_IOS("Use view controller based solutions where appropriate instead.");
/Users/admin/builder/spi-builder-workspace/Sources/SnapAuth/PresentationAnchor.swift:8:89: error: 'connectedScenes' is unavailable in watchOS
6 | fileprivate let defaultPresentationAnchor: ASPresentationAnchor = NSApplication.shared.mainWindow ?? ASPresentationAnchor()
7 | #else
8 | fileprivate let defaultPresentationAnchor: ASPresentationAnchor = (UIApplication.shared.connectedScenes.first as? UIWindowScene)?.windows.first?.rootViewController?.view.window ?? ASPresentationAnchor()
| `- error: 'connectedScenes' is unavailable in watchOS
9 | #endif
10 |
/Applications/Xcode-27.0.0-Release.Candidate.app/Contents/Developer/Platforms/WatchOS.platform/Developer/SDKs/WatchOS27.0.sdk/System/Library/Frameworks/UIKit.framework/Headers/UIApplication.h:189:50: note: 'connectedScenes' has been explicitly marked unavailable here
187 | #pragma mark -- UIScene --
188 | // All of the currently connected UIScene instances
189 | @property(nonatomic, readonly) NSSet<UIScene *> *connectedScenes API_AVAILABLE(ios(13.0)) API_UNAVAILABLE(watchos);
| `- note: 'connectedScenes' has been explicitly marked unavailable here
190 |
191 | // All of the representations that currently have connected UIScene instances or had their sessions persisted by the system (ex: visible in iOS' switcher)
/Users/admin/builder/spi-builder-workspace/Sources/SnapAuth/PresentationAnchor.swift:8:181: error: 'ASPresentationAnchor' is unavailable in watchOS
6 | fileprivate let defaultPresentationAnchor: ASPresentationAnchor = NSApplication.shared.mainWindow ?? ASPresentationAnchor()
7 | #else
8 | fileprivate let defaultPresentationAnchor: ASPresentationAnchor = (UIApplication.shared.connectedScenes.first as? UIWindowScene)?.windows.first?.rootViewController?.view.window ?? ASPresentationAnchor()
| `- error: 'ASPresentationAnchor' is unavailable in watchOS
9 | #endif
10 |
/Applications/Xcode-27.0.0-Release.Candidate.app/Contents/Developer/Platforms/WatchOS.platform/Developer/SDKs/WatchOS27.0.sdk/System/Library/Frameworks/AuthenticationServices.framework/Headers/ASFoundation.h:39:20: note: 'ASPresentationAnchor' has been explicitly marked unavailable here
37 | #import <UIKit/UIKit.h>
38 | #if __has_include(<UIKit/UIWindow.h>)
39 | typedef UIWindow * ASPresentationAnchor API_UNAVAILABLE(watchos);
| `- note: 'ASPresentationAnchor' has been explicitly marked unavailable here
40 | #endif
41 | #if __has_include(<UIKit/UIViewController.h>) && !defined(ASViewController)
/Users/admin/builder/spi-builder-workspace/Sources/SnapAuth/PresentationAnchor.swift:8:181: error: 'init()' is unavailable in watchOS
6 | fileprivate let defaultPresentationAnchor: ASPresentationAnchor = NSApplication.shared.mainWindow ?? ASPresentationAnchor()
7 | #else
8 | fileprivate let defaultPresentationAnchor: ASPresentationAnchor = (UIApplication.shared.connectedScenes.first as? UIWindowScene)?.windows.first?.rootViewController?.view.window ?? ASPresentationAnchor()
| `- error: 'init()' is unavailable in watchOS
9 | #endif
10 |
/Applications/Xcode-27.0.0-Release.Candidate.app/Contents/Developer/Platforms/WatchOS.platform/Developer/SDKs/WatchOS27.0.sdk/System/Library/Frameworks/UIKit.framework/Headers/UIWindow.h:28:1: note: 'init()' has been explicitly marked unavailable here
26 |
27 | - (instancetype)initWithFrame:(CGRect)frame NS_DESIGNATED_INITIALIZER API_DEPRECATED("Use init(windowScene:) instead.", ios(2.0, 26.0), tvos(9.0, 26.0), visionos(1.0, 26.0)) API_UNAVAILABLE(watchos);
28 | - (instancetype)init API_DEPRECATED("Use init(windowScene:) instead.", ios(2.0, 26.0), tvos(9.0, 26.0), visionos(1.0, 26.0)) API_UNAVAILABLE(watchos);
| `- note: 'init()' has been explicitly marked unavailable here
29 |
30 | // If nil, window will not appear on any screen.
/Users/admin/builder/spi-builder-workspace/Sources/SnapAuth/PresentationAnchor.swift:11:11: error: 'ASPresentationAnchor' is unavailable in watchOS
9 | #endif
10 |
11 | extension ASPresentationAnchor {
| `- error: 'ASPresentationAnchor' is unavailable in watchOS
12 | /// A platform-specific anchor, intended to be used by ASAuthorizationController
13 | static let `default` = defaultPresentationAnchor
/Applications/Xcode-27.0.0-Release.Candidate.app/Contents/Developer/Platforms/WatchOS.platform/Developer/SDKs/WatchOS27.0.sdk/System/Library/Frameworks/AuthenticationServices.framework/Headers/ASFoundation.h:39:20: note: 'ASPresentationAnchor' has been explicitly marked unavailable here
37 | #import <UIKit/UIKit.h>
38 | #if __has_include(<UIKit/UIWindow.h>)
39 | typedef UIWindow * ASPresentationAnchor API_UNAVAILABLE(watchos);
| `- note: 'ASPresentationAnchor' has been explicitly marked unavailable here
40 | #endif
41 | #if __has_include(<UIKit/UIViewController.h>) && !defined(ASViewController)
/Users/admin/builder/spi-builder-workspace/Sources/SnapAuth/SnapAuth+ASACD.swift:48:25: error: 'ASAuthorizationPublicKeyCredentialRegistration' is unavailable in watchOS
46 |
47 | private func handleRegistration(
48 | _ registration: ASAuthorizationPublicKeyCredentialRegistration
| `- error: 'ASAuthorizationPublicKeyCredentialRegistration' is unavailable in watchOS
49 | ) {
50 | // Decode, send to SA, hand back resposne via delegate method
/Applications/Xcode-27.0.0-Release.Candidate.app/Contents/Developer/Platforms/WatchOS.platform/Developer/SDKs/WatchOS27.0.sdk/System/Library/Frameworks/AuthenticationServices.framework/Headers/ASAuthorizationPublicKeyCredentialRegistration.h:10:11: note: 'ASAuthorizationPublicKeyCredentialRegistration' has been explicitly marked unavailable here
8 |
9 | API_AVAILABLE(macos(12.0), ios(15.0), tvos(16.0)) API_UNAVAILABLE(watchos)
10 | @protocol ASAuthorizationPublicKeyCredentialRegistration <ASPublicKeyCredential>
| `- note: 'ASAuthorizationPublicKeyCredentialRegistration' has been explicitly marked unavailable here
11 |
12 | /*! @abstract The raw data containing the authenticator's attestation statement, if one was provided.
/Users/admin/builder/spi-builder-workspace/Sources/SnapAuth/SnapAuth+ASACD.swift:104:22: error: 'ASAuthorizationPublicKeyCredentialAssertion' is unavailable in watchOS
102 |
103 | private func handleAssertion(
104 | _ assertion: ASAuthorizationPublicKeyCredentialAssertion
| `- error: 'ASAuthorizationPublicKeyCredentialAssertion' is unavailable in watchOS
105 | ) {
106 |
/Applications/Xcode-27.0.0-Release.Candidate.app/Contents/Developer/Platforms/WatchOS.platform/Developer/SDKs/WatchOS27.0.sdk/System/Library/Frameworks/AuthenticationServices.framework/Headers/ASAuthorizationPublicKeyCredentialAssertion.h:7:11: note: 'ASAuthorizationPublicKeyCredentialAssertion' has been explicitly marked unavailable here
5 |
6 | API_AVAILABLE(macos(12.0), ios(15.0), tvos(16.0)) API_UNAVAILABLE(watchos)
7 | @protocol ASAuthorizationPublicKeyCredentialAssertion <ASPublicKeyCredential>
| `- note: 'ASAuthorizationPublicKeyCredentialAssertion' has been explicitly marked unavailable here
8 |
9 | /*! @abstract A byte sequence containing the encoded authenticatorData blob returned by the authenticator.
/Users/admin/builder/spi-builder-workspace/Sources/SnapAuth/SnapAuth+ASACPCP.swift:6:82: error: 'ASPresentationAnchor' is unavailable in watchOS
4 | @available(macOS 12.0, iOS 15.0, tvOS 16.0, visionOS 1.0, *)
5 | extension SnapAuth: ASAuthorizationControllerPresentationContextProviding {
6 | public func presentationAnchor(for controller: ASAuthorizationController) -> ASPresentationAnchor {
| `- error: 'ASPresentationAnchor' is unavailable in watchOS
7 | guard anchor != nil else {
8 | // There's currently no logical path here since the three
/Applications/Xcode-27.0.0-Release.Candidate.app/Contents/Developer/Platforms/WatchOS.platform/Developer/SDKs/WatchOS27.0.sdk/System/Library/Frameworks/AuthenticationServices.framework/Headers/ASFoundation.h:39:20: note: 'ASPresentationAnchor' has been explicitly marked unavailable here
37 | #import <UIKit/UIKit.h>
38 | #if __has_include(<UIKit/UIWindow.h>)
39 | typedef UIWindow * ASPresentationAnchor API_UNAVAILABLE(watchos);
| `- note: 'ASPresentationAnchor' has been explicitly marked unavailable here
40 | #endif
41 | #if __has_include(<UIKit/UIViewController.h>) && !defined(ASViewController)
/Users/admin/builder/spi-builder-workspace/Sources/SnapAuth/SnapAuth+ASACPCP.swift:5:21: error: 'ASAuthorizationControllerPresentationContextProviding' is unavailable in watchOS
3 | // MARK: ASAuthorizationControllerPresentationContextProviding
4 | @available(macOS 12.0, iOS 15.0, tvOS 16.0, visionOS 1.0, *)
5 | extension SnapAuth: ASAuthorizationControllerPresentationContextProviding {
| `- error: 'ASAuthorizationControllerPresentationContextProviding' is unavailable in watchOS
6 | public func presentationAnchor(for controller: ASAuthorizationController) -> ASPresentationAnchor {
7 | guard anchor != nil else {
/Applications/Xcode-27.0.0-Release.Candidate.app/Contents/Developer/Platforms/WatchOS.platform/Developer/SDKs/WatchOS27.0.sdk/System/Library/Frameworks/AuthenticationServices.framework/Headers/ASAuthorizationController.h:31:11: note: 'ASAuthorizationControllerPresentationContextProviding' has been explicitly marked unavailable here
29 | AS_EXTERN API_AVAILABLE(ios(13.0), macos(10.15), tvos(13.0)) API_UNAVAILABLE(watchos)
30 | NS_SWIFT_UI_ACTOR
31 | @protocol ASAuthorizationControllerPresentationContextProviding <NSObject>
| `- note: 'ASAuthorizationControllerPresentationContextProviding' has been explicitly marked unavailable here
32 | @required
33 |
/Users/admin/builder/spi-builder-workspace/Sources/SnapAuth/SnapAuth.swift:17:47: error: 'ASAuthorizationControllerPresentationContextProviding' is unavailable in watchOS
15 |
16 | // TODO: weak (all of these)?
17 | internal var presentationContextProvider: ASAuthorizationControllerPresentationContextProviding?
| `- error: 'ASAuthorizationControllerPresentationContextProviding' is unavailable in watchOS
18 |
19 | internal var anchor: ASPresentationAnchor?
/Applications/Xcode-27.0.0-Release.Candidate.app/Contents/Developer/Platforms/WatchOS.platform/Developer/SDKs/WatchOS27.0.sdk/System/Library/Frameworks/AuthenticationServices.framework/Headers/ASAuthorizationController.h:31:11: note: 'ASAuthorizationControllerPresentationContextProviding' has been explicitly marked unavailable here
29 | AS_EXTERN API_AVAILABLE(ios(13.0), macos(10.15), tvos(13.0)) API_UNAVAILABLE(watchos)
30 | NS_SWIFT_UI_ACTOR
31 | @protocol ASAuthorizationControllerPresentationContextProviding <NSObject>
| `- note: 'ASAuthorizationControllerPresentationContextProviding' has been explicitly marked unavailable here
32 | @required
33 |
/Users/admin/builder/spi-builder-workspace/Sources/SnapAuth/SnapAuth.swift:19:26: error: 'ASPresentationAnchor' is unavailable in watchOS
17 | internal var presentationContextProvider: ASAuthorizationControllerPresentationContextProviding?
18 |
19 | internal var anchor: ASPresentationAnchor?
| `- error: 'ASPresentationAnchor' is unavailable in watchOS
20 |
21 | internal var authController: ASAuthorizationController?
/Applications/Xcode-27.0.0-Release.Candidate.app/Contents/Developer/Platforms/WatchOS.platform/Developer/SDKs/WatchOS27.0.sdk/System/Library/Frameworks/AuthenticationServices.framework/Headers/ASFoundation.h:39:20: note: 'ASPresentationAnchor' has been explicitly marked unavailable here
37 | #import <UIKit/UIKit.h>
38 | #if __has_include(<UIKit/UIWindow.h>)
39 | typedef UIWindow * ASPresentationAnchor API_UNAVAILABLE(watchos);
| `- note: 'ASPresentationAnchor' has been explicitly marked unavailable here
40 | #endif
41 | #if __has_include(<UIKit/UIViewController.h>) && !defined(ASViewController)
/Users/admin/builder/spi-builder-workspace/Sources/SnapAuth/SnapAuth.swift:111:17: error: 'ASPresentationAnchor' is unavailable in watchOS
109 | internal func startRegister(
110 | name: String,
111 | anchor: ASPresentationAnchor,
| `- error: 'ASPresentationAnchor' is unavailable in watchOS
112 | displayName: String? = nil,
113 | authenticators: Set<Authenticator> = Authenticator.all
/Applications/Xcode-27.0.0-Release.Candidate.app/Contents/Developer/Platforms/WatchOS.platform/Developer/SDKs/WatchOS27.0.sdk/System/Library/Frameworks/AuthenticationServices.framework/Headers/ASFoundation.h:39:20: note: 'ASPresentationAnchor' has been explicitly marked unavailable here
37 | #import <UIKit/UIKit.h>
38 | #if __has_include(<UIKit/UIWindow.h>)
39 | typedef UIWindow * ASPresentationAnchor API_UNAVAILABLE(watchos);
| `- note: 'ASPresentationAnchor' has been explicitly marked unavailable here
40 | #endif
41 | #if __has_include(<UIKit/UIViewController.h>) && !defined(ASViewController)
/Users/admin/builder/spi-builder-workspace/Sources/SnapAuth/SnapAuth.swift:184:17: error: 'ASPresentationAnchor' is unavailable in watchOS
182 | internal func startAuth(
183 | _ user: AuthenticatingUser,
184 | anchor: ASPresentationAnchor,
| `- error: 'ASPresentationAnchor' is unavailable in watchOS
185 | authenticators: Set<Authenticator> = Authenticator.all
186 | ) async -> SnapAuthResult {
/Applications/Xcode-27.0.0-Release.Candidate.app/Contents/Developer/Platforms/WatchOS.platform/Developer/SDKs/WatchOS27.0.sdk/System/Library/Frameworks/AuthenticationServices.framework/Headers/ASFoundation.h:39:20: note: 'ASPresentationAnchor' has been explicitly marked unavailable here
37 | #import <UIKit/UIKit.h>
38 | #if __has_include(<UIKit/UIWindow.h>)
39 | typedef UIWindow * ASPresentationAnchor API_UNAVAILABLE(watchos);
| `- note: 'ASPresentationAnchor' has been explicitly marked unavailable here
40 | #endif
41 | #if __has_include(<UIKit/UIViewController.h>) && !defined(ASViewController)
Failed frontend command:
SwiftCompile normal arm64 (in target 'SnapAuth' from project 'SnapAuth')
cd /Users/admin/builder/spi-builder-workspace/.swiftpm/xcode
/Applications/Xcode-27.0.0-Release.Candidate.app/Contents/Developer/Toolchains/XcodeDefault.xctoolchain/usr/bin/swift-frontend -frontend -emit-module -experimental-skip-non-inlinable-function-bodies-without-types /Users/admin/builder/spi-builder-workspace/Sources/SnapAuth/API.swift /Users/admin/builder/spi-builder-workspace/Sources/SnapAuth/ApiClient.swift /Users/admin/builder/spi-builder-workspace/Sources/SnapAuth/Base64URL.swift /Users/admin/builder/spi-builder-workspace/Sources/SnapAuth/Errors.swift /Users/admin/builder/spi-builder-workspace/Sources/SnapAuth/PresentationAnchor.swift /Users/admin/builder/spi-builder-workspace/Sources/SnapAuth/SnapAuth+ASACD.swift /Users/admin/builder/spi-builder-workspace/Sources/SnapAuth/SnapAuth+ASACPCP.swift /Users/admin/builder/spi-builder-workspace/Sources/SnapAuth/SnapAuth+AutoFill.swift /Users/admin/builder/spi-builder-workspace/Sources/SnapAuth/SnapAuth+BuildRequests.swift /Users/admin/builder/spi-builder-workspace/Sources/SnapAuth/SnapAuth.swift /Users/admin/builder/spi-builder-workspace/Sources/SnapAuth/SnapAuthDelegate.swift -target arm64-apple-watchos9.0 -disable-cross-import-overlay-search -swift-module-cross-import AuthenticationServices /Applications/Xcode-27.0.0-Release.Candidate.app/Contents/Developer/Platforms/WatchOS.platform/Developer/SDKs/WatchOS.sdk/System/Library/Frameworks/AuthenticationServices.framework/Modules/AuthenticationServices.swiftcrossimport/SwiftUI.swiftoverlay -swift-module-cross-import AuthenticationServices /Applications/Xcode-27.0.0-Release.Candidate.app/Contents/Developer/Platforms/WatchOS.platform/Developer/SDKs/WatchOS27.0.sdk/System/Library/Frameworks/AuthenticationServices.framework/Modules/AuthenticationServices.swiftcrossimport/SwiftUI.swiftoverlay -load-resolved-plugin /Applications/Xcode-27.0.0-Release.Candidate.app/Contents/Developer/Platforms/WatchOS.platform/Developer/usr/lib/swift/host/plugins/libFoundationMacros.dylib\#/Applications/Xcode-27.0.0-Release.Candidate.app/Contents/Developer/Platforms/WatchOS.platform/Developer/usr/bin/swift-plugin-server\#FoundationMacros -load-resolved-plugin /Applications/Xcode-27.0.0-Release.Candidate.app/Contents/Developer/Platforms/WatchOS.platform/Developer/usr/lib/swift/host/plugins/libObservationMacros.dylib\#/Applications/Xcode-27.0.0-Release.Candidate.app/Contents/Developer/Platforms/WatchOS.platform/Developer/usr/bin/swift-plugin-server\#ObservationMacros -load-resolved-plugin /Applications/Xcode-27.0.0-Release.Candidate.app/Contents/Developer/Platforms/WatchOS.platform/Developer/usr/lib/swift/host/plugins/libSwiftMacros.dylib\#/Applications/Xcode-27.0.0-Release.Candidate.app/Contents/Developer/Platforms/WatchOS.platform/Developer/usr/bin/swift-plugin-server\#SwiftMacros -load-resolved-plugin /Applications/Xcode-27.0.0-Release.Candidate.app/Contents/Developer/Platforms/WatchOS.platform/Developer/usr/lib/swift/host/plugins/libSwiftUIMacros.dylib\#/Applications/Xcode-27.0.0-Release.Candidate.app/Contents/Developer/Platforms/WatchOS.platform/Developer/usr/bin/swift-plugin-server\#SwiftUIMacros -disable-implicit-swift-modules -Xcc -fno-implicit-modules -Xcc -fno-implicit-module-maps -explicit-swift-module-map-file /Users/admin/builder/spi-builder-workspace/.derivedData/Build/Intermediates.noindex/SnapAuth.build/Debug-watchos/SnapAuth-t.build/Objects-normal/arm64/SnapAuth-dependencies-2.json -Xllvm -aarch64-use-tbi -enable-objc-interop -stack-check -sdk /Applications/Xcode-27.0.0-Release.Candidate.app/Contents/Developer/Platforms/WatchOS.platform/Developer/SDKs/WatchOS27.0.sdk -I /Users/admin/builder/spi-builder-workspace/.derivedData/Build/Products/Debug-watchos -Isystem /Applications/Xcode-27.0.0-Release.Candidate.app/Contents/Developer/Platforms/WatchOS.platform/Developer/usr/lib -F /Users/admin/builder/spi-builder-workspace/.derivedData/Build/Products/Debug-watchos -F /Applications/Xcode-27.0.0-Release.Candidate.app/Contents/Developer/Platforms/WatchOS.platform/Developer/Library/Frameworks -F /Applications/Xcode-27.0.0-Release.Candidate.app/Contents/Developer/Platforms/WatchOS.platform/Developer/SDKs/WatchOS27.0.sdk/Developer/Library/Frameworks -module-cache-path /Users/admin/builder/spi-builder-workspace/.derivedData/Build/Intermediates.noindex/SwiftExplicitPrecompiledModules -no-color-diagnostics -Xcc -fno-color-diagnostics -enable-testing -g -debug-info-format\=dwarf -dwarf-version\=4 -profile-generate -profile-coverage-mapping -swift-version 5 -Onone -D SWIFT_PACKAGE -D DEBUG -D SWIFT_MODULE_RESOURCE_BUNDLE_UNAVAILABLE -D Xcode -serialize-debugging-options -enable-experimental-feature DebugDescriptionMacro -empty-abi-descriptor -validate-clang-modules-once -clang-build-session-file /Users/admin/builder/spi-builder-workspace/.derivedData/ModuleCache.noindex/Session.modulevalidation -Xcc -working-directory -Xcc /Users/admin/builder/spi-builder-workspace/.swiftpm/xcode -enable-anonymous-context-mangled-names -file-compilation-dir /Users/admin/builder/spi-builder-workspace/.swiftpm/xcode -Xcc -D_LIBCPP_HARDENING_MODE\=_LIBCPP_HARDENING_MODE_DEBUG -Xcc -ivfsstatcache -Xcc /Users/admin/builder/spi-builder-workspace/.derivedData/SDKStatCaches.noindex/watchos27.0-24R360-e829b21a6f8c9b70876ba0858053c04477534ef55a1706bf4c1112bbb242f0a2.sdkstatcache -Xcc -fmodules-prune-interval\=86400 -Xcc -fmodules-prune-after\=345600 -Xcc -I/Users/admin/builder/spi-builder-workspace/.derivedData/Build/Products/Debug-watchos/include -Xcc -I/Users/admin/builder/spi-builder-workspace/.derivedData/Build/Intermediates.noindex/SnapAuth.build/Debug-watchos/SnapAuth-t.build/DerivedSources-normal/arm64 -Xcc -I/Users/admin/builder/spi-builder-workspace/.derivedData/Build/Intermediates.noindex/SnapAuth.build/Debug-watchos/SnapAuth-t.build/DerivedSources/arm64 -Xcc -I/Users/admin/builder/spi-builder-workspace/.derivedData/Build/Intermediates.noindex/SnapAuth.build/Debug-watchos/SnapAuth-t.build/DerivedSources -Xcc -DSWIFT_PACKAGE -Xcc -DDEBUG\=1 -no-auto-bridging-header-chaining -module-name SnapAuth -package-name spi_builder_workspace -const-gather-protocols-file /Users/admin/builder/spi-builder-workspace/.derivedData/Build/Intermediates.noindex/SnapAuth.build/Debug-watchos/SnapAuth-t.build/Objects-normal/arm64/SnapAuth_const_extract_protocols.json -disable-clang-spi -clang-target arm64-apple-watchos27.0 -target-sdk-version 27.0 -target-sdk-name watchos27.0 -in-process-plugin-server-path /Applications/Xcode-27.0.0-Release.Candidate.app/Contents/Developer/Toolchains/XcodeDefault.xctoolchain/usr/lib/swift/host/libSwiftInProcPluginServer.dylib -emit-module-doc-path /Users/admin/builder/spi-builder-workspace/.derivedData/Build/Intermediates.noindex/SnapAuth.build/Debug-watchos/SnapAuth-t.build/Objects-normal/arm64/SnapAuth.swiftdoc -emit-module-source-info-path /Users/admin/builder/spi-builder-workspace/.derivedData/Build/Intermediates.noindex/SnapAuth.build/Debug-watchos/SnapAuth-t.build/Objects-normal/arm64/SnapAuth.swiftsourceinfo -emit-objc-header-path /Users/admin/builder/spi-builder-workspace/.derivedData/Build/Intermediates.noindex/SnapAuth.build/Debug-watchos/SnapAuth-t.build/Objects-normal/arm64/SnapAuth-Swift.h -serialize-diagnostics-path /Users/admin/builder/spi-builder-workspace/.derivedData/Build/Intermediates.noindex/SnapAuth.build/Debug-watchos/SnapAuth-t.build/Objects-normal/arm64/SnapAuth-primary-emit-module.dia -emit-dependencies-path /Users/admin/builder/spi-builder-workspace/.derivedData/Build/Intermediates.noindex/SnapAuth.build/Debug-watchos/SnapAuth-t.build/Objects-normal/arm64/SnapAuth-primary-emit-module.d -parse-as-library -o /Users/admin/builder/spi-builder-workspace/.derivedData/Build/Intermediates.noindex/SnapAuth.build/Debug-watchos/SnapAuth-t.build/Objects-normal/arm64/SnapAuth.swiftmodule -emit-abi-descriptor-path /Users/admin/builder/spi-builder-workspace/.derivedData/Build/Intermediates.noindex/SnapAuth.build/Debug-watchos/SnapAuth-t.build/Objects-normal/arm64/SnapAuth.abi.json
SwiftCompile normal arm64 Compiling\ SnapAuthDelegate.swift /Users/admin/builder/spi-builder-workspace/Sources/SnapAuth/SnapAuthDelegate.swift (in target 'SnapAuth' from project 'SnapAuth')
SwiftCompile normal arm64 /Users/admin/builder/spi-builder-workspace/Sources/SnapAuth/SnapAuthDelegate.swift (in target 'SnapAuth' from project 'SnapAuth')
cd /Users/admin/builder/spi-builder-workspace/.swiftpm/xcode
builtin-SwiftPerFileCompile SnapAuthDelegate.swift
SwiftCompile normal arm64 Compiling\ SnapAuth+ASACPCP.swift /Users/admin/builder/spi-builder-workspace/Sources/SnapAuth/SnapAuth+ASACPCP.swift (in target 'SnapAuth' from project 'SnapAuth')
/Users/admin/builder/spi-builder-workspace/Sources/SnapAuth/SnapAuth+ASACPCP.swift:6:82: error: 'ASPresentationAnchor' is unavailable in watchOS
4 | @available(macOS 12.0, iOS 15.0, tvOS 16.0, visionOS 1.0, *)
5 | extension SnapAuth: ASAuthorizationControllerPresentationContextProviding {
6 | public func presentationAnchor(for controller: ASAuthorizationController) -> ASPresentationAnchor {
| `- error: 'ASPresentationAnchor' is unavailable in watchOS
7 | guard anchor != nil else {
8 | // There's currently no logical path here since the three
/Applications/Xcode-27.0.0-Release.Candidate.app/Contents/Developer/Platforms/WatchOS.platform/Developer/SDKs/WatchOS27.0.sdk/System/Library/Frameworks/AuthenticationServices.framework/Headers/ASFoundation.h:39:20: note: 'ASPresentationAnchor' has been explicitly marked unavailable here
37 | #import <UIKit/UIKit.h>
38 | #if __has_include(<UIKit/UIWindow.h>)
39 | typedef UIWindow * ASPresentationAnchor API_UNAVAILABLE(watchos);
| `- note: 'ASPresentationAnchor' has been explicitly marked unavailable here
40 | #endif
41 | #if __has_include(<UIKit/UIViewController.h>) && !defined(ASViewController)
/Users/admin/builder/spi-builder-workspace/Sources/SnapAuth/SnapAuth+ASACPCP.swift:5:21: error: 'ASAuthorizationControllerPresentationContextProviding' is unavailable in watchOS
3 | // MARK: ASAuthorizationControllerPresentationContextProviding
4 | @available(macOS 12.0, iOS 15.0, tvOS 16.0, visionOS 1.0, *)
5 | extension SnapAuth: ASAuthorizationControllerPresentationContextProviding {
| `- error: 'ASAuthorizationControllerPresentationContextProviding' is unavailable in watchOS
6 | public func presentationAnchor(for controller: ASAuthorizationController) -> ASPresentationAnchor {
7 | guard anchor != nil else {
/Applications/Xcode-27.0.0-Release.Candidate.app/Contents/Developer/Platforms/WatchOS.platform/Developer/SDKs/WatchOS27.0.sdk/System/Library/Frameworks/AuthenticationServices.framework/Headers/ASAuthorizationController.h:31:11: note: 'ASAuthorizationControllerPresentationContextProviding' has been explicitly marked unavailable here
29 | AS_EXTERN API_AVAILABLE(ios(13.0), macos(10.15), tvos(13.0)) API_UNAVAILABLE(watchos)
30 | NS_SWIFT_UI_ACTOR
31 | @protocol ASAuthorizationControllerPresentationContextProviding <NSObject>
| `- note: 'ASAuthorizationControllerPresentationContextProviding' has been explicitly marked unavailable here
32 | @required
33 |
SwiftCompile normal arm64 /Users/admin/builder/spi-builder-workspace/Sources/SnapAuth/SnapAuth+ASACPCP.swift (in target 'SnapAuth' from project 'SnapAuth')
cd /Users/admin/builder/spi-builder-workspace/.swiftpm/xcode
builtin-SwiftPerFileCompile SnapAuth+ASACPCP.swift
SwiftCompile normal arm64 Compiling\ SnapAuth.swift /Users/admin/builder/spi-builder-workspace/Sources/SnapAuth/SnapAuth.swift (in target 'SnapAuth' from project 'SnapAuth')
/Users/admin/builder/spi-builder-workspace/Sources/SnapAuth/SnapAuth.swift:17:47: error: 'ASAuthorizationControllerPresentationContextProviding' is unavailable in watchOS
15 |
16 | // TODO: weak (all of these)?
17 | internal var presentationContextProvider: ASAuthorizationControllerPresentationContextProviding?
| `- error: 'ASAuthorizationControllerPresentationContextProviding' is unavailable in watchOS
18 |
19 | internal var anchor: ASPresentationAnchor?
/Applications/Xcode-27.0.0-Release.Candidate.app/Contents/Developer/Platforms/WatchOS.platform/Developer/SDKs/WatchOS27.0.sdk/System/Library/Frameworks/AuthenticationServices.framework/Headers/ASAuthorizationController.h:31:11: note: 'ASAuthorizationControllerPresentationContextProviding' has been explicitly marked unavailable here
29 | AS_EXTERN API_AVAILABLE(ios(13.0), macos(10.15), tvos(13.0)) API_UNAVAILABLE(watchos)
30 | NS_SWIFT_UI_ACTOR
31 | @protocol ASAuthorizationControllerPresentationContextProviding <NSObject>
| `- note: 'ASAuthorizationControllerPresentationContextProviding' has been explicitly marked unavailable here
32 | @required
33 |
/Users/admin/builder/spi-builder-workspace/Sources/SnapAuth/SnapAuth.swift:19:26: error: 'ASPresentationAnchor' is unavailable in watchOS
17 | internal var presentationContextProvider: ASAuthorizationControllerPresentationContextProviding?
18 |
19 | internal var anchor: ASPresentationAnchor?
| `- error: 'ASPresentationAnchor' is unavailable in watchOS
20 |
21 | internal var authController: ASAuthorizationController?
/Applications/Xcode-27.0.0-Release.Candidate.app/Contents/Developer/Platforms/WatchOS.platform/Developer/SDKs/WatchOS27.0.sdk/System/Library/Frameworks/AuthenticationServices.framework/Headers/ASFoundation.h:39:20: note: 'ASPresentationAnchor' has been explicitly marked unavailable here
37 | #import <UIKit/UIKit.h>
38 | #if __has_include(<UIKit/UIWindow.h>)
39 | typedef UIWindow * ASPresentationAnchor API_UNAVAILABLE(watchos);
| `- note: 'ASPresentationAnchor' has been explicitly marked unavailable here
40 | #endif
41 | #if __has_include(<UIKit/UIViewController.h>) && !defined(ASViewController)
/Users/admin/builder/spi-builder-workspace/Sources/SnapAuth/SnapAuth.swift:111:17: error: 'ASPresentationAnchor' is unavailable in watchOS
109 | internal func startRegister(
110 | name: String,
111 | anchor: ASPresentationAnchor,
| `- error: 'ASPresentationAnchor' is unavailable in watchOS
112 | displayName: String? = nil,
113 | authenticators: Set<Authenticator> = Authenticator.all
/Applications/Xcode-27.0.0-Release.Candidate.app/Contents/Developer/Platforms/WatchOS.platform/Developer/SDKs/WatchOS27.0.sdk/System/Library/Frameworks/AuthenticationServices.framework/Headers/ASFoundation.h:39:20: note: 'ASPresentationAnchor' has been explicitly marked unavailable here
37 | #import <UIKit/UIKit.h>
38 | #if __has_include(<UIKit/UIWindow.h>)
39 | typedef UIWindow * ASPresentationAnchor API_UNAVAILABLE(watchos);
| `- note: 'ASPresentationAnchor' has been explicitly marked unavailable here
40 | #endif
41 | #if __has_include(<UIKit/UIViewController.h>) && !defined(ASViewController)
/Users/admin/builder/spi-builder-workspace/Sources/SnapAuth/SnapAuth.swift:184:17: error: 'ASPresentationAnchor' is unavailable in watchOS
182 | internal func startAuth(
183 | _ user: AuthenticatingUser,
184 | anchor: ASPresentationAnchor,
| `- error: 'ASPresentationAnchor' is unavailable in watchOS
185 | authenticators: Set<Authenticator> = Authenticator.all
186 | ) async -> SnapAuthResult {
/Applications/Xcode-27.0.0-Release.Candidate.app/Contents/Developer/Platforms/WatchOS.platform/Developer/SDKs/WatchOS27.0.sdk/System/Library/Frameworks/AuthenticationServices.framework/Headers/ASFoundation.h:39:20: note: 'ASPresentationAnchor' has been explicitly marked unavailable here
37 | #import <UIKit/UIKit.h>
38 | #if __has_include(<UIKit/UIWindow.h>)
39 | typedef UIWindow * ASPresentationAnchor API_UNAVAILABLE(watchos);
| `- note: 'ASPresentationAnchor' has been explicitly marked unavailable here
40 | #endif
41 | #if __has_include(<UIKit/UIViewController.h>) && !defined(ASViewController)
/Users/admin/builder/spi-builder-workspace/Sources/SnapAuth/SnapAuth.swift:66:33: error: 'cancel()' is unavailable in watchOS
64 | if #available(iOS 16.0, macOS 13.0, visionOS 1.0, *) {
65 | logger.debug("Canceling existing auth controller")
66 | authController!.cancel()
| `- error: 'cancel()' is unavailable in watchOS
67 | }
68 | #endif
/Applications/Xcode-27.0.0-Release.Candidate.app/Contents/Developer/Platforms/WatchOS.platform/Developer/SDKs/WatchOS27.0.sdk/System/Library/Frameworks/AuthenticationServices.framework/Headers/ASAuthorizationController.h:98:1: note: 'cancel()' has been explicitly marked unavailable here
96 | be made indicating the cancel.
97 | */
98 | - (void)cancel API_AVAILABLE(macos(13.0), ios(16.0), tvos(18.0)) API_UNAVAILABLE(watchos);
| `- note: 'cancel()' has been explicitly marked unavailable here
99 |
100 | + (instancetype)new NS_UNAVAILABLE;
/Users/admin/builder/spi-builder-workspace/Sources/SnapAuth/SnapAuth.swift:138:20: error: 'presentationContextProvider' is unavailable in watchOS
136 | authController = controller
137 | controller.delegate = self
138 | controller.presentationContextProvider = self
| `- error: 'presentationContextProvider' is unavailable in watchOS
139 | logger.debug("SR perform")
140 |
/Applications/Xcode-27.0.0-Release.Candidate.app/Contents/Developer/Platforms/WatchOS.platform/Developer/SDKs/WatchOS27.0.sdk/System/Library/Frameworks/AuthenticationServices.framework/Headers/ASAuthorizationController.h:62:98: note: 'presentationContextProvider' has been explicitly marked unavailable here
60 | /*! @abstract This delegate will be invoked upon needing a presentation context to display authorization UI.
61 | */
62 | @property (nonatomic, weak, nullable) id <ASAuthorizationControllerPresentationContextProviding> presentationContextProvider API_UNAVAILABLE(watchos);
| `- note: 'presentationContextProvider' has been explicitly marked unavailable here
63 |
64 | /*! @abstract A list of custom authorization methods that may be displayed in the authorization UI.
SwiftCompile normal arm64 /Users/admin/builder/spi-builder-workspace/Sources/SnapAuth/SnapAuth.swift (in target 'SnapAuth' from project 'SnapAuth')
cd /Users/admin/builder/spi-builder-workspace/.swiftpm/xcode
builtin-SwiftPerFileCompile SnapAuth.swift
SwiftCompile normal arm64 Compiling\ SnapAuth+BuildRequests.swift /Users/admin/builder/spi-builder-workspace/Sources/SnapAuth/SnapAuth+BuildRequests.swift (in target 'SnapAuth' from project 'SnapAuth')
/Users/admin/builder/spi-builder-workspace/Sources/SnapAuth/SnapAuth+BuildRequests.swift:15:28: error: 'ASAuthorizationPlatformPublicKeyCredentialProvider' is unavailable in watchOS
13 |
14 | if authenticators.contains(.passkey) {
15 | let provider = ASAuthorizationPlatformPublicKeyCredentialProvider(
| `- error: 'ASAuthorizationPlatformPublicKeyCredentialProvider' is unavailable in watchOS
16 | relyingPartyIdentifier: options.publicKey.rp.id)
17 | let request = provider.createCredentialRegistrationRequest(
/Applications/Xcode-27.0.0-Release.Candidate.app/Contents/Developer/Platforms/WatchOS.platform/Developer/SDKs/WatchOS27.0.sdk/System/Library/Frameworks/AuthenticationServices.framework/Headers/ASAuthorizationPlatformPublicKeyCredentialProvider.h:14:12: note: 'ASAuthorizationPlatformPublicKeyCredentialProvider' has been explicitly marked unavailable here
12 |
13 | API_AVAILABLE(macos(12.0), ios(15.0), tvos(16.0)) API_UNAVAILABLE(watchos)
14 | @interface ASAuthorizationPlatformPublicKeyCredentialProvider : NSObject <ASAuthorizationProvider>
| `- note: 'ASAuthorizationPlatformPublicKeyCredentialProvider' has been explicitly marked unavailable here
15 |
16 | - (instancetype)initWithRelyingPartyIdentifier:(NSString *)relyingPartyIdentifier NS_DESIGNATED_INITIALIZER;
/Users/admin/builder/spi-builder-workspace/Sources/SnapAuth/SnapAuth+BuildRequests.swift:53:28: error: 'ASAuthorizationPlatformPublicKeyCredentialProvider' is unavailable in watchOS
51 |
52 | if authenticators.contains(.passkey) {
53 | let provider = ASAuthorizationPlatformPublicKeyCredentialProvider(
| `- error: 'ASAuthorizationPlatformPublicKeyCredentialProvider' is unavailable in watchOS
54 | relyingPartyIdentifier: options.publicKey.rpId)
55 |
/Applications/Xcode-27.0.0-Release.Candidate.app/Contents/Developer/Platforms/WatchOS.platform/Developer/SDKs/WatchOS27.0.sdk/System/Library/Frameworks/AuthenticationServices.framework/Headers/ASAuthorizationPlatformPublicKeyCredentialProvider.h:14:12: note: 'ASAuthorizationPlatformPublicKeyCredentialProvider' has been explicitly marked unavailable here
12 |
13 | API_AVAILABLE(macos(12.0), ios(15.0), tvos(16.0)) API_UNAVAILABLE(watchos)
14 | @interface ASAuthorizationPlatformPublicKeyCredentialProvider : NSObject <ASAuthorizationProvider>
| `- note: 'ASAuthorizationPlatformPublicKeyCredentialProvider' has been explicitly marked unavailable here
15 |
16 | - (instancetype)initWithRelyingPartyIdentifier:(NSString *)relyingPartyIdentifier NS_DESIGNATED_INITIALIZER;
SwiftCompile normal arm64 /Users/admin/builder/spi-builder-workspace/Sources/SnapAuth/SnapAuth+BuildRequests.swift (in target 'SnapAuth' from project 'SnapAuth')
cd /Users/admin/builder/spi-builder-workspace/.swiftpm/xcode
builtin-SwiftPerFileCompile SnapAuth+BuildRequests.swift
SwiftCompile normal arm64 Compiling\ PresentationAnchor.swift /Users/admin/builder/spi-builder-workspace/Sources/SnapAuth/PresentationAnchor.swift (in target 'SnapAuth' from project 'SnapAuth')
/Users/admin/builder/spi-builder-workspace/Sources/SnapAuth/PresentationAnchor.swift:8:44: error: 'ASPresentationAnchor' is unavailable in watchOS
6 | fileprivate let defaultPresentationAnchor: ASPresentationAnchor = NSApplication.shared.mainWindow ?? ASPresentationAnchor()
7 | #else
8 | fileprivate let defaultPresentationAnchor: ASPresentationAnchor = (UIApplication.shared.connectedScenes.first as? UIWindowScene)?.windows.first?.rootViewController?.view.window ?? ASPresentationAnchor()
| `- error: 'ASPresentationAnchor' is unavailable in watchOS
9 | #endif
10 |
/Applications/Xcode-27.0.0-Release.Candidate.app/Contents/Developer/Platforms/WatchOS.platform/Developer/SDKs/WatchOS27.0.sdk/System/Library/Frameworks/AuthenticationServices.framework/Headers/ASFoundation.h:39:20: note: 'ASPresentationAnchor' has been explicitly marked unavailable here
37 | #import <UIKit/UIKit.h>
38 | #if __has_include(<UIKit/UIWindow.h>)
39 | typedef UIWindow * ASPresentationAnchor API_UNAVAILABLE(watchos);
| `- note: 'ASPresentationAnchor' has been explicitly marked unavailable here
40 | #endif
41 | #if __has_include(<UIKit/UIViewController.h>) && !defined(ASViewController)
/Users/admin/builder/spi-builder-workspace/Sources/SnapAuth/PresentationAnchor.swift:8:115: error: 'UIWindowScene' is unavailable in watchOS
6 | fileprivate let defaultPresentationAnchor: ASPresentationAnchor = NSApplication.shared.mainWindow ?? ASPresentationAnchor()
7 | #else
8 | fileprivate let defaultPresentationAnchor: ASPresentationAnchor = (UIApplication.shared.connectedScenes.first as? UIWindowScene)?.windows.first?.rootViewController?.view.window ?? ASPresentationAnchor()
| `- error: 'UIWindowScene' is unavailable in watchOS
9 | #endif
10 |
/Applications/Xcode-27.0.0-Release.Candidate.app/Contents/Developer/Platforms/WatchOS.platform/Developer/SDKs/WatchOS27.0.sdk/System/Library/Frameworks/UIKit.framework/Headers/UIWindowScene.h:22:12: note: 'UIWindowScene' has been explicitly marked unavailable here
20 |
21 | UIKIT_EXTERN API_AVAILABLE(ios(13.0)) API_UNAVAILABLE(watchos) NS_SWIFT_UI_ACTOR
22 | @interface UIWindowScene : UIScene
| `- note: 'UIWindowScene' has been explicitly marked unavailable here
23 |
24 | #pragma mark Geometry
/Users/admin/builder/spi-builder-workspace/Sources/SnapAuth/PresentationAnchor.swift:8:68: error: 'UIApplication' is unavailable in watchOS
6 | fileprivate let defaultPresentationAnchor: ASPresentationAnchor = NSApplication.shared.mainWindow ?? ASPresentationAnchor()
7 | #else
8 | fileprivate let defaultPresentationAnchor: ASPresentationAnchor = (UIApplication.shared.connectedScenes.first as? UIWindowScene)?.windows.first?.rootViewController?.view.window ?? ASPresentationAnchor()
| `- error: 'UIApplication' is unavailable in watchOS
9 | #endif
10 |
/Applications/Xcode-27.0.0-Release.Candidate.app/Contents/Developer/Platforms/WatchOS.platform/Developer/SDKs/WatchOS27.0.sdk/System/Library/Frameworks/UIKit.framework/Headers/UIApplication.h:85:12: note: 'UIApplication' has been explicitly marked unavailable here
83 |
84 | UIKIT_EXTERN API_AVAILABLE(ios(2.0)) API_UNAVAILABLE(watchos) NS_SWIFT_UI_ACTOR
85 | @interface UIApplication : UIResponder
| `- note: 'UIApplication' has been explicitly marked unavailable here
86 |
87 | @property(class, nonatomic, readonly) UIApplication *sharedApplication NS_EXTENSION_UNAVAILABLE_IOS("Use view controller based solutions where appropriate instead.");
/Users/admin/builder/spi-builder-workspace/Sources/SnapAuth/PresentationAnchor.swift:8:89: error: 'connectedScenes' is unavailable in watchOS
6 | fileprivate let defaultPresentationAnchor: ASPresentationAnchor = NSApplication.shared.mainWindow ?? ASPresentationAnchor()
7 | #else
8 | fileprivate let defaultPresentationAnchor: ASPresentationAnchor = (UIApplication.shared.connectedScenes.first as? UIWindowScene)?.windows.first?.rootViewController?.view.window ?? ASPresentationAnchor()
| `- error: 'connectedScenes' is unavailable in watchOS
9 | #endif
10 |
/Applications/Xcode-27.0.0-Release.Candidate.app/Contents/Developer/Platforms/WatchOS.platform/Developer/SDKs/WatchOS27.0.sdk/System/Library/Frameworks/UIKit.framework/Headers/UIApplication.h:189:50: note: 'connectedScenes' has been explicitly marked unavailable here
187 | #pragma mark -- UIScene --
188 | // All of the currently connected UIScene instances
189 | @property(nonatomic, readonly) NSSet<UIScene *> *connectedScenes API_AVAILABLE(ios(13.0)) API_UNAVAILABLE(watchos);
| `- note: 'connectedScenes' has been explicitly marked unavailable here
190 |
191 | // All of the representations that currently have connected UIScene instances or had their sessions persisted by the system (ex: visible in iOS' switcher)
/Users/admin/builder/spi-builder-workspace/Sources/SnapAuth/PresentationAnchor.swift:8:181: error: 'ASPresentationAnchor' is unavailable in watchOS
6 | fileprivate let defaultPresentationAnchor: ASPresentationAnchor = NSApplication.shared.mainWindow ?? ASPresentationAnchor()
7 | #else
8 | fileprivate let defaultPresentationAnchor: ASPresentationAnchor = (UIApplication.shared.connectedScenes.first as? UIWindowScene)?.windows.first?.rootViewController?.view.window ?? ASPresentationAnchor()
| `- error: 'ASPresentationAnchor' is unavailable in watchOS
9 | #endif
10 |
/Applications/Xcode-27.0.0-Release.Candidate.app/Contents/Developer/Platforms/WatchOS.platform/Developer/SDKs/WatchOS27.0.sdk/System/Library/Frameworks/AuthenticationServices.framework/Headers/ASFoundation.h:39:20: note: 'ASPresentationAnchor' has been explicitly marked unavailable here
37 | #import <UIKit/UIKit.h>
38 | #if __has_include(<UIKit/UIWindow.h>)
39 | typedef UIWindow * ASPresentationAnchor API_UNAVAILABLE(watchos);
| `- note: 'ASPresentationAnchor' has been explicitly marked unavailable here
40 | #endif
41 | #if __has_include(<UIKit/UIViewController.h>) && !defined(ASViewController)
/Users/admin/builder/spi-builder-workspace/Sources/SnapAuth/PresentationAnchor.swift:8:181: error: 'init()' is unavailable in watchOS
6 | fileprivate let defaultPresentationAnchor: ASPresentationAnchor = NSApplication.shared.mainWindow ?? ASPresentationAnchor()
7 | #else
8 | fileprivate let defaultPresentationAnchor: ASPresentationAnchor = (UIApplication.shared.connectedScenes.first as? UIWindowScene)?.windows.first?.rootViewController?.view.window ?? ASPresentationAnchor()
| `- error: 'init()' is unavailable in watchOS
9 | #endif
10 |
/Applications/Xcode-27.0.0-Release.Candidate.app/Contents/Developer/Platforms/WatchOS.platform/Developer/SDKs/WatchOS27.0.sdk/System/Library/Frameworks/UIKit.framework/Headers/UIWindow.h:28:1: note: 'init()' has been explicitly marked unavailable here
26 |
27 | - (instancetype)initWithFrame:(CGRect)frame NS_DESIGNATED_INITIALIZER API_DEPRECATED("Use init(windowScene:) instead.", ios(2.0, 26.0), tvos(9.0, 26.0), visionos(1.0, 26.0)) API_UNAVAILABLE(watchos);
28 | - (instancetype)init API_DEPRECATED("Use init(windowScene:) instead.", ios(2.0, 26.0), tvos(9.0, 26.0), visionos(1.0, 26.0)) API_UNAVAILABLE(watchos);
| `- note: 'init()' has been explicitly marked unavailable here
29 |
30 | // If nil, window will not appear on any screen.
SwiftCompile normal arm64 /Users/admin/builder/spi-builder-workspace/Sources/SnapAuth/PresentationAnchor.swift (in target 'SnapAuth' from project 'SnapAuth')
cd /Users/admin/builder/spi-builder-workspace/.swiftpm/xcode
builtin-SwiftPerFileCompile PresentationAnchor.swift
SwiftCompile normal arm64 Compiling\ SnapAuth+AutoFill.swift /Users/admin/builder/spi-builder-workspace/Sources/SnapAuth/SnapAuth+AutoFill.swift (in target 'SnapAuth' from project 'SnapAuth')
SwiftCompile normal arm64 /Users/admin/builder/spi-builder-workspace/Sources/SnapAuth/SnapAuth+AutoFill.swift (in target 'SnapAuth' from project 'SnapAuth')
cd /Users/admin/builder/spi-builder-workspace/.swiftpm/xcode
builtin-SwiftPerFileCompile SnapAuth+AutoFill.swift
SwiftCompile normal arm64 Compiling\ Errors.swift /Users/admin/builder/spi-builder-workspace/Sources/SnapAuth/Errors.swift (in target 'SnapAuth' from project 'SnapAuth')
SwiftCompile normal arm64 /Users/admin/builder/spi-builder-workspace/Sources/SnapAuth/Errors.swift (in target 'SnapAuth' from project 'SnapAuth')
cd /Users/admin/builder/spi-builder-workspace/.swiftpm/xcode
builtin-SwiftPerFileCompile Errors.swift
SwiftCompile normal arm64 Compiling\ API.swift,\ ApiClient.swift /Users/admin/builder/spi-builder-workspace/Sources/SnapAuth/API.swift /Users/admin/builder/spi-builder-workspace/Sources/SnapAuth/ApiClient.swift (in target 'SnapAuth' from project 'SnapAuth')
/Users/admin/builder/spi-builder-workspace/Sources/SnapAuth/API.swift:117:13: warning: immutable property will not be decoded because it is declared with an initial value which cannot be overwritten
115 | let user: AuthenticatingUser?
116 | struct SACredential: Codable {
117 | let type: String = "public-key"
| |- warning: immutable property will not be decoded because it is declared with an initial value which cannot be overwritten
| |- note: set the initial value via the initializer or explicitly define a CodingKeys enum including a 'type' case to silence this warning
| `- note: make the property mutable instead
118 | let rawId: Base64URL
119 | let response: SACredential.Response
SwiftCompile normal arm64 /Users/admin/builder/spi-builder-workspace/Sources/SnapAuth/API.swift (in target 'SnapAuth' from project 'SnapAuth')
cd /Users/admin/builder/spi-builder-workspace/.swiftpm/xcode
builtin-SwiftPerFileCompile API.swift
SwiftCompile normal arm64 /Users/admin/builder/spi-builder-workspace/Sources/SnapAuth/ApiClient.swift (in target 'SnapAuth' from project 'SnapAuth')
cd /Users/admin/builder/spi-builder-workspace/.swiftpm/xcode
builtin-SwiftPerFileCompile ApiClient.swift
SwiftCompile normal arm64 Compiling\ Base64URL.swift /Users/admin/builder/spi-builder-workspace/Sources/SnapAuth/Base64URL.swift (in target 'SnapAuth' from project 'SnapAuth')
SwiftCompile normal arm64 /Users/admin/builder/spi-builder-workspace/Sources/SnapAuth/Base64URL.swift (in target 'SnapAuth' from project 'SnapAuth')
cd /Users/admin/builder/spi-builder-workspace/.swiftpm/xcode
builtin-SwiftPerFileCompile Base64URL.swift
SwiftExplicitDependencyGeneratePcm arm64_32 /Users/admin/builder/spi-builder-workspace/.derivedData/SDKExplicitPrecompiledModules/AuthenticationServices-U4ZM8YNANM5QPRY57SHT95HW.pcm
PruneExplicitPrecompiledModules /Users/admin/builder/spi-builder-workspace/.derivedData/SDKExplicitPrecompiledModules
PruneExplicitPrecompiledModules /Users/admin/builder/spi-builder-workspace/.derivedData/Build/Intermediates.noindex/ExplicitPrecompiledModules
PruneExplicitPrecompiledModules /Users/admin/builder/spi-builder-workspace/.derivedData/Build/Intermediates.noindex/SwiftExplicitPrecompiledModules
2026-09-20 21:10:33.198 xcodebuild[627:3886] [MT] IDERunDestination: Supported platforms for the buildables in the current scheme is empty.
** BUILD FAILED **
The following build commands failed:
SwiftCompile normal arm64 (in target 'SnapAuth' from project 'SnapAuth')
SwiftEmitModule normal arm64 Emitting\ module\ for\ SnapAuth (in target 'SnapAuth' from project 'SnapAuth')
Building workspace SnapAuth with scheme SnapAuth
(3 failures)
Command line invocation:
/Applications/Xcode-27.0.0-Release.Candidate.app/Contents/Developer/usr/bin/xcodebuild -IDEClonedSourcePackagesDirPathOverride=/Users/admin/builder/spi-builder-workspace/.dependencies -resolvePackageDependencies
Resolve Package Graph
Resolved source packages:
SnapAuth: /Users/admin/builder/spi-builder-workspace
resolved source packages: SnapAuth
2026-09-20 21:10:39.937 xcodebuild[778:4572] [MT] IDERunDestination: Supported platforms for the buildables in the current scheme is empty.
{
"dependencies" : [
],
"manifest_display_name" : "SnapAuth",
"name" : "SnapAuth",
"path" : "/Users/admin/builder/spi-builder-workspace",
"platforms" : [
{
"name" : "macos",
"version" : "12.0"
},
{
"name" : "ios",
"version" : "15.0"
},
{
"name" : "tvos",
"version" : "16.0"
},
{
"name" : "visionos",
"version" : "1.0"
}
],
"products" : [
{
"name" : "SnapAuth",
"targets" : [
"SnapAuth"
],
"type" : {
"library" : [
"automatic"
]
}
}
],
"targets" : [
{
"c99name" : "SnapAuthTests",
"module_type" : "SwiftTarget",
"name" : "SnapAuthTests",
"path" : "Tests/SnapAuthTests",
"sources" : [
"Base64URLTests.swift"
],
"target_dependencies" : [
"SnapAuth"
],
"type" : "test"
},
{
"c99name" : "SnapAuth",
"module_type" : "SwiftTarget",
"name" : "SnapAuth",
"path" : "Sources/SnapAuth",
"product_memberships" : [
"SnapAuth"
],
"sources" : [
"API.swift",
"ApiClient.swift",
"Base64URL.swift",
"Errors.swift",
"PresentationAnchor.swift",
"SnapAuth+ASACD.swift",
"SnapAuth+ASACPCP.swift",
"SnapAuth+AutoFill.swift",
"SnapAuth+BuildRequests.swift",
"SnapAuth.swift",
"SnapAuthDelegate.swift"
],
"type" : "library"
}
],
"tools_version" : "5.10"
}
{
"workspace" : {
"name" : "SnapAuth",
"schemes" : [
"SnapAuth"
]
}
}
2026-09-20 21:10:41.161 xcodebuild[786:4638] [MT] IDERunDestination: Supported platforms for the buildables in the current scheme is empty.
Running build ...
env DEVELOPER_DIR=/Applications/Xcode-27.0.0-Release.Candidate.app xcrun xcodebuild -IDEClonedSourcePackagesDirPathOverride=$PWD/.dependencies -skipMacroValidation -skipPackagePluginValidation -derivedDataPath $PWD/.derivedData build -scheme SnapAuth -destination generic/platform=watchOS
Command line invocation:
/Applications/Xcode-27.0.0-Release.Candidate.app/Contents/Developer/usr/bin/xcodebuild -IDEClonedSourcePackagesDirPathOverride=/Users/admin/builder/spi-builder-workspace/.dependencies -skipMacroValidation -skipPackagePluginValidation -derivedDataPath /Users/admin/builder/spi-builder-workspace/.derivedData build -scheme SnapAuth -destination generic/platform=watchOS
Resolve Package Graph
Resolved source packages:
SnapAuth: /Users/admin/builder/spi-builder-workspace
ComputePackagePrebuildTargetDependencyGraph
Prepare packages
CreateBuildRequest
SendProjectDescription
CreateBuildOperation
ComputeTargetDependencyGraph
note: Building targets in dependency order
note: Target dependency graph (2 targets)
Target 'SnapAuth-product' in project 'SnapAuth'
➜ Explicit dependency on target 'SnapAuth' in project 'SnapAuth'
Target 'SnapAuth' in project 'SnapAuth' (no dependencies)
GatherProvisioningInputs
CreateBuildDescription
ClangStatCache /Applications/Xcode-27.0.0-Release.Candidate.app/Contents/Developer/Toolchains/XcodeDefault.xctoolchain/usr/bin/clang-stat-cache /Applications/Xcode-27.0.0-Release.Candidate.app/Contents/Developer/Platforms/WatchOS.platform/Developer/SDKs/WatchOS27.0.sdk /Users/admin/builder/spi-builder-workspace/.derivedData/SDKStatCaches.noindex/watchos27.0-24R360-e829b21a6f8c9b70876ba0858053c04477534ef55a1706bf4c1112bbb242f0a2.sdkstatcache
cd /Users/admin/builder/spi-builder-workspace/.swiftpm/xcode
/Applications/Xcode-27.0.0-Release.Candidate.app/Contents/Developer/Toolchains/XcodeDefault.xctoolchain/usr/bin/clang-stat-cache /Applications/Xcode-27.0.0-Release.Candidate.app/Contents/Developer/Platforms/WatchOS.platform/Developer/SDKs/WatchOS27.0.sdk -o /Users/admin/builder/spi-builder-workspace/.derivedData/SDKStatCaches.noindex/watchos27.0-24R360-e829b21a6f8c9b70876ba0858053c04477534ef55a1706bf4c1112bbb242f0a2.sdkstatcache
SwiftDriver SnapAuth normal arm64 com.apple.xcode.tools.swift.compiler (in target 'SnapAuth' from project 'SnapAuth')
cd /Users/admin/builder/spi-builder-workspace/.swiftpm/xcode
builtin-SwiftDriver -- /Applications/Xcode-27.0.0-Release.Candidate.app/Contents/Developer/Toolchains/XcodeDefault.xctoolchain/usr/bin/swiftc -parse-as-library -module-name SnapAuth -Onone @/Users/admin/builder/spi-builder-workspace/.derivedData/Build/Intermediates.noindex/SnapAuth.build/Debug-watchos/SnapAuth-t.build/Objects-normal/arm64/SnapAuth.SwiftFileList -DSWIFT_PACKAGE -DDEBUG -DSWIFT_MODULE_RESOURCE_BUNDLE_UNAVAILABLE -DXcode -plugin-path /Applications/Xcode-27.0.0-Release.Candidate.app/Contents/Developer/Toolchains/XcodeDefault.xctoolchain/usr/lib/swift/host/plugins/testing -enable-experimental-feature DebugDescriptionMacro -sdk /Applications/Xcode-27.0.0-Release.Candidate.app/Contents/Developer/Platforms/WatchOS.platform/Developer/SDKs/WatchOS27.0.sdk -target arm64-apple-watchos9.0 -g -module-cache-path /Users/admin/builder/spi-builder-workspace/.derivedData/ModuleCache.noindex -Xfrontend -serialize-debugging-options -profile-coverage-mapping -profile-generate -enable-testing -index-store-path /Users/admin/builder/spi-builder-workspace/.derivedData/Index.noindex/DataStore -Xcc -D_LIBCPP_HARDENING_MODE\=_LIBCPP_HARDENING_MODE_DEBUG -swift-version 5 -I /Users/admin/builder/spi-builder-workspace/.derivedData/Build/Products/Debug-watchos -Isystem /Applications/Xcode-27.0.0-Release.Candidate.app/Contents/Developer/Platforms/WatchOS.platform/Developer/usr/lib -F /Users/admin/builder/spi-builder-workspace/.derivedData/Build/Products/Debug-watchos -F /Applications/Xcode-27.0.0-Release.Candidate.app/Contents/Developer/Platforms/WatchOS.platform/Developer/Library/Frameworks -F /Applications/Xcode-27.0.0-Release.Candidate.app/Contents/Developer/Platforms/WatchOS.platform/Developer/SDKs/WatchOS27.0.sdk/Developer/Library/Frameworks -c -j10 -enable-batch-mode -incremental -Xcc -ivfsstatcache -Xcc /Users/admin/builder/spi-builder-workspace/.derivedData/SDKStatCaches.noindex/watchos27.0-24R360-e829b21a6f8c9b70876ba0858053c04477534ef55a1706bf4c1112bbb242f0a2.sdkstatcache -output-file-map /Users/admin/builder/spi-builder-workspace/.derivedData/Build/Intermediates.noindex/SnapAuth.build/Debug-watchos/SnapAuth-t.build/Objects-normal/arm64/SnapAuth-OutputFileMap.json -save-temps -no-color-diagnostics -explicit-module-build -module-cache-path /Users/admin/builder/spi-builder-workspace/.derivedData/Build/Intermediates.noindex/SwiftExplicitPrecompiledModules -clang-scanner-module-cache-path /Users/admin/builder/spi-builder-workspace/.derivedData/ModuleCache.noindex -sdk-module-cache-path /Users/admin/builder/spi-builder-workspace/.derivedData/SDKExplicitPrecompiledModules -emit-dependencies -emit-module -emit-module-path /Users/admin/builder/spi-builder-workspace/.derivedData/Build/Intermediates.noindex/SnapAuth.build/Debug-watchos/SnapAuth-t.build/Objects-normal/arm64/SnapAuth.swiftmodule -serialize-diagnostics -dependency-scan-serialize-diagnostics-path /Users/admin/builder/spi-builder-workspace/.derivedData/Build/Intermediates.noindex/SnapAuth.build/Debug-watchos/SnapAuth-t.build/Objects-normal/arm64/SnapAuth-dependency-scan.dia -validate-clang-modules-once -clang-build-session-file /Users/admin/builder/spi-builder-workspace/.derivedData/ModuleCache.noindex/Session.modulevalidation -Xcc -fmodules-prune-interval\=86400 -Xcc -fmodules-prune-after\=345600 -package-name spi_builder_workspace -emit-const-values -const-gather-protocols-list /Users/admin/builder/spi-builder-workspace/.derivedData/Build/Intermediates.noindex/SnapAuth.build/Debug-watchos/SnapAuth-t.build/Objects-normal/arm64/SnapAuth_const_extract_protocols.json -Xcc -I/Users/admin/builder/spi-builder-workspace/.derivedData/Build/Products/Debug-watchos/include -Xcc -I/Users/admin/builder/spi-builder-workspace/.derivedData/Build/Intermediates.noindex/SnapAuth.build/Debug-watchos/SnapAuth-t.build/DerivedSources-normal/arm64 -Xcc -I/Users/admin/builder/spi-builder-workspace/.derivedData/Build/Intermediates.noindex/SnapAuth.build/Debug-watchos/SnapAuth-t.build/DerivedSources/arm64 -Xcc -I/Users/admin/builder/spi-builder-workspace/.derivedData/Build/Intermediates.noindex/SnapAuth.build/Debug-watchos/SnapAuth-t.build/DerivedSources -Xcc -DSWIFT_PACKAGE -Xcc -DDEBUG\=1 -emit-objc-header -emit-objc-header-path /Users/admin/builder/spi-builder-workspace/.derivedData/Build/Intermediates.noindex/SnapAuth.build/Debug-watchos/SnapAuth-t.build/Objects-normal/arm64/SnapAuth-Swift.h -working-directory /Users/admin/builder/spi-builder-workspace/.swiftpm/xcode -experimental-emit-module-separately -disable-cmo
SwiftDriver SnapAuth normal arm64_32 com.apple.xcode.tools.swift.compiler (in target 'SnapAuth' from project 'SnapAuth')
cd /Users/admin/builder/spi-builder-workspace/.swiftpm/xcode
builtin-SwiftDriver -- /Applications/Xcode-27.0.0-Release.Candidate.app/Contents/Developer/Toolchains/XcodeDefault.xctoolchain/usr/bin/swiftc -parse-as-library -module-name SnapAuth -Onone @/Users/admin/builder/spi-builder-workspace/.derivedData/Build/Intermediates.noindex/SnapAuth.build/Debug-watchos/SnapAuth-t.build/Objects-normal/arm64_32/SnapAuth.SwiftFileList -DSWIFT_PACKAGE -DDEBUG -DSWIFT_MODULE_RESOURCE_BUNDLE_UNAVAILABLE -DXcode -plugin-path /Applications/Xcode-27.0.0-Release.Candidate.app/Contents/Developer/Toolchains/XcodeDefault.xctoolchain/usr/lib/swift/host/plugins/testing -enable-experimental-feature DebugDescriptionMacro -sdk /Applications/Xcode-27.0.0-Release.Candidate.app/Contents/Developer/Platforms/WatchOS.platform/Developer/SDKs/WatchOS27.0.sdk -target arm64_32-apple-watchos9.0 -g -module-cache-path /Users/admin/builder/spi-builder-workspace/.derivedData/ModuleCache.noindex -Xfrontend -serialize-debugging-options -profile-coverage-mapping -profile-generate -enable-testing -index-store-path /Users/admin/builder/spi-builder-workspace/.derivedData/Index.noindex/DataStore -Xcc -D_LIBCPP_HARDENING_MODE\=_LIBCPP_HARDENING_MODE_DEBUG -swift-version 5 -I /Users/admin/builder/spi-builder-workspace/.derivedData/Build/Products/Debug-watchos -Isystem /Applications/Xcode-27.0.0-Release.Candidate.app/Contents/Developer/Platforms/WatchOS.platform/Developer/usr/lib -F /Users/admin/builder/spi-builder-workspace/.derivedData/Build/Products/Debug-watchos -F /Applications/Xcode-27.0.0-Release.Candidate.app/Contents/Developer/Platforms/WatchOS.platform/Developer/Library/Frameworks -F /Applications/Xcode-27.0.0-Release.Candidate.app/Contents/Developer/Platforms/WatchOS.platform/Developer/SDKs/WatchOS27.0.sdk/Developer/Library/Frameworks -c -j10 -enable-batch-mode -incremental -Xcc -ivfsstatcache -Xcc /Users/admin/builder/spi-builder-workspace/.derivedData/SDKStatCaches.noindex/watchos27.0-24R360-e829b21a6f8c9b70876ba0858053c04477534ef55a1706bf4c1112bbb242f0a2.sdkstatcache -output-file-map /Users/admin/builder/spi-builder-workspace/.derivedData/Build/Intermediates.noindex/SnapAuth.build/Debug-watchos/SnapAuth-t.build/Objects-normal/arm64_32/SnapAuth-OutputFileMap.json -save-temps -no-color-diagnostics -explicit-module-build -module-cache-path /Users/admin/builder/spi-builder-workspace/.derivedData/Build/Intermediates.noindex/SwiftExplicitPrecompiledModules -clang-scanner-module-cache-path /Users/admin/builder/spi-builder-workspace/.derivedData/ModuleCache.noindex -sdk-module-cache-path /Users/admin/builder/spi-builder-workspace/.derivedData/SDKExplicitPrecompiledModules -emit-dependencies -emit-module -emit-module-path /Users/admin/builder/spi-builder-workspace/.derivedData/Build/Intermediates.noindex/SnapAuth.build/Debug-watchos/SnapAuth-t.build/Objects-normal/arm64_32/SnapAuth.swiftmodule -serialize-diagnostics -dependency-scan-serialize-diagnostics-path /Users/admin/builder/spi-builder-workspace/.derivedData/Build/Intermediates.noindex/SnapAuth.build/Debug-watchos/SnapAuth-t.build/Objects-normal/arm64_32/SnapAuth-dependency-scan.dia -validate-clang-modules-once -clang-build-session-file /Users/admin/builder/spi-builder-workspace/.derivedData/ModuleCache.noindex/Session.modulevalidation -Xcc -fmodules-prune-interval\=86400 -Xcc -fmodules-prune-after\=345600 -package-name spi_builder_workspace -emit-const-values -const-gather-protocols-list /Users/admin/builder/spi-builder-workspace/.derivedData/Build/Intermediates.noindex/SnapAuth.build/Debug-watchos/SnapAuth-t.build/Objects-normal/arm64_32/SnapAuth_const_extract_protocols.json -Xcc -I/Users/admin/builder/spi-builder-workspace/.derivedData/Build/Products/Debug-watchos/include -Xcc -I/Users/admin/builder/spi-builder-workspace/.derivedData/Build/Intermediates.noindex/SnapAuth.build/Debug-watchos/SnapAuth-t.build/DerivedSources-normal/arm64_32 -Xcc -I/Users/admin/builder/spi-builder-workspace/.derivedData/Build/Intermediates.noindex/SnapAuth.build/Debug-watchos/SnapAuth-t.build/DerivedSources/arm64_32 -Xcc -I/Users/admin/builder/spi-builder-workspace/.derivedData/Build/Intermediates.noindex/SnapAuth.build/Debug-watchos/SnapAuth-t.build/DerivedSources -Xcc -DSWIFT_PACKAGE -Xcc -DDEBUG\=1 -emit-objc-header -emit-objc-header-path /Users/admin/builder/spi-builder-workspace/.derivedData/Build/Intermediates.noindex/SnapAuth.build/Debug-watchos/SnapAuth-t.build/Objects-normal/arm64_32/SnapAuth-Swift.h -working-directory /Users/admin/builder/spi-builder-workspace/.swiftpm/xcode -experimental-emit-module-separately -disable-cmo
SwiftCompile normal arm64 Compiling\ API.swift,\ ApiClient.swift /Users/admin/builder/spi-builder-workspace/Sources/SnapAuth/API.swift /Users/admin/builder/spi-builder-workspace/Sources/SnapAuth/ApiClient.swift (in target 'SnapAuth' from project 'SnapAuth')
SwiftCompile normal arm64 /Users/admin/builder/spi-builder-workspace/Sources/SnapAuth/API.swift (in target 'SnapAuth' from project 'SnapAuth')
cd /Users/admin/builder/spi-builder-workspace/.swiftpm/xcode
builtin-SwiftPerFileCompile API.swift
SwiftCompile normal arm64 /Users/admin/builder/spi-builder-workspace/Sources/SnapAuth/ApiClient.swift (in target 'SnapAuth' from project 'SnapAuth')
cd /Users/admin/builder/spi-builder-workspace/.swiftpm/xcode
builtin-SwiftPerFileCompile ApiClient.swift
/Users/admin/builder/spi-builder-workspace/Sources/SnapAuth/API.swift:117:13: warning: immutable property will not be decoded because it is declared with an initial value which cannot be overwritten
115 | let user: AuthenticatingUser?
116 | struct SACredential: Codable {
117 | let type: String = "public-key"
| |- warning: immutable property will not be decoded because it is declared with an initial value which cannot be overwritten
| |- note: set the initial value via the initializer or explicitly define a CodingKeys enum including a 'type' case to silence this warning
| `- note: make the property mutable instead
118 | let rawId: Base64URL
119 | let response: SACredential.Response
SwiftCompile normal arm64 Compiling\ Errors.swift /Users/admin/builder/spi-builder-workspace/Sources/SnapAuth/Errors.swift (in target 'SnapAuth' from project 'SnapAuth')
SwiftCompile normal arm64 /Users/admin/builder/spi-builder-workspace/Sources/SnapAuth/Errors.swift (in target 'SnapAuth' from project 'SnapAuth')
cd /Users/admin/builder/spi-builder-workspace/.swiftpm/xcode
builtin-SwiftPerFileCompile Errors.swift
SwiftCompile normal arm64 Compiling\ SnapAuth+AutoFill.swift /Users/admin/builder/spi-builder-workspace/Sources/SnapAuth/SnapAuth+AutoFill.swift (in target 'SnapAuth' from project 'SnapAuth')
SwiftCompile normal arm64 /Users/admin/builder/spi-builder-workspace/Sources/SnapAuth/SnapAuth+AutoFill.swift (in target 'SnapAuth' from project 'SnapAuth')
cd /Users/admin/builder/spi-builder-workspace/.swiftpm/xcode
builtin-SwiftPerFileCompile SnapAuth+AutoFill.swift
SwiftCompile normal arm64 Compiling\ SnapAuth+BuildRequests.swift /Users/admin/builder/spi-builder-workspace/Sources/SnapAuth/SnapAuth+BuildRequests.swift (in target 'SnapAuth' from project 'SnapAuth')
/Users/admin/builder/spi-builder-workspace/Sources/SnapAuth/SnapAuth+BuildRequests.swift:15:28: error: 'ASAuthorizationPlatformPublicKeyCredentialProvider' is unavailable in watchOS
13 |
14 | if authenticators.contains(.passkey) {
15 | let provider = ASAuthorizationPlatformPublicKeyCredentialProvider(
| `- error: 'ASAuthorizationPlatformPublicKeyCredentialProvider' is unavailable in watchOS
16 | relyingPartyIdentifier: options.publicKey.rp.id)
17 | let request = provider.createCredentialRegistrationRequest(
/Applications/Xcode-27.0.0-Release.Candidate.app/Contents/Developer/Platforms/WatchOS.platform/Developer/SDKs/WatchOS27.0.sdk/System/Library/Frameworks/AuthenticationServices.framework/Headers/ASAuthorizationPlatformPublicKeyCredentialProvider.h:14:12: note: 'ASAuthorizationPlatformPublicKeyCredentialProvider' has been explicitly marked unavailable here
12 |
13 | API_AVAILABLE(macos(12.0), ios(15.0), tvos(16.0)) API_UNAVAILABLE(watchos)
14 | @interface ASAuthorizationPlatformPublicKeyCredentialProvider : NSObject <ASAuthorizationProvider>
| `- note: 'ASAuthorizationPlatformPublicKeyCredentialProvider' has been explicitly marked unavailable here
15 |
16 | - (instancetype)initWithRelyingPartyIdentifier:(NSString *)relyingPartyIdentifier NS_DESIGNATED_INITIALIZER;
/Users/admin/builder/spi-builder-workspace/Sources/SnapAuth/SnapAuth+BuildRequests.swift:53:28: error: 'ASAuthorizationPlatformPublicKeyCredentialProvider' is unavailable in watchOS
51 |
52 | if authenticators.contains(.passkey) {
53 | let provider = ASAuthorizationPlatformPublicKeyCredentialProvider(
| `- error: 'ASAuthorizationPlatformPublicKeyCredentialProvider' is unavailable in watchOS
54 | relyingPartyIdentifier: options.publicKey.rpId)
55 |
/Applications/Xcode-27.0.0-Release.Candidate.app/Contents/Developer/Platforms/WatchOS.platform/Developer/SDKs/WatchOS27.0.sdk/System/Library/Frameworks/AuthenticationServices.framework/Headers/ASAuthorizationPlatformPublicKeyCredentialProvider.h:14:12: note: 'ASAuthorizationPlatformPublicKeyCredentialProvider' has been explicitly marked unavailable here
12 |
13 | API_AVAILABLE(macos(12.0), ios(15.0), tvos(16.0)) API_UNAVAILABLE(watchos)
14 | @interface ASAuthorizationPlatformPublicKeyCredentialProvider : NSObject <ASAuthorizationProvider>
| `- note: 'ASAuthorizationPlatformPublicKeyCredentialProvider' has been explicitly marked unavailable here
15 |
16 | - (instancetype)initWithRelyingPartyIdentifier:(NSString *)relyingPartyIdentifier NS_DESIGNATED_INITIALIZER;
SwiftCompile normal arm64 /Users/admin/builder/spi-builder-workspace/Sources/SnapAuth/SnapAuth+BuildRequests.swift (in target 'SnapAuth' from project 'SnapAuth')
cd /Users/admin/builder/spi-builder-workspace/.swiftpm/xcode
builtin-SwiftPerFileCompile SnapAuth+BuildRequests.swift
SwiftCompile normal arm64 Compiling\ PresentationAnchor.swift /Users/admin/builder/spi-builder-workspace/Sources/SnapAuth/PresentationAnchor.swift (in target 'SnapAuth' from project 'SnapAuth')
/Users/admin/builder/spi-builder-workspace/Sources/SnapAuth/PresentationAnchor.swift:8:44: error: 'ASPresentationAnchor' is unavailable in watchOS
6 | fileprivate let defaultPresentationAnchor: ASPresentationAnchor = NSApplication.shared.mainWindow ?? ASPresentationAnchor()
7 | #else
8 | fileprivate let defaultPresentationAnchor: ASPresentationAnchor = (UIApplication.shared.connectedScenes.first as? UIWindowScene)?.windows.first?.rootViewController?.view.window ?? ASPresentationAnchor()
| `- error: 'ASPresentationAnchor' is unavailable in watchOS
9 | #endif
10 |
/Applications/Xcode-27.0.0-Release.Candidate.app/Contents/Developer/Platforms/WatchOS.platform/Developer/SDKs/WatchOS27.0.sdk/System/Library/Frameworks/AuthenticationServices.framework/Headers/ASFoundation.h:39:20: note: 'ASPresentationAnchor' has been explicitly marked unavailable here
37 | #import <UIKit/UIKit.h>
38 | #if __has_include(<UIKit/UIWindow.h>)
39 | typedef UIWindow * ASPresentationAnchor API_UNAVAILABLE(watchos);
| `- note: 'ASPresentationAnchor' has been explicitly marked unavailable here
40 | #endif
41 | #if __has_include(<UIKit/UIViewController.h>) && !defined(ASViewController)
/Users/admin/builder/spi-builder-workspace/Sources/SnapAuth/PresentationAnchor.swift:8:115: error: 'UIWindowScene' is unavailable in watchOS
6 | fileprivate let defaultPresentationAnchor: ASPresentationAnchor = NSApplication.shared.mainWindow ?? ASPresentationAnchor()
7 | #else
8 | fileprivate let defaultPresentationAnchor: ASPresentationAnchor = (UIApplication.shared.connectedScenes.first as? UIWindowScene)?.windows.first?.rootViewController?.view.window ?? ASPresentationAnchor()
| `- error: 'UIWindowScene' is unavailable in watchOS
9 | #endif
10 |
/Applications/Xcode-27.0.0-Release.Candidate.app/Contents/Developer/Platforms/WatchOS.platform/Developer/SDKs/WatchOS27.0.sdk/System/Library/Frameworks/UIKit.framework/Headers/UIWindowScene.h:22:12: note: 'UIWindowScene' has been explicitly marked unavailable here
20 |
21 | UIKIT_EXTERN API_AVAILABLE(ios(13.0)) API_UNAVAILABLE(watchos) NS_SWIFT_UI_ACTOR
22 | @interface UIWindowScene : UIScene
| `- note: 'UIWindowScene' has been explicitly marked unavailable here
23 |
24 | #pragma mark Geometry
/Users/admin/builder/spi-builder-workspace/Sources/SnapAuth/PresentationAnchor.swift:8:68: error: 'UIApplication' is unavailable in watchOS
6 | fileprivate let defaultPresentationAnchor: ASPresentationAnchor = NSApplication.shared.mainWindow ?? ASPresentationAnchor()
7 | #else
8 | fileprivate let defaultPresentationAnchor: ASPresentationAnchor = (UIApplication.shared.connectedScenes.first as? UIWindowScene)?.windows.first?.rootViewController?.view.window ?? ASPresentationAnchor()
| `- error: 'UIApplication' is unavailable in watchOS
9 | #endif
10 |
/Applications/Xcode-27.0.0-Release.Candidate.app/Contents/Developer/Platforms/WatchOS.platform/Developer/SDKs/WatchOS27.0.sdk/System/Library/Frameworks/UIKit.framework/Headers/UIApplication.h:85:12: note: 'UIApplication' has been explicitly marked unavailable here
83 |
84 | UIKIT_EXTERN API_AVAILABLE(ios(2.0)) API_UNAVAILABLE(watchos) NS_SWIFT_UI_ACTOR
85 | @interface UIApplication : UIResponder
| `- note: 'UIApplication' has been explicitly marked unavailable here
86 |
87 | @property(class, nonatomic, readonly) UIApplication *sharedApplication NS_EXTENSION_UNAVAILABLE_IOS("Use view controller based solutions where appropriate instead.");
/Users/admin/builder/spi-builder-workspace/Sources/SnapAuth/PresentationAnchor.swift:8:89: error: 'connectedScenes' is unavailable in watchOS
6 | fileprivate let defaultPresentationAnchor: ASPresentationAnchor = NSApplication.shared.mainWindow ?? ASPresentationAnchor()
7 | #else
8 | fileprivate let defaultPresentationAnchor: ASPresentationAnchor = (UIApplication.shared.connectedScenes.first as? UIWindowScene)?.windows.first?.rootViewController?.view.window ?? ASPresentationAnchor()
| `- error: 'connectedScenes' is unavailable in watchOS
9 | #endif
10 |
/Applications/Xcode-27.0.0-Release.Candidate.app/Contents/Developer/Platforms/WatchOS.platform/Developer/SDKs/WatchOS27.0.sdk/System/Library/Frameworks/UIKit.framework/Headers/UIApplication.h:189:50: note: 'connectedScenes' has been explicitly marked unavailable here
187 | #pragma mark -- UIScene --
188 | // All of the currently connected UIScene instances
189 | @property(nonatomic, readonly) NSSet<UIScene *> *connectedScenes API_AVAILABLE(ios(13.0)) API_UNAVAILABLE(watchos);
| `- note: 'connectedScenes' has been explicitly marked unavailable here
190 |
191 | // All of the representations that currently have connected UIScene instances or had their sessions persisted by the system (ex: visible in iOS' switcher)
/Users/admin/builder/spi-builder-workspace/Sources/SnapAuth/PresentationAnchor.swift:8:181: error: 'ASPresentationAnchor' is unavailable in watchOS
6 | fileprivate let defaultPresentationAnchor: ASPresentationAnchor = NSApplication.shared.mainWindow ?? ASPresentationAnchor()
7 | #else
8 | fileprivate let defaultPresentationAnchor: ASPresentationAnchor = (UIApplication.shared.connectedScenes.first as? UIWindowScene)?.windows.first?.rootViewController?.view.window ?? ASPresentationAnchor()
| `- error: 'ASPresentationAnchor' is unavailable in watchOS
9 | #endif
10 |
/Applications/Xcode-27.0.0-Release.Candidate.app/Contents/Developer/Platforms/WatchOS.platform/Developer/SDKs/WatchOS27.0.sdk/System/Library/Frameworks/AuthenticationServices.framework/Headers/ASFoundation.h:39:20: note: 'ASPresentationAnchor' has been explicitly marked unavailable here
37 | #import <UIKit/UIKit.h>
38 | #if __has_include(<UIKit/UIWindow.h>)
39 | typedef UIWindow * ASPresentationAnchor API_UNAVAILABLE(watchos);
| `- note: 'ASPresentationAnchor' has been explicitly marked unavailable here
40 | #endif
41 | #if __has_include(<UIKit/UIViewController.h>) && !defined(ASViewController)
/Users/admin/builder/spi-builder-workspace/Sources/SnapAuth/PresentationAnchor.swift:8:181: error: 'init()' is unavailable in watchOS
6 | fileprivate let defaultPresentationAnchor: ASPresentationAnchor = NSApplication.shared.mainWindow ?? ASPresentationAnchor()
7 | #else
8 | fileprivate let defaultPresentationAnchor: ASPresentationAnchor = (UIApplication.shared.connectedScenes.first as? UIWindowScene)?.windows.first?.rootViewController?.view.window ?? ASPresentationAnchor()
| `- error: 'init()' is unavailable in watchOS
9 | #endif
10 |
/Applications/Xcode-27.0.0-Release.Candidate.app/Contents/Developer/Platforms/WatchOS.platform/Developer/SDKs/WatchOS27.0.sdk/System/Library/Frameworks/UIKit.framework/Headers/UIWindow.h:28:1: note: 'init()' has been explicitly marked unavailable here
26 |
27 | - (instancetype)initWithFrame:(CGRect)frame NS_DESIGNATED_INITIALIZER API_DEPRECATED("Use init(windowScene:) instead.", ios(2.0, 26.0), tvos(9.0, 26.0), visionos(1.0, 26.0)) API_UNAVAILABLE(watchos);
28 | - (instancetype)init API_DEPRECATED("Use init(windowScene:) instead.", ios(2.0, 26.0), tvos(9.0, 26.0), visionos(1.0, 26.0)) API_UNAVAILABLE(watchos);
| `- note: 'init()' has been explicitly marked unavailable here
29 |
30 | // If nil, window will not appear on any screen.
SwiftCompile normal arm64 /Users/admin/builder/spi-builder-workspace/Sources/SnapAuth/PresentationAnchor.swift (in target 'SnapAuth' from project 'SnapAuth')
cd /Users/admin/builder/spi-builder-workspace/.swiftpm/xcode
builtin-SwiftPerFileCompile PresentationAnchor.swift
SwiftCompile normal arm64 Compiling\ Base64URL.swift /Users/admin/builder/spi-builder-workspace/Sources/SnapAuth/Base64URL.swift (in target 'SnapAuth' from project 'SnapAuth')
SwiftCompile normal arm64 /Users/admin/builder/spi-builder-workspace/Sources/SnapAuth/Base64URL.swift (in target 'SnapAuth' from project 'SnapAuth')
cd /Users/admin/builder/spi-builder-workspace/.swiftpm/xcode
builtin-SwiftPerFileCompile Base64URL.swift
SwiftCompile normal arm64 Compiling\ SnapAuth+ASACPCP.swift /Users/admin/builder/spi-builder-workspace/Sources/SnapAuth/SnapAuth+ASACPCP.swift (in target 'SnapAuth' from project 'SnapAuth')
/Users/admin/builder/spi-builder-workspace/Sources/SnapAuth/SnapAuth+ASACPCP.swift:6:82: error: 'ASPresentationAnchor' is unavailable in watchOS
4 | @available(macOS 12.0, iOS 15.0, tvOS 16.0, visionOS 1.0, *)
5 | extension SnapAuth: ASAuthorizationControllerPresentationContextProviding {
6 | public func presentationAnchor(for controller: ASAuthorizationController) -> ASPresentationAnchor {
| `- error: 'ASPresentationAnchor' is unavailable in watchOS
7 | guard anchor != nil else {
8 | // There's currently no logical path here since the three
/Applications/Xcode-27.0.0-Release.Candidate.app/Contents/Developer/Platforms/WatchOS.platform/Developer/SDKs/WatchOS27.0.sdk/System/Library/Frameworks/AuthenticationServices.framework/Headers/ASFoundation.h:39:20: note: 'ASPresentationAnchor' has been explicitly marked unavailable here
37 | #import <UIKit/UIKit.h>
38 | #if __has_include(<UIKit/UIWindow.h>)
39 | typedef UIWindow * ASPresentationAnchor API_UNAVAILABLE(watchos);
| `- note: 'ASPresentationAnchor' has been explicitly marked unavailable here
40 | #endif
41 | #if __has_include(<UIKit/UIViewController.h>) && !defined(ASViewController)
/Users/admin/builder/spi-builder-workspace/Sources/SnapAuth/SnapAuth+ASACPCP.swift:5:21: error: 'ASAuthorizationControllerPresentationContextProviding' is unavailable in watchOS
3 | // MARK: ASAuthorizationControllerPresentationContextProviding
4 | @available(macOS 12.0, iOS 15.0, tvOS 16.0, visionOS 1.0, *)
5 | extension SnapAuth: ASAuthorizationControllerPresentationContextProviding {
| `- error: 'ASAuthorizationControllerPresentationContextProviding' is unavailable in watchOS
6 | public func presentationAnchor(for controller: ASAuthorizationController) -> ASPresentationAnchor {
7 | guard anchor != nil else {
/Applications/Xcode-27.0.0-Release.Candidate.app/Contents/Developer/Platforms/WatchOS.platform/Developer/SDKs/WatchOS27.0.sdk/System/Library/Frameworks/AuthenticationServices.framework/Headers/ASAuthorizationController.h:31:11: note: 'ASAuthorizationControllerPresentationContextProviding' has been explicitly marked unavailable here
29 | AS_EXTERN API_AVAILABLE(ios(13.0), macos(10.15), tvos(13.0)) API_UNAVAILABLE(watchos)
30 | NS_SWIFT_UI_ACTOR
31 | @protocol ASAuthorizationControllerPresentationContextProviding <NSObject>
| `- note: 'ASAuthorizationControllerPresentationContextProviding' has been explicitly marked unavailable here
32 | @required
33 |
SwiftCompile normal arm64 /Users/admin/builder/spi-builder-workspace/Sources/SnapAuth/SnapAuth+ASACPCP.swift (in target 'SnapAuth' from project 'SnapAuth')
cd /Users/admin/builder/spi-builder-workspace/.swiftpm/xcode
builtin-SwiftPerFileCompile SnapAuth+ASACPCP.swift
SwiftCompile normal arm64 Compiling\ SnapAuth.swift /Users/admin/builder/spi-builder-workspace/Sources/SnapAuth/SnapAuth.swift (in target 'SnapAuth' from project 'SnapAuth')
/Users/admin/builder/spi-builder-workspace/Sources/SnapAuth/SnapAuth.swift:17:47: error: 'ASAuthorizationControllerPresentationContextProviding' is unavailable in watchOS
15 |
16 | // TODO: weak (all of these)?
17 | internal var presentationContextProvider: ASAuthorizationControllerPresentationContextProviding?
| `- error: 'ASAuthorizationControllerPresentationContextProviding' is unavailable in watchOS
18 |
19 | internal var anchor: ASPresentationAnchor?
/Applications/Xcode-27.0.0-Release.Candidate.app/Contents/Developer/Platforms/WatchOS.platform/Developer/SDKs/WatchOS27.0.sdk/System/Library/Frameworks/AuthenticationServices.framework/Headers/ASAuthorizationController.h:31:11: note: 'ASAuthorizationControllerPresentationContextProviding' has been explicitly marked unavailable here
29 | AS_EXTERN API_AVAILABLE(ios(13.0), macos(10.15), tvos(13.0)) API_UNAVAILABLE(watchos)
30 | NS_SWIFT_UI_ACTOR
31 | @protocol ASAuthorizationControllerPresentationContextProviding <NSObject>
| `- note: 'ASAuthorizationControllerPresentationContextProviding' has been explicitly marked unavailable here
32 | @required
33 |
/Users/admin/builder/spi-builder-workspace/Sources/SnapAuth/SnapAuth.swift:19:26: error: 'ASPresentationAnchor' is unavailable in watchOS
17 | internal var presentationContextProvider: ASAuthorizationControllerPresentationContextProviding?
18 |
19 | internal var anchor: ASPresentationAnchor?
| `- error: 'ASPresentationAnchor' is unavailable in watchOS
20 |
21 | internal var authController: ASAuthorizationController?
/Applications/Xcode-27.0.0-Release.Candidate.app/Contents/Developer/Platforms/WatchOS.platform/Developer/SDKs/WatchOS27.0.sdk/System/Library/Frameworks/AuthenticationServices.framework/Headers/ASFoundation.h:39:20: note: 'ASPresentationAnchor' has been explicitly marked unavailable here
37 | #import <UIKit/UIKit.h>
38 | #if __has_include(<UIKit/UIWindow.h>)
39 | typedef UIWindow * ASPresentationAnchor API_UNAVAILABLE(watchos);
| `- note: 'ASPresentationAnchor' has been explicitly marked unavailable here
40 | #endif
41 | #if __has_include(<UIKit/UIViewController.h>) && !defined(ASViewController)
/Users/admin/builder/spi-builder-workspace/Sources/SnapAuth/SnapAuth.swift:111:17: error: 'ASPresentationAnchor' is unavailable in watchOS
109 | internal func startRegister(
110 | name: String,
111 | anchor: ASPresentationAnchor,
| `- error: 'ASPresentationAnchor' is unavailable in watchOS
112 | displayName: String? = nil,
113 | authenticators: Set<Authenticator> = Authenticator.all
/Applications/Xcode-27.0.0-Release.Candidate.app/Contents/Developer/Platforms/WatchOS.platform/Developer/SDKs/WatchOS27.0.sdk/System/Library/Frameworks/AuthenticationServices.framework/Headers/ASFoundation.h:39:20: note: 'ASPresentationAnchor' has been explicitly marked unavailable here
37 | #import <UIKit/UIKit.h>
38 | #if __has_include(<UIKit/UIWindow.h>)
39 | typedef UIWindow * ASPresentationAnchor API_UNAVAILABLE(watchos);
| `- note: 'ASPresentationAnchor' has been explicitly marked unavailable here
40 | #endif
41 | #if __has_include(<UIKit/UIViewController.h>) && !defined(ASViewController)
/Users/admin/builder/spi-builder-workspace/Sources/SnapAuth/SnapAuth.swift:184:17: error: 'ASPresentationAnchor' is unavailable in watchOS
182 | internal func startAuth(
183 | _ user: AuthenticatingUser,
184 | anchor: ASPresentationAnchor,
| `- error: 'ASPresentationAnchor' is unavailable in watchOS
185 | authenticators: Set<Authenticator> = Authenticator.all
186 | ) async -> SnapAuthResult {
/Applications/Xcode-27.0.0-Release.Candidate.app/Contents/Developer/Platforms/WatchOS.platform/Developer/SDKs/WatchOS27.0.sdk/System/Library/Frameworks/AuthenticationServices.framework/Headers/ASFoundation.h:39:20: note: 'ASPresentationAnchor' has been explicitly marked unavailable here
37 | #import <UIKit/UIKit.h>
38 | #if __has_include(<UIKit/UIWindow.h>)
39 | typedef UIWindow * ASPresentationAnchor API_UNAVAILABLE(watchos);
| `- note: 'ASPresentationAnchor' has been explicitly marked unavailable here
40 | #endif
41 | #if __has_include(<UIKit/UIViewController.h>) && !defined(ASViewController)
/Users/admin/builder/spi-builder-workspace/Sources/SnapAuth/SnapAuth.swift:66:33: error: 'cancel()' is unavailable in watchOS
64 | if #available(iOS 16.0, macOS 13.0, visionOS 1.0, *) {
65 | logger.debug("Canceling existing auth controller")
66 | authController!.cancel()
| `- error: 'cancel()' is unavailable in watchOS
67 | }
68 | #endif
/Applications/Xcode-27.0.0-Release.Candidate.app/Contents/Developer/Platforms/WatchOS.platform/Developer/SDKs/WatchOS27.0.sdk/System/Library/Frameworks/AuthenticationServices.framework/Headers/ASAuthorizationController.h:98:1: note: 'cancel()' has been explicitly marked unavailable here
96 | be made indicating the cancel.
97 | */
98 | - (void)cancel API_AVAILABLE(macos(13.0), ios(16.0), tvos(18.0)) API_UNAVAILABLE(watchos);
| `- note: 'cancel()' has been explicitly marked unavailable here
99 |
100 | + (instancetype)new NS_UNAVAILABLE;
/Users/admin/builder/spi-builder-workspace/Sources/SnapAuth/SnapAuth.swift:138:20: error: 'presentationContextProvider' is unavailable in watchOS
136 | authController = controller
137 | controller.delegate = self
138 | controller.presentationContextProvider = self
| `- error: 'presentationContextProvider' is unavailable in watchOS
139 | logger.debug("SR perform")
140 |
/Applications/Xcode-27.0.0-Release.Candidate.app/Contents/Developer/Platforms/WatchOS.platform/Developer/SDKs/WatchOS27.0.sdk/System/Library/Frameworks/AuthenticationServices.framework/Headers/ASAuthorizationController.h:62:98: note: 'presentationContextProvider' has been explicitly marked unavailable here
60 | /*! @abstract This delegate will be invoked upon needing a presentation context to display authorization UI.
61 | */
62 | @property (nonatomic, weak, nullable) id <ASAuthorizationControllerPresentationContextProviding> presentationContextProvider API_UNAVAILABLE(watchos);
| `- note: 'presentationContextProvider' has been explicitly marked unavailable here
63 |
64 | /*! @abstract A list of custom authorization methods that may be displayed in the authorization UI.
SwiftCompile normal arm64 /Users/admin/builder/spi-builder-workspace/Sources/SnapAuth/SnapAuth.swift (in target 'SnapAuth' from project 'SnapAuth')
cd /Users/admin/builder/spi-builder-workspace/.swiftpm/xcode
builtin-SwiftPerFileCompile SnapAuth.swift
SwiftCompile normal arm64 Compiling\ SnapAuth+ASACD.swift /Users/admin/builder/spi-builder-workspace/Sources/SnapAuth/SnapAuth+ASACD.swift (in target 'SnapAuth' from project 'SnapAuth')
SwiftCompile normal arm64 /Users/admin/builder/spi-builder-workspace/Sources/SnapAuth/SnapAuth+ASACD.swift (in target 'SnapAuth' from project 'SnapAuth')
cd /Users/admin/builder/spi-builder-workspace/.swiftpm/xcode
builtin-SwiftPerFileCompile SnapAuth+ASACD.swift
/Users/admin/builder/spi-builder-workspace/Sources/SnapAuth/SnapAuth+ASACD.swift:48:25: error: 'ASAuthorizationPublicKeyCredentialRegistration' is unavailable in watchOS
46 |
47 | private func handleRegistration(
48 | _ registration: ASAuthorizationPublicKeyCredentialRegistration
| `- error: 'ASAuthorizationPublicKeyCredentialRegistration' is unavailable in watchOS
49 | ) {
50 | // Decode, send to SA, hand back resposne via delegate method
/Applications/Xcode-27.0.0-Release.Candidate.app/Contents/Developer/Platforms/WatchOS.platform/Developer/SDKs/WatchOS27.0.sdk/System/Library/Frameworks/AuthenticationServices.framework/Headers/ASAuthorizationPublicKeyCredentialRegistration.h:10:11: note: 'ASAuthorizationPublicKeyCredentialRegistration' has been explicitly marked unavailable here
8 |
9 | API_AVAILABLE(macos(12.0), ios(15.0), tvos(16.0)) API_UNAVAILABLE(watchos)
10 | @protocol ASAuthorizationPublicKeyCredentialRegistration <ASPublicKeyCredential>
| `- note: 'ASAuthorizationPublicKeyCredentialRegistration' has been explicitly marked unavailable here
11 |
12 | /*! @abstract The raw data containing the authenticator's attestation statement, if one was provided.
/Users/admin/builder/spi-builder-workspace/Sources/SnapAuth/SnapAuth+ASACD.swift:104:22: error: 'ASAuthorizationPublicKeyCredentialAssertion' is unavailable in watchOS
102 |
103 | private func handleAssertion(
104 | _ assertion: ASAuthorizationPublicKeyCredentialAssertion
| `- error: 'ASAuthorizationPublicKeyCredentialAssertion' is unavailable in watchOS
105 | ) {
106 |
/Applications/Xcode-27.0.0-Release.Candidate.app/Contents/Developer/Platforms/WatchOS.platform/Developer/SDKs/WatchOS27.0.sdk/System/Library/Frameworks/AuthenticationServices.framework/Headers/ASAuthorizationPublicKeyCredentialAssertion.h:7:11: note: 'ASAuthorizationPublicKeyCredentialAssertion' has been explicitly marked unavailable here
5 |
6 | API_AVAILABLE(macos(12.0), ios(15.0), tvos(16.0)) API_UNAVAILABLE(watchos)
7 | @protocol ASAuthorizationPublicKeyCredentialAssertion <ASPublicKeyCredential>
| `- note: 'ASAuthorizationPublicKeyCredentialAssertion' has been explicitly marked unavailable here
8 |
9 | /*! @abstract A byte sequence containing the encoded authenticatorData blob returned by the authenticator.
/Users/admin/builder/spi-builder-workspace/Sources/SnapAuth/SnapAuth+ASACD.swift:32:58: error: 'ASAuthorizationPublicKeyCredentialAssertion' is unavailable in watchOS
30 | switch authorization.credential {
31 | case is ASAuthorizationPublicKeyCredentialAssertion:
32 | handleAssertion(authorization.credential as! ASAuthorizationPublicKeyCredentialAssertion)
| `- error: 'ASAuthorizationPublicKeyCredentialAssertion' is unavailable in watchOS
33 | case is ASAuthorizationPublicKeyCredentialRegistration:
34 | handleRegistration(authorization.credential as! ASAuthorizationPublicKeyCredentialRegistration)
/Applications/Xcode-27.0.0-Release.Candidate.app/Contents/Developer/Platforms/WatchOS.platform/Developer/SDKs/WatchOS27.0.sdk/System/Library/Frameworks/AuthenticationServices.framework/Headers/ASAuthorizationPublicKeyCredentialAssertion.h:7:11: note: 'ASAuthorizationPublicKeyCredentialAssertion' has been explicitly marked unavailable here
5 |
6 | API_AVAILABLE(macos(12.0), ios(15.0), tvos(16.0)) API_UNAVAILABLE(watchos)
7 | @protocol ASAuthorizationPublicKeyCredentialAssertion <ASPublicKeyCredential>
| `- note: 'ASAuthorizationPublicKeyCredentialAssertion' has been explicitly marked unavailable here
8 |
9 | /*! @abstract A byte sequence containing the encoded authenticatorData blob returned by the authenticator.
/Users/admin/builder/spi-builder-workspace/Sources/SnapAuth/SnapAuth+ASACD.swift:31:17: error: 'ASAuthorizationPublicKeyCredentialAssertion' is unavailable in watchOS
29 |
30 | switch authorization.credential {
31 | case is ASAuthorizationPublicKeyCredentialAssertion:
| `- error: 'ASAuthorizationPublicKeyCredentialAssertion' is unavailable in watchOS
32 | handleAssertion(authorization.credential as! ASAuthorizationPublicKeyCredentialAssertion)
33 | case is ASAuthorizationPublicKeyCredentialRegistration:
/Applications/Xcode-27.0.0-Release.Candidate.app/Contents/Developer/Platforms/WatchOS.platform/Developer/SDKs/WatchOS27.0.sdk/System/Library/Frameworks/AuthenticationServices.framework/Headers/ASAuthorizationPublicKeyCredentialAssertion.h:7:11: note: 'ASAuthorizationPublicKeyCredentialAssertion' has been explicitly marked unavailable here
5 |
6 | API_AVAILABLE(macos(12.0), ios(15.0), tvos(16.0)) API_UNAVAILABLE(watchos)
7 | @protocol ASAuthorizationPublicKeyCredentialAssertion <ASPublicKeyCredential>
| `- note: 'ASAuthorizationPublicKeyCredentialAssertion' has been explicitly marked unavailable here
8 |
9 | /*! @abstract A byte sequence containing the encoded authenticatorData blob returned by the authenticator.
/Users/admin/builder/spi-builder-workspace/Sources/SnapAuth/SnapAuth+ASACD.swift:31:17: error: 'ASAuthorizationPublicKeyCredentialAssertion' is unavailable in watchOS
29 |
30 | switch authorization.credential {
31 | case is ASAuthorizationPublicKeyCredentialAssertion:
| `- error: 'ASAuthorizationPublicKeyCredentialAssertion' is unavailable in watchOS
32 | handleAssertion(authorization.credential as! ASAuthorizationPublicKeyCredentialAssertion)
33 | case is ASAuthorizationPublicKeyCredentialRegistration:
/Applications/Xcode-27.0.0-Release.Candidate.app/Contents/Developer/Platforms/WatchOS.platform/Developer/SDKs/WatchOS27.0.sdk/System/Library/Frameworks/AuthenticationServices.framework/Headers/ASAuthorizationPublicKeyCredentialAssertion.h:7:11: note: 'ASAuthorizationPublicKeyCredentialAssertion' has been explicitly marked unavailable here
5 |
6 | API_AVAILABLE(macos(12.0), ios(15.0), tvos(16.0)) API_UNAVAILABLE(watchos)
7 | @protocol ASAuthorizationPublicKeyCredentialAssertion <ASPublicKeyCredential>
| `- note: 'ASAuthorizationPublicKeyCredentialAssertion' has been explicitly marked unavailable here
8 |
9 | /*! @abstract A byte sequence containing the encoded authenticatorData blob returned by the authenticator.
/Users/admin/builder/spi-builder-workspace/Sources/SnapAuth/SnapAuth+ASACD.swift:34:61: error: 'ASAuthorizationPublicKeyCredentialRegistration' is unavailable in watchOS
32 | handleAssertion(authorization.credential as! ASAuthorizationPublicKeyCredentialAssertion)
33 | case is ASAuthorizationPublicKeyCredentialRegistration:
34 | handleRegistration(authorization.credential as! ASAuthorizationPublicKeyCredentialRegistration)
| `- error: 'ASAuthorizationPublicKeyCredentialRegistration' is unavailable in watchOS
35 | default:
36 | logger.error("Unexpected credential type \(String(describing: type(of: authorization.credential)))")
/Applications/Xcode-27.0.0-Release.Candidate.app/Contents/Developer/Platforms/WatchOS.platform/Developer/SDKs/WatchOS27.0.sdk/System/Library/Frameworks/AuthenticationServices.framework/Headers/ASAuthorizationPublicKeyCredentialRegistration.h:10:11: note: 'ASAuthorizationPublicKeyCredentialRegistration' has been explicitly marked unavailable here
8 |
9 | API_AVAILABLE(macos(12.0), ios(15.0), tvos(16.0)) API_UNAVAILABLE(watchos)
10 | @protocol ASAuthorizationPublicKeyCredentialRegistration <ASPublicKeyCredential>
| `- note: 'ASAuthorizationPublicKeyCredentialRegistration' has been explicitly marked unavailable here
11 |
12 | /*! @abstract The raw data containing the authenticator's attestation statement, if one was provided.
/Users/admin/builder/spi-builder-workspace/Sources/SnapAuth/SnapAuth+ASACD.swift:33:17: error: 'ASAuthorizationPublicKeyCredentialRegistration' is unavailable in watchOS
31 | case is ASAuthorizationPublicKeyCredentialAssertion:
32 | handleAssertion(authorization.credential as! ASAuthorizationPublicKeyCredentialAssertion)
33 | case is ASAuthorizationPublicKeyCredentialRegistration:
| `- error: 'ASAuthorizationPublicKeyCredentialRegistration' is unavailable in watchOS
34 | handleRegistration(authorization.credential as! ASAuthorizationPublicKeyCredentialRegistration)
35 | default:
/Applications/Xcode-27.0.0-Release.Candidate.app/Contents/Developer/Platforms/WatchOS.platform/Developer/SDKs/WatchOS27.0.sdk/System/Library/Frameworks/AuthenticationServices.framework/Headers/ASAuthorizationPublicKeyCredentialRegistration.h:10:11: note: 'ASAuthorizationPublicKeyCredentialRegistration' has been explicitly marked unavailable here
8 |
9 | API_AVAILABLE(macos(12.0), ios(15.0), tvos(16.0)) API_UNAVAILABLE(watchos)
10 | @protocol ASAuthorizationPublicKeyCredentialRegistration <ASPublicKeyCredential>
| `- note: 'ASAuthorizationPublicKeyCredentialRegistration' has been explicitly marked unavailable here
11 |
12 | /*! @abstract The raw data containing the authenticator's attestation statement, if one was provided.
SwiftEmitModule normal arm64 Emitting\ module\ for\ SnapAuth (in target 'SnapAuth' from project 'SnapAuth')
/Users/admin/builder/spi-builder-workspace/Sources/SnapAuth/PresentationAnchor.swift:8:44: error: 'ASPresentationAnchor' is unavailable in watchOS
6 | fileprivate let defaultPresentationAnchor: ASPresentationAnchor = NSApplication.shared.mainWindow ?? ASPresentationAnchor()
7 | #else
8 | fileprivate let defaultPresentationAnchor: ASPresentationAnchor = (UIApplication.shared.connectedScenes.first as? UIWindowScene)?.windows.first?.rootViewController?.view.window ?? ASPresentationAnchor()
| `- error: 'ASPresentationAnchor' is unavailable in watchOS
9 | #endif
10 |
/Applications/Xcode-27.0.0-Release.Candidate.app/Contents/Developer/Platforms/WatchOS.platform/Developer/SDKs/WatchOS27.0.sdk/System/Library/Frameworks/AuthenticationServices.framework/Headers/ASFoundation.h:39:20: note: 'ASPresentationAnchor' has been explicitly marked unavailable here
37 | #import <UIKit/UIKit.h>
38 | #if __has_include(<UIKit/UIWindow.h>)
39 | typedef UIWindow * ASPresentationAnchor API_UNAVAILABLE(watchos);
| `- note: 'ASPresentationAnchor' has been explicitly marked unavailable here
40 | #endif
41 | #if __has_include(<UIKit/UIViewController.h>) && !defined(ASViewController)
/Users/admin/builder/spi-builder-workspace/Sources/SnapAuth/PresentationAnchor.swift:8:115: error: 'UIWindowScene' is unavailable in watchOS
6 | fileprivate let defaultPresentationAnchor: ASPresentationAnchor = NSApplication.shared.mainWindow ?? ASPresentationAnchor()
7 | #else
8 | fileprivate let defaultPresentationAnchor: ASPresentationAnchor = (UIApplication.shared.connectedScenes.first as? UIWindowScene)?.windows.first?.rootViewController?.view.window ?? ASPresentationAnchor()
| `- error: 'UIWindowScene' is unavailable in watchOS
9 | #endif
10 |
/Applications/Xcode-27.0.0-Release.Candidate.app/Contents/Developer/Platforms/WatchOS.platform/Developer/SDKs/WatchOS27.0.sdk/System/Library/Frameworks/UIKit.framework/Headers/UIWindowScene.h:22:12: note: 'UIWindowScene' has been explicitly marked unavailable here
20 |
21 | UIKIT_EXTERN API_AVAILABLE(ios(13.0)) API_UNAVAILABLE(watchos) NS_SWIFT_UI_ACTOR
22 | @interface UIWindowScene : UIScene
| `- note: 'UIWindowScene' has been explicitly marked unavailable here
23 |
24 | #pragma mark Geometry
/Users/admin/builder/spi-builder-workspace/Sources/SnapAuth/PresentationAnchor.swift:8:68: error: 'UIApplication' is unavailable in watchOS
6 | fileprivate let defaultPresentationAnchor: ASPresentationAnchor = NSApplication.shared.mainWindow ?? ASPresentationAnchor()
7 | #else
8 | fileprivate let defaultPresentationAnchor: ASPresentationAnchor = (UIApplication.shared.connectedScenes.first as? UIWindowScene)?.windows.first?.rootViewController?.view.window ?? ASPresentationAnchor()
| `- error: 'UIApplication' is unavailable in watchOS
9 | #endif
10 |
/Applications/Xcode-27.0.0-Release.Candidate.app/Contents/Developer/Platforms/WatchOS.platform/Developer/SDKs/WatchOS27.0.sdk/System/Library/Frameworks/UIKit.framework/Headers/UIApplication.h:85:12: note: 'UIApplication' has been explicitly marked unavailable here
83 |
84 | UIKIT_EXTERN API_AVAILABLE(ios(2.0)) API_UNAVAILABLE(watchos) NS_SWIFT_UI_ACTOR
85 | @interface UIApplication : UIResponder
| `- note: 'UIApplication' has been explicitly marked unavailable here
86 |
87 | @property(class, nonatomic, readonly) UIApplication *sharedApplication NS_EXTENSION_UNAVAILABLE_IOS("Use view controller based solutions where appropriate instead.");
/Users/admin/builder/spi-builder-workspace/Sources/SnapAuth/PresentationAnchor.swift:8:89: error: 'connectedScenes' is unavailable in watchOS
6 | fileprivate let defaultPresentationAnchor: ASPresentationAnchor = NSApplication.shared.mainWindow ?? ASPresentationAnchor()
7 | #else
8 | fileprivate let defaultPresentationAnchor: ASPresentationAnchor = (UIApplication.shared.connectedScenes.first as? UIWindowScene)?.windows.first?.rootViewController?.view.window ?? ASPresentationAnchor()
| `- error: 'connectedScenes' is unavailable in watchOS
9 | #endif
10 |
/Applications/Xcode-27.0.0-Release.Candidate.app/Contents/Developer/Platforms/WatchOS.platform/Developer/SDKs/WatchOS27.0.sdk/System/Library/Frameworks/UIKit.framework/Headers/UIApplication.h:189:50: note: 'connectedScenes' has been explicitly marked unavailable here
187 | #pragma mark -- UIScene --
188 | // All of the currently connected UIScene instances
189 | @property(nonatomic, readonly) NSSet<UIScene *> *connectedScenes API_AVAILABLE(ios(13.0)) API_UNAVAILABLE(watchos);
| `- note: 'connectedScenes' has been explicitly marked unavailable here
190 |
191 | // All of the representations that currently have connected UIScene instances or had their sessions persisted by the system (ex: visible in iOS' switcher)
/Users/admin/builder/spi-builder-workspace/Sources/SnapAuth/PresentationAnchor.swift:8:181: error: 'ASPresentationAnchor' is unavailable in watchOS
6 | fileprivate let defaultPresentationAnchor: ASPresentationAnchor = NSApplication.shared.mainWindow ?? ASPresentationAnchor()
7 | #else
8 | fileprivate let defaultPresentationAnchor: ASPresentationAnchor = (UIApplication.shared.connectedScenes.first as? UIWindowScene)?.windows.first?.rootViewController?.view.window ?? ASPresentationAnchor()
| `- error: 'ASPresentationAnchor' is unavailable in watchOS
9 | #endif
10 |
/Applications/Xcode-27.0.0-Release.Candidate.app/Contents/Developer/Platforms/WatchOS.platform/Developer/SDKs/WatchOS27.0.sdk/System/Library/Frameworks/AuthenticationServices.framework/Headers/ASFoundation.h:39:20: note: 'ASPresentationAnchor' has been explicitly marked unavailable here
37 | #import <UIKit/UIKit.h>
38 | #if __has_include(<UIKit/UIWindow.h>)
39 | typedef UIWindow * ASPresentationAnchor API_UNAVAILABLE(watchos);
| `- note: 'ASPresentationAnchor' has been explicitly marked unavailable here
40 | #endif
41 | #if __has_include(<UIKit/UIViewController.h>) && !defined(ASViewController)
/Users/admin/builder/spi-builder-workspace/Sources/SnapAuth/PresentationAnchor.swift:8:181: error: 'init()' is unavailable in watchOS
6 | fileprivate let defaultPresentationAnchor: ASPresentationAnchor = NSApplication.shared.mainWindow ?? ASPresentationAnchor()
7 | #else
8 | fileprivate let defaultPresentationAnchor: ASPresentationAnchor = (UIApplication.shared.connectedScenes.first as? UIWindowScene)?.windows.first?.rootViewController?.view.window ?? ASPresentationAnchor()
| `- error: 'init()' is unavailable in watchOS
9 | #endif
10 |
/Applications/Xcode-27.0.0-Release.Candidate.app/Contents/Developer/Platforms/WatchOS.platform/Developer/SDKs/WatchOS27.0.sdk/System/Library/Frameworks/UIKit.framework/Headers/UIWindow.h:28:1: note: 'init()' has been explicitly marked unavailable here
26 |
27 | - (instancetype)initWithFrame:(CGRect)frame NS_DESIGNATED_INITIALIZER API_DEPRECATED("Use init(windowScene:) instead.", ios(2.0, 26.0), tvos(9.0, 26.0), visionos(1.0, 26.0)) API_UNAVAILABLE(watchos);
28 | - (instancetype)init API_DEPRECATED("Use init(windowScene:) instead.", ios(2.0, 26.0), tvos(9.0, 26.0), visionos(1.0, 26.0)) API_UNAVAILABLE(watchos);
| `- note: 'init()' has been explicitly marked unavailable here
29 |
30 | // If nil, window will not appear on any screen.
/Users/admin/builder/spi-builder-workspace/Sources/SnapAuth/PresentationAnchor.swift:11:11: error: 'ASPresentationAnchor' is unavailable in watchOS
9 | #endif
10 |
11 | extension ASPresentationAnchor {
| `- error: 'ASPresentationAnchor' is unavailable in watchOS
12 | /// A platform-specific anchor, intended to be used by ASAuthorizationController
13 | static let `default` = defaultPresentationAnchor
/Applications/Xcode-27.0.0-Release.Candidate.app/Contents/Developer/Platforms/WatchOS.platform/Developer/SDKs/WatchOS27.0.sdk/System/Library/Frameworks/AuthenticationServices.framework/Headers/ASFoundation.h:39:20: note: 'ASPresentationAnchor' has been explicitly marked unavailable here
37 | #import <UIKit/UIKit.h>
38 | #if __has_include(<UIKit/UIWindow.h>)
39 | typedef UIWindow * ASPresentationAnchor API_UNAVAILABLE(watchos);
| `- note: 'ASPresentationAnchor' has been explicitly marked unavailable here
40 | #endif
41 | #if __has_include(<UIKit/UIViewController.h>) && !defined(ASViewController)
/Users/admin/builder/spi-builder-workspace/Sources/SnapAuth/SnapAuth+ASACD.swift:48:25: error: 'ASAuthorizationPublicKeyCredentialRegistration' is unavailable in watchOS
46 |
47 | private func handleRegistration(
48 | _ registration: ASAuthorizationPublicKeyCredentialRegistration
| `- error: 'ASAuthorizationPublicKeyCredentialRegistration' is unavailable in watchOS
49 | ) {
50 | // Decode, send to SA, hand back resposne via delegate method
/Applications/Xcode-27.0.0-Release.Candidate.app/Contents/Developer/Platforms/WatchOS.platform/Developer/SDKs/WatchOS27.0.sdk/System/Library/Frameworks/AuthenticationServices.framework/Headers/ASAuthorizationPublicKeyCredentialRegistration.h:10:11: note: 'ASAuthorizationPublicKeyCredentialRegistration' has been explicitly marked unavailable here
8 |
9 | API_AVAILABLE(macos(12.0), ios(15.0), tvos(16.0)) API_UNAVAILABLE(watchos)
10 | @protocol ASAuthorizationPublicKeyCredentialRegistration <ASPublicKeyCredential>
| `- note: 'ASAuthorizationPublicKeyCredentialRegistration' has been explicitly marked unavailable here
11 |
12 | /*! @abstract The raw data containing the authenticator's attestation statement, if one was provided.
/Users/admin/builder/spi-builder-workspace/Sources/SnapAuth/SnapAuth+ASACD.swift:104:22: error: 'ASAuthorizationPublicKeyCredentialAssertion' is unavailable in watchOS
102 |
103 | private func handleAssertion(
104 | _ assertion: ASAuthorizationPublicKeyCredentialAssertion
| `- error: 'ASAuthorizationPublicKeyCredentialAssertion' is unavailable in watchOS
105 | ) {
106 |
/Applications/Xcode-27.0.0-Release.Candidate.app/Contents/Developer/Platforms/WatchOS.platform/Developer/SDKs/WatchOS27.0.sdk/System/Library/Frameworks/AuthenticationServices.framework/Headers/ASAuthorizationPublicKeyCredentialAssertion.h:7:11: note: 'ASAuthorizationPublicKeyCredentialAssertion' has been explicitly marked unavailable here
5 |
6 | API_AVAILABLE(macos(12.0), ios(15.0), tvos(16.0)) API_UNAVAILABLE(watchos)
7 | @protocol ASAuthorizationPublicKeyCredentialAssertion <ASPublicKeyCredential>
| `- note: 'ASAuthorizationPublicKeyCredentialAssertion' has been explicitly marked unavailable here
8 |
9 | /*! @abstract A byte sequence containing the encoded authenticatorData blob returned by the authenticator.
/Users/admin/builder/spi-builder-workspace/Sources/SnapAuth/SnapAuth+ASACPCP.swift:6:82: error: 'ASPresentationAnchor' is unavailable in watchOS
4 | @available(macOS 12.0, iOS 15.0, tvOS 16.0, visionOS 1.0, *)
5 | extension SnapAuth: ASAuthorizationControllerPresentationContextProviding {
6 | public func presentationAnchor(for controller: ASAuthorizationController) -> ASPresentationAnchor {
| `- error: 'ASPresentationAnchor' is unavailable in watchOS
7 | guard anchor != nil else {
8 | // There's currently no logical path here since the three
/Applications/Xcode-27.0.0-Release.Candidate.app/Contents/Developer/Platforms/WatchOS.platform/Developer/SDKs/WatchOS27.0.sdk/System/Library/Frameworks/AuthenticationServices.framework/Headers/ASFoundation.h:39:20: note: 'ASPresentationAnchor' has been explicitly marked unavailable here
37 | #import <UIKit/UIKit.h>
38 | #if __has_include(<UIKit/UIWindow.h>)
39 | typedef UIWindow * ASPresentationAnchor API_UNAVAILABLE(watchos);
| `- note: 'ASPresentationAnchor' has been explicitly marked unavailable here
40 | #endif
41 | #if __has_include(<UIKit/UIViewController.h>) && !defined(ASViewController)
/Users/admin/builder/spi-builder-workspace/Sources/SnapAuth/SnapAuth+ASACPCP.swift:5:21: error: 'ASAuthorizationControllerPresentationContextProviding' is unavailable in watchOS
3 | // MARK: ASAuthorizationControllerPresentationContextProviding
4 | @available(macOS 12.0, iOS 15.0, tvOS 16.0, visionOS 1.0, *)
5 | extension SnapAuth: ASAuthorizationControllerPresentationContextProviding {
| `- error: 'ASAuthorizationControllerPresentationContextProviding' is unavailable in watchOS
6 | public func presentationAnchor(for controller: ASAuthorizationController) -> ASPresentationAnchor {
7 | guard anchor != nil else {
/Applications/Xcode-27.0.0-Release.Candidate.app/Contents/Developer/Platforms/WatchOS.platform/Developer/SDKs/WatchOS27.0.sdk/System/Library/Frameworks/AuthenticationServices.framework/Headers/ASAuthorizationController.h:31:11: note: 'ASAuthorizationControllerPresentationContextProviding' has been explicitly marked unavailable here
29 | AS_EXTERN API_AVAILABLE(ios(13.0), macos(10.15), tvos(13.0)) API_UNAVAILABLE(watchos)
30 | NS_SWIFT_UI_ACTOR
31 | @protocol ASAuthorizationControllerPresentationContextProviding <NSObject>
| `- note: 'ASAuthorizationControllerPresentationContextProviding' has been explicitly marked unavailable here
32 | @required
33 |
/Users/admin/builder/spi-builder-workspace/Sources/SnapAuth/SnapAuth.swift:17:47: error: 'ASAuthorizationControllerPresentationContextProviding' is unavailable in watchOS
15 |
16 | // TODO: weak (all of these)?
17 | internal var presentationContextProvider: ASAuthorizationControllerPresentationContextProviding?
| `- error: 'ASAuthorizationControllerPresentationContextProviding' is unavailable in watchOS
18 |
19 | internal var anchor: ASPresentationAnchor?
/Applications/Xcode-27.0.0-Release.Candidate.app/Contents/Developer/Platforms/WatchOS.platform/Developer/SDKs/WatchOS27.0.sdk/System/Library/Frameworks/AuthenticationServices.framework/Headers/ASAuthorizationController.h:31:11: note: 'ASAuthorizationControllerPresentationContextProviding' has been explicitly marked unavailable here
29 | AS_EXTERN API_AVAILABLE(ios(13.0), macos(10.15), tvos(13.0)) API_UNAVAILABLE(watchos)
30 | NS_SWIFT_UI_ACTOR
31 | @protocol ASAuthorizationControllerPresentationContextProviding <NSObject>
| `- note: 'ASAuthorizationControllerPresentationContextProviding' has been explicitly marked unavailable here
32 | @required
33 |
/Users/admin/builder/spi-builder-workspace/Sources/SnapAuth/SnapAuth.swift:19:26: error: 'ASPresentationAnchor' is unavailable in watchOS
17 | internal var presentationContextProvider: ASAuthorizationControllerPresentationContextProviding?
18 |
19 | internal var anchor: ASPresentationAnchor?
| `- error: 'ASPresentationAnchor' is unavailable in watchOS
20 |
21 | internal var authController: ASAuthorizationController?
/Applications/Xcode-27.0.0-Release.Candidate.app/Contents/Developer/Platforms/WatchOS.platform/Developer/SDKs/WatchOS27.0.sdk/System/Library/Frameworks/AuthenticationServices.framework/Headers/ASFoundation.h:39:20: note: 'ASPresentationAnchor' has been explicitly marked unavailable here
37 | #import <UIKit/UIKit.h>
38 | #if __has_include(<UIKit/UIWindow.h>)
39 | typedef UIWindow * ASPresentationAnchor API_UNAVAILABLE(watchos);
| `- note: 'ASPresentationAnchor' has been explicitly marked unavailable here
40 | #endif
41 | #if __has_include(<UIKit/UIViewController.h>) && !defined(ASViewController)
/Users/admin/builder/spi-builder-workspace/Sources/SnapAuth/SnapAuth.swift:111:17: error: 'ASPresentationAnchor' is unavailable in watchOS
109 | internal func startRegister(
110 | name: String,
111 | anchor: ASPresentationAnchor,
| `- error: 'ASPresentationAnchor' is unavailable in watchOS
112 | displayName: String? = nil,
113 | authenticators: Set<Authenticator> = Authenticator.all
/Applications/Xcode-27.0.0-Release.Candidate.app/Contents/Developer/Platforms/WatchOS.platform/Developer/SDKs/WatchOS27.0.sdk/System/Library/Frameworks/AuthenticationServices.framework/Headers/ASFoundation.h:39:20: note: 'ASPresentationAnchor' has been explicitly marked unavailable here
37 | #import <UIKit/UIKit.h>
38 | #if __has_include(<UIKit/UIWindow.h>)
39 | typedef UIWindow * ASPresentationAnchor API_UNAVAILABLE(watchos);
| `- note: 'ASPresentationAnchor' has been explicitly marked unavailable here
40 | #endif
41 | #if __has_include(<UIKit/UIViewController.h>) && !defined(ASViewController)
/Users/admin/builder/spi-builder-workspace/Sources/SnapAuth/SnapAuth.swift:184:17: error: 'ASPresentationAnchor' is unavailable in watchOS
182 | internal func startAuth(
183 | _ user: AuthenticatingUser,
184 | anchor: ASPresentationAnchor,
| `- error: 'ASPresentationAnchor' is unavailable in watchOS
185 | authenticators: Set<Authenticator> = Authenticator.all
186 | ) async -> SnapAuthResult {
/Applications/Xcode-27.0.0-Release.Candidate.app/Contents/Developer/Platforms/WatchOS.platform/Developer/SDKs/WatchOS27.0.sdk/System/Library/Frameworks/AuthenticationServices.framework/Headers/ASFoundation.h:39:20: note: 'ASPresentationAnchor' has been explicitly marked unavailable here
37 | #import <UIKit/UIKit.h>
38 | #if __has_include(<UIKit/UIWindow.h>)
39 | typedef UIWindow * ASPresentationAnchor API_UNAVAILABLE(watchos);
| `- note: 'ASPresentationAnchor' has been explicitly marked unavailable here
40 | #endif
41 | #if __has_include(<UIKit/UIViewController.h>) && !defined(ASViewController)
Failed frontend command:
/Applications/Xcode-27.0.0-Release.Candidate.app/Contents/Developer/Toolchains/XcodeDefault.xctoolchain/usr/bin/swift-frontend -frontend -emit-module -experimental-skip-non-inlinable-function-bodies-without-types /Users/admin/builder/spi-builder-workspace/Sources/SnapAuth/API.swift /Users/admin/builder/spi-builder-workspace/Sources/SnapAuth/ApiClient.swift /Users/admin/builder/spi-builder-workspace/Sources/SnapAuth/Base64URL.swift /Users/admin/builder/spi-builder-workspace/Sources/SnapAuth/Errors.swift /Users/admin/builder/spi-builder-workspace/Sources/SnapAuth/PresentationAnchor.swift /Users/admin/builder/spi-builder-workspace/Sources/SnapAuth/SnapAuth+ASACD.swift /Users/admin/builder/spi-builder-workspace/Sources/SnapAuth/SnapAuth+ASACPCP.swift /Users/admin/builder/spi-builder-workspace/Sources/SnapAuth/SnapAuth+AutoFill.swift /Users/admin/builder/spi-builder-workspace/Sources/SnapAuth/SnapAuth+BuildRequests.swift /Users/admin/builder/spi-builder-workspace/Sources/SnapAuth/SnapAuth.swift /Users/admin/builder/spi-builder-workspace/Sources/SnapAuth/SnapAuthDelegate.swift -target arm64-apple-watchos9.0 -disable-cross-import-overlay-search -swift-module-cross-import AuthenticationServices /Applications/Xcode-27.0.0-Release.Candidate.app/Contents/Developer/Platforms/WatchOS.platform/Developer/SDKs/WatchOS.sdk/System/Library/Frameworks/AuthenticationServices.framework/Modules/AuthenticationServices.swiftcrossimport/SwiftUI.swiftoverlay -swift-module-cross-import AuthenticationServices /Applications/Xcode-27.0.0-Release.Candidate.app/Contents/Developer/Platforms/WatchOS.platform/Developer/SDKs/WatchOS27.0.sdk/System/Library/Frameworks/AuthenticationServices.framework/Modules/AuthenticationServices.swiftcrossimport/SwiftUI.swiftoverlay -load-resolved-plugin /Applications/Xcode-27.0.0-Release.Candidate.app/Contents/Developer/Platforms/WatchOS.platform/Developer/usr/lib/swift/host/plugins/libFoundationMacros.dylib\#/Applications/Xcode-27.0.0-Release.Candidate.app/Contents/Developer/Platforms/WatchOS.platform/Developer/usr/bin/swift-plugin-server\#FoundationMacros -load-resolved-plugin /Applications/Xcode-27.0.0-Release.Candidate.app/Contents/Developer/Platforms/WatchOS.platform/Developer/usr/lib/swift/host/plugins/libObservationMacros.dylib\#/Applications/Xcode-27.0.0-Release.Candidate.app/Contents/Developer/Platforms/WatchOS.platform/Developer/usr/bin/swift-plugin-server\#ObservationMacros -load-resolved-plugin /Applications/Xcode-27.0.0-Release.Candidate.app/Contents/Developer/Platforms/WatchOS.platform/Developer/usr/lib/swift/host/plugins/libSwiftMacros.dylib\#/Applications/Xcode-27.0.0-Release.Candidate.app/Contents/Developer/Platforms/WatchOS.platform/Developer/usr/bin/swift-plugin-server\#SwiftMacros -load-resolved-plugin /Applications/Xcode-27.0.0-Release.Candidate.app/Contents/Developer/Platforms/WatchOS.platform/Developer/usr/lib/swift/host/plugins/libSwiftUIMacros.dylib\#/Applications/Xcode-27.0.0-Release.Candidate.app/Contents/Developer/Platforms/WatchOS.platform/Developer/usr/bin/swift-plugin-server\#SwiftUIMacros -disable-implicit-swift-modules -Xcc -fno-implicit-modules -Xcc -fno-implicit-module-maps -explicit-swift-module-map-file /Users/admin/builder/spi-builder-workspace/.derivedData/Build/Intermediates.noindex/SnapAuth.build/Debug-watchos/SnapAuth-t.build/Objects-normal/arm64/SnapAuth-dependencies-2.json -Xllvm -aarch64-use-tbi -enable-objc-interop -stack-check -sdk /Applications/Xcode-27.0.0-Release.Candidate.app/Contents/Developer/Platforms/WatchOS.platform/Developer/SDKs/WatchOS27.0.sdk -I /Users/admin/builder/spi-builder-workspace/.derivedData/Build/Products/Debug-watchos -Isystem /Applications/Xcode-27.0.0-Release.Candidate.app/Contents/Developer/Platforms/WatchOS.platform/Developer/usr/lib -F /Users/admin/builder/spi-builder-workspace/.derivedData/Build/Products/Debug-watchos -F /Applications/Xcode-27.0.0-Release.Candidate.app/Contents/Developer/Platforms/WatchOS.platform/Developer/Library/Frameworks -F /Applications/Xcode-27.0.0-Release.Candidate.app/Contents/Developer/Platforms/WatchOS.platform/Developer/SDKs/WatchOS27.0.sdk/Developer/Library/Frameworks -module-cache-path /Users/admin/builder/spi-builder-workspace/.derivedData/Build/Intermediates.noindex/SwiftExplicitPrecompiledModules -no-color-diagnostics -Xcc -fno-color-diagnostics -enable-testing -g -debug-info-format\=dwarf -dwarf-version\=4 -profile-generate -profile-coverage-mapping -swift-version 5 -Onone -D SWIFT_PACKAGE -D DEBUG -D SWIFT_MODULE_RESOURCE_BUNDLE_UNAVAILABLE -D Xcode -serialize-debugging-options -enable-experimental-feature DebugDescriptionMacro -empty-abi-descriptor -validate-clang-modules-once -clang-build-session-file /Users/admin/builder/spi-builder-workspace/.derivedData/ModuleCache.noindex/Session.modulevalidation -Xcc -working-directory -Xcc /Users/admin/builder/spi-builder-workspace/.swiftpm/xcode -enable-anonymous-context-mangled-names -file-compilation-dir /Users/admin/builder/spi-builder-workspace/.swiftpm/xcode -Xcc -D_LIBCPP_HARDENING_MODE\=_LIBCPP_HARDENING_MODE_DEBUG -Xcc -ivfsstatcache -Xcc /Users/admin/builder/spi-builder-workspace/.derivedData/SDKStatCaches.noindex/watchos27.0-24R360-e829b21a6f8c9b70876ba0858053c04477534ef55a1706bf4c1112bbb242f0a2.sdkstatcache -Xcc -fmodules-prune-interval\=86400 -Xcc -fmodules-prune-after\=345600 -Xcc -I/Users/admin/builder/spi-builder-workspace/.derivedData/Build/Products/Debug-watchos/include -Xcc -I/Users/admin/builder/spi-builder-workspace/.derivedData/Build/Intermediates.noindex/SnapAuth.build/Debug-watchos/SnapAuth-t.build/DerivedSources-normal/arm64 -Xcc -I/Users/admin/builder/spi-builder-workspace/.derivedData/Build/Intermediates.noindex/SnapAuth.build/Debug-watchos/SnapAuth-t.build/DerivedSources/arm64 -Xcc -I/Users/admin/builder/spi-builder-workspace/.derivedData/Build/Intermediates.noindex/SnapAuth.build/Debug-watchos/SnapAuth-t.build/DerivedSources -Xcc -DSWIFT_PACKAGE -Xcc -DDEBUG\=1 -no-auto-bridging-header-chaining -module-name SnapAuth -package-name spi_builder_workspace -const-gather-protocols-file /Users/admin/builder/spi-builder-workspace/.derivedData/Build/Intermediates.noindex/SnapAuth.build/Debug-watchos/SnapAuth-t.build/Objects-normal/arm64/SnapAuth_const_extract_protocols.json -disable-clang-spi -clang-target arm64-apple-watchos27.0 -target-sdk-version 27.0 -target-sdk-name watchos27.0 -in-process-plugin-server-path /Applications/Xcode-27.0.0-Release.Candidate.app/Contents/Developer/Toolchains/XcodeDefault.xctoolchain/usr/lib/swift/host/libSwiftInProcPluginServer.dylib -emit-module-doc-path /Users/admin/builder/spi-builder-workspace/.derivedData/Build/Intermediates.noindex/SnapAuth.build/Debug-watchos/SnapAuth-t.build/Objects-normal/arm64/SnapAuth.swiftdoc -emit-module-source-info-path /Users/admin/builder/spi-builder-workspace/.derivedData/Build/Intermediates.noindex/SnapAuth.build/Debug-watchos/SnapAuth-t.build/Objects-normal/arm64/SnapAuth.swiftsourceinfo -emit-objc-header-path /Users/admin/builder/spi-builder-workspace/.derivedData/Build/Intermediates.noindex/SnapAuth.build/Debug-watchos/SnapAuth-t.build/Objects-normal/arm64/SnapAuth-Swift.h -serialize-diagnostics-path /Users/admin/builder/spi-builder-workspace/.derivedData/Build/Intermediates.noindex/SnapAuth.build/Debug-watchos/SnapAuth-t.build/Objects-normal/arm64/SnapAuth-primary-emit-module.dia -emit-dependencies-path /Users/admin/builder/spi-builder-workspace/.derivedData/Build/Intermediates.noindex/SnapAuth.build/Debug-watchos/SnapAuth-t.build/Objects-normal/arm64/SnapAuth-primary-emit-module.d -parse-as-library -o /Users/admin/builder/spi-builder-workspace/.derivedData/Build/Intermediates.noindex/SnapAuth.build/Debug-watchos/SnapAuth-t.build/Objects-normal/arm64/SnapAuth.swiftmodule -emit-abi-descriptor-path /Users/admin/builder/spi-builder-workspace/.derivedData/Build/Intermediates.noindex/SnapAuth.build/Debug-watchos/SnapAuth-t.build/Objects-normal/arm64/SnapAuth.abi.json
SwiftCompile normal arm64 (in target 'SnapAuth' from project 'SnapAuth')
cd /Users/admin/builder/spi-builder-workspace/.swiftpm/xcode
SwiftExplicitDependencyGeneratePcm arm64_32 /Users/admin/builder/spi-builder-workspace/.derivedData/SDKExplicitPrecompiledModules/AuthenticationServices-U4ZM8YNANM5QPRY57SHT95HW.pcm
PruneExplicitPrecompiledModules /Users/admin/builder/spi-builder-workspace/.derivedData/Build/Intermediates.noindex/ExplicitPrecompiledModules
PruneExplicitPrecompiledModules /Users/admin/builder/spi-builder-workspace/.derivedData/Build/Intermediates.noindex/SwiftExplicitPrecompiledModules
PruneExplicitPrecompiledModules /Users/admin/builder/spi-builder-workspace/.derivedData/SDKExplicitPrecompiledModules
2026-09-20 21:10:42.139 xcodebuild[787:4664] [MT] IDERunDestination: Supported platforms for the buildables in the current scheme is empty.
** BUILD FAILED **
The following build commands failed:
SwiftEmitModule normal arm64 Emitting\ module\ for\ SnapAuth (in target 'SnapAuth' from project 'SnapAuth')
SwiftCompile normal arm64 (in target 'SnapAuth' from project 'SnapAuth')
Building workspace SnapAuth with scheme SnapAuth
(3 failures)
BUILD FAILURE 6.4 watchOS